[INFO] cloning repository https://github.com/pzmarzly/sshfs-manager
[INFO] running `Command { std: "git" "-c" "credential.helper=" "-c" "credential.helper=/workspace/cargo-home/bin/git-credential-null" "clone" "--bare" "https://github.com/pzmarzly/sshfs-manager" "/workspace/cache/git-repos/https%3A%2F%2Fgithub.com%2Fpzmarzly%2Fsshfs-manager", kill_on_drop: false }`
[INFO] [stderr] Cloning into bare repository '/workspace/cache/git-repos/https%3A%2F%2Fgithub.com%2Fpzmarzly%2Fsshfs-manager'...
[INFO] running `Command { std: "git" "rev-parse" "HEAD", kill_on_drop: false }`
[INFO] [stdout] 5b180ad19a1ba6b0a77b0f6b00c61876bcdd50b8
[INFO] documenting pzmarzly/sshfs-manager against 1.69.0 for beta-1.70-rustdoc-1
[INFO] running `Command { std: "git" "clone" "/workspace/cache/git-repos/https%3A%2F%2Fgithub.com%2Fpzmarzly%2Fsshfs-manager" "/workspace/builds/worker-4-tc1/source", kill_on_drop: false }`
[INFO] [stderr] Cloning into '/workspace/builds/worker-4-tc1/source'...
[INFO] [stderr] done.
[INFO] validating manifest of git repo https://github.com/pzmarzly/sshfs-manager on toolchain 1.69.0
[INFO] running `Command { std: CARGO_HOME="/workspace/cargo-home" RUSTUP_HOME="/workspace/rustup-home" "/workspace/cargo-home/bin/cargo" "+1.69.0" "metadata" "--manifest-path" "Cargo.toml" "--no-deps", kill_on_drop: false }`
[INFO] removed /workspace/builds/worker-4-tc1/source/rust-toolchain
[INFO] started tweaking git repo https://github.com/pzmarzly/sshfs-manager
[INFO] finished tweaking git repo https://github.com/pzmarzly/sshfs-manager
[INFO] tweaked toml for git repo https://github.com/pzmarzly/sshfs-manager written to /workspace/builds/worker-4-tc1/source/Cargo.toml
[INFO] crate git repo https://github.com/pzmarzly/sshfs-manager already has a lockfile, it will not be regenerated
[INFO] running `Command { std: CARGO_HOME="/workspace/cargo-home" RUSTUP_HOME="/workspace/rustup-home" "/workspace/cargo-home/bin/cargo" "+1.69.0" "fetch" "--manifest-path" "Cargo.toml", kill_on_drop: false }`
[INFO] [stderr]  Downloading crates ...
[INFO] [stderr]   Downloaded command-macros v0.2.7
[INFO] [stderr]   Downloaded command-macros-plugin v0.2.5
[INFO] running `Command { std: "docker" "create" "-v" "/var/lib/crater-agent-workspace/builds/worker-4-tc1/target:/opt/rustwide/target:rw,Z" "-v" "/var/lib/crater-agent-workspace/builds/worker-4-tc1/source:/opt/rustwide/workdir:ro,Z" "-v" "/var/lib/crater-agent-workspace/cargo-home:/opt/rustwide/cargo-home:ro,Z" "-v" "/var/lib/crater-agent-workspace/rustup-home:/opt/rustwide/rustup-home:ro,Z" "-e" "SOURCE_DIR=/opt/rustwide/workdir" "-e" "CARGO_TARGET_DIR=/opt/rustwide/target" "-e" "CARGO_HOME=/opt/rustwide/cargo-home" "-e" "RUSTUP_HOME=/opt/rustwide/rustup-home" "-w" "/opt/rustwide/workdir" "-m" "1610612736" "--user" "0:0" "--network" "none" "ghcr.io/rust-lang/crates-build-env/linux@sha256:5ff2268d62e97bff2cde7d5815dd6ed5b47097566f13b8d0ca110b04b60e07ed" "/opt/rustwide/cargo-home/bin/cargo" "+1.69.0" "metadata" "--no-deps" "--format-version=1", kill_on_drop: false }`
[INFO] [stdout] 609db89e3312e5d0bf6ebdec2a74f2cbbb652ee67a064b8c92a67dc52127153a
[INFO] running `Command { std: "docker" "start" "-a" "609db89e3312e5d0bf6ebdec2a74f2cbbb652ee67a064b8c92a67dc52127153a", kill_on_drop: false }`
[INFO] running `Command { std: "docker" "inspect" "609db89e3312e5d0bf6ebdec2a74f2cbbb652ee67a064b8c92a67dc52127153a", kill_on_drop: false }`
[INFO] running `Command { std: "docker" "rm" "-f" "609db89e3312e5d0bf6ebdec2a74f2cbbb652ee67a064b8c92a67dc52127153a", kill_on_drop: false }`
[INFO] [stdout] 609db89e3312e5d0bf6ebdec2a74f2cbbb652ee67a064b8c92a67dc52127153a
[INFO] running `Command { std: "docker" "create" "-v" "/var/lib/crater-agent-workspace/builds/worker-4-tc1/target:/opt/rustwide/target:rw,Z" "-v" "/var/lib/crater-agent-workspace/builds/worker-4-tc1/source:/opt/rustwide/workdir:ro,Z" "-v" "/var/lib/crater-agent-workspace/cargo-home:/opt/rustwide/cargo-home:ro,Z" "-v" "/var/lib/crater-agent-workspace/rustup-home:/opt/rustwide/rustup-home:ro,Z" "-e" "SOURCE_DIR=/opt/rustwide/workdir" "-e" "CARGO_TARGET_DIR=/opt/rustwide/target" "-e" "CARGO_INCREMENTAL=0" "-e" "RUST_BACKTRACE=full" "-e" "RUSTFLAGS=--cap-lints=warn" "-e" "RUSTDOCFLAGS=--cap-lints=warn" "-e" "CARGO_HOME=/opt/rustwide/cargo-home" "-e" "RUSTUP_HOME=/opt/rustwide/rustup-home" "-w" "/opt/rustwide/workdir" "-m" "1610612736" "--user" "0:0" "--network" "none" "ghcr.io/rust-lang/crates-build-env/linux@sha256:5ff2268d62e97bff2cde7d5815dd6ed5b47097566f13b8d0ca110b04b60e07ed" "/opt/rustwide/cargo-home/bin/cargo" "+1.69.0" "doc" "--frozen" "--no-deps" "--document-private-items" "--message-format=json", kill_on_drop: false }`
[INFO] [stdout] e56abdff8280b12e8f7e8f005f770323fd1f4447f5de8b112d71ed808f45bf9f
[INFO] running `Command { std: "docker" "start" "-a" "e56abdff8280b12e8f7e8f005f770323fd1f4447f5de8b112d71ed808f45bf9f", kill_on_drop: false }`
[INFO] [stderr]    Compiling typenum v1.10.0
[INFO] [stderr]    Compiling byteorder v1.3.1
[INFO] [stderr]    Compiling either v1.5.0
[INFO] [stderr]     Checking byte-tools v0.3.1
[INFO] [stderr]     Checking fake-simd v0.1.2
[INFO] [stderr]     Checking opaque-debug v0.2.2
[INFO] [stderr]     Checking block-padding v0.1.3
[INFO] [stderr]    Compiling itertools v0.7.11
[INFO] [stderr]    Compiling command-macros-plugin v0.2.5
[INFO] [stdout] error[E0557]: feature has been removed
[INFO] [stdout]  --> /opt/rustwide/cargo-home/registry/src/github.com-1ecc6299db9ec823/command-macros-plugin-0.2.5/src/lib.rs:1:73
[INFO] [stdout]   |
[INFO] [stdout] 1 | #![feature(proc_macro_span, proc_macro_diagnostic, proc_macro_def_site, external_doc)]
[INFO] [stdout]   |                                                                         ^^^^^^^^^^^^ feature has been removed
[INFO] [stdout]   |
[INFO] [stdout]   = note: use #[doc = include_str!("filename")] instead, which handles macro invocations
[INFO] [stdout] 
[INFO] [stdout] 
[INFO] [stdout] error[E0554]: `#![feature]` may not be used on the stable release channel
[INFO] [stdout]  --> /opt/rustwide/cargo-home/registry/src/github.com-1ecc6299db9ec823/command-macros-plugin-0.2.5/src/lib.rs:1:12
[INFO] [stdout]   |
[INFO] [stdout] 1 | #![feature(proc_macro_span, proc_macro_diagnostic, proc_macro_def_site, external_doc)]
[INFO] [stdout]   |            ^^^^^^^^^^^^^^^
[INFO] [stdout] 
[INFO] [stdout] 
[INFO] [stdout] error[E0554]: `#![feature]` may not be used on the stable release channel
[INFO] [stdout]  --> /opt/rustwide/cargo-home/registry/src/github.com-1ecc6299db9ec823/command-macros-plugin-0.2.5/src/lib.rs:1:29
[INFO] [stdout]   |
[INFO] [stdout] 1 | #![feature(proc_macro_span, proc_macro_diagnostic, proc_macro_def_site, external_doc)]
[INFO] [stdout]   |                             ^^^^^^^^^^^^^^^^^^^^^
[INFO] [stdout] 
[INFO] [stdout] 
[INFO] [stdout] error[E0554]: `#![feature]` may not be used on the stable release channel
[INFO] [stdout]  --> /opt/rustwide/cargo-home/registry/src/github.com-1ecc6299db9ec823/command-macros-plugin-0.2.5/src/lib.rs:1:52
[INFO] [stdout]   |
[INFO] [stdout] 1 | #![feature(proc_macro_span, proc_macro_diagnostic, proc_macro_def_site, external_doc)]
[INFO] [stdout]   |                                                    ^^^^^^^^^^^^^^^^^^^
[INFO] [stdout] 
[INFO] [stdout] 
[INFO] [stdout] error: aborting due to 4 previous errors
[INFO] [stdout] 
[INFO] [stdout] 
[INFO] [stdout] Some errors have detailed explanations: E0554, E0557.
[INFO] [stdout] 
[INFO] [stdout] For more information about an error, try `rustc --explain E0554`.
[INFO] [stdout] 
[INFO] [stderr] error: could not compile `command-macros-plugin` due to 5 previous errors
[INFO] [stderr] warning: build failed, waiting for other jobs to finish...
[INFO] running `Command { std: "docker" "inspect" "e56abdff8280b12e8f7e8f005f770323fd1f4447f5de8b112d71ed808f45bf9f", kill_on_drop: false }`
[INFO] running `Command { std: "docker" "rm" "-f" "e56abdff8280b12e8f7e8f005f770323fd1f4447f5de8b112d71ed808f45bf9f", kill_on_drop: false }`
[INFO] [stdout] e56abdff8280b12e8f7e8f005f770323fd1f4447f5de8b112d71ed808f45bf9f
