[INFO] cloning repository https://github.com/pzhxbz/mydbg
[INFO] running `Command { std: "git" "-c" "credential.helper=" "-c" "credential.helper=/workspace/cargo-home/bin/git-credential-null" "clone" "--bare" "https://github.com/pzhxbz/mydbg" "/workspace/cache/git-repos/https%3A%2F%2Fgithub.com%2Fpzhxbz%2Fmydbg", kill_on_drop: false }`
[INFO] [stderr] Cloning into bare repository '/workspace/cache/git-repos/https%3A%2F%2Fgithub.com%2Fpzhxbz%2Fmydbg'...
[INFO] running `Command { std: "git" "rev-parse" "HEAD", kill_on_drop: false }`
[INFO] [stdout] 9d063263d6307db9da33fdd07da2affddc413b3c
[INFO] documenting pzhxbz/mydbg against 1.69.0 for beta-1.70-rustdoc-1
[INFO] running `Command { std: "git" "clone" "/workspace/cache/git-repos/https%3A%2F%2Fgithub.com%2Fpzhxbz%2Fmydbg" "/workspace/builds/worker-7-tc1/source", kill_on_drop: false }`
[INFO] [stderr] Cloning into '/workspace/builds/worker-7-tc1/source'...
[INFO] [stderr] done.
[INFO] validating manifest of git repo https://github.com/pzhxbz/mydbg on toolchain 1.69.0
[INFO] running `Command { std: CARGO_HOME="/workspace/cargo-home" RUSTUP_HOME="/workspace/rustup-home" "/workspace/cargo-home/bin/cargo" "+1.69.0" "metadata" "--manifest-path" "Cargo.toml" "--no-deps", kill_on_drop: false }`
[INFO] started tweaking git repo https://github.com/pzhxbz/mydbg
[INFO] finished tweaking git repo https://github.com/pzhxbz/mydbg
[INFO] tweaked toml for git repo https://github.com/pzhxbz/mydbg written to /workspace/builds/worker-7-tc1/source/Cargo.toml
[INFO] crate git repo https://github.com/pzhxbz/mydbg already has a lockfile, it will not be regenerated
[INFO] running `Command { std: CARGO_HOME="/workspace/cargo-home" RUSTUP_HOME="/workspace/rustup-home" "/workspace/cargo-home/bin/cargo" "+1.69.0" "fetch" "--manifest-path" "Cargo.toml", kill_on_drop: false }`
[INFO] [stderr]     Updating git repository `https://github.com/radare/radeco-lib`
[INFO] [stderr]     Updating git repository `https://github.com/sushant94/capstone-rust`
[INFO] [stderr]     Updating git repository `https://github.com/radareorg/esil-rs`
[INFO] [stderr]     Updating git repository `https://github.com/radare/radare2-r2pipe-api`
[INFO] [stderr]     Updating git repository `https://github.com/radareorg/r2pipe.rs`
[INFO] [stderr]  Downloading crates ...
[INFO] [stderr]   Downloaded glib-sys v0.6.0
[INFO] [stderr]   Downloaded gdk-pixbuf v0.4.0
[INFO] [stderr]   Downloaded lalrpop-util v0.15.2
[INFO] [stderr]   Downloaded gdk-pixbuf-sys v0.6.0
[INFO] [stderr]   Downloaded atk-sys v0.6.0
[INFO] [stderr]   Downloaded gobject-sys v0.6.0
[INFO] [stderr]   Downloaded c_vec v1.3.0
[INFO] [stderr]   Downloaded cairo-rs v0.4.1
[INFO] [stderr]   Downloaded cairo-sys-rs v0.6.0
[INFO] [stderr]   Downloaded pango-sys v0.6.0
[INFO] [stderr]   Downloaded string_cache v0.7.2
[INFO] [stderr]   Downloaded ena v0.5.0
[INFO] [stderr]   Downloaded gdk-sys v0.6.0
[INFO] [stderr]   Downloaded pango v0.4.0
[INFO] [stderr]   Downloaded glib v0.5.0
[INFO] [stderr]   Downloaded gio-sys v0.6.0
[INFO] [stderr]   Downloaded docopt v1.0.0
[INFO] [stderr]   Downloaded docopt v0.8.3
[INFO] [stderr]   Downloaded gdk v0.8.0
[INFO] [stderr]   Downloaded gtk-sys v0.6.0
[INFO] [stderr]   Downloaded chrono v0.4.2
[INFO] [stderr]   Downloaded bindgen v0.30.0
[INFO] [stderr]   Downloaded gtk v0.4.1
[INFO] [stderr]   Downloaded lalrpop-snap v0.15.2
[INFO] [stderr]   Downloaded lalrpop v0.15.2
[INFO] [stderr]   Downloaded string_cache_codegen v0.4.1
[INFO] [stderr]   Downloaded gio v0.4.0
[INFO] running `Command { std: "docker" "create" "-v" "/var/lib/crater-agent-workspace/builds/worker-7-tc1/target:/opt/rustwide/target:rw,Z" "-v" "/var/lib/crater-agent-workspace/builds/worker-7-tc1/source:/opt/rustwide/workdir:ro,Z" "-v" "/var/lib/crater-agent-workspace/cargo-home:/opt/rustwide/cargo-home:ro,Z" "-v" "/var/lib/crater-agent-workspace/rustup-home:/opt/rustwide/rustup-home:ro,Z" "-e" "SOURCE_DIR=/opt/rustwide/workdir" "-e" "CARGO_TARGET_DIR=/opt/rustwide/target" "-e" "CARGO_HOME=/opt/rustwide/cargo-home" "-e" "RUSTUP_HOME=/opt/rustwide/rustup-home" "-w" "/opt/rustwide/workdir" "-m" "1610612736" "--user" "0:0" "--network" "none" "ghcr.io/rust-lang/crates-build-env/linux@sha256:5ff2268d62e97bff2cde7d5815dd6ed5b47097566f13b8d0ca110b04b60e07ed" "/opt/rustwide/cargo-home/bin/cargo" "+1.69.0" "metadata" "--no-deps" "--format-version=1", kill_on_drop: false }`
[INFO] [stdout] c25daef2a87802ec0b1f9fab1f4cfddbe4475d7c223aec988b14f2a3deadb5eb
[INFO] running `Command { std: "docker" "start" "-a" "c25daef2a87802ec0b1f9fab1f4cfddbe4475d7c223aec988b14f2a3deadb5eb", kill_on_drop: false }`
[INFO] running `Command { std: "docker" "inspect" "c25daef2a87802ec0b1f9fab1f4cfddbe4475d7c223aec988b14f2a3deadb5eb", kill_on_drop: false }`
[INFO] running `Command { std: "docker" "rm" "-f" "c25daef2a87802ec0b1f9fab1f4cfddbe4475d7c223aec988b14f2a3deadb5eb", kill_on_drop: false }`
[INFO] [stdout] c25daef2a87802ec0b1f9fab1f4cfddbe4475d7c223aec988b14f2a3deadb5eb
[INFO] running `Command { std: "docker" "create" "-v" "/var/lib/crater-agent-workspace/builds/worker-7-tc1/target:/opt/rustwide/target:rw,Z" "-v" "/var/lib/crater-agent-workspace/builds/worker-7-tc1/source:/opt/rustwide/workdir:ro,Z" "-v" "/var/lib/crater-agent-workspace/cargo-home:/opt/rustwide/cargo-home:ro,Z" "-v" "/var/lib/crater-agent-workspace/rustup-home:/opt/rustwide/rustup-home:ro,Z" "-e" "SOURCE_DIR=/opt/rustwide/workdir" "-e" "CARGO_TARGET_DIR=/opt/rustwide/target" "-e" "CARGO_INCREMENTAL=0" "-e" "RUST_BACKTRACE=full" "-e" "RUSTFLAGS=--cap-lints=warn" "-e" "RUSTDOCFLAGS=--cap-lints=warn" "-e" "CARGO_HOME=/opt/rustwide/cargo-home" "-e" "RUSTUP_HOME=/opt/rustwide/rustup-home" "-w" "/opt/rustwide/workdir" "-m" "1610612736" "--user" "0:0" "--network" "none" "ghcr.io/rust-lang/crates-build-env/linux@sha256:5ff2268d62e97bff2cde7d5815dd6ed5b47097566f13b8d0ca110b04b60e07ed" "/opt/rustwide/cargo-home/bin/cargo" "+1.69.0" "doc" "--frozen" "--no-deps" "--document-private-items" "--message-format=json", kill_on_drop: false }`
[INFO] [stdout] e0ac7084baa735603282c63c01011f120a64004a2d90c16987d28b64bb96ace1
[INFO] running `Command { std: "docker" "start" "-a" "e0ac7084baa735603282c63c01011f120a64004a2d90c16987d28b64bb96ace1", kill_on_drop: false }`
[INFO] [stderr]     Blocking waiting for file lock on package cache
[INFO] [stderr]    Compiling pkg-config v0.3.11
[INFO] [stderr]    Compiling libc v0.2.42
[INFO] [stderr]    Compiling unicode-xid v0.1.0
[INFO] [stderr]    Compiling term v0.4.6
[INFO] [stderr]    Compiling void v1.0.2
[INFO] [stderr]    Compiling lazy_static v1.0.1
[INFO] [stderr]    Compiling serde v1.0.66
[INFO] [stderr]    Compiling ucd-util v0.1.1
[INFO] [stderr]     Checking bitflags v1.0.3
[INFO] [stderr]    Compiling regex v0.2.11
[INFO] [stderr]    Compiling cfg-if v0.1.3
[INFO] [stderr]    Compiling rustc-serialize v0.3.24
[INFO] [stderr]    Compiling utf8-ranges v1.0.0
[INFO] [stderr]    Compiling siphasher v0.2.2
[INFO] [stderr]    Compiling unreachable v1.0.0
[INFO] [stderr]    Compiling unicode-xid v0.0.4
[INFO] [stderr]    Compiling proc-macro2 v0.3.8
[INFO] [stderr]    Compiling bitflags v0.8.2
[INFO] [stderr]    Compiling regex-syntax v0.5.6
[INFO] [stderr]    Compiling log v0.4.1
[INFO] [stderr]    Compiling thread_local v0.3.5
[INFO] [stderr]    Compiling proc-macro2 v0.4.6
[INFO] [stderr]    Compiling winapi-build v0.1.1
[INFO] [stderr]    Compiling phf_shared v0.7.22
[INFO] [stderr]    Compiling string_cache_shared v0.3.0
[INFO] [stderr]    Compiling log v0.3.9
[INFO] [stderr]    Compiling unreachable v0.1.1
[INFO] [stderr]    Compiling winapi v0.2.8
[INFO] [stderr]    Compiling kernel32-sys v0.2.2
[INFO] [stderr]    Compiling typenum v1.10.0
[INFO] [stderr]    Compiling memchr v2.0.1
[INFO] [stderr]    Compiling rand v0.4.2
[INFO] [stderr]    Compiling quote v0.5.2
[INFO] [stderr]    Compiling debug_unreachable v0.1.1
[INFO] [stderr]    Compiling precomputed-hash v0.1.1
[INFO] [stderr]    Compiling bit-vec v0.4.4
[INFO] [stderr]    Compiling aho-corasick v0.6.4
[INFO] [stderr]    Compiling quote v0.6.3
[INFO] [stderr]    Compiling ordermap v0.3.5
[INFO] [stderr]    Compiling glib-sys v0.6.0
[INFO] [stderr]    Compiling gobject-sys v0.6.0
[INFO] [stderr]    Compiling gio-sys v0.6.0
[INFO] [stderr]    Compiling cairo-sys-rs v0.6.0
[INFO] [stderr]    Compiling gdk-pixbuf-sys v0.6.0
[INFO] [stderr]    Compiling pango-sys v0.6.0
[INFO] [stderr]    Compiling syn v0.14.2
[INFO] [stderr]    Compiling gdk-sys v0.6.0
[INFO] [stderr]    Compiling libloading v0.4.3
[INFO] [stderr]    Compiling fixedbitset v0.1.9
[INFO] [stderr]    Compiling either v1.5.0
[INFO] [stderr]    Compiling glob v0.2.11
[INFO] [stderr]    Compiling atty v0.1.2
[INFO] [stderr]    Compiling bit-set v0.4.0
[INFO] [stderr]    Compiling petgraph v0.4.12
[INFO] [stderr]    Compiling memchr v1.0.2
[INFO] [stderr]    Compiling phf_generator v0.7.22
[INFO] [stderr]    Compiling itertools v0.7.8
[INFO] [stderr]    Compiling ascii-canvas v1.0.0
[INFO] [stderr]    Compiling unicode-width v0.1.5
[INFO] [stderr]    Compiling ena v0.5.0
[INFO] [stderr]    Compiling string_cache_codegen v0.4.1
[INFO] [stderr]    Compiling lalrpop-util v0.15.2
[INFO] [stderr]    Compiling regex-syntax v0.4.2
[INFO] [stderr]    Compiling diff v0.1.11
[INFO] [stderr]    Compiling textwrap v0.9.0
[INFO] [stderr]    Compiling nom v3.2.1
[INFO] [stderr]    Compiling clang-sys v0.19.0
[INFO] [stderr]    Compiling generic-array v0.9.0
[INFO] [stderr]    Compiling atk-sys v0.6.0
[INFO] [stdout] error[E0034]: multiple applicable items in scope
[INFO] [stdout]     --> /opt/rustwide/cargo-home/registry/src/github.com-1ecc6299db9ec823/petgraph-0.4.12/src/graph_impl/stable_graph/mod.rs:1171:19
[INFO] [stdout]      |
[INFO] [stdout] 1171 |         self.iter.find_map(|(i, node)| {
[INFO] [stdout]      |                   ^^^^^^^^ multiple `find_map` found
[INFO] [stdout]      |
[INFO] [stdout] note: candidate #1 is defined in an impl of the trait `IterUtilsExt` for the type `I`
[INFO] [stdout]     --> /opt/rustwide/cargo-home/registry/src/github.com-1ecc6299db9ec823/petgraph-0.4.12/src/iter_utils.rs:5:5
[INFO] [stdout]      |
[INFO] [stdout] 5    | /     fn find_map<F, R>(&mut self, mut f: F) -> Option<R>
[INFO] [stdout] 6    | |         where F: FnMut(Self::Item) -> Option<R>
[INFO] [stdout]      | |_______________________________________________^
[INFO] [stdout]      = note: candidate #2 is defined in an impl of the trait `Iterator` for the type `Enumerate<I>`
[INFO] [stdout] help: disambiguate the method for candidate #1
[INFO] [stdout]      |
[INFO] [stdout] 1171 ~         IterUtilsExt::find_map(&mut self.iter, |(i, node)| {
[INFO] [stdout] 1172 +             node.weight.as_ref().map(move |w| (node_index(i), w))
[INFO] [stdout] 1173 +         })
[INFO] [stdout]      |
[INFO] [stdout] help: disambiguate the method for candidate #2
[INFO] [stdout]      |
[INFO] [stdout] 1171 ~         Iterator::find_map(&mut self.iter, |(i, node)| {
[INFO] [stdout] 1172 +             node.weight.as_ref().map(move |w| (node_index(i), w))
[INFO] [stdout] 1173 +         })
[INFO] [stdout]      |
[INFO] [stdout] 
[INFO] [stdout] 
[INFO] [stdout] error[E0034]: multiple applicable items in scope
[INFO] [stdout]     --> /opt/rustwide/cargo-home/registry/src/github.com-1ecc6299db9ec823/petgraph-0.4.12/src/graph_impl/stable_graph/mod.rs:1363:19
[INFO] [stdout]      |
[INFO] [stdout] 1363 |         self.iter.find_map(|(i, edge)|
[INFO] [stdout]      |                   ^^^^^^^^ multiple `find_map` found
[INFO] [stdout]      |
[INFO] [stdout] note: candidate #1 is defined in an impl of the trait `IterUtilsExt` for the type `I`
[INFO] [stdout]     --> /opt/rustwide/cargo-home/registry/src/github.com-1ecc6299db9ec823/petgraph-0.4.12/src/iter_utils.rs:5:5
[INFO] [stdout]      |
[INFO] [stdout] 5    | /     fn find_map<F, R>(&mut self, mut f: F) -> Option<R>
[INFO] [stdout] 6    | |         where F: FnMut(Self::Item) -> Option<R>
[INFO] [stdout]      | |_______________________________________________^
[INFO] [stdout]      = note: candidate #2 is defined in an impl of the trait `Iterator` for the type `Enumerate<I>`
[INFO] [stdout] help: disambiguate the method for candidate #1
[INFO] [stdout]      |
[INFO] [stdout] 1363 ~         IterUtilsExt::find_map(&mut self.iter, |(i, edge)|
[INFO] [stdout] 1364 +             edge.weight.as_ref().map(move |weight| {
[INFO] [stdout] 1365 +                 EdgeReference {
[INFO] [stdout] 1366 +                     index: edge_index(i),
[INFO] [stdout] 1367 +                     node: edge.node,
[INFO] [stdout] 1368 +                     weight: weight,
[INFO] [stdout] 1369 +                 }
[INFO] [stdout] 1370 +             }))
[INFO] [stdout]      |
[INFO] [stdout] help: disambiguate the method for candidate #2
[INFO] [stdout]      |
[INFO] [stdout] 1363 ~         Iterator::find_map(&mut self.iter, |(i, edge)|
[INFO] [stdout] 1364 +             edge.weight.as_ref().map(move |weight| {
[INFO] [stdout] 1365 +                 EdgeReference {
[INFO] [stdout] 1366 +                     index: edge_index(i),
[INFO] [stdout] 1367 +                     node: edge.node,
[INFO] [stdout] 1368 +                     weight: weight,
[INFO] [stdout] 1369 +                 }
[INFO] [stdout] 1370 +             }))
[INFO] [stdout]      |
[INFO] [stdout] 
[INFO] [stdout] 
[INFO] [stdout] error[E0034]: multiple applicable items in scope
[INFO] [stdout]     --> /opt/rustwide/cargo-home/registry/src/github.com-1ecc6299db9ec823/petgraph-0.4.12/src/graph_impl/stable_graph/mod.rs:1527:19
[INFO] [stdout]      |
[INFO] [stdout] 1527 |         self.iter.find_map(|(i, node)| {
[INFO] [stdout]      |                   ^^^^^^^^ multiple `find_map` found
[INFO] [stdout]      |
[INFO] [stdout] note: candidate #1 is defined in an impl of the trait `IterUtilsExt` for the type `I`
[INFO] [stdout]     --> /opt/rustwide/cargo-home/registry/src/github.com-1ecc6299db9ec823/petgraph-0.4.12/src/iter_utils.rs:5:5
[INFO] [stdout]      |
[INFO] [stdout] 5    | /     fn find_map<F, R>(&mut self, mut f: F) -> Option<R>
[INFO] [stdout] 6    | |         where F: FnMut(Self::Item) -> Option<R>
[INFO] [stdout]      | |_______________________________________________^
[INFO] [stdout]      = note: candidate #2 is defined in an impl of the trait `Iterator` for the type `Enumerate<I>`
[INFO] [stdout] help: disambiguate the method for candidate #1
[INFO] [stdout]      |
[INFO] [stdout] 1527 ~         IterUtilsExt::find_map(&mut self.iter, |(i, node)| {
[INFO] [stdout] 1528 +             if node.weight.is_some() {
[INFO] [stdout] 1529 +                 Some(node_index(i))
[INFO] [stdout] 1530 +             } else { None }
[INFO] [stdout] 1531 +         })
[INFO] [stdout]      |
[INFO] [stdout] help: disambiguate the method for candidate #2
[INFO] [stdout]      |
[INFO] [stdout] 1527 ~         Iterator::find_map(&mut self.iter, |(i, node)| {
[INFO] [stdout] 1528 +             if node.weight.is_some() {
[INFO] [stdout] 1529 +                 Some(node_index(i))
[INFO] [stdout] 1530 +             } else { None }
[INFO] [stdout] 1531 +         })
[INFO] [stdout]      |
[INFO] [stdout] 
[INFO] [stdout] 
[INFO] [stdout] error[E0034]: multiple applicable items in scope
[INFO] [stdout]     --> /opt/rustwide/cargo-home/registry/src/github.com-1ecc6299db9ec823/petgraph-0.4.12/src/graph_impl/stable_graph/mod.rs:1573:19
[INFO] [stdout]      |
[INFO] [stdout] 1573 |         self.iter.find_map(|(i, node)| {
[INFO] [stdout]      |                   ^^^^^^^^ multiple `find_map` found
[INFO] [stdout]      |
[INFO] [stdout] note: candidate #1 is defined in an impl of the trait `IterUtilsExt` for the type `I`
[INFO] [stdout]     --> /opt/rustwide/cargo-home/registry/src/github.com-1ecc6299db9ec823/petgraph-0.4.12/src/iter_utils.rs:5:5
[INFO] [stdout]      |
[INFO] [stdout] 5    | /     fn find_map<F, R>(&mut self, mut f: F) -> Option<R>
[INFO] [stdout] 6    | |         where F: FnMut(Self::Item) -> Option<R>
[INFO] [stdout]      | |_______________________________________________^
[INFO] [stdout]      = note: candidate #2 is defined in an impl of the trait `Iterator` for the type `Enumerate<I>`
[INFO] [stdout] help: disambiguate the method for candidate #1
[INFO] [stdout]      |
[INFO] [stdout] 1573 ~         IterUtilsExt::find_map(&mut self.iter, |(i, node)| {
[INFO] [stdout] 1574 +             if node.weight.is_some() {
[INFO] [stdout] 1575 +                 Some(edge_index(i))
[INFO] [stdout] 1576 +             } else { None }
[INFO] [stdout] 1577 +         })
[INFO] [stdout]      |
[INFO] [stdout] help: disambiguate the method for candidate #2
[INFO] [stdout]      |
[INFO] [stdout] 1573 ~         Iterator::find_map(&mut self.iter, |(i, node)| {
[INFO] [stdout] 1574 +             if node.weight.is_some() {
[INFO] [stdout] 1575 +                 Some(edge_index(i))
[INFO] [stdout] 1576 +             } else { None }
[INFO] [stdout] 1577 +         })
[INFO] [stdout]      |
[INFO] [stdout] 
[INFO] [stdout] 
[INFO] [stderr]    Compiling atty v0.2.10
[INFO] [stderr]    Compiling syntex_pos v0.58.1
[INFO] [stdout] error: aborting due to 4 previous errors
[INFO] [stdout] 
[INFO] [stdout] 
[INFO] [stdout] For more information about this error, try `rustc --explain E0034`.
[INFO] [stdout] 
[INFO] [stderr] error: could not compile `petgraph` due to 5 previous errors
[INFO] [stderr] warning: build failed, waiting for other jobs to finish...
[INFO] running `Command { std: "docker" "inspect" "e0ac7084baa735603282c63c01011f120a64004a2d90c16987d28b64bb96ace1", kill_on_drop: false }`
[INFO] running `Command { std: "docker" "rm" "-f" "e0ac7084baa735603282c63c01011f120a64004a2d90c16987d28b64bb96ace1", kill_on_drop: false }`
[INFO] [stdout] e0ac7084baa735603282c63c01011f120a64004a2d90c16987d28b64bb96ace1
