[INFO] cloning repository https://github.com/puma3/LittleCompiler
[INFO] running `Command { std: "git" "-c" "credential.helper=" "-c" "credential.helper=/workspace/cargo-home/bin/git-credential-null" "clone" "--bare" "https://github.com/puma3/LittleCompiler" "/workspace/cache/git-repos/https%3A%2F%2Fgithub.com%2Fpuma3%2FLittleCompiler", kill_on_drop: false }`
[INFO] [stderr] Cloning into bare repository '/workspace/cache/git-repos/https%3A%2F%2Fgithub.com%2Fpuma3%2FLittleCompiler'...
[INFO] running `Command { std: "git" "rev-parse" "HEAD", kill_on_drop: false }`
[INFO] [stdout] 37588c3b17b6e257fd086c9965287ba644dc6140
[INFO] documenting puma3/LittleCompiler against beta-2023-04-20 for beta-1.70-rustdoc-1
[INFO] running `Command { std: "git" "clone" "/workspace/cache/git-repos/https%3A%2F%2Fgithub.com%2Fpuma3%2FLittleCompiler" "/workspace/builds/worker-6-tc2/source", kill_on_drop: false }`
[INFO] [stderr] Cloning into '/workspace/builds/worker-6-tc2/source'...
[INFO] [stderr] done.
[INFO] validating manifest of git repo https://github.com/puma3/LittleCompiler on toolchain beta-2023-04-20
[INFO] running `Command { std: CARGO_HOME="/workspace/cargo-home" RUSTUP_HOME="/workspace/rustup-home" "/workspace/cargo-home/bin/cargo" "+beta-2023-04-20" "metadata" "--manifest-path" "Cargo.toml" "--no-deps", kill_on_drop: false }`
[INFO] started tweaking git repo https://github.com/puma3/LittleCompiler
[INFO] finished tweaking git repo https://github.com/puma3/LittleCompiler
[INFO] tweaked toml for git repo https://github.com/puma3/LittleCompiler written to /workspace/builds/worker-6-tc2/source/Cargo.toml
[INFO] crate git repo https://github.com/puma3/LittleCompiler already has a lockfile, it will not be regenerated
[INFO] running `Command { std: CARGO_HOME="/workspace/cargo-home" RUSTUP_HOME="/workspace/rustup-home" "/workspace/cargo-home/bin/cargo" "+beta-2023-04-20" "fetch" "--manifest-path" "Cargo.toml", kill_on_drop: false }`
[INFO] [stderr]  Downloading crates ...
[INFO] [stderr]   Downloaded pest v1.0.0-beta.17
[INFO] [stderr]   Downloaded pest_derive v1.0.0-beta.17
[INFO] running `Command { std: "docker" "create" "-v" "/var/lib/crater-agent-workspace/builds/worker-6-tc2/target:/opt/rustwide/target:rw,Z" "-v" "/var/lib/crater-agent-workspace/builds/worker-6-tc2/source:/opt/rustwide/workdir:ro,Z" "-v" "/var/lib/crater-agent-workspace/cargo-home:/opt/rustwide/cargo-home:ro,Z" "-v" "/var/lib/crater-agent-workspace/rustup-home:/opt/rustwide/rustup-home:ro,Z" "-e" "SOURCE_DIR=/opt/rustwide/workdir" "-e" "CARGO_TARGET_DIR=/opt/rustwide/target" "-e" "CARGO_HOME=/opt/rustwide/cargo-home" "-e" "RUSTUP_HOME=/opt/rustwide/rustup-home" "-w" "/opt/rustwide/workdir" "-m" "1610612736" "--user" "0:0" "--network" "none" "ghcr.io/rust-lang/crates-build-env/linux@sha256:5ff2268d62e97bff2cde7d5815dd6ed5b47097566f13b8d0ca110b04b60e07ed" "/opt/rustwide/cargo-home/bin/cargo" "+beta-2023-04-20" "metadata" "--no-deps" "--format-version=1", kill_on_drop: false }`
[INFO] [stdout] ec5281074f61ba15771f473ab17dddc6f5efdf3164aaaf7d46621d54bfa39203
[INFO] running `Command { std: "docker" "start" "-a" "ec5281074f61ba15771f473ab17dddc6f5efdf3164aaaf7d46621d54bfa39203", kill_on_drop: false }`
[INFO] running `Command { std: "docker" "inspect" "ec5281074f61ba15771f473ab17dddc6f5efdf3164aaaf7d46621d54bfa39203", kill_on_drop: false }`
[INFO] running `Command { std: "docker" "rm" "-f" "ec5281074f61ba15771f473ab17dddc6f5efdf3164aaaf7d46621d54bfa39203", kill_on_drop: false }`
[INFO] [stdout] ec5281074f61ba15771f473ab17dddc6f5efdf3164aaaf7d46621d54bfa39203
[INFO] running `Command { std: "docker" "create" "-v" "/var/lib/crater-agent-workspace/builds/worker-6-tc2/target:/opt/rustwide/target:rw,Z" "-v" "/var/lib/crater-agent-workspace/builds/worker-6-tc2/source:/opt/rustwide/workdir:ro,Z" "-v" "/var/lib/crater-agent-workspace/cargo-home:/opt/rustwide/cargo-home:ro,Z" "-v" "/var/lib/crater-agent-workspace/rustup-home:/opt/rustwide/rustup-home:ro,Z" "-e" "SOURCE_DIR=/opt/rustwide/workdir" "-e" "CARGO_TARGET_DIR=/opt/rustwide/target" "-e" "CARGO_INCREMENTAL=0" "-e" "RUST_BACKTRACE=full" "-e" "RUSTFLAGS=--cap-lints=warn" "-e" "RUSTDOCFLAGS=--cap-lints=warn" "-e" "CARGO_HOME=/opt/rustwide/cargo-home" "-e" "RUSTUP_HOME=/opt/rustwide/rustup-home" "-w" "/opt/rustwide/workdir" "-m" "1610612736" "--user" "0:0" "--network" "none" "ghcr.io/rust-lang/crates-build-env/linux@sha256:5ff2268d62e97bff2cde7d5815dd6ed5b47097566f13b8d0ca110b04b60e07ed" "/opt/rustwide/cargo-home/bin/cargo" "+beta-2023-04-20" "doc" "--frozen" "--no-deps" "--document-private-items" "--message-format=json", kill_on_drop: false }`
[INFO] [stdout] 081973b09a4b9cf37051874853c16934846e0feab581a7bc46b49a0224993ac1
[INFO] running `Command { std: "docker" "start" "-a" "081973b09a4b9cf37051874853c16934846e0feab581a7bc46b49a0224993ac1", kill_on_drop: false }`
[INFO] [stderr]    Compiling unicode-xid v0.0.4
[INFO] [stderr]    Compiling quote v0.3.15
[INFO] [stderr]    Compiling pest v1.0.0-beta.17
[INFO] [stderr]     Checking ansi_term v0.10.2
[INFO] [stderr]    Compiling syn v0.10.8
[INFO] [stderr]    Compiling pest_derive v1.0.0-beta.17
[INFO] [stderr]     Checking compiler v0.1.0 (/opt/rustwide/workdir/libs/compiler)
[INFO] [stdout] error[E0554]: `#![feature]` may not be used on the beta release channel
[INFO] [stdout]  --> libs/compiler/src/lib.rs:1:1
[INFO] [stdout]   |
[INFO] [stdout] 1 | #![feature(underscore_lifetimes)]
[INFO] [stdout]   | ^^^^^^^^^^^^^^^^^^^^^^^^^^^^^^^^^ help: remove the attribute
[INFO] [stdout]   |
[INFO] [stdout]   = help: the feature `underscore_lifetimes` has been stable since `1.26.0` and no longer requires an attribute to enable
[INFO] [stdout] 
[INFO] [stdout] 
[INFO] [stdout] error[E0554]: `#![feature]` may not be used on the beta release channel
[INFO] [stdout]  --> libs/compiler/src/lib.rs:2:1
[INFO] [stdout]   |
[INFO] [stdout] 2 | #![feature(string_retain)]
[INFO] [stdout]   | ^^^^^^^^^^^^^^^^^^^^^^^^^^
[INFO] [stdout] 
[INFO] [stdout] 
[INFO] [stdout] warning: the feature `underscore_lifetimes` has been stable since 1.26.0 and no longer requires an attribute to enable
[INFO] [stdout]  --> libs/compiler/src/lib.rs:1:12
[INFO] [stdout]   |
[INFO] [stdout] 1 | #![feature(underscore_lifetimes)]
[INFO] [stdout]   |            ^^^^^^^^^^^^^^^^^^^^
[INFO] [stdout]   |
[INFO] [stdout]   = note: `#[warn(stable_features)]` on by default
[INFO] [stdout] 
[INFO] [stdout] 
[INFO] [stdout] error[E0554]: `#![feature]` may not be used on the beta release channel
[INFO] [stdout]  --> libs/compiler/src/lib.rs:2:12
[INFO] [stdout]   |
[INFO] [stdout] 2 | #![feature(string_retain)]
[INFO] [stdout]   |            ^^^^^^^^^^^^^
[INFO] [stdout] 
[INFO] [stdout] 
[INFO] [stdout] warning: the feature `string_retain` has been stable since 1.26.0 and no longer requires an attribute to enable
[INFO] [stdout]  --> libs/compiler/src/lib.rs:2:12
[INFO] [stdout]   |
[INFO] [stdout] 2 | #![feature(string_retain)]
[INFO] [stdout]   |            ^^^^^^^^^^^^^
[INFO] [stdout] 
[INFO] [stdout] 
[INFO] [stdout] warning: use of deprecated method `core::str::<impl str>::trim_right`: superseded by `trim_end`
[INFO] [stdout]    --> libs/compiler/src/translation.rs:108:103
[INFO] [stdout]     |
[INFO] [stdout] 108 |             Rule::num | Rule::identifier => val = inner_pair.clone().into_span().as_str().to_string().trim_right().to_string(),
[INFO] [stdout]     |                                                                                                       ^^^^^^^^^^
[INFO] [stdout]     |
[INFO] [stdout]     = note: `#[warn(deprecated)]` on by default
[INFO] [stdout] help: replace the use of the deprecated method
[INFO] [stdout]     |
[INFO] [stdout] 108 |             Rule::num | Rule::identifier => val = inner_pair.clone().into_span().as_str().to_string().trim_end().to_string(),
[INFO] [stdout]     |                                                                                                       ~~~~~~~~
[INFO] [stdout] 
[INFO] [stdout] 
[INFO] [stdout] error: aborting due to 3 previous errors; 3 warnings emitted
[INFO] [stdout] 
[INFO] [stdout] 
[INFO] [stdout] For more information about this error, try `rustc --explain E0554`.
[INFO] [stdout] 
[INFO] [stderr] error: could not compile `compiler` (lib) due to 4 previous errors; 3 warnings emitted
[INFO] running `Command { std: "docker" "inspect" "081973b09a4b9cf37051874853c16934846e0feab581a7bc46b49a0224993ac1", kill_on_drop: false }`
[INFO] running `Command { std: "docker" "rm" "-f" "081973b09a4b9cf37051874853c16934846e0feab581a7bc46b49a0224993ac1", kill_on_drop: false }`
[INFO] [stdout] 081973b09a4b9cf37051874853c16934846e0feab581a7bc46b49a0224993ac1
