[INFO] cloning repository https://github.com/psas/jsbsim-rs
[INFO] running `Command { std: "git" "-c" "credential.helper=" "-c" "credential.helper=/workspace/cargo-home/bin/git-credential-null" "clone" "--bare" "https://github.com/psas/jsbsim-rs" "/workspace/cache/git-repos/https%3A%2F%2Fgithub.com%2Fpsas%2Fjsbsim-rs", kill_on_drop: false }`
[INFO] [stderr] Cloning into bare repository '/workspace/cache/git-repos/https%3A%2F%2Fgithub.com%2Fpsas%2Fjsbsim-rs'...
[INFO] running `Command { std: "git" "rev-parse" "HEAD", kill_on_drop: false }`
[INFO] [stdout] 0d0b27ba0d354c9d7026fdfcd13a710e3013a07d
[INFO] documenting psas/jsbsim-rs against beta-2023-04-20 for beta-1.70-rustdoc-1
[INFO] running `Command { std: "git" "clone" "/workspace/cache/git-repos/https%3A%2F%2Fgithub.com%2Fpsas%2Fjsbsim-rs" "/workspace/builds/worker-5-tc2/source", kill_on_drop: false }`
[INFO] [stderr] Cloning into '/workspace/builds/worker-5-tc2/source'...
[INFO] [stderr] done.
[INFO] validating manifest of git repo https://github.com/psas/jsbsim-rs on toolchain beta-2023-04-20
[INFO] running `Command { std: CARGO_HOME="/workspace/cargo-home" RUSTUP_HOME="/workspace/rustup-home" "/workspace/cargo-home/bin/cargo" "+beta-2023-04-20" "metadata" "--manifest-path" "Cargo.toml" "--no-deps", kill_on_drop: false }`
[INFO] started tweaking git repo https://github.com/psas/jsbsim-rs
[INFO] finished tweaking git repo https://github.com/psas/jsbsim-rs
[INFO] tweaked toml for git repo https://github.com/psas/jsbsim-rs written to /workspace/builds/worker-5-tc2/source/Cargo.toml
[INFO] crate git repo https://github.com/psas/jsbsim-rs already has a lockfile, it will not be regenerated
[INFO] running `Command { std: CARGO_HOME="/workspace/cargo-home" RUSTUP_HOME="/workspace/rustup-home" "/workspace/cargo-home/bin/cargo" "+beta-2023-04-20" "fetch" "--manifest-path" "Cargo.toml", kill_on_drop: false }`
[INFO] [stderr]     Updating crates.io index
[INFO] [stderr]  Downloading crates ...
[INFO] [stderr]   Downloaded cpp_synmap v0.2.0
[INFO] [stderr]   Downloaded cpp_macros v0.3.0
[INFO] [stderr]   Downloaded cpp v0.3.0
[INFO] [stderr]   Downloaded cpp_common v0.3.0
[INFO] [stderr]   Downloaded cpp_build v0.3.0
[INFO] [stderr]   Downloaded cpp_synom v0.12.0
[INFO] [stderr]   Downloaded cpp_syn v0.12.0
[INFO] running `Command { std: "docker" "create" "-v" "/var/lib/crater-agent-workspace/builds/worker-5-tc2/target:/opt/rustwide/target:rw,Z" "-v" "/var/lib/crater-agent-workspace/builds/worker-5-tc2/source:/opt/rustwide/workdir:ro,Z" "-v" "/var/lib/crater-agent-workspace/cargo-home:/opt/rustwide/cargo-home:ro,Z" "-v" "/var/lib/crater-agent-workspace/rustup-home:/opt/rustwide/rustup-home:ro,Z" "-e" "SOURCE_DIR=/opt/rustwide/workdir" "-e" "CARGO_TARGET_DIR=/opt/rustwide/target" "-e" "CARGO_HOME=/opt/rustwide/cargo-home" "-e" "RUSTUP_HOME=/opt/rustwide/rustup-home" "-w" "/opt/rustwide/workdir" "-m" "1610612736" "--user" "0:0" "--network" "none" "ghcr.io/rust-lang/crates-build-env/linux@sha256:5ff2268d62e97bff2cde7d5815dd6ed5b47097566f13b8d0ca110b04b60e07ed" "/opt/rustwide/cargo-home/bin/cargo" "+beta-2023-04-20" "metadata" "--no-deps" "--format-version=1", kill_on_drop: false }`
[INFO] [stdout] b74792a8011fd22e36247d171e00a3c9d7fd038dffb95f04554e19e9722df20e
[INFO] running `Command { std: "docker" "start" "-a" "b74792a8011fd22e36247d171e00a3c9d7fd038dffb95f04554e19e9722df20e", kill_on_drop: false }`
[INFO] running `Command { std: "docker" "inspect" "b74792a8011fd22e36247d171e00a3c9d7fd038dffb95f04554e19e9722df20e", kill_on_drop: false }`
[INFO] running `Command { std: "docker" "rm" "-f" "b74792a8011fd22e36247d171e00a3c9d7fd038dffb95f04554e19e9722df20e", kill_on_drop: false }`
[INFO] [stdout] b74792a8011fd22e36247d171e00a3c9d7fd038dffb95f04554e19e9722df20e
[INFO] running `Command { std: "docker" "create" "-v" "/var/lib/crater-agent-workspace/builds/worker-5-tc2/target:/opt/rustwide/target:rw,Z" "-v" "/var/lib/crater-agent-workspace/builds/worker-5-tc2/source:/opt/rustwide/workdir:ro,Z" "-v" "/var/lib/crater-agent-workspace/cargo-home:/opt/rustwide/cargo-home:ro,Z" "-v" "/var/lib/crater-agent-workspace/rustup-home:/opt/rustwide/rustup-home:ro,Z" "-e" "SOURCE_DIR=/opt/rustwide/workdir" "-e" "CARGO_TARGET_DIR=/opt/rustwide/target" "-e" "CARGO_INCREMENTAL=0" "-e" "RUST_BACKTRACE=full" "-e" "RUSTFLAGS=--cap-lints=warn" "-e" "RUSTDOCFLAGS=--cap-lints=warn" "-e" "CARGO_HOME=/opt/rustwide/cargo-home" "-e" "RUSTUP_HOME=/opt/rustwide/rustup-home" "-w" "/opt/rustwide/workdir" "-m" "1610612736" "--user" "0:0" "--network" "none" "ghcr.io/rust-lang/crates-build-env/linux@sha256:5ff2268d62e97bff2cde7d5815dd6ed5b47097566f13b8d0ca110b04b60e07ed" "/opt/rustwide/cargo-home/bin/cargo" "+beta-2023-04-20" "doc" "--frozen" "--no-deps" "--document-private-items" "--message-format=json", kill_on_drop: false }`
[INFO] [stdout] 0079496e07728bf1bc018e90d2185891ffb49221fd1feda03d9fb0c1145bf612
[INFO] running `Command { std: "docker" "start" "-a" "0079496e07728bf1bc018e90d2185891ffb49221fd1feda03d9fb0c1145bf612", kill_on_drop: false }`
[INFO] [stderr]    Compiling unicode-xid v0.0.4
[INFO] [stderr]    Compiling quote v0.3.15
[INFO] [stderr]    Compiling libc v0.2.22
[INFO] [stderr]    Compiling lazy_static v0.2.8
[INFO] [stderr]    Compiling gcc v0.3.45
[INFO] [stderr]    Compiling byteorder v1.0.0
[INFO] [stderr]    Compiling pkg-config v0.3.9
[INFO] [stderr]    Compiling cpp_synom v0.12.0
[INFO] [stderr]    Compiling cpp_syn v0.12.0
[INFO] [stderr]    Compiling memchr v1.0.1
[INFO] [stderr]    Compiling aho-corasick v0.6.3
[INFO] [stderr]    Compiling cpp_common v0.3.0
[INFO] [stderr]    Compiling cpp_synmap v0.2.0
[INFO] [stderr]    Compiling cpp_build v0.3.0
[INFO] [stderr]    Compiling cpp_macros v0.3.0
[INFO] [stderr]    Compiling jsbsim v0.1.0 (/opt/rustwide/workdir)
[INFO] [stderr]     Checking cpp v0.3.0
[INFO] [stderr] The following warnings were emitted during compilation:
[INFO] [stderr] 
[INFO] [stderr] warning: /opt/rustwide/workdir/src/main.rs:5:14: fatal error: FGFDMExec.h: No such file or directory
[INFO] [stderr] warning:     5 |     #include <FGFDMExec.h>
[INFO] [stderr] warning:       |              ^~~~~~~~~~~~~
[INFO] [stderr] warning: compilation terminated.
[INFO] [stderr] 
[INFO] [stderr] error: failed to run custom build command for `jsbsim v0.1.0 (/opt/rustwide/workdir)`
[INFO] [stderr] note: To improve backtraces for build dependencies, set the CARGO_PROFILE_DEV_BUILD_OVERRIDE_DEBUG=true environment variable to enable debug information generation.
[INFO] [stderr] 
[INFO] [stderr] Caused by:
[INFO] [stderr]   process didn't exit successfully: `/opt/rustwide/target/debug/build/jsbsim-7b78b89013dd8518/build-script-build` (exit status: 101)
[INFO] [stderr]   --- stdout
[INFO] [stderr]   TARGET = Some("x86_64-unknown-linux-gnu")
[INFO] [stderr]   OPT_LEVEL = Some("0")
[INFO] [stderr]   TARGET = Some("x86_64-unknown-linux-gnu")
[INFO] [stderr]   HOST = Some("x86_64-unknown-linux-gnu")
[INFO] [stderr]   TARGET = Some("x86_64-unknown-linux-gnu")
[INFO] [stderr]   TARGET = Some("x86_64-unknown-linux-gnu")
[INFO] [stderr]   HOST = Some("x86_64-unknown-linux-gnu")
[INFO] [stderr]   CXX_x86_64-unknown-linux-gnu = None
[INFO] [stderr]   CXX_x86_64_unknown_linux_gnu = None
[INFO] [stderr]   HOST_CXX = None
[INFO] [stderr]   CXX = None
[INFO] [stderr]   HOST = Some("x86_64-unknown-linux-gnu")
[INFO] [stderr]   TARGET = Some("x86_64-unknown-linux-gnu")
[INFO] [stderr]   HOST = Some("x86_64-unknown-linux-gnu")
[INFO] [stderr]   CXXFLAGS_x86_64-unknown-linux-gnu = None
[INFO] [stderr]   CXXFLAGS_x86_64_unknown_linux_gnu = None
[INFO] [stderr]   HOST_CXXFLAGS = None
[INFO] [stderr]   CXXFLAGS = None
[INFO] [stderr]   PROFILE = Some("debug")
[INFO] [stderr]   running: "c++" "-O0" "-ffunction-sections" "-fdata-sections" "-fPIC" "-g" "-m64" "-I" "/usr/local/include/JSBSim" "-o" "/opt/rustwide/target/debug/build/jsbsim-843dca8f5642dccd/out/rust_cpp/cpp_closures.o" "-c" "/opt/rustwide/target/debug/build/jsbsim-843dca8f5642dccd/out/rust_cpp/cpp_closures.cpp"
[INFO] [stderr]   cargo:warning=/opt/rustwide/workdir/src/main.rs:5:14: fatal error: FGFDMExec.h: No such file or directory
[INFO] [stderr]   cargo:warning=    5 |     #include <FGFDMExec.h>
[INFO] [stderr]   cargo:warning=      |              ^~~~~~~~~~~~~
[INFO] [stderr]   cargo:warning=compilation terminated.
[INFO] [stderr]   ExitStatus(unix_wait_status(256))
[INFO] [stderr] 
[INFO] [stderr] 
[INFO] [stderr]   command did not execute successfully, got: exit status: 1
[INFO] [stderr] 
[INFO] [stderr] 
[INFO] [stderr] 
[INFO] [stderr]   --- stderr
[INFO] [stderr]   thread 'main' panicked at 'explicit panic', /opt/rustwide/cargo-home/registry/src/index.crates.io-6f17d22bba15001f/gcc-0.3.45/src/lib.rs:1152:5
[INFO] [stderr]   stack backtrace:
[INFO] [stderr]      0:     0x561b4baff64a - std::backtrace_rs::backtrace::libunwind::trace::h2f05d0192276a8f6
[INFO] [stderr]                                  at /rustc/1b7dd2252b99671ce5d1cb9664c5f8636329436d/library/std/src/../../backtrace/src/backtrace/libunwind.rs:93:5
[INFO] [stderr]      1:     0x561b4baff64a - std::backtrace_rs::backtrace::trace_unsynchronized::hedc23dff7a1af150
[INFO] [stderr]                                  at /rustc/1b7dd2252b99671ce5d1cb9664c5f8636329436d/library/std/src/../../backtrace/src/backtrace/mod.rs:66:5
[INFO] [stderr]      2:     0x561b4baff64a - std::sys_common::backtrace::_print_fmt::h17541ef7592f3ce2
[INFO] [stderr]                                  at /rustc/1b7dd2252b99671ce5d1cb9664c5f8636329436d/library/std/src/sys_common/backtrace.rs:65:5
[INFO] [stderr]      3:     0x561b4baff64a - <std::sys_common::backtrace::_print::DisplayBacktrace as core::fmt::Display>::fmt::h20f75df5ab0c0792
[INFO] [stderr]                                  at /rustc/1b7dd2252b99671ce5d1cb9664c5f8636329436d/library/std/src/sys_common/backtrace.rs:44:22
[INFO] [stderr]      4:     0x561b4bb2054f - core::fmt::write::h78109e6f466b3af6
[INFO] [stderr]                                  at /rustc/1b7dd2252b99671ce5d1cb9664c5f8636329436d/library/core/src/fmt/mod.rs:1254:17
[INFO] [stderr]      5:     0x561b4bafc0d5 - std::io::Write::write_fmt::hc59e1b02dd273c8a
[INFO] [stderr]                                  at /rustc/1b7dd2252b99671ce5d1cb9664c5f8636329436d/library/std/src/io/mod.rs:1698:15
[INFO] [stderr]      6:     0x561b4baff415 - std::sys_common::backtrace::_print::h8dac57a9f8fbf9a5
[INFO] [stderr]                                  at /rustc/1b7dd2252b99671ce5d1cb9664c5f8636329436d/library/std/src/sys_common/backtrace.rs:47:5
[INFO] [stderr]      7:     0x561b4baff415 - std::sys_common::backtrace::print::hf9ecbf41d1aa712f
[INFO] [stderr]                                  at /rustc/1b7dd2252b99671ce5d1cb9664c5f8636329436d/library/std/src/sys_common/backtrace.rs:34:9
[INFO] [stderr]      8:     0x561b4bb00cde - std::panicking::default_hook::{{closure}}::h04c07acfc84ca028
[INFO] [stderr]                                  at /rustc/1b7dd2252b99671ce5d1cb9664c5f8636329436d/library/std/src/panicking.rs:269:22
[INFO] [stderr]      9:     0x561b4bb00a85 - std::panicking::default_hook::h01f6bb23e1eceb2c
[INFO] [stderr]                                  at /rustc/1b7dd2252b99671ce5d1cb9664c5f8636329436d/library/std/src/panicking.rs:288:9
[INFO] [stderr]     10:     0x561b4bb0123e - std::panicking::rust_panic_with_hook::h2bb3722bbaf2f6df
[INFO] [stderr]                                  at /rustc/1b7dd2252b99671ce5d1cb9664c5f8636329436d/library/std/src/panicking.rs:691:13
[INFO] [stderr]     11:     0x561b4b96d04a - std::panicking::begin_panic::{{closure}}::h9193662d912a35c6
[INFO] [stderr]     12:     0x561b4b980aaa - std::sys_common::backtrace::__rust_end_short_backtrace::h383ee9bbe7c609a0
[INFO] [stderr]     13:     0x561b4b96cf9b - std::panicking::begin_panic::h3eb9a67dd35b0bed
[INFO] [stderr]     14:     0x561b4b97e284 - gcc::fail::h2617775d3680251a
[INFO] [stderr]     15:     0x561b4b97d90e - gcc::run::h594310227699457f
[INFO] [stderr]     16:     0x561b4b975879 - gcc::Config::compile_object::hb999066f934d1351
[INFO] [stderr]     17:     0x561b4b975106 - gcc::Config::compile_objects::h6e5792d947681bae
[INFO] [stderr]     18:     0x561b4b974408 - gcc::Config::compile::ha9d21f6befff247f
[INFO] [stderr]     19:     0x561b4b95d6c3 - cpp_build::Config::build::hb9bed20b6c7fd8ba
[INFO] [stderr]     20:     0x561b4b95d98f - build_script_build::main::hd8398ad9f5eaff03
[INFO] [stderr]     21:     0x561b4b95df63 - core::ops::function::FnOnce::call_once::heae89e052018942c
[INFO] [stderr]     22:     0x561b4b95dad6 - std::sys_common::backtrace::__rust_begin_short_backtrace::h5e06fa7a74ecc8e4
[INFO] [stderr]     23:     0x561b4b95e169 - std::rt::lang_start::{{closure}}::h31efa18deb592a45
[INFO] [stderr]     24:     0x561b4baf868e - core::ops::function::impls::<impl core::ops::function::FnOnce<A> for &F>::call_once::h2eb19b8ce4148df4
[INFO] [stderr]                                  at /rustc/1b7dd2252b99671ce5d1cb9664c5f8636329436d/library/core/src/ops/function.rs:287:13
[INFO] [stderr]     25:     0x561b4baf868e - std::panicking::try::do_call::h2e900feff5d504c5
[INFO] [stderr]                                  at /rustc/1b7dd2252b99671ce5d1cb9664c5f8636329436d/library/std/src/panicking.rs:485:40
[INFO] [stderr]     26:     0x561b4baf868e - std::panicking::try::h8854836cb85aa9f2
[INFO] [stderr]                                  at /rustc/1b7dd2252b99671ce5d1cb9664c5f8636329436d/library/std/src/panicking.rs:449:19
[INFO] [stderr]     27:     0x561b4baf868e - std::panic::catch_unwind::h706025dd4c48f64b
[INFO] [stderr]                                  at /rustc/1b7dd2252b99671ce5d1cb9664c5f8636329436d/library/std/src/panic.rs:140:14
[INFO] [stderr]     28:     0x561b4baf868e - std::rt::lang_start_internal::{{closure}}::h7be5b97f4a07a91a
[INFO] [stderr]                                  at /rustc/1b7dd2252b99671ce5d1cb9664c5f8636329436d/library/std/src/rt.rs:148:48
[INFO] [stderr]     29:     0x561b4baf868e - std::panicking::try::do_call::h59847e9d0a176965
[INFO] [stderr]                                  at /rustc/1b7dd2252b99671ce5d1cb9664c5f8636329436d/library/std/src/panicking.rs:485:40
[INFO] [stderr]     30:     0x561b4baf868e - std::panicking::try::h399a918ba8522823
[INFO] [stderr]                                  at /rustc/1b7dd2252b99671ce5d1cb9664c5f8636329436d/library/std/src/panicking.rs:449:19
[INFO] [stderr]     31:     0x561b4baf868e - std::panic::catch_unwind::hca7ca6c55b2a2e26
[INFO] [stderr]                                  at /rustc/1b7dd2252b99671ce5d1cb9664c5f8636329436d/library/std/src/panic.rs:140:14
[INFO] [stderr]     32:     0x561b4baf868e - std::rt::lang_start_internal::h2c807a81560459eb
[INFO] [stderr]                                  at /rustc/1b7dd2252b99671ce5d1cb9664c5f8636329436d/library/std/src/rt.rs:148:20
[INFO] [stderr]     33:     0x561b4b95e147 - std::rt::lang_start::he1ba6dcf23e6d50e
[INFO] [stderr]     34:     0x561b4b95da05 - main
[INFO] [stderr]     35:     0x7f4ffc3e3d90 - <unknown>
[INFO] [stderr]     36:     0x7f4ffc3e3e40 - __libc_start_main
[INFO] [stderr]     37:     0x561b4b958115 - _start
[INFO] [stderr]     38:                0x0 - <unknown>
[INFO] running `Command { std: "docker" "inspect" "0079496e07728bf1bc018e90d2185891ffb49221fd1feda03d9fb0c1145bf612", kill_on_drop: false }`
[INFO] running `Command { std: "docker" "rm" "-f" "0079496e07728bf1bc018e90d2185891ffb49221fd1feda03d9fb0c1145bf612", kill_on_drop: false }`
[INFO] [stdout] 0079496e07728bf1bc018e90d2185891ffb49221fd1feda03d9fb0c1145bf612
