[INFO] cloning repository https://github.com/projectmeka/meka-identity
[INFO] running `Command { std: "git" "-c" "credential.helper=" "-c" "credential.helper=/workspace/cargo-home/bin/git-credential-null" "clone" "--bare" "https://github.com/projectmeka/meka-identity" "/workspace/cache/git-repos/https%3A%2F%2Fgithub.com%2Fprojectmeka%2Fmeka-identity", kill_on_drop: false }`
[INFO] [stderr] Cloning into bare repository '/workspace/cache/git-repos/https%3A%2F%2Fgithub.com%2Fprojectmeka%2Fmeka-identity'...
[INFO] running `Command { std: "git" "rev-parse" "HEAD", kill_on_drop: false }`
[INFO] [stdout] a68b03b612ca7acc9b9b50dff4895ac1498f86a5
[INFO] documenting projectmeka/meka-identity against beta-2023-04-20 for beta-1.70-rustdoc-1
[INFO] running `Command { std: "git" "clone" "/workspace/cache/git-repos/https%3A%2F%2Fgithub.com%2Fprojectmeka%2Fmeka-identity" "/workspace/builds/worker-5-tc2/source", kill_on_drop: false }`
[INFO] [stderr] Cloning into '/workspace/builds/worker-5-tc2/source'...
[INFO] [stderr] done.
[INFO] validating manifest of git repo https://github.com/projectmeka/meka-identity on toolchain beta-2023-04-20
[INFO] running `Command { std: CARGO_HOME="/workspace/cargo-home" RUSTUP_HOME="/workspace/rustup-home" "/workspace/cargo-home/bin/cargo" "+beta-2023-04-20" "metadata" "--manifest-path" "Cargo.toml" "--no-deps", kill_on_drop: false }`
[INFO] started tweaking git repo https://github.com/projectmeka/meka-identity
[INFO] finished tweaking git repo https://github.com/projectmeka/meka-identity
[INFO] tweaked toml for git repo https://github.com/projectmeka/meka-identity written to /workspace/builds/worker-5-tc2/source/Cargo.toml
[INFO] crate git repo https://github.com/projectmeka/meka-identity already has a lockfile, it will not be regenerated
[INFO] running `Command { std: CARGO_HOME="/workspace/cargo-home" RUSTUP_HOME="/workspace/rustup-home" "/workspace/cargo-home/bin/cargo" "+beta-2023-04-20" "fetch" "--manifest-path" "Cargo.toml", kill_on_drop: false }`
[INFO] [stderr]  Downloading crates ...
[INFO] [stderr]   Downloaded trie-root v0.15.2
[INFO] [stderr]   Downloaded parity-wasm v0.31.3
[INFO] [stderr]   Downloaded parity-scale-codec v1.0.5
[INFO] [stderr]   Downloaded parity-scale-codec-derive v1.0.2
[INFO] [stderr]   Downloaded const-random v0.1.6
[INFO] [stderr]   Downloaded hmac v0.4.2
[INFO] [stderr]   Downloaded safe-mix v1.0.0
[INFO] [stderr]   Downloaded const-random-macro v0.1.6
[INFO] [stderr]   Downloaded parity-util-mem v0.2.0
[INFO] [stderr]   Downloaded uint v0.8.1
[INFO] [stderr]   Downloaded merlin v1.2.0
[INFO] [stderr]   Downloaded hashbrown v0.6.0
[INFO] [stderr]   Downloaded trie-db v0.15.2
[INFO] [stderr]   Downloaded bitvec v0.14.0
[INFO] [stderr]   Downloaded tiny-bip39 v0.6.2
[INFO] [stderr]   Downloaded wasmi-validation v0.1.0
[INFO] [stderr]   Downloaded libsecp256k1 v0.2.2
[INFO] [stderr]   Downloaded ahash v0.2.12
[INFO] [stderr]   Downloaded byte-slice-cast v0.3.2
[INFO] [stderr]   Downloaded integer-sqrt v0.1.2
[INFO] [stderr]   Downloaded environmental v1.0.1
[INFO] [stderr]   Downloaded crypto-mac v0.4.0
[INFO] [stderr]   Downloaded hmac-drbg v0.1.2
[INFO] [stderr]   Downloaded block-buffer v0.2.0
[INFO] [stderr]   Downloaded digest v0.6.2
[INFO] [stderr]   Downloaded malloc_size_of_derive v0.1.0
[INFO] [stderr]   Downloaded memory-db v0.15.2
[INFO] [stderr]   Downloaded elastic-array v0.10.2
[INFO] [stderr]   Downloaded fixed-hash v0.4.0
[INFO] [stderr]   Downloaded primitive-types v0.5.0
[INFO] [stderr]   Downloaded sha2 v0.6.0
[INFO] [stderr]   Downloaded wasmi v0.5.0
[INFO] [stderr]   Downloaded impl-serde v0.1.1
[INFO] [stderr]   Downloaded impl-codec v0.4.0
[INFO] [stderr]   Downloaded impl-serde v0.2.0
[INFO] running `Command { std: "docker" "create" "-v" "/var/lib/crater-agent-workspace/builds/worker-5-tc2/target:/opt/rustwide/target:rw,Z" "-v" "/var/lib/crater-agent-workspace/builds/worker-5-tc2/source:/opt/rustwide/workdir:ro,Z" "-v" "/var/lib/crater-agent-workspace/cargo-home:/opt/rustwide/cargo-home:ro,Z" "-v" "/var/lib/crater-agent-workspace/rustup-home:/opt/rustwide/rustup-home:ro,Z" "-e" "SOURCE_DIR=/opt/rustwide/workdir" "-e" "CARGO_TARGET_DIR=/opt/rustwide/target" "-e" "CARGO_HOME=/opt/rustwide/cargo-home" "-e" "RUSTUP_HOME=/opt/rustwide/rustup-home" "-w" "/opt/rustwide/workdir" "-m" "1610612736" "--user" "0:0" "--network" "none" "ghcr.io/rust-lang/crates-build-env/linux@sha256:5ff2268d62e97bff2cde7d5815dd6ed5b47097566f13b8d0ca110b04b60e07ed" "/opt/rustwide/cargo-home/bin/cargo" "+beta-2023-04-20" "metadata" "--no-deps" "--format-version=1", kill_on_drop: false }`
[INFO] [stdout] 2d4429fdfd2030d3eefe68422d1fecbff1a0682ab7c88db0a8f838e7620e0dd5
[INFO] running `Command { std: "docker" "start" "-a" "2d4429fdfd2030d3eefe68422d1fecbff1a0682ab7c88db0a8f838e7620e0dd5", kill_on_drop: false }`
[INFO] running `Command { std: "docker" "inspect" "2d4429fdfd2030d3eefe68422d1fecbff1a0682ab7c88db0a8f838e7620e0dd5", kill_on_drop: false }`
[INFO] running `Command { std: "docker" "rm" "-f" "2d4429fdfd2030d3eefe68422d1fecbff1a0682ab7c88db0a8f838e7620e0dd5", kill_on_drop: false }`
[INFO] [stdout] 2d4429fdfd2030d3eefe68422d1fecbff1a0682ab7c88db0a8f838e7620e0dd5
[INFO] running `Command { std: "docker" "create" "-v" "/var/lib/crater-agent-workspace/builds/worker-5-tc2/target:/opt/rustwide/target:rw,Z" "-v" "/var/lib/crater-agent-workspace/builds/worker-5-tc2/source:/opt/rustwide/workdir:ro,Z" "-v" "/var/lib/crater-agent-workspace/cargo-home:/opt/rustwide/cargo-home:ro,Z" "-v" "/var/lib/crater-agent-workspace/rustup-home:/opt/rustwide/rustup-home:ro,Z" "-e" "SOURCE_DIR=/opt/rustwide/workdir" "-e" "CARGO_TARGET_DIR=/opt/rustwide/target" "-e" "CARGO_INCREMENTAL=0" "-e" "RUST_BACKTRACE=full" "-e" "RUSTFLAGS=--cap-lints=warn" "-e" "RUSTDOCFLAGS=--cap-lints=warn" "-e" "CARGO_HOME=/opt/rustwide/cargo-home" "-e" "RUSTUP_HOME=/opt/rustwide/rustup-home" "-w" "/opt/rustwide/workdir" "-m" "1610612736" "--user" "0:0" "--network" "none" "ghcr.io/rust-lang/crates-build-env/linux@sha256:5ff2268d62e97bff2cde7d5815dd6ed5b47097566f13b8d0ca110b04b60e07ed" "/opt/rustwide/cargo-home/bin/cargo" "+beta-2023-04-20" "doc" "--frozen" "--no-deps" "--document-private-items" "--message-format=json", kill_on_drop: false }`
[INFO] [stdout] e8f077bb7db4edc424b2b79c131414a167dc24544e639e726d0c521600d65d69
[INFO] running `Command { std: "docker" "start" "-a" "e8f077bb7db4edc424b2b79c131414a167dc24544e639e726d0c521600d65d69", kill_on_drop: false }`
[INFO] [stderr]    Compiling libc v0.2.62
[INFO] [stderr]    Compiling autocfg v0.1.6
[INFO] [stderr]    Compiling typenum v1.11.2
[INFO] [stderr]    Compiling proc-macro2 v1.0.2
[INFO] [stderr]    Compiling syn v1.0.5
[INFO] [stderr]    Compiling semver-parser v0.7.0
[INFO] [stderr]     Checking rand_core v0.4.2
[INFO] [stderr]    Compiling proc-macro2 v0.4.30
[INFO] [stderr]    Compiling unicode-xid v0.1.0
[INFO] [stderr]    Compiling byteorder v1.3.2
[INFO] [stderr]    Compiling syn v0.15.44
[INFO] [stderr]     Checking cfg-if v0.1.9
[INFO] [stderr]    Compiling cc v1.0.41
[INFO] [stderr]    Compiling getrandom v0.1.11
[INFO] [stderr]    Compiling serde v1.0.99
[INFO] [stderr]     Checking nodrop v0.1.13
[INFO] [stderr]    Compiling arrayvec v0.4.11
[INFO] [stderr]    Compiling ppv-lite86 v0.2.5
[INFO] [stderr]    Compiling semver v0.9.0
[INFO] [stderr]     Checking rand_core v0.3.1
[INFO] [stderr]     Checking rand_isaac v0.1.1
[INFO] [stderr]    Compiling rand_pcg v0.1.2
[INFO] [stderr]    Compiling rand_chacha v0.1.1
[INFO] [stderr]    Compiling rand v0.6.5
[INFO] [stderr]    Compiling rustc_version v0.2.3
[INFO] [stderr]     Checking rand_hc v0.1.0
[INFO] [stderr]     Checking rand_xorshift v0.1.1
[INFO] [stderr]     Checking rand_jitter v0.1.4
[INFO] [stderr]     Checking rustc-demangle v0.1.16
[INFO] [stderr]     Checking fake-simd v0.1.2
[INFO] [stderr]    Compiling lazy_static v1.4.0
[INFO] [stderr]    Compiling failure_derive v0.1.5
[INFO] [stderr]     Checking byte-tools v0.3.1
[INFO] [stderr]     Checking block-padding v0.1.4
[INFO] [stderr]    Compiling c2-chacha v0.2.2
[INFO] [stderr]    Compiling num-traits v0.2.8
[INFO] [stderr]    Compiling clear_on_drop v0.2.3
[INFO] [stderr]    Compiling backtrace-sys v0.1.31
[INFO] [stderr]    Compiling subtle v2.1.1
[INFO] [stderr]    Compiling quote v0.6.13
[INFO] [stderr]     Checking rand_os v0.1.3
[INFO] [stderr]     Checking smallvec v0.6.10
[INFO] [stderr]    Compiling crunchy v0.2.2
[INFO] [stderr]    Compiling generic-array v0.12.3
[INFO] [stderr]    Compiling quote v1.0.2
[INFO] [stderr]    Compiling parking_lot_core v0.4.0
[INFO] [stderr]    Compiling num-integer v0.1.41
[INFO] [stderr]     Checking subtle v1.0.0
[INFO] [stderr]     Checking opaque-debug v0.2.3
[INFO] [stderr]     Checking digest v0.8.1
[INFO] [stderr]     Checking block-buffer v0.7.3
[INFO] [stderr]    Compiling rand_core v0.5.1
[INFO] [stderr]     Checking scopeguard v0.3.3
[INFO] [stderr]     Checking constant_time_eq v0.1.4
[INFO] [stderr]     Checking crypto-mac v0.7.0
[INFO] [stderr]     Checking sha2 v0.8.0
[INFO] [stderr]    Compiling curve25519-dalek v1.2.3
[INFO] [stderr]     Checking rustc-hex v2.0.1
[INFO] [stderr]    Compiling memchr v2.2.1
[INFO] [stderr]    Compiling num-bigint v0.2.2
[INFO] [stderr]    Compiling rand_chacha v0.2.1
[INFO] [stderr]     Checking lock_api v0.1.5
[INFO] [stderr]     Checking generic-array v0.8.3
[INFO] [stderr]    Compiling parking_lot_core v0.6.2
[INFO] [stderr]    Compiling num-rational v0.2.2
[INFO] [stderr]    Compiling rand v0.7.0
[INFO] [stderr]     Checking byte-slice-cast v0.3.2
[INFO] [stderr]     Checking hash-db v0.15.2
[INFO] [stderr]     Checking backtrace v0.3.35
[INFO] [stderr]     Checking keccak v0.1.0
[INFO] [stderr]     Checking bitvec v0.14.0
[INFO] [stderr]     Checking log v0.4.8
[INFO] [stderr]     Checking pbkdf2 v0.3.0
[INFO] [stderr]     Checking parking_lot v0.7.1
[INFO] [stderr]     Checking hmac v0.7.1
[INFO] [stderr]     Checking rand v0.5.6
[INFO] [stderr]     Checking merlin v1.2.0
[INFO] [stderr]     Checking parity-wasm v0.31.3
[INFO] [stderr]    Compiling parking_lot v0.9.0
[INFO] [stderr]    Compiling sr-std v2.0.0 (https://github.com/paritytech/substrate.git?rev=3ba0f2a2dbd37c31851a0ff1c1c0c47aa940de90#3ba0f2a2)
[INFO] [stderr]    Compiling hashbrown v0.6.0
[INFO] [stderr]     Checking scopeguard v1.0.0
[INFO] [stderr]     Checking zeroize v0.9.3
[INFO] [stderr]    Compiling heapsize v0.4.2
[INFO] [stderr]     Checking static_assertions v0.2.5
[INFO] [stderr]     Checking lock_api v0.3.1
[INFO] [stderr]     Checking aho-corasick v0.7.6
[INFO] [stderr]     Checking once_cell v0.1.8
[INFO] [stderr]     Checking uint v0.8.1
[INFO] [stderr]     Checking hashbrown v0.1.8
[INFO] [stderr]     Checking thread_local v0.3.6
[INFO] [stderr]     Checking memory_units v0.3.0
[INFO] [stderr]     Checking regex-syntax v0.6.11
[INFO] [stderr]     Checking digest v0.6.2
[INFO] [stderr]     Checking blake2-rfc v0.2.18
[INFO] [stderr]     Checking hash256-std-hasher v0.15.2
[INFO] [stderr]     Checking hex v0.3.2
[INFO] [stderr]     Checking base58 v0.1.0
[INFO] [stderr]     Checking elastic-array v0.10.2
[INFO] [stderr]     Checking crypto-mac v0.4.0
[INFO] [stderr]     Checking byte-tools v0.2.0
[INFO] [stderr]     Checking trie-root v0.15.2
[INFO] [stderr]     Checking substrate-panic-handler v2.0.0 (https://github.com/paritytech/substrate.git?rev=3ba0f2a2dbd37c31851a0ff1c1c0c47aa940de90#3ba0f2a2)
[INFO] [stderr]    Compiling sr-io v2.0.0 (https://github.com/paritytech/substrate.git?rev=3ba0f2a2dbd37c31851a0ff1c1c0c47aa940de90#3ba0f2a2)
[INFO] [stderr]     Checking rand v0.4.6
[INFO] [stderr]     Checking hmac v0.4.2
[INFO] [stderr]     Checking block-buffer v0.2.0
[INFO] [stderr]     Checking arrayref v0.3.5
[INFO] [stderr]     Checking tiny-keccak v1.5.0
[INFO] [stderr]     Checking environmental v1.0.1
[INFO] [stderr]     Checking fixed-hash v0.4.0
[INFO] [stderr]     Checking hmac-drbg v0.1.2
[INFO] [stderr]     Checking twox-hash v1.5.0
[INFO] [stderr]     Checking wasmi-validation v0.1.0
[INFO] [stderr]     Checking sha2 v0.6.0
[INFO] [stderr]     Checking integer-sqrt v0.1.2
[INFO] [stderr]    Compiling safe-mix v1.0.0
[INFO] [stderr]     Checking bitmask v0.5.0
[INFO] [stderr]     Checking libsecp256k1 v0.2.2
[INFO] [stderr]    Compiling serde_derive v1.0.99
[INFO] [stderr]    Compiling proc-macro-hack v0.5.9
[INFO] [stderr]     Checking wasmi v0.5.0
[INFO] [stderr]    Compiling const-random-macro v0.1.6
[INFO] [stderr]    Compiling paste-impl v0.1.6
[INFO] [stderr]     Checking regex v1.2.1
[INFO] [stderr]     Checking const-random v0.1.6
[INFO] [stderr]    Compiling synstructure v0.10.2
[INFO] [stderr]     Checking ahash v0.2.12
[INFO] [stderr]     Checking paste v0.1.6
[INFO] [stderr]     Checking trie-db v0.15.2
[INFO] [stderr]    Compiling malloc_size_of_derive v0.1.0
[INFO] [stderr]    Compiling srml-support-procedural-tools-derive v2.0.0 (https://github.com/paritytech/substrate.git?rev=3ba0f2a2dbd37c31851a0ff1c1c0c47aa940de90#3ba0f2a2)
[INFO] [stderr]     Checking failure v0.1.5
[INFO] [stderr]     Checking parity-util-mem v0.2.0
[INFO] [stderr]     Checking memory-db v0.15.2
[INFO] [stderr]     Checking schnorrkel v0.8.5
[INFO] [stderr]     Checking ed25519-dalek v1.0.0-pre.1
[INFO] [stderr]     Checking tiny-bip39 v0.6.2
[INFO] [stderr]     Checking substrate-bip39 v0.3.1
[INFO] [stderr]     Checking impl-serde v0.2.0
[INFO] [stderr]     Checking impl-serde v0.1.1
[INFO] [stderr]    Compiling toml v0.5.3
[INFO] [stderr]    Compiling proc-macro-crate v0.1.4
[INFO] [stderr]    Compiling srml-support-procedural-tools v2.0.0 (https://github.com/paritytech/substrate.git?rev=3ba0f2a2dbd37c31851a0ff1c1c0c47aa940de90#3ba0f2a2)
[INFO] [stderr]    Compiling parity-scale-codec-derive v1.0.2
[INFO] [stderr]    Compiling sr-api-macros v2.0.0 (https://github.com/paritytech/substrate.git?rev=3ba0f2a2dbd37c31851a0ff1c1c0c47aa940de90#3ba0f2a2)
[INFO] [stderr]     Checking parity-scale-codec v1.0.5
[INFO] [stderr]     Checking impl-codec v0.4.0
[INFO] [stderr]     Checking primitive-types v0.5.0
[INFO] [stderr]    Compiling srml-support-procedural v2.0.0 (https://github.com/paritytech/substrate.git?rev=3ba0f2a2dbd37c31851a0ff1c1c0c47aa940de90#3ba0f2a2)
[INFO] [stderr]     Checking substrate-primitives v2.0.0 (https://github.com/paritytech/substrate.git?rev=3ba0f2a2dbd37c31851a0ff1c1c0c47aa940de90#3ba0f2a2)
[INFO] [stderr]     Checking substrate-trie v2.0.0 (https://github.com/paritytech/substrate.git?rev=3ba0f2a2dbd37c31851a0ff1c1c0c47aa940de90#3ba0f2a2)
[INFO] [stderr]     Checking srml-metadata v2.0.0 (https://github.com/paritytech/substrate.git?rev=3ba0f2a2dbd37c31851a0ff1c1c0c47aa940de90#3ba0f2a2)
[INFO] [stderr]     Checking substrate-state-machine v2.0.0 (https://github.com/paritytech/substrate.git?rev=3ba0f2a2dbd37c31851a0ff1c1c0c47aa940de90#3ba0f2a2)
[INFO] [stderr]     Checking substrate-application-crypto v2.0.0 (https://github.com/paritytech/substrate.git?rev=3ba0f2a2dbd37c31851a0ff1c1c0c47aa940de90#3ba0f2a2)
[INFO] [stdout] error[E0424]: expected value, found module `self`
[INFO] [stdout]    --> /opt/rustwide/cargo-home/git/checkouts/substrate-7e08433d4c370a21/3ba0f2a/core/application-crypto/src/lib.rs:142:53
[INFO] [stdout]     |
[INFO] [stdout] 142 |                 Clone, Default, Eq, PartialEq, Ord, PartialOrd, $crate::codec::Encode,
[INFO] [stdout]     |                                                                 ^^^^^^^^^^^^^^^^^^^^^ `self` value is a keyword only available in methods with a `self` parameter
[INFO] [stdout] ...
[INFO] [stdout] 292 |         pub struct $outer( $inner );
[INFO] [stdout]     |                            ------ this function has a `self` parameter, but a macro invocation can only access identifiers it receives from parameters
[INFO] [stdout]     |
[INFO] [stdout]    ::: /opt/rustwide/cargo-home/git/checkouts/substrate-7e08433d4c370a21/3ba0f2a/core/application-crypto/src/ed25519.rs:25:2
[INFO] [stdout]     |
[INFO] [stdout] 25  |     crate::app_crypto!(super, ED25519);
[INFO] [stdout]     |     ---------------------------------- in this macro invocation
[INFO] [stdout]     |
[INFO] [stdout]     = note: this error originates in the derive macro `$crate::codec::Encode` which comes from the expansion of the macro `crate::app_crypto` (in Nightly builds, run with -Z macro-backtrace for more info)
[INFO] [stdout] 
[INFO] [stdout] 
[INFO] [stdout] error[E0424]: expected value, found module `self`
[INFO] [stdout]    --> /opt/rustwide/cargo-home/git/checkouts/substrate-7e08433d4c370a21/3ba0f2a/core/application-crypto/src/lib.rs:241:44
[INFO] [stdout]     |
[INFO] [stdout] 241 |             #[derive(Clone, Default, Eq, PartialEq, $crate::codec::Encode, $crate::codec::Decode)]
[INFO] [stdout]     |                                                     ^^^^^^^^^^^^^^^^^^^^^ `self` value is a keyword only available in methods with a `self` parameter
[INFO] [stdout] ...
[INFO] [stdout] 292 |         pub struct $outer( $inner );
[INFO] [stdout]     |                            ------ this function has a `self` parameter, but a macro invocation can only access identifiers it receives from parameters
[INFO] [stdout]     |
[INFO] [stdout]    ::: /opt/rustwide/cargo-home/git/checkouts/substrate-7e08433d4c370a21/3ba0f2a/core/application-crypto/src/ed25519.rs:25:2
[INFO] [stdout]     |
[INFO] [stdout] 25  |     crate::app_crypto!(super, ED25519);
[INFO] [stdout]     |     ---------------------------------- in this macro invocation
[INFO] [stdout]     |
[INFO] [stdout]     = note: this error originates in the derive macro `$crate::codec::Encode` which comes from the expansion of the macro `crate::app_crypto` (in Nightly builds, run with -Z macro-backtrace for more info)
[INFO] [stdout] 
[INFO] [stdout] 
[INFO] [stdout] error[E0424]: expected value, found module `self`
[INFO] [stdout]    --> /opt/rustwide/cargo-home/git/checkouts/substrate-7e08433d4c370a21/3ba0f2a/core/application-crypto/src/lib.rs:142:53
[INFO] [stdout]     |
[INFO] [stdout] 142 |                 Clone, Default, Eq, PartialEq, Ord, PartialOrd, $crate::codec::Encode,
[INFO] [stdout]     |                                                                 ^^^^^^^^^^^^^^^^^^^^^ `self` value is a keyword only available in methods with a `self` parameter
[INFO] [stdout] ...
[INFO] [stdout] 292 |         pub struct $outer( $inner );
[INFO] [stdout]     |                            ------ this function has a `self` parameter, but a macro invocation can only access identifiers it receives from parameters
[INFO] [stdout]     |
[INFO] [stdout]    ::: /opt/rustwide/cargo-home/git/checkouts/substrate-7e08433d4c370a21/3ba0f2a/core/application-crypto/src/sr25519.rs:25:2
[INFO] [stdout]     |
[INFO] [stdout] 25  |     crate::app_crypto!(super, SR25519);
[INFO] [stdout]     |     ---------------------------------- in this macro invocation
[INFO] [stdout]     |
[INFO] [stdout]     = note: this error originates in the derive macro `$crate::codec::Encode` which comes from the expansion of the macro `crate::app_crypto` (in Nightly builds, run with -Z macro-backtrace for more info)
[INFO] [stdout] 
[INFO] [stdout] 
[INFO] [stdout] error[E0424]: expected value, found module `self`
[INFO] [stdout]    --> /opt/rustwide/cargo-home/git/checkouts/substrate-7e08433d4c370a21/3ba0f2a/core/application-crypto/src/lib.rs:241:44
[INFO] [stdout]     |
[INFO] [stdout] 241 |             #[derive(Clone, Default, Eq, PartialEq, $crate::codec::Encode, $crate::codec::Decode)]
[INFO] [stdout]     |                                                     ^^^^^^^^^^^^^^^^^^^^^ `self` value is a keyword only available in methods with a `self` parameter
[INFO] [stdout] ...
[INFO] [stdout] 292 |         pub struct $outer( $inner );
[INFO] [stdout]     |                            ------ this function has a `self` parameter, but a macro invocation can only access identifiers it receives from parameters
[INFO] [stdout]     |
[INFO] [stdout]    ::: /opt/rustwide/cargo-home/git/checkouts/substrate-7e08433d4c370a21/3ba0f2a/core/application-crypto/src/sr25519.rs:25:2
[INFO] [stdout]     |
[INFO] [stdout] 25  |     crate::app_crypto!(super, SR25519);
[INFO] [stdout]     |     ---------------------------------- in this macro invocation
[INFO] [stdout]     |
[INFO] [stdout]     = note: this error originates in the derive macro `$crate::codec::Encode` which comes from the expansion of the macro `crate::app_crypto` (in Nightly builds, run with -Z macro-backtrace for more info)
[INFO] [stdout] 
[INFO] [stdout] 
[INFO] [stdout] error: aborting due to 4 previous errors
[INFO] [stdout] 
[INFO] [stdout] 
[INFO] [stdout] For more information about this error, try `rustc --explain E0424`.
[INFO] [stdout] 
[INFO] [stderr] error: could not compile `substrate-application-crypto` (lib) due to 5 previous errors
[INFO] running `Command { std: "docker" "inspect" "e8f077bb7db4edc424b2b79c131414a167dc24544e639e726d0c521600d65d69", kill_on_drop: false }`
[INFO] running `Command { std: "docker" "rm" "-f" "e8f077bb7db4edc424b2b79c131414a167dc24544e639e726d0c521600d65d69", kill_on_drop: false }`
[INFO] [stdout] e8f077bb7db4edc424b2b79c131414a167dc24544e639e726d0c521600d65d69
