[INFO] cloning repository https://github.com/prewk/loa-tts
[INFO] running `Command { std: "git" "-c" "credential.helper=" "-c" "credential.helper=/workspace/cargo-home/bin/git-credential-null" "clone" "--bare" "https://github.com/prewk/loa-tts" "/workspace/cache/git-repos/https%3A%2F%2Fgithub.com%2Fprewk%2Floa-tts", kill_on_drop: false }`
[INFO] [stderr] Cloning into bare repository '/workspace/cache/git-repos/https%3A%2F%2Fgithub.com%2Fprewk%2Floa-tts'...
[INFO] running `Command { std: "git" "rev-parse" "HEAD", kill_on_drop: false }`
[INFO] [stdout] e8072ca169dc60b99c91627273eff298192d534f
[INFO] documenting prewk/loa-tts against 1.69.0 for beta-1.70-rustdoc-1
[INFO] running `Command { std: "git" "clone" "/workspace/cache/git-repos/https%3A%2F%2Fgithub.com%2Fprewk%2Floa-tts" "/workspace/builds/worker-2-tc1/source", kill_on_drop: false }`
[INFO] [stderr] Cloning into '/workspace/builds/worker-2-tc1/source'...
[INFO] [stderr] done.
[INFO] validating manifest of git repo https://github.com/prewk/loa-tts on toolchain 1.69.0
[INFO] running `Command { std: CARGO_HOME="/workspace/cargo-home" RUSTUP_HOME="/workspace/rustup-home" "/workspace/cargo-home/bin/cargo" "+1.69.0" "metadata" "--manifest-path" "Cargo.toml" "--no-deps", kill_on_drop: false }`
[INFO] started tweaking git repo https://github.com/prewk/loa-tts
[INFO] finished tweaking git repo https://github.com/prewk/loa-tts
[INFO] tweaked toml for git repo https://github.com/prewk/loa-tts written to /workspace/builds/worker-2-tc1/source/Cargo.toml
[INFO] crate git repo https://github.com/prewk/loa-tts already has a lockfile, it will not be regenerated
[INFO] running `Command { std: CARGO_HOME="/workspace/cargo-home" RUSTUP_HOME="/workspace/rustup-home" "/workspace/cargo-home/bin/cargo" "+1.69.0" "fetch" "--manifest-path" "Cargo.toml", kill_on_drop: false }`
[INFO] [stderr]     Updating git repository `https://github.com/prewk/tts-rs`
[INFO] [stderr]  Downloading crates ...
[INFO] [stderr]   Downloaded ab_glyph v0.2.8
[INFO] [stderr]   Downloaded windows_macros v0.2.1
[INFO] [stderr]   Downloaded windows_gen_macros v0.2.1
[INFO] [stderr]   Downloaded windows_gen v0.2.1
[INFO] [stderr]   Downloaded hexasphere v3.1.0
[INFO] [stderr]   Downloaded windows_winmd_macros v0.2.1
[INFO] [stderr]   Downloaded owned_ttf_parser v0.10.0
[INFO] [stderr]   Downloaded ttf-parser v0.10.1
[INFO] [stderr]   Downloaded windows_winmd v0.2.1
[INFO] [stderr]   Downloaded windows v0.2.1
[INFO] running `Command { std: "docker" "create" "-v" "/var/lib/crater-agent-workspace/builds/worker-2-tc1/target:/opt/rustwide/target:rw,Z" "-v" "/var/lib/crater-agent-workspace/builds/worker-2-tc1/source:/opt/rustwide/workdir:ro,Z" "-v" "/var/lib/crater-agent-workspace/cargo-home:/opt/rustwide/cargo-home:ro,Z" "-v" "/var/lib/crater-agent-workspace/rustup-home:/opt/rustwide/rustup-home:ro,Z" "-e" "SOURCE_DIR=/opt/rustwide/workdir" "-e" "CARGO_TARGET_DIR=/opt/rustwide/target" "-e" "CARGO_HOME=/opt/rustwide/cargo-home" "-e" "RUSTUP_HOME=/opt/rustwide/rustup-home" "-w" "/opt/rustwide/workdir" "-m" "1610612736" "--user" "0:0" "--network" "none" "ghcr.io/rust-lang/crates-build-env/linux@sha256:5ff2268d62e97bff2cde7d5815dd6ed5b47097566f13b8d0ca110b04b60e07ed" "/opt/rustwide/cargo-home/bin/cargo" "+1.69.0" "metadata" "--no-deps" "--format-version=1", kill_on_drop: false }`
[INFO] [stdout] 4901ca175226fcea5333b444f81399ca0e1db4bfdbcad40e0a3e6b91108d56e2
[INFO] running `Command { std: "docker" "start" "-a" "4901ca175226fcea5333b444f81399ca0e1db4bfdbcad40e0a3e6b91108d56e2", kill_on_drop: false }`
[INFO] running `Command { std: "docker" "inspect" "4901ca175226fcea5333b444f81399ca0e1db4bfdbcad40e0a3e6b91108d56e2", kill_on_drop: false }`
[INFO] running `Command { std: "docker" "rm" "-f" "4901ca175226fcea5333b444f81399ca0e1db4bfdbcad40e0a3e6b91108d56e2", kill_on_drop: false }`
[INFO] [stdout] 4901ca175226fcea5333b444f81399ca0e1db4bfdbcad40e0a3e6b91108d56e2
[INFO] running `Command { std: "docker" "create" "-v" "/var/lib/crater-agent-workspace/builds/worker-2-tc1/target:/opt/rustwide/target:rw,Z" "-v" "/var/lib/crater-agent-workspace/builds/worker-2-tc1/source:/opt/rustwide/workdir:ro,Z" "-v" "/var/lib/crater-agent-workspace/cargo-home:/opt/rustwide/cargo-home:ro,Z" "-v" "/var/lib/crater-agent-workspace/rustup-home:/opt/rustwide/rustup-home:ro,Z" "-e" "SOURCE_DIR=/opt/rustwide/workdir" "-e" "CARGO_TARGET_DIR=/opt/rustwide/target" "-e" "CARGO_INCREMENTAL=0" "-e" "RUST_BACKTRACE=full" "-e" "RUSTFLAGS=--cap-lints=warn" "-e" "RUSTDOCFLAGS=--cap-lints=warn" "-e" "CARGO_HOME=/opt/rustwide/cargo-home" "-e" "RUSTUP_HOME=/opt/rustwide/rustup-home" "-w" "/opt/rustwide/workdir" "-m" "1610612736" "--user" "0:0" "--network" "none" "ghcr.io/rust-lang/crates-build-env/linux@sha256:5ff2268d62e97bff2cde7d5815dd6ed5b47097566f13b8d0ca110b04b60e07ed" "/opt/rustwide/cargo-home/bin/cargo" "+1.69.0" "doc" "--frozen" "--no-deps" "--document-private-items" "--message-format=json", kill_on_drop: false }`
[INFO] [stdout] 45998ad2b15bc49d4f7f58ab4ba272d567a40aab181edc0817ffa08a21eec020
[INFO] running `Command { std: "docker" "start" "-a" "45998ad2b15bc49d4f7f58ab4ba272d567a40aab181edc0817ffa08a21eec020", kill_on_drop: false }`
[INFO] [stderr]    Compiling libc v0.2.82
[INFO] [stderr]    Compiling proc-macro2 v1.0.24
[INFO] [stderr]    Compiling unicode-xid v0.2.1
[INFO] [stderr]    Compiling syn v1.0.60
[INFO] [stderr]    Compiling bitflags v1.2.1
[INFO] [stderr]    Compiling serde_derive v1.0.123
[INFO] [stderr]    Compiling serde v1.0.123
[INFO] [stderr]     Checking cfg-if v1.0.0
[INFO] [stderr]    Compiling memchr v2.3.4
[INFO] [stderr]     Checking lazy_static v1.4.0
[INFO] [stderr]    Compiling autocfg v1.0.1
[INFO] [stderr]    Compiling version_check v0.9.2
[INFO] [stderr]     Checking cfg-if v0.1.10
[INFO] [stderr]    Compiling log v0.4.13
[INFO] [stderr]     Checking once_cell v1.5.2
[INFO] [stderr]     Checking pin-project-lite v0.2.4
[INFO] [stderr]    Compiling getrandom v0.2.2
[INFO] [stderr]     Checking futures-core v0.3.12
[INFO] [stderr]     Checking tracing-core v0.1.17
[INFO] [stderr]     Checking instant v0.1.9
[INFO] [stderr]     Checking futures-io v0.3.12
[INFO] [stderr]    Compiling quote v1.0.8
[INFO] [stderr]     Checking scopeguard v1.1.0
[INFO] [stderr]    Compiling getrandom v0.1.16
[INFO] [stderr]     Checking cache-padded v1.1.1
[INFO] [stderr]     Checking lock_api v0.4.2
[INFO] [stderr]    Compiling ahash v0.6.3
[INFO] [stderr]     Checking concurrent-queue v1.2.2
[INFO] [stderr]     Checking fastrand v1.4.0
[INFO] [stderr]     Checking waker-fn v1.1.0
[INFO] [stderr]     Checking parking v2.0.0
[INFO] [stderr]    Compiling num-traits v0.2.14
[INFO] [stderr]     Checking event-listener v2.5.1
[INFO] [stderr]     Checking vec-arena v1.0.0
[INFO] [stderr]     Checking futures-lite v1.11.3
[INFO] [stderr]     Checking ppv-lite86 v0.2.10
[INFO] [stderr]    Compiling pkg-config v0.3.19
[INFO] [stderr]     Checking async-task v4.0.3
[INFO] [stderr]     Checking num_cpus v1.13.0
[INFO] [stderr]     Checking async-channel v1.5.1
[INFO] [stderr]     Checking rand_core v0.5.1
[INFO] [stderr]     Checking fixedbitset v0.3.2
[INFO] [stderr]     Checking downcast-rs v1.2.0
[INFO] [stderr]     Checking rand_chacha v0.2.2
[INFO] [stderr]    Compiling Inflector v0.11.4
[INFO] [stderr]    Compiling glam v0.11.3
[INFO] [stderr]     Checking byteorder v1.4.2
[INFO] [stderr]     Checking async-executor v1.4.0
[INFO] [stderr]     Checking rand v0.7.3
[INFO] [stderr]     Checking bevy_tasks v0.4.0
[INFO] [stderr]    Compiling jobserver v0.1.21
[INFO] [stderr]    Compiling maybe-uninit v2.0.0
[INFO] [stderr]    Compiling num-integer v0.1.44
[INFO] [stderr]    Compiling crossbeam-utils v0.8.1
[INFO] [stderr]    Compiling cc v1.0.66
[INFO] [stderr]    Compiling crossbeam-utils v0.7.2
[INFO] [stderr]     Checking inotify-sys v0.1.5
[INFO] [stderr]     Checking same-file v1.0.6
[INFO] [stderr]    Compiling anyhow v1.0.38
[INFO] [stderr]     Checking walkdir v2.3.1
[INFO] [stderr]     Checking inotify v0.9.2
[INFO] [stderr]     Checking spirv_headers v1.5.0
[INFO] [stderr]     Checking filetime v0.2.14
[INFO] [stderr]     Checking mio v0.7.7
[INFO] [stderr]    Compiling crc32fast v1.2.1
[INFO] [stderr]     Checking anymap v0.12.1
[INFO] [stderr]     Checking adler32 v1.2.0
[INFO] [stderr]     Checking crossbeam-channel v0.5.0
[INFO] [stderr]     Checking slab v0.4.2
[INFO] [stderr]     Checking base64 v0.13.0
[INFO] [stderr]     Checking raw-window-handle v0.3.3
[INFO] [stderr]     Checking crossbeam-channel v0.4.4
[INFO] [stderr]    Compiling num-rational v0.3.2
[INFO] [stderr]    Compiling num-iter v0.1.42
[INFO] [stderr]    Compiling spirv-reflect v0.2.3
[INFO] [stderr]     Checking miniz_oxide v0.3.7
[INFO] [stderr]     Checking notify v5.0.0-pre.5
[INFO] [stderr]     Checking deflate v0.8.6
[INFO] [stderr]    Compiling bevy-glsl-to-spirv v0.2.1
[INFO] [stderr]    Compiling glob v0.3.0
[INFO] [stderr]     Checking bytemuck v1.5.0
[INFO] [stderr]     Checking png v0.16.8
[INFO] [stderr]    Compiling proc-macro-hack v0.5.19
[INFO] [stderr]    Compiling ryu v1.0.5
[INFO] [stderr]     Checking scoped_threadpool v0.1.9
[INFO] [stderr]     Checking color_quant v1.1.0
[INFO] [stderr]     Checking gfx-hal v0.6.0
[INFO] [stderr]    Compiling nom v5.1.2
[INFO] [stderr]    Compiling clang-sys v1.0.3
[INFO] [stderr]    Compiling proc-macro-nested v0.1.7
[INFO] [stderr]     Checking image v0.23.12
[INFO] [stderr]    Compiling serde_json v1.0.61
[INFO] [stderr]     Checking hex v0.4.2
[INFO] [stderr]    Compiling thread_local v1.1.2
[INFO] [stderr]    Compiling aho-corasick v0.7.15
[INFO] [stderr]     Checking fxhash v0.2.1
[INFO] [stderr]    Compiling alsa-sys v0.3.1
[INFO] [stderr]    Compiling x11 v2.18.2
[INFO] [stderr]    Compiling atty v0.2.14
[INFO] [stderr]     Checking libloading v0.6.7
[INFO] [stderr]    Compiling regex-syntax v0.6.22
[INFO] [stderr]     Checking itoa v0.4.7
[INFO] [stderr]     Checking futures-sink v0.3.12
[INFO] [stderr]    Compiling unicode-width v0.1.8
[INFO] [stderr]    Compiling nix v0.15.0
[INFO] [stderr]    Compiling textwrap v0.11.0
[INFO] [stderr]     Checking futures-channel v0.3.12
[INFO] [stderr]    Compiling minimp3-sys v0.3.2
[INFO] [stderr]    Compiling libudev-sys v0.1.4
[INFO] [stderr]    Compiling x11-dl v2.18.5
[INFO] [stderr]     Checking iovec v0.1.4
[INFO] [stderr]     Checking net2 v0.2.37
[INFO] [stderr]     Checking futures-task v0.3.12
[INFO] [stderr]    Compiling vec_map v0.8.2
[INFO] [stderr]    Compiling termcolor v1.1.2
[INFO] [stderr]    Compiling nix v0.18.0
[INFO] [stderr]    Compiling ansi_term v0.11.0
[INFO] [stderr]    Compiling bindgen v0.56.0
[INFO] [stderr]     Checking arrayvec v0.5.2
[INFO] [stderr]     Checking void v1.0.2
[INFO] [stderr]     Checking pin-utils v0.1.0
[INFO] [stderr]     Checking ttf-parser v0.10.1
[INFO] [stderr]    Compiling humantime v2.1.0
[INFO] [stderr]     Checking bit-vec v0.6.3
[INFO] [stderr]    Compiling strsim v0.8.0
[INFO] [stderr]     Checking bit-set v0.5.2
[INFO] [stderr]    Compiling clap v2.33.3
[INFO] [stderr]    Compiling regex v1.4.3
[INFO] [stderr]     Checking owned_ttf_parser v0.10.0
[INFO] [stderr]    Compiling cexpr v0.4.0
[INFO] [stderr]     Checking mio v0.6.23
[INFO] [stderr]    Compiling thiserror-impl v1.0.23
[INFO] [stderr]    Compiling tracing-attributes v0.1.11
[INFO] [stderr]    Compiling futures-macro v0.3.12
[INFO] [stderr]    Compiling env_logger v0.8.2
[INFO] [stderr]     Checking thiserror v1.0.23
[INFO] [stderr]     Checking futures-util v0.3.12
[INFO] [stderr]     Checking tracing v0.1.22
[INFO] [stderr]     Checking ash v0.31.0
[INFO] [stderr]     Checking euclid v0.22.1
[INFO] [stderr]    Compiling which v3.1.1
[INFO] [stderr]     Checking lazycell v1.3.0
[INFO] [stderr]     Checking svg_fmt v0.4.1
[INFO] [stderr]    Compiling libm v0.1.4
[INFO] [stderr]     Checking ab_glyph_rasterizer v0.1.4
[INFO] [stderr]    Compiling inflections v1.1.1
[INFO] [stderr]    Compiling cpal v0.13.1
[INFO] [stderr]     Checking inplace_it v0.3.3
[INFO] [stderr]    Compiling peeking_take_while v0.1.2
[INFO] [stderr]    Compiling rustc-hash v1.1.0
[INFO] [stderr]    Compiling shlex v0.1.1
[INFO] [stderr]    Compiling gltf-derive v0.15.2
[INFO] [stderr]     Checking ab_glyph v0.2.8
[INFO] [stderr]     Checking guillotiere v0.6.0
[INFO] [stderr]     Checking mio-extras v2.0.6
[INFO] [stderr]     Checking futures-executor v0.3.12
[INFO] [stderr]     Checking alsa v0.4.3
[INFO] [stderr]     Checking naga v0.2.0
[INFO] [stderr]     Checking regex-automata v0.1.9
[INFO] [stderr]     Checking gfx-memory v0.2.2
[INFO] [stderr]     Checking gfx-descriptor v0.2.0
[INFO] [stderr]     Checking gfx-backend-empty v0.6.0
[INFO] [stderr]     Checking approx v0.4.0
[INFO] [stderr]     Checking slice-deque v0.3.0
[INFO] [stderr]     Checking time v0.1.43
[INFO] [stderr]     Checking wgpu-types v0.6.1
[INFO] [stderr]     Checking xi-unicode v0.3.0
[INFO] [stderr]     Checking copyless v0.1.5
[INFO] [stderr]     Checking rectangle-pack v0.2.0
[INFO] [stderr]    Compiling gcc v0.3.55
[INFO] [stderr]     Checking percent-encoding v2.1.0
[INFO] [stderr]     Checking glyph_brush_layout v0.2.1
[INFO] [stderr]     Checking chrono v0.4.19
[INFO] [stderr]     Checking smallvec v1.6.1
[INFO] [stderr]     Checking uuid v0.8.2
[INFO] [stderr]     Checking parking_lot_core v0.8.2
[INFO] [stderr]     Checking erased-serde v0.3.13
[INFO] [stderr]     Checking ron v0.6.4
[INFO] [stderr]     Checking bevy_utils v0.4.0
[INFO] [stderr]     Checking parking_lot v0.11.1
[INFO] [stderr]     Checking gfx-backend-vulkan v0.6.5
[INFO] [stderr]    Compiling toml v0.5.8
[INFO] [stderr]     Checking winit v0.24.0
[INFO] [stderr]     Checking gilrs-core v0.3.0
[INFO] [stderr]     Checking hexasphere v3.1.0
[INFO] [stderr]     Checking tracing-serde v0.1.2
[INFO] [stderr]     Checking matchers v0.0.1
[INFO] [stderr]     Checking futures v0.3.12
[INFO] [stderr]     Checking tracing-log v0.1.1
[INFO] [stderr]     Checking sharded-slab v0.1.1
[INFO] [stderr]     Checking fnv v1.0.7
[INFO] [stderr]     Checking wgpu-core v0.6.5
[INFO] [stderr]     Checking gltf-json v0.15.2
[INFO] [stderr]     Checking typed-arena v2.0.1
[INFO] [stderr]     Checking ansi_term v0.12.1
[INFO] [stderr]    Compiling find-crate v0.6.3
[INFO] [stderr]     Checking stretch v0.3.2
[INFO] [stderr]     Checking gilrs v0.8.0
[INFO] [stderr]     Checking tracing-subscriber v0.2.15
[INFO] [stderr]     Checking base64 v0.12.3
[INFO] [stderr]    Compiling dyn-clonable-impl v0.9.0
[INFO] [stderr]    Compiling tts v0.14.0 (https://github.com/prewk/tts-rs?branch=arm#269ff902)
[INFO] [stderr]     Checking dyn-clone v1.0.4
[INFO] [stderr]    Compiling bevy_ecs_macros v0.4.0
[INFO] [stderr]    Compiling bevy_derive v0.4.0
[INFO] [stderr]    Compiling bevy_reflect_derive v0.4.0
[INFO] [stderr]     Checking minimp3 v0.5.1
[INFO] [stderr]    Compiling speech-dispatcher-sys v0.5.2
[INFO] [stderr]     Checking rodio v0.13.0
[INFO] [stderr]     Checking dyn-clonable v0.9.0
[INFO] [stderr]     Checking gltf v0.15.2
[INFO] [stderr]     Checking bevy_ecs v0.4.0
[INFO] [stderr]     Checking wgpu v0.6.2
[INFO] [stderr]     Checking speech-dispatcher v0.7.0
[INFO] [stdout] error[E0308]: mismatched types
[INFO] [stdout]   --> /opt/rustwide/cargo-home/registry/src/github.com-1ecc6299db9ec823/speech-dispatcher-0.7.0/src/lib.rs:31:13
[INFO] [stdout]    |
[INFO] [stdout] 31 |     Male1 = SPDVoiceType::SPD_MALE1,
[INFO] [stdout]    |             ^^^^^^^^^^^^^^^^^^^^^^^ expected `u32`, found `i32`
[INFO] [stdout] 
[INFO] [stdout] 
[INFO] [stdout] error[E0308]: mismatched types
[INFO] [stdout]   --> /opt/rustwide/cargo-home/registry/src/github.com-1ecc6299db9ec823/speech-dispatcher-0.7.0/src/lib.rs:32:13
[INFO] [stdout]    |
[INFO] [stdout] 32 |     Male2 = SPDVoiceType::SPD_MALE2,
[INFO] [stdout]    |             ^^^^^^^^^^^^^^^^^^^^^^^ expected `u32`, found `i32`
[INFO] [stdout] 
[INFO] [stdout] 
[INFO] [stdout] error[E0308]: mismatched types
[INFO] [stdout]   --> /opt/rustwide/cargo-home/registry/src/github.com-1ecc6299db9ec823/speech-dispatcher-0.7.0/src/lib.rs:33:13
[INFO] [stdout]    |
[INFO] [stdout] 33 |     Male3 = SPDVoiceType::SPD_MALE3,
[INFO] [stdout]    |             ^^^^^^^^^^^^^^^^^^^^^^^ expected `u32`, found `i32`
[INFO] [stdout] 
[INFO] [stdout] 
[INFO] [stdout] error[E0308]: mismatched types
[INFO] [stdout]   --> /opt/rustwide/cargo-home/registry/src/github.com-1ecc6299db9ec823/speech-dispatcher-0.7.0/src/lib.rs:34:15
[INFO] [stdout]    |
[INFO] [stdout] 34 |     Female1 = SPDVoiceType::SPD_FEMALE1,
[INFO] [stdout]    |               ^^^^^^^^^^^^^^^^^^^^^^^^^ expected `u32`, found `i32`
[INFO] [stdout] 
[INFO] [stdout] 
[INFO] [stdout] error[E0308]: mismatched types
[INFO] [stdout]   --> /opt/rustwide/cargo-home/registry/src/github.com-1ecc6299db9ec823/speech-dispatcher-0.7.0/src/lib.rs:35:15
[INFO] [stdout]    |
[INFO] [stdout] 35 |     Female2 = SPDVoiceType::SPD_FEMALE2,
[INFO] [stdout]    |               ^^^^^^^^^^^^^^^^^^^^^^^^^ expected `u32`, found `i32`
[INFO] [stdout] 
[INFO] [stdout] 
[INFO] [stdout] error[E0308]: mismatched types
[INFO] [stdout]   --> /opt/rustwide/cargo-home/registry/src/github.com-1ecc6299db9ec823/speech-dispatcher-0.7.0/src/lib.rs:36:15
[INFO] [stdout]    |
[INFO] [stdout] 36 |     Female3 = SPDVoiceType::SPD_FEMALE3,
[INFO] [stdout]    |               ^^^^^^^^^^^^^^^^^^^^^^^^^ expected `u32`, found `i32`
[INFO] [stdout] 
[INFO] [stdout] 
[INFO] [stdout] error[E0308]: mismatched types
[INFO] [stdout]   --> /opt/rustwide/cargo-home/registry/src/github.com-1ecc6299db9ec823/speech-dispatcher-0.7.0/src/lib.rs:37:17
[INFO] [stdout]    |
[INFO] [stdout] 37 |     ChildMale = SPDVoiceType::SPD_CHILD_MALE,
[INFO] [stdout]    |                 ^^^^^^^^^^^^^^^^^^^^^^^^^^^^ expected `u32`, found `i32`
[INFO] [stdout] 
[INFO] [stdout] 
[INFO] [stdout] error[E0308]: mismatched types
[INFO] [stdout]   --> /opt/rustwide/cargo-home/registry/src/github.com-1ecc6299db9ec823/speech-dispatcher-0.7.0/src/lib.rs:38:19
[INFO] [stdout]    |
[INFO] [stdout] 38 |     ChildFemale = SPDVoiceType::SPD_CHILD_FEMALE,
[INFO] [stdout]    |                   ^^^^^^^^^^^^^^^^^^^^^^^^^^^^^^ expected `u32`, found `i32`
[INFO] [stdout] 
[INFO] [stdout] 
[INFO] [stdout] error: aborting due to 8 previous errors
[INFO] [stdout] 
[INFO] [stdout] 
[INFO] [stdout] For more information about this error, try `rustc --explain E0308`.
[INFO] [stdout] 
[INFO] [stderr] error: could not compile `speech-dispatcher` due to 9 previous errors
[INFO] [stderr] warning: build failed, waiting for other jobs to finish...
[INFO] running `Command { std: "docker" "inspect" "45998ad2b15bc49d4f7f58ab4ba272d567a40aab181edc0817ffa08a21eec020", kill_on_drop: false }`
[INFO] running `Command { std: "docker" "rm" "-f" "45998ad2b15bc49d4f7f58ab4ba272d567a40aab181edc0817ffa08a21eec020", kill_on_drop: false }`
[INFO] [stdout] 45998ad2b15bc49d4f7f58ab4ba272d567a40aab181edc0817ffa08a21eec020
