[INFO] cloning repository https://github.com/ppedrot/kravanenn
[INFO] running `Command { std: "git" "-c" "credential.helper=" "-c" "credential.helper=/workspace/cargo-home/bin/git-credential-null" "clone" "--bare" "https://github.com/ppedrot/kravanenn" "/workspace/cache/git-repos/https%3A%2F%2Fgithub.com%2Fppedrot%2Fkravanenn", kill_on_drop: false }`
[INFO] [stderr] Cloning into bare repository '/workspace/cache/git-repos/https%3A%2F%2Fgithub.com%2Fppedrot%2Fkravanenn'...
[INFO] running `Command { std: "git" "rev-parse" "HEAD", kill_on_drop: false }`
[INFO] [stdout] 61f089e2091d1f0c4eb57b2617532e7bee63508d
[INFO] documenting ppedrot/kravanenn against 1.69.0 for beta-1.70-rustdoc-1
[INFO] running `Command { std: "git" "clone" "/workspace/cache/git-repos/https%3A%2F%2Fgithub.com%2Fppedrot%2Fkravanenn" "/workspace/builds/worker-5-tc1/source", kill_on_drop: false }`
[INFO] [stderr] Cloning into '/workspace/builds/worker-5-tc1/source'...
[INFO] [stderr] done.
[INFO] validating manifest of git repo https://github.com/ppedrot/kravanenn on toolchain 1.69.0
[INFO] running `Command { std: CARGO_HOME="/workspace/cargo-home" RUSTUP_HOME="/workspace/rustup-home" "/workspace/cargo-home/bin/cargo" "+1.69.0" "metadata" "--manifest-path" "Cargo.toml" "--no-deps", kill_on_drop: false }`
[INFO] started tweaking git repo https://github.com/ppedrot/kravanenn
[INFO] finished tweaking git repo https://github.com/ppedrot/kravanenn
[INFO] tweaked toml for git repo https://github.com/ppedrot/kravanenn written to /workspace/builds/worker-5-tc1/source/Cargo.toml
[INFO] crate git repo https://github.com/ppedrot/kravanenn already has a lockfile, it will not be regenerated
[INFO] running `Command { std: CARGO_HOME="/workspace/cargo-home" RUSTUP_HOME="/workspace/rustup-home" "/workspace/cargo-home/bin/cargo" "+1.69.0" "fetch" "--manifest-path" "Cargo.toml", kill_on_drop: false }`
[INFO] [stderr]     Updating git repository `https://github.com/pythonesque/libcuckoo.rs`
[INFO] [stderr]  Downloading crates ...
[INFO] [stderr]   Downloaded smallvec v0.5.0
[INFO] [stderr]   Downloaded typed-arena v1.3.0
[INFO] [stderr]   Downloaded take_mut v0.2.0
[INFO] [stderr]   Downloaded light_arena v0.1.1
[INFO] [stderr]   Downloaded movecell v0.2.0
[INFO] [stderr]   Downloaded serde_derive_state_internals v0.4.0
[INFO] [stderr]   Downloaded lazy-init v0.2.0
[INFO] [stderr]   Downloaded serde_derive_state v0.4.1
[INFO] [stderr]   Downloaded serde_state v0.4.1
[INFO] running `Command { std: "docker" "create" "-v" "/var/lib/crater-agent-workspace/builds/worker-5-tc1/target:/opt/rustwide/target:rw,Z" "-v" "/var/lib/crater-agent-workspace/builds/worker-5-tc1/source:/opt/rustwide/workdir:ro,Z" "-v" "/var/lib/crater-agent-workspace/cargo-home:/opt/rustwide/cargo-home:ro,Z" "-v" "/var/lib/crater-agent-workspace/rustup-home:/opt/rustwide/rustup-home:ro,Z" "-e" "SOURCE_DIR=/opt/rustwide/workdir" "-e" "CARGO_TARGET_DIR=/opt/rustwide/target" "-e" "CARGO_HOME=/opt/rustwide/cargo-home" "-e" "RUSTUP_HOME=/opt/rustwide/rustup-home" "-w" "/opt/rustwide/workdir" "-m" "1610612736" "--user" "0:0" "--network" "none" "ghcr.io/rust-lang/crates-build-env/linux@sha256:5ff2268d62e97bff2cde7d5815dd6ed5b47097566f13b8d0ca110b04b60e07ed" "/opt/rustwide/cargo-home/bin/cargo" "+1.69.0" "metadata" "--no-deps" "--format-version=1", kill_on_drop: false }`
[INFO] [stdout] 726b266c61c80e99ead38f9c523bb41e183285d5cc3a3595ff8d73dc7bbcdb5f
[INFO] running `Command { std: "docker" "start" "-a" "726b266c61c80e99ead38f9c523bb41e183285d5cc3a3595ff8d73dc7bbcdb5f", kill_on_drop: false }`
[INFO] running `Command { std: "docker" "inspect" "726b266c61c80e99ead38f9c523bb41e183285d5cc3a3595ff8d73dc7bbcdb5f", kill_on_drop: false }`
[INFO] running `Command { std: "docker" "rm" "-f" "726b266c61c80e99ead38f9c523bb41e183285d5cc3a3595ff8d73dc7bbcdb5f", kill_on_drop: false }`
[INFO] [stdout] 726b266c61c80e99ead38f9c523bb41e183285d5cc3a3595ff8d73dc7bbcdb5f
[INFO] running `Command { std: "docker" "create" "-v" "/var/lib/crater-agent-workspace/builds/worker-5-tc1/target:/opt/rustwide/target:rw,Z" "-v" "/var/lib/crater-agent-workspace/builds/worker-5-tc1/source:/opt/rustwide/workdir:ro,Z" "-v" "/var/lib/crater-agent-workspace/cargo-home:/opt/rustwide/cargo-home:ro,Z" "-v" "/var/lib/crater-agent-workspace/rustup-home:/opt/rustwide/rustup-home:ro,Z" "-e" "SOURCE_DIR=/opt/rustwide/workdir" "-e" "CARGO_TARGET_DIR=/opt/rustwide/target" "-e" "CARGO_INCREMENTAL=0" "-e" "RUST_BACKTRACE=full" "-e" "RUSTFLAGS=--cap-lints=warn" "-e" "RUSTDOCFLAGS=--cap-lints=warn" "-e" "CARGO_HOME=/opt/rustwide/cargo-home" "-e" "RUSTUP_HOME=/opt/rustwide/rustup-home" "-w" "/opt/rustwide/workdir" "-m" "1610612736" "--user" "0:0" "--network" "none" "ghcr.io/rust-lang/crates-build-env/linux@sha256:5ff2268d62e97bff2cde7d5815dd6ed5b47097566f13b8d0ca110b04b60e07ed" "/opt/rustwide/cargo-home/bin/cargo" "+1.69.0" "doc" "--frozen" "--no-deps" "--document-private-items" "--message-format=json", kill_on_drop: false }`
[INFO] [stdout] 9caba32d97f9093995c5e07463e7476dac6719c58b3d2b50ec1b2033dad00c85
[INFO] running `Command { std: "docker" "start" "-a" "9caba32d97f9093995c5e07463e7476dac6719c58b3d2b50ec1b2033dad00c85", kill_on_drop: false }`
[INFO] [stderr]    Compiling unicode-xid v0.0.4
[INFO] [stderr]     Checking libc v0.2.33
[INFO] [stderr]    Compiling quote v0.3.15
[INFO] [stderr]    Compiling rayon-core v1.3.0
[INFO] [stderr]     Checking scopeguard v0.3.3
[INFO] [stderr]     Checking either v1.4.0
[INFO] [stderr]     Checking serde v1.0.21
[INFO] [stderr]     Checking crossbeam v0.3.0
[INFO] [stderr]    Compiling synom v0.11.3
[INFO] [stderr]     Checking take_mut v0.2.0
[INFO] [stderr]     Checking coco v0.1.1
[INFO] [stderr]     Checking smallvec v0.5.0
[INFO] [stderr]    Compiling syn v0.11.11
[INFO] [stderr]     Checking bitflags v1.0.1
[INFO] [stderr]     Checking lazy-init v0.2.0
[INFO] [stderr]     Checking typed-arena v1.3.0
[INFO] [stderr]     Checking fixedbitset v0.1.8
[INFO] [stderr]     Checking rand v0.3.18
[INFO] [stderr]     Checking num_cpus v1.7.0
[INFO] [stderr]     Checking num_cpus v0.2.13
[INFO] [stderr]     Checking movecell v0.2.0
[INFO] [stderr]     Checking vec_map v0.8.0
[INFO] [stderr]     Checking light_arena v0.1.1
[INFO] [stderr]     Checking byteorder v0.5.3
[INFO] [stdout] error[E0432]: unresolved imports `std::ops::Placer`, `std::ops::Place`, `std::ops::InPlace`
[INFO] [stdout]   --> /opt/rustwide/cargo-home/registry/src/github.com-1ecc6299db9ec823/light_arena-0.1.1/src/lib.rs:80:16
[INFO] [stdout]    |
[INFO] [stdout] 80 | use std::ops::{Placer, Place, InPlace};
[INFO] [stdout]    |                ^^^^^^  ^^^^^  ^^^^^^^ no `InPlace` in `ops`
[INFO] [stdout]    |                |       |
[INFO] [stdout]    |                |       no `Place` in `ops`
[INFO] [stdout]    |                no `Placer` in `ops`
[INFO] [stdout] 
[INFO] [stdout] 
[INFO] [stdout] error[E0554]: `#![feature]` may not be used on the stable release channel
[INFO] [stdout]  --> /opt/rustwide/cargo-home/registry/src/github.com-1ecc6299db9ec823/light_arena-0.1.1/src/lib.rs:1:12
[INFO] [stdout]   |
[INFO] [stdout] 1 | #![feature(placement_in_syntax, placement_new_protocol)]
[INFO] [stdout]   |            ^^^^^^^^^^^^^^^^^^^
[INFO] [stdout] 
[INFO] [stdout] 
[INFO] [stdout] error[E0554]: `#![feature]` may not be used on the stable release channel
[INFO] [stdout]  --> /opt/rustwide/cargo-home/registry/src/github.com-1ecc6299db9ec823/light_arena-0.1.1/src/lib.rs:1:33
[INFO] [stdout]   |
[INFO] [stdout] 1 | #![feature(placement_in_syntax, placement_new_protocol)]
[INFO] [stdout]   |                                 ^^^^^^^^^^^^^^^^^^^^^^
[INFO] [stdout] 
[INFO] [stdout] 
[INFO] [stdout] error[E0635]: unknown feature `placement_in_syntax`
[INFO] [stdout]  --> /opt/rustwide/cargo-home/registry/src/github.com-1ecc6299db9ec823/light_arena-0.1.1/src/lib.rs:1:12
[INFO] [stdout]   |
[INFO] [stdout] 1 | #![feature(placement_in_syntax, placement_new_protocol)]
[INFO] [stdout]   |            ^^^^^^^^^^^^^^^^^^^
[INFO] [stdout] 
[INFO] [stdout] 
[INFO] [stdout] error[E0635]: unknown feature `placement_new_protocol`
[INFO] [stdout]  --> /opt/rustwide/cargo-home/registry/src/github.com-1ecc6299db9ec823/light_arena-0.1.1/src/lib.rs:1:33
[INFO] [stdout]   |
[INFO] [stdout] 1 | #![feature(placement_in_syntax, placement_new_protocol)]
[INFO] [stdout]   |                                 ^^^^^^^^^^^^^^^^^^^^^^
[INFO] [stdout] 
[INFO] [stdout] 
[INFO] [stdout] error: aborting due to 5 previous errors
[INFO] [stdout] 
[INFO] [stdout] 
[INFO] [stdout] Some errors have detailed explanations: E0432, E0554, E0635.
[INFO] [stdout] 
[INFO] [stdout] For more information about an error, try `rustc --explain E0432`.
[INFO] [stdout] 
[INFO] [stderr] error: could not compile `light_arena` due to 6 previous errors
[INFO] [stderr] warning: build failed, waiting for other jobs to finish...
[INFO] running `Command { std: "docker" "inspect" "9caba32d97f9093995c5e07463e7476dac6719c58b3d2b50ec1b2033dad00c85", kill_on_drop: false }`
[INFO] running `Command { std: "docker" "rm" "-f" "9caba32d97f9093995c5e07463e7476dac6719c58b3d2b50ec1b2033dad00c85", kill_on_drop: false }`
[INFO] [stdout] 9caba32d97f9093995c5e07463e7476dac6719c58b3d2b50ec1b2033dad00c85
