[INFO] cloning repository https://github.com/post-rex/guireader
[INFO] running `Command { std: "git" "-c" "credential.helper=" "-c" "credential.helper=/workspace/cargo-home/bin/git-credential-null" "clone" "--bare" "https://github.com/post-rex/guireader" "/workspace/cache/git-repos/https%3A%2F%2Fgithub.com%2Fpost-rex%2Fguireader", kill_on_drop: false }`
[INFO] [stderr] Cloning into bare repository '/workspace/cache/git-repos/https%3A%2F%2Fgithub.com%2Fpost-rex%2Fguireader'...
[INFO] running `Command { std: "git" "rev-parse" "HEAD", kill_on_drop: false }`
[INFO] [stdout] ca4a44d3ce163ee1f02c798824b6c6cf5f298dc4
[INFO] documenting post-rex/guireader against 1.69.0 for beta-1.70-rustdoc-1
[INFO] running `Command { std: "git" "clone" "/workspace/cache/git-repos/https%3A%2F%2Fgithub.com%2Fpost-rex%2Fguireader" "/workspace/builds/worker-4-tc1/source", kill_on_drop: false }`
[INFO] [stderr] Cloning into '/workspace/builds/worker-4-tc1/source'...
[INFO] [stderr] done.
[INFO] validating manifest of git repo https://github.com/post-rex/guireader on toolchain 1.69.0
[INFO] running `Command { std: CARGO_HOME="/workspace/cargo-home" RUSTUP_HOME="/workspace/rustup-home" "/workspace/cargo-home/bin/cargo" "+1.69.0" "metadata" "--manifest-path" "Cargo.toml" "--no-deps", kill_on_drop: false }`
[INFO] started tweaking git repo https://github.com/post-rex/guireader
[INFO] finished tweaking git repo https://github.com/post-rex/guireader
[INFO] tweaked toml for git repo https://github.com/post-rex/guireader written to /workspace/builds/worker-4-tc1/source/Cargo.toml
[INFO] crate git repo https://github.com/post-rex/guireader already has a lockfile, it will not be regenerated
[INFO] running `Command { std: CARGO_HOME="/workspace/cargo-home" RUSTUP_HOME="/workspace/rustup-home" "/workspace/cargo-home/bin/cargo" "+1.69.0" "fetch" "--manifest-path" "Cargo.toml", kill_on_drop: false }`
[INFO] [stderr]  Downloading crates ...
[INFO] [stderr]   Downloaded speech-dispatcher-sys v0.7.0
[INFO] [stderr]   Downloaded speech-dispatcher v0.12.0
[INFO] [stderr]   Downloaded tts v0.20.3
[INFO] running `Command { std: "docker" "create" "-v" "/var/lib/crater-agent-workspace/builds/worker-4-tc1/target:/opt/rustwide/target:rw,Z" "-v" "/var/lib/crater-agent-workspace/builds/worker-4-tc1/source:/opt/rustwide/workdir:ro,Z" "-v" "/var/lib/crater-agent-workspace/cargo-home:/opt/rustwide/cargo-home:ro,Z" "-v" "/var/lib/crater-agent-workspace/rustup-home:/opt/rustwide/rustup-home:ro,Z" "-e" "SOURCE_DIR=/opt/rustwide/workdir" "-e" "CARGO_TARGET_DIR=/opt/rustwide/target" "-e" "CARGO_HOME=/opt/rustwide/cargo-home" "-e" "RUSTUP_HOME=/opt/rustwide/rustup-home" "-w" "/opt/rustwide/workdir" "-m" "1610612736" "--user" "0:0" "--network" "none" "ghcr.io/rust-lang/crates-build-env/linux@sha256:5ff2268d62e97bff2cde7d5815dd6ed5b47097566f13b8d0ca110b04b60e07ed" "/opt/rustwide/cargo-home/bin/cargo" "+1.69.0" "metadata" "--no-deps" "--format-version=1", kill_on_drop: false }`
[INFO] [stdout] 90cbff845df4bdde6c831dfde7e553fe16f8de0b4c2c6cd92c2455140ad266a4
[INFO] running `Command { std: "docker" "start" "-a" "90cbff845df4bdde6c831dfde7e553fe16f8de0b4c2c6cd92c2455140ad266a4", kill_on_drop: false }`
[INFO] running `Command { std: "docker" "inspect" "90cbff845df4bdde6c831dfde7e553fe16f8de0b4c2c6cd92c2455140ad266a4", kill_on_drop: false }`
[INFO] running `Command { std: "docker" "rm" "-f" "90cbff845df4bdde6c831dfde7e553fe16f8de0b4c2c6cd92c2455140ad266a4", kill_on_drop: false }`
[INFO] [stdout] 90cbff845df4bdde6c831dfde7e553fe16f8de0b4c2c6cd92c2455140ad266a4
[INFO] running `Command { std: "docker" "create" "-v" "/var/lib/crater-agent-workspace/builds/worker-4-tc1/target:/opt/rustwide/target:rw,Z" "-v" "/var/lib/crater-agent-workspace/builds/worker-4-tc1/source:/opt/rustwide/workdir:ro,Z" "-v" "/var/lib/crater-agent-workspace/cargo-home:/opt/rustwide/cargo-home:ro,Z" "-v" "/var/lib/crater-agent-workspace/rustup-home:/opt/rustwide/rustup-home:ro,Z" "-e" "SOURCE_DIR=/opt/rustwide/workdir" "-e" "CARGO_TARGET_DIR=/opt/rustwide/target" "-e" "CARGO_INCREMENTAL=0" "-e" "RUST_BACKTRACE=full" "-e" "RUSTFLAGS=--cap-lints=warn" "-e" "RUSTDOCFLAGS=--cap-lints=warn" "-e" "CARGO_HOME=/opt/rustwide/cargo-home" "-e" "RUSTUP_HOME=/opt/rustwide/rustup-home" "-w" "/opt/rustwide/workdir" "-m" "1610612736" "--user" "0:0" "--network" "none" "ghcr.io/rust-lang/crates-build-env/linux@sha256:5ff2268d62e97bff2cde7d5815dd6ed5b47097566f13b8d0ca110b04b60e07ed" "/opt/rustwide/cargo-home/bin/cargo" "+1.69.0" "doc" "--frozen" "--no-deps" "--document-private-items" "--message-format=json", kill_on_drop: false }`
[INFO] [stdout] 050a3bfe863ab68dbd0da7159121984a28c549ac929326bccc9c30e97cd93cb7
[INFO] running `Command { std: "docker" "start" "-a" "050a3bfe863ab68dbd0da7159121984a28c549ac929326bccc9c30e97cd93cb7", kill_on_drop: false }`
[INFO] [stderr]    Compiling libc v0.2.119
[INFO] [stderr]    Compiling proc-macro2 v1.0.36
[INFO] [stderr]    Compiling version_check v0.9.4
[INFO] [stderr]    Compiling pkg-config v0.3.24
[INFO] [stderr]    Compiling cfg-if v1.0.0
[INFO] [stderr]    Compiling log v0.4.14
[INFO] [stderr]     Checking once_cell v1.9.0
[INFO] [stderr]    Compiling memchr v2.4.1
[INFO] [stderr]    Compiling khronos_api v3.1.0
[INFO] [stderr]    Compiling glob v0.3.0
[INFO] [stderr]    Compiling parking_lot_core v0.8.5
[INFO] [stderr]     Checking instant v0.1.12
[INFO] [stderr]    Compiling regex-syntax v0.6.25
[INFO] [stderr]    Compiling unicode-width v0.1.9
[INFO] [stderr]    Compiling minimal-lexical v0.2.1
[INFO] [stderr]     Checking ttf-parser v0.14.0
[INFO] [stderr]    Compiling textwrap v0.11.0
[INFO] [stderr]    Compiling nom v7.1.0
[INFO] [stderr]    Compiling ahash v0.7.6
[INFO] [stderr]    Compiling gl_generator v0.14.0
[INFO] [stderr]    Compiling clang-sys v1.3.1
[INFO] [stderr]    Compiling libloading v0.7.3
[INFO] [stderr]     Checking lock_api v0.4.6
[INFO] [stderr]    Compiling wayland-sys v0.29.4
[INFO] [stderr]    Compiling smithay-client-toolkit v0.15.3
[INFO] [stderr]    Compiling x11-dl v2.19.1
[INFO] [stderr]    Compiling bindgen v0.59.2
[INFO] [stderr]    Compiling aho-corasick v0.7.18
[INFO] [stderr]    Compiling quick-xml v0.22.0
[INFO] [stderr]    Compiling winit v0.26.1
[INFO] [stderr]    Compiling quote v1.0.15
[INFO] [stderr]    Compiling bitflags v1.3.2
[INFO] [stderr]    Compiling ansi_term v0.12.1
[INFO] [stderr]    Compiling either v1.6.1
[INFO] [stderr]    Compiling termcolor v1.1.2
[INFO] [stderr]    Compiling vec_map v0.8.2
[INFO] [stderr]    Compiling strsim v0.8.0
[INFO] [stderr]    Compiling wayland-scanner v0.29.4
[INFO] [stderr]    Compiling syn v1.0.86
[INFO] [stderr]     Checking cty v0.2.2
[INFO] [stderr]    Compiling humantime v2.1.0
[INFO] [stderr]     Checking ab_glyph_rasterizer v0.1.5
[INFO] [stderr]     Checking raw-window-handle v0.4.2
[INFO] [stderr]    Compiling atty v0.2.14
[INFO] [stderr]    Compiling which v4.2.4
[INFO] [stderr]    Compiling clap v2.34.0
[INFO] [stderr]    Compiling xcb v0.10.1
[INFO] [stderr]     Checking owned_ttf_parser v0.14.0
[INFO] [stderr]    Compiling miniz_oxide v0.4.4
[INFO] [stderr]    Compiling glutin_egl_sys v0.1.5
[INFO] [stderr]    Compiling glutin_glx_sys v0.1.7
[INFO] [stderr]     Checking ab_glyph v0.2.13
[INFO] [stderr]    Compiling lazy_static v1.4.0
[INFO] [stderr]     Checking emath v0.16.0
[INFO] [stderr]     Checking atomic_refcell v0.1.8
[INFO] [stderr]    Compiling shlex v1.1.0
[INFO] [stderr]     Checking nohash-hasher v0.2.0
[INFO] [stderr]    Compiling lazycell v1.3.0
[INFO] [stderr]    Compiling rustc-hash v1.1.0
[INFO] [stderr]    Compiling peeking_take_while v0.1.2
[INFO] [stderr]    Compiling backtrace v0.3.64
[INFO] [stderr]     Checking adler v1.0.2
[INFO] [stderr]     Checking gimli v0.26.1
[INFO] [stderr]    Compiling glium v0.31.0
[INFO] [stderr]     Checking object v0.27.1
[INFO] [stderr]     Checking nix v0.22.3
[INFO] [stderr]     Checking memmap2 v0.3.1
[INFO] [stderr]    Compiling regex v1.5.4
[INFO] [stderr]     Checking xcursor v0.3.4
[INFO] [stderr]     Checking getrandom v0.2.4
[INFO] [stderr]     Checking mio v0.8.0
[INFO] [stderr]     Checking parking_lot v0.11.2
[INFO] [stderr]    Compiling wayland-client v0.29.4
[INFO] [stderr]    Compiling wayland-protocols v0.29.4
[INFO] [stderr]    Compiling cexpr v0.6.0
[INFO] [stderr]     Checking epaint v0.16.0
[INFO] [stderr]     Checking shared_library v0.1.9
[INFO] [stderr]     Checking osmesa-sys v0.1.2
[INFO] [stderr]     Checking rustc-demangle v0.1.21
[INFO] [stderr]     Checking takeable-option v0.5.0
[INFO] [stderr]     Checking webbrowser v0.5.5
[INFO] [stderr]    Compiling tts v0.20.3
[INFO] [stderr]     Checking dyn-clone v1.0.4
[INFO] [stderr]     Checking egui v0.16.1
[INFO] [stderr]    Compiling env_logger v0.9.0
[INFO] [stderr]     Checking addr2line v0.17.0
[INFO] [stderr]     Checking x11-clipboard v0.5.3
[INFO] [stderr]     Checking epi v0.16.0
[INFO] [stderr]     Checking wayland-commons v0.29.4
[INFO] [stderr]     Checking calloop v0.9.3
[INFO] [stderr]    Compiling dyn-clonable-impl v0.9.0
[INFO] [stderr]    Compiling thiserror-impl v1.0.30
[INFO] [stderr]     Checking dyn-clonable v0.9.0
[INFO] [stderr]     Checking wayland-cursor v0.29.4
[INFO] [stderr]     Checking wayland-egl v0.29.4
[INFO] [stderr]     Checking thiserror v1.0.30
[INFO] [stderr]    Compiling speech-dispatcher-sys v0.7.0
[INFO] [stderr]     Checking speech-dispatcher v0.12.0
[INFO] [stdout] error[E0308]: mismatched types
[INFO] [stdout]   --> /opt/rustwide/cargo-home/registry/src/github.com-1ecc6299db9ec823/speech-dispatcher-0.12.0/src/lib.rs:35:13
[INFO] [stdout]    |
[INFO] [stdout] 35 |     Male1 = SPDVoiceType::SPD_MALE1,
[INFO] [stdout]    |             ^^^^^^^^^^^^^^^^^^^^^^^ expected `u32`, found `i32`
[INFO] [stdout] 
[INFO] [stdout] 
[INFO] [stdout] error[E0308]: mismatched types
[INFO] [stdout]   --> /opt/rustwide/cargo-home/registry/src/github.com-1ecc6299db9ec823/speech-dispatcher-0.12.0/src/lib.rs:36:13
[INFO] [stdout]    |
[INFO] [stdout] 36 |     Male2 = SPDVoiceType::SPD_MALE2,
[INFO] [stdout]    |             ^^^^^^^^^^^^^^^^^^^^^^^ expected `u32`, found `i32`
[INFO] [stdout] 
[INFO] [stdout] 
[INFO] [stdout] error[E0308]: mismatched types
[INFO] [stdout]   --> /opt/rustwide/cargo-home/registry/src/github.com-1ecc6299db9ec823/speech-dispatcher-0.12.0/src/lib.rs:37:13
[INFO] [stdout]    |
[INFO] [stdout] 37 |     Male3 = SPDVoiceType::SPD_MALE3,
[INFO] [stdout]    |             ^^^^^^^^^^^^^^^^^^^^^^^ expected `u32`, found `i32`
[INFO] [stdout] 
[INFO] [stdout] 
[INFO] [stdout] error[E0308]: mismatched types
[INFO] [stdout]   --> /opt/rustwide/cargo-home/registry/src/github.com-1ecc6299db9ec823/speech-dispatcher-0.12.0/src/lib.rs:38:15
[INFO] [stdout]    |
[INFO] [stdout] 38 |     Female1 = SPDVoiceType::SPD_FEMALE1,
[INFO] [stdout]    |               ^^^^^^^^^^^^^^^^^^^^^^^^^ expected `u32`, found `i32`
[INFO] [stdout] 
[INFO] [stdout] 
[INFO] [stdout] error[E0308]: mismatched types
[INFO] [stdout]   --> /opt/rustwide/cargo-home/registry/src/github.com-1ecc6299db9ec823/speech-dispatcher-0.12.0/src/lib.rs:39:15
[INFO] [stdout]    |
[INFO] [stdout] 39 |     Female2 = SPDVoiceType::SPD_FEMALE2,
[INFO] [stdout]    |               ^^^^^^^^^^^^^^^^^^^^^^^^^ expected `u32`, found `i32`
[INFO] [stdout] 
[INFO] [stdout] 
[INFO] [stdout] error[E0308]: mismatched types
[INFO] [stdout]   --> /opt/rustwide/cargo-home/registry/src/github.com-1ecc6299db9ec823/speech-dispatcher-0.12.0/src/lib.rs:40:15
[INFO] [stdout]    |
[INFO] [stdout] 40 |     Female3 = SPDVoiceType::SPD_FEMALE3,
[INFO] [stdout]    |               ^^^^^^^^^^^^^^^^^^^^^^^^^ expected `u32`, found `i32`
[INFO] [stdout] 
[INFO] [stdout] 
[INFO] [stdout] error[E0308]: mismatched types
[INFO] [stdout]   --> /opt/rustwide/cargo-home/registry/src/github.com-1ecc6299db9ec823/speech-dispatcher-0.12.0/src/lib.rs:41:17
[INFO] [stdout]    |
[INFO] [stdout] 41 |     ChildMale = SPDVoiceType::SPD_CHILD_MALE,
[INFO] [stdout]    |                 ^^^^^^^^^^^^^^^^^^^^^^^^^^^^ expected `u32`, found `i32`
[INFO] [stdout] 
[INFO] [stdout] 
[INFO] [stdout] error[E0308]: mismatched types
[INFO] [stdout]   --> /opt/rustwide/cargo-home/registry/src/github.com-1ecc6299db9ec823/speech-dispatcher-0.12.0/src/lib.rs:42:19
[INFO] [stdout]    |
[INFO] [stdout] 42 |     ChildFemale = SPDVoiceType::SPD_CHILD_FEMALE,
[INFO] [stdout]    |                   ^^^^^^^^^^^^^^^^^^^^^^^^^^^^^^ expected `u32`, found `i32`
[INFO] [stdout] 
[INFO] [stdout] 
[INFO] [stdout] error: aborting due to 8 previous errors
[INFO] [stdout] 
[INFO] [stdout] 
[INFO] [stdout] For more information about this error, try `rustc --explain E0308`.
[INFO] [stdout] 
[INFO] [stderr] error: could not compile `speech-dispatcher` due to 9 previous errors
[INFO] [stderr] warning: build failed, waiting for other jobs to finish...
[INFO] running `Command { std: "docker" "inspect" "050a3bfe863ab68dbd0da7159121984a28c549ac929326bccc9c30e97cd93cb7", kill_on_drop: false }`
[INFO] running `Command { std: "docker" "rm" "-f" "050a3bfe863ab68dbd0da7159121984a28c549ac929326bccc9c30e97cd93cb7", kill_on_drop: false }`
[INFO] [stdout] 050a3bfe863ab68dbd0da7159121984a28c549ac929326bccc9c30e97cd93cb7
