[INFO] cloning repository https://github.com/polkaworld-org/bifrost-node
[INFO] running `Command { std: "git" "-c" "credential.helper=" "-c" "credential.helper=/workspace/cargo-home/bin/git-credential-null" "clone" "--bare" "https://github.com/polkaworld-org/bifrost-node" "/workspace/cache/git-repos/https%3A%2F%2Fgithub.com%2Fpolkaworld-org%2Fbifrost-node", kill_on_drop: false }`
[INFO] [stderr] Cloning into bare repository '/workspace/cache/git-repos/https%3A%2F%2Fgithub.com%2Fpolkaworld-org%2Fbifrost-node'...
[INFO] running `Command { std: "git" "rev-parse" "HEAD", kill_on_drop: false }`
[INFO] [stdout] b18cea020cbc2f7100f22f9356b429fb196fb807
[INFO] documenting polkaworld-org/bifrost-node against 1.69.0 for beta-1.70-rustdoc-1
[INFO] running `Command { std: "git" "clone" "/workspace/cache/git-repos/https%3A%2F%2Fgithub.com%2Fpolkaworld-org%2Fbifrost-node" "/workspace/builds/worker-4-tc1/source", kill_on_drop: false }`
[INFO] [stderr] Cloning into '/workspace/builds/worker-4-tc1/source'...
[INFO] [stderr] done.
[INFO] validating manifest of git repo https://github.com/polkaworld-org/bifrost-node on toolchain 1.69.0
[INFO] running `Command { std: CARGO_HOME="/workspace/cargo-home" RUSTUP_HOME="/workspace/rustup-home" "/workspace/cargo-home/bin/cargo" "+1.69.0" "metadata" "--manifest-path" "Cargo.toml" "--no-deps", kill_on_drop: false }`
[INFO] started tweaking git repo https://github.com/polkaworld-org/bifrost-node
[INFO] finished tweaking git repo https://github.com/polkaworld-org/bifrost-node
[INFO] tweaked toml for git repo https://github.com/polkaworld-org/bifrost-node written to /workspace/builds/worker-4-tc1/source/Cargo.toml
[INFO] crate git repo https://github.com/polkaworld-org/bifrost-node already has a lockfile, it will not be regenerated
[INFO] running `Command { std: CARGO_HOME="/workspace/cargo-home" RUSTUP_HOME="/workspace/rustup-home" "/workspace/cargo-home/bin/cargo" "+1.69.0" "fetch" "--manifest-path" "Cargo.toml", kill_on_drop: false }`
[INFO] [stderr]     Updating git repository `https://github.com/paritytech/parity-common`
[INFO] [stderr]     Updating git repository `https://github.com/paritytech/slog-async`
[INFO] [stderr]  Downloading crates ...
[INFO] [stderr]   Downloaded libp2p-plaintext v0.12.0
[INFO] [stderr]   Downloaded libp2p-tcp v0.12.0
[INFO] [stderr]   Downloaded zeroize v0.9.3
[INFO] [stderr]   Downloaded libp2p-ping v0.12.0
[INFO] [stderr]   Downloaded proc-macro-hack v0.5.9
[INFO] [stderr]   Downloaded merlin v1.2.0
[INFO] [stderr]   Downloaded hashmap_core v0.1.11
[INFO] [stderr]   Downloaded impl-serde v0.1.1
[INFO] [stderr]   Downloaded subtle v2.1.1
[INFO] [stderr]   Downloaded libp2p-floodsub v0.12.0
[INFO] [stderr]   Downloaded ed25519-dalek v1.0.0-pre.1
[INFO] [stderr]   Downloaded fdlimit v0.1.1
[INFO] [stderr]   Downloaded static_slice v0.0.3
[INFO] [stderr]   Downloaded libp2p-deflate v0.4.0
[INFO] [stderr]   Downloaded libp2p-uds v0.12.0
[INFO] [stderr]   Downloaded libp2p-identify v0.12.0
[INFO] [stderr]   Downloaded libp2p-mplex v0.12.0
[INFO] [stderr]   Downloaded wasmi-validation v0.2.0
[INFO] [stderr]   Downloaded jsonrpc-ws-server v13.2.0
[INFO] [stderr]   Downloaded libp2p v0.12.0
[INFO] [stderr]   Downloaded jsonrpc-pubsub v13.2.0
[INFO] [stderr]   Downloaded libp2p-ratelimit v0.12.0
[INFO] [stderr]   Downloaded tokio-rustls v0.10.0-alpha.4
[INFO] [stderr]   Downloaded jsonrpc-http-server v13.2.0
[INFO] [stderr]   Downloaded cmake v0.1.35
[INFO] [stderr]   Downloaded wasm-bindgen-webidl v0.2.50
[INFO] [stderr]   Downloaded trie-db v0.15.2
[INFO] [stderr]   Downloaded substrate-bip39 v0.3.1
[INFO] [stderr]   Downloaded libp2p-websocket v0.12.0
[INFO] [stderr]   Downloaded ctor v0.1.10
[INFO] [stderr]   Downloaded quick-error v0.1.4
[INFO] [stderr]   Downloaded jsonrpc-core-client v13.2.0
[INFO] [stderr]   Downloaded tokio-dns-unofficial v0.4.0
[INFO] [stderr]   Downloaded aio-limited v0.1.0
[INFO] [stderr]   Downloaded libp2p-yamux v0.12.0
[INFO] [stderr]   Downloaded libp2p-dns v0.12.0
[INFO] [stderr]   Downloaded slog_derive v0.1.1
[INFO] [stderr]   Downloaded jsonrpc-core v13.2.0
[INFO] [stderr]   Downloaded nohash-hasher v0.1.1
[INFO] [stderr]   Downloaded libp2p-mdns v0.12.0
[INFO] [stderr]   Downloaded libp2p-core-derive v0.12.0
[INFO] [stderr]   Downloaded asn1_der_derive v0.1.1
[INFO] [stderr]   Downloaded parity-util-mem v0.2.0
[INFO] [stderr]   Downloaded environmental v1.0.1
[INFO] [stderr]   Downloaded slog-scope v4.1.2
[INFO] [stderr]   Downloaded memory-db v0.15.2
[INFO] [stderr]   Downloaded libp2p-wasm-ext v0.5.0
[INFO] [stderr]   Downloaded unsigned-varint v0.2.2
[INFO] [stderr]   Downloaded jsonrpc-client-transports v13.2.0
[INFO] [stderr]   Downloaded integer-sqrt v0.1.2
[INFO] [stderr]   Downloaded hmac-drbg v0.1.2
[INFO] [stderr]   Downloaded jsonrpc-server-utils v13.2.0
[INFO] [stderr]   Downloaded uint v0.8.1
[INFO] [stderr]   Downloaded byte-slice-cast v0.3.2
[INFO] [stderr]   Downloaded multistream-select v0.5.1
[INFO] [stderr]   Downloaded jsonrpc-derive v13.2.0
[INFO] [stderr]   Downloaded libp2p-noise v0.10.0
[INFO] [stderr]   Downloaded malloc_size_of_derive v0.1.0
[INFO] [stderr]   Downloaded libp2p-secio v0.12.0
[INFO] [stderr]   Downloaded libp2p-swarm v0.2.0
[INFO] [stderr]   Downloaded websocket v0.23.0
[INFO] [stderr]   Downloaded rocksdb v0.11.0
[INFO] [stderr]   Downloaded soketto v0.2.3
[INFO] [stderr]   Downloaded pwasm-utils v0.11.0
[INFO] [stderr]   Downloaded wasmi v0.5.1
[INFO] [stderr]   Downloaded schnorrkel v0.8.5
[INFO] [stderr]   Downloaded bitvec v0.14.0
[INFO] [stderr]   Downloaded libp2p-kad v0.12.0
[INFO] [stderr]   Downloaded finality-grandpa v0.9.0
[INFO] [stderr]   Downloaded x25519-dalek v0.5.2
[INFO] [stderr]   Downloaded libp2p-core v0.12.0
[INFO] [stderr]   Downloaded curve25519-dalek v1.2.3
[INFO] [stderr]   Downloaded bindgen v0.47.3
[INFO] [stderr]   Downloaded web-sys v0.3.27
[INFO] [stderr]   Downloaded webpki-roots v0.16.0
[INFO] [stderr]   Downloaded snow v0.5.2
[INFO] [stderr]   Downloaded asn1_der v0.6.2
[INFO] [stderr]   Downloaded libsecp256k1 v0.2.2
[INFO] [stderr]   Downloaded parity-scale-codec-derive v1.0.2
[INFO] [stderr]   Downloaded parity-scale-codec v1.0.5
[INFO] [stderr]   Downloaded rw-stream-sink v0.1.2
[INFO] [stderr]   Downloaded sysinfo v0.9.2
[INFO] [stderr]   Downloaded impl-serde v0.2.0
[INFO] [stderr]   Downloaded primitive-types v0.5.0
[INFO] [stderr]   Downloaded futures-timer v0.2.1
[INFO] [stderr]   Downloaded impl-codec v0.4.0
[INFO] [stderr]   Downloaded wasm-timer v0.1.2
[INFO] [stderr]   Downloaded impl-trait-for-tuples v0.1.1
[INFO] [stderr]   Downloaded yamux v0.2.1
[INFO] [stderr]   Downloaded parity-wasm v0.40.2
[INFO] [stderr]   Downloaded tiny-bip39 v0.6.2
[INFO] [stderr]   Downloaded elastic-array v0.10.2
[INFO] [stderr]   Downloaded safe-mix v1.0.0
[INFO] [stderr]   Downloaded ahash v0.2.12
[INFO] [stderr]   Downloaded librocksdb-sys v5.18.3
[INFO] running `Command { std: "docker" "create" "-v" "/var/lib/crater-agent-workspace/builds/worker-4-tc1/target:/opt/rustwide/target:rw,Z" "-v" "/var/lib/crater-agent-workspace/builds/worker-4-tc1/source:/opt/rustwide/workdir:ro,Z" "-v" "/var/lib/crater-agent-workspace/cargo-home:/opt/rustwide/cargo-home:ro,Z" "-v" "/var/lib/crater-agent-workspace/rustup-home:/opt/rustwide/rustup-home:ro,Z" "-e" "SOURCE_DIR=/opt/rustwide/workdir" "-e" "CARGO_TARGET_DIR=/opt/rustwide/target" "-e" "CARGO_HOME=/opt/rustwide/cargo-home" "-e" "RUSTUP_HOME=/opt/rustwide/rustup-home" "-w" "/opt/rustwide/workdir" "-m" "1610612736" "--user" "0:0" "--network" "none" "ghcr.io/rust-lang/crates-build-env/linux@sha256:5ff2268d62e97bff2cde7d5815dd6ed5b47097566f13b8d0ca110b04b60e07ed" "/opt/rustwide/cargo-home/bin/cargo" "+1.69.0" "metadata" "--no-deps" "--format-version=1", kill_on_drop: false }`
[INFO] [stdout] 8bf86dd80f6c2a2367456c469d7924c88dbd1491fb85d6f30c4364918ce31a2a
[INFO] running `Command { std: "docker" "start" "-a" "8bf86dd80f6c2a2367456c469d7924c88dbd1491fb85d6f30c4364918ce31a2a", kill_on_drop: false }`
[INFO] running `Command { std: "docker" "inspect" "8bf86dd80f6c2a2367456c469d7924c88dbd1491fb85d6f30c4364918ce31a2a", kill_on_drop: false }`
[INFO] running `Command { std: "docker" "rm" "-f" "8bf86dd80f6c2a2367456c469d7924c88dbd1491fb85d6f30c4364918ce31a2a", kill_on_drop: false }`
[INFO] [stdout] 8bf86dd80f6c2a2367456c469d7924c88dbd1491fb85d6f30c4364918ce31a2a
[INFO] running `Command { std: "docker" "create" "-v" "/var/lib/crater-agent-workspace/builds/worker-4-tc1/target:/opt/rustwide/target:rw,Z" "-v" "/var/lib/crater-agent-workspace/builds/worker-4-tc1/source:/opt/rustwide/workdir:ro,Z" "-v" "/var/lib/crater-agent-workspace/cargo-home:/opt/rustwide/cargo-home:ro,Z" "-v" "/var/lib/crater-agent-workspace/rustup-home:/opt/rustwide/rustup-home:ro,Z" "-e" "SOURCE_DIR=/opt/rustwide/workdir" "-e" "CARGO_TARGET_DIR=/opt/rustwide/target" "-e" "CARGO_INCREMENTAL=0" "-e" "RUST_BACKTRACE=full" "-e" "RUSTFLAGS=--cap-lints=warn" "-e" "RUSTDOCFLAGS=--cap-lints=warn" "-e" "CARGO_HOME=/opt/rustwide/cargo-home" "-e" "RUSTUP_HOME=/opt/rustwide/rustup-home" "-w" "/opt/rustwide/workdir" "-m" "1610612736" "--user" "0:0" "--network" "none" "ghcr.io/rust-lang/crates-build-env/linux@sha256:5ff2268d62e97bff2cde7d5815dd6ed5b47097566f13b8d0ca110b04b60e07ed" "/opt/rustwide/cargo-home/bin/cargo" "+1.69.0" "doc" "--frozen" "--no-deps" "--document-private-items" "--message-format=json", kill_on_drop: false }`
[INFO] [stdout] a416fd09adc0705d114a9b9f78efdf8f96ddef16e41560b7d430a2cd78da91a3
[INFO] running `Command { std: "docker" "start" "-a" "a416fd09adc0705d114a9b9f78efdf8f96ddef16e41560b7d430a2cd78da91a3", kill_on_drop: false }`
[INFO] [stderr]     Blocking waiting for file lock on package cache
[INFO] [stderr]    Compiling libc v0.2.62
[INFO] [stderr]    Compiling semver-parser v0.7.0
[INFO] [stderr]    Compiling cfg-if v0.1.9
[INFO] [stderr]    Compiling arrayvec v0.4.11
[INFO] [stderr]    Compiling either v1.5.2
[INFO] [stderr]    Compiling nodrop v0.1.13
[INFO] [stderr]    Compiling byteorder v1.3.2
[INFO] [stderr]    Compiling scopeguard v1.0.0
[INFO] [stderr]    Compiling crossbeam-utils v0.6.6
[INFO] [stderr]    Compiling autocfg v0.1.6
[INFO] [stderr]    Compiling rayon-core v1.6.0
[INFO] [stderr]    Compiling semver v0.9.0
[INFO] [stderr]    Compiling log v0.4.8
[INFO] [stderr]    Compiling proc-macro2 v1.0.3
[INFO] [stderr]    Compiling unicode-xid v0.2.0
[INFO] [stderr]    Compiling rustc_version v0.2.3
[INFO] [stderr]    Compiling crossbeam-queue v0.1.2
[INFO] [stderr]    Compiling syn v1.0.5
[INFO] [stderr]    Compiling proc-macro2 v0.4.30
[INFO] [stderr]    Compiling unicode-xid v0.1.0
[INFO] [stderr]    Compiling syn v0.15.44
[INFO] [stderr]    Compiling memoffset v0.5.1
[INFO] [stderr]    Compiling num_cpus v1.10.1
[INFO] [stderr]    Compiling typenum v1.11.2
[INFO] [stderr]    Compiling rand_pcg v0.1.2
[INFO] [stderr]    Compiling rand_chacha v0.1.1
[INFO] [stderr]    Compiling quote v1.0.2
[INFO] [stderr]    Compiling rand v0.6.5
[INFO] [stderr]    Compiling crossbeam-epoch v0.7.2
[INFO] [stderr]    Compiling quote v0.6.13
[INFO] [stderr]    Compiling crossbeam-deque v0.7.1
[INFO] [stderr]    Compiling rand_core v0.4.2
[INFO] [stderr]    Compiling serde v1.0.99
[INFO] [stderr]    Compiling failure_derive v0.1.5
[INFO] [stderr]    Compiling rand_core v0.3.1
[INFO] [stderr]    Compiling subtle v2.1.1
[INFO] [stderr]    Compiling parking_lot_core v0.4.0
[INFO] [stderr]    Compiling rayon v1.2.0
[INFO] [stderr]    Compiling generic-array v0.12.3
[INFO] [stderr]    Compiling memchr v2.2.1
[INFO] [stderr]     Checking lazy_static v1.4.0
[INFO] [stderr]     Checking smallvec v0.6.10
[INFO] [stderr]    Compiling digest v0.8.1
[INFO] [stderr]    Compiling num-traits v0.2.8
[INFO] [stderr]    Compiling num-integer v0.1.41
[INFO] [stderr]     Checking rand_xorshift v0.1.1
[INFO] [stderr]     Checking rand_isaac v0.1.1
[INFO] [stderr]     Checking rand_hc v0.1.0
[INFO] [stderr]     Checking rand_jitter v0.1.4
[INFO] [stderr]     Checking rand_os v0.1.3
[INFO] [stderr]    Compiling crunchy v0.2.2
[INFO] [stderr]    Compiling parking_lot_core v0.6.2
[INFO] [stderr]    Compiling parking_lot v0.9.0
[INFO] [stderr]    Compiling getrandom v0.1.11
[INFO] [stderr]    Compiling ppv-lite86 v0.2.5
[INFO] [stderr]    Compiling num-bigint v0.2.2
[INFO] [stderr]    Compiling constant_time_eq v0.1.4
[INFO] [stderr]    Compiling rand_core v0.5.1
[INFO] [stderr]    Compiling num-rational v0.2.2
[INFO] [stderr]    Compiling cc v1.0.26
[INFO] [stderr]    Compiling c2-chacha v0.2.2
[INFO] [stderr]    Compiling heapsize v0.4.2
[INFO] [stderr]    Compiling rand_chacha v0.2.1
[INFO] [stderr]     Checking opaque-debug v0.2.3
[INFO] [stderr]    Compiling rand v0.7.2
[INFO] [stderr]    Compiling sr-std v2.0.0 (https://github.com/paritytech/substrate#8d30872d)
[INFO] [stderr]     Checking byte-tools v0.3.1
[INFO] [stderr]     Checking fake-simd v0.1.2
[INFO] [stderr]     Checking block-padding v0.1.4
[INFO] [stderr]     Checking stable_deref_trait v1.1.1
[INFO] [stderr]     Checking block-buffer v0.7.3
[INFO] [stderr]    Compiling hashbrown v0.6.0
[INFO] [stderr]     Checking rustc-demangle v0.1.16
[INFO] [stderr]     Checking futures v0.1.28
[INFO] [stderr]     Checking subtle v1.0.0
[INFO] [stderr]     Checking scopeguard v0.3.3
[INFO] [stderr]     Checking crypto-mac v0.7.0
[INFO] [stderr]     Checking sha2 v0.8.0
[INFO] [stderr]     Checking owning_ref v0.4.0
[INFO] [stderr]    Compiling backtrace-sys v0.1.30
[INFO] [stderr]    Compiling clear_on_drop v0.2.3
[INFO] [stderr]    Compiling ring v0.14.6
[INFO] [stderr]     Checking keccak v0.1.0
[INFO] [stderr]     Checking lock_api v0.1.5
[INFO] [stderr]    Compiling parking_lot_core v0.5.0
[INFO] [stderr]     Checking backtrace v0.3.35
[INFO] [stderr]    Compiling curve25519-dalek v1.2.3
[INFO] [stderr]    Compiling parking_lot v0.8.0
[INFO] [stderr]    Compiling synstructure v0.10.2
[INFO] [stderr]    Compiling protobuf v2.8.0
[INFO] [stderr]     Checking generic-array v0.8.3
[INFO] [stderr]     Checking rand v0.4.6
[INFO] [stderr]    Compiling sr-io v2.0.0 (https://github.com/paritytech/substrate#8d30872d)
[INFO] [stderr]     Checking parking_lot v0.7.1
[INFO] [stderr]     Checking digest v0.6.2
[INFO] [stderr]     Checking crypto-mac v0.4.0
[INFO] [stderr]     Checking iovec v0.1.2
[INFO] [stderr]     Checking byte-tools v0.2.0
[INFO] [stderr]     Checking arrayref v0.3.5
[INFO] [stderr]     Checking hmac v0.4.2
[INFO] [stderr]     Checking block-buffer v0.2.0
[INFO] [stderr]     Checking hmac-drbg v0.1.2
[INFO] [stderr]     Checking sha2 v0.6.0
[INFO] [stderr]     Checking libsecp256k1 v0.2.2
[INFO] [stderr]     Checking bytes v0.4.12
[INFO] [stderr]    Compiling blake2-rfc v0.2.18
[INFO] [stderr]     Checking rand v0.5.6
[INFO] [stderr]    Compiling ryu v1.0.0
[INFO] [stderr]    Compiling serde_derive v1.0.99
[INFO] [stderr]    Compiling proc-macro-hack v0.5.9
[INFO] [stderr]    Compiling impl-trait-for-tuples v0.1.1
[INFO] [stderr]     Checking slab v0.4.2
[INFO] [stderr]     Checking thread_local v0.3.6
[INFO] [stderr]    Compiling zeroize_derive v0.9.3
[INFO] [stderr]    Compiling malloc_size_of_derive v0.1.0
[INFO] [stderr]    Compiling const-random-macro v0.1.6
[INFO] [stderr]    Compiling asn1_der_derive v0.1.1
[INFO] [stderr]     Checking zeroize v0.9.3
[INFO] [stderr]    Compiling paste-impl v0.1.6
[INFO] [stderr]     Checking lock_api v0.3.1
[INFO] [stderr]     Checking failure v0.1.5
[INFO] [stderr]     Checking ed25519-dalek v1.0.0-pre.1
[INFO] [stderr]     Checking rustc-hex v2.0.1
[INFO] [stderr]     Checking tokio-io v0.1.12
[INFO] [stderr]     Checking aho-corasick v0.7.6
[INFO] [stderr]     Checking regex-syntax v0.6.11
[INFO] [stderr]    Compiling pkg-config v0.3.15
[INFO] [stderr]     Checking hmac v0.7.1
[INFO] [stderr]     Checking uint v0.8.1
[INFO] [stderr]     Checking bitvec v0.14.0
[INFO] [stderr]     Checking byte-slice-cast v0.3.2
[INFO] [stderr]     Checking parity-wasm v0.40.2
[INFO] [stderr]     Checking hash-db v0.15.2
[INFO] [stderr]     Checking merlin v1.2.0
[INFO] [stderr]     Checking pbkdf2 v0.3.0
[INFO] [stderr]     Checking static_assertions v0.2.5
[INFO] [stderr]     Checking memory_units v0.3.0
[INFO] [stderr]    Compiling httparse v1.3.4
[INFO] [stderr]     Checking fixed-hash v0.4.0
[INFO] [stderr]     Checking schnorrkel v0.8.5
[INFO] [stderr]     Checking once_cell v0.1.8
[INFO] [stderr]     Checking hashbrown v0.1.8
[INFO] [stderr]     Checking substrate-bip39 v0.3.1
[INFO] [stderr]     Checking hash256-std-hasher v0.15.2
[INFO] [stderr]     Checking tokio-executor v0.1.8
[INFO] [stderr]     Checking wasmi-validation v0.2.0
[INFO] [stderr]     Checking regex v1.2.1
[INFO] [stderr]     Checking twox-hash v1.5.0
[INFO] [stderr]     Checking wasmi v0.5.1
[INFO] [stderr]     Checking tiny-bip39 v0.6.2
[INFO] [stderr]     Checking hex v0.3.2
[INFO] [stderr]     Checking fnv v1.0.6
[INFO] [stderr]     Checking base58 v0.1.0
[INFO] [stderr]     Checking elastic-array v0.10.2
[INFO] [stderr]     Checking const-random v0.1.6
[INFO] [stderr]     Checking ahash v0.2.12
[INFO] [stderr]     Checking tokio-codec v0.1.1
[INFO] [stderr]     Checking parity-util-mem v0.2.0
[INFO] [stderr]    Compiling parking_lot_core v0.3.1
[INFO] [stderr]    Compiling wasm-bindgen-shared v0.2.50
[INFO] [stderr]     Checking memory-db v0.15.2
[INFO] [stderr]     Checking trie-db v0.15.2
[INFO] [stderr]     Checking trie-root v0.15.2
[INFO] [stderr]    Compiling libz-sys v1.0.25
[INFO] [stderr]     Checking substrate-panic-handler v2.0.0 (https://github.com/paritytech/substrate#8d30872d)
[INFO] [stderr]    Compiling miniz-sys v0.1.12
[INFO] [stderr]    Compiling crc32fast v1.2.0
[INFO] [stderr]    Compiling bumpalo v2.6.0
[INFO] [stderr]     Checking matches v0.1.8
[INFO] [stderr]     Checking unicode-bidi v0.3.4
[INFO] [stderr]     Checking tiny-keccak v1.5.0
[INFO] [stderr]     Checking unicode-normalization v0.1.8
[INFO] [stderr]     Checking environmental v1.0.1
[INFO] [stderr]     Checking tokio-timer v0.2.11
[INFO] [stderr]    Compiling wasm-bindgen-backend v0.2.50
[INFO] [stderr]    Compiling wasm-bindgen v0.2.50
[INFO] [stderr]     Checking paste v0.1.6
[INFO] [stderr]    Compiling unicode-segmentation v1.3.0
[INFO] [stderr]     Checking integer-sqrt v0.1.2
[INFO] [stderr]    Compiling heck v0.3.1
[INFO] [stderr]     Checking untrusted v0.6.2
[INFO] [stderr]     Checking spin v0.5.2
[INFO] [stderr]    Compiling snow v0.5.2
[INFO] [stderr]     Checking idna v0.1.5
[INFO] [stderr]     Checking sha-1 v0.8.1
[INFO] [stderr]     Checking percent-encoding v1.0.1
[INFO] [stderr]    Compiling wasm-bindgen-macro-support v0.2.50
[INFO] [stderr]     Checking url v1.7.2
[INFO] [stderr]    Compiling slog v2.5.2
[INFO] [stderr]     Checking impl-serde v0.2.0
[INFO] [stderr]     Checking impl-serde v0.1.1
[INFO] [stderr]     Checking unsigned-varint v0.2.2
[INFO] [stderr]     Checking quick-error v1.2.2
[INFO] [stderr]     Checking sha3 v0.8.2
[INFO] [stderr]     Checking blake2 v0.8.1
[INFO] [stderr]    Compiling wasm-bindgen-macro v0.2.50
[INFO] [stderr]     Checking void v1.0.2
[INFO] [stderr]     Checking itoa v0.4.4
[INFO] [stderr]     Checking parity-multihash v0.1.3
[INFO] [stderr]    Compiling libp2p-core-derive v0.12.0
[INFO] [stderr]    Compiling derive_more v0.14.1
[INFO] [stderr]     Checking lock_api v0.2.0
[INFO] [stderr]    Compiling toml v0.5.3
[INFO] [stderr]     Checking net2 v0.2.33
[INFO] [stderr]     Checking bs58 v0.2.5
[INFO] [stderr]     Checking data-encoding v2.1.2
[INFO] [stderr]     Checking mio v0.6.19
[INFO] [stderr]     Checking parity-multiaddr v0.5.0
[INFO] [stderr]     Checking multistream-select v0.5.1
[INFO] [stderr]    Compiling strum_macros v0.15.0
[INFO] [stderr]     Checking wasm-timer v0.1.2
[INFO] [stderr]     Checking rw-stream-sink v0.1.2
[INFO] [stderr]     Checking asn1_der v0.6.2
[INFO] [stderr]    Compiling proc-macro-crate v0.1.4
[INFO] [stderr]     Checking tokio-sync v0.1.6
[INFO] [stderr]    Compiling parity-scale-codec-derive v1.0.2
[INFO] [stderr]    Compiling sr-api-macros v2.0.0 (https://github.com/paritytech/substrate#8d30872d)
[INFO] [stderr]     Checking libp2p-core v0.12.0
[INFO] [stderr]     Checking tokio-reactor v0.1.9
[INFO] [stderr]    Compiling hex-literal-impl v0.2.1
[INFO] [stderr]     Checking parity-scale-codec v1.0.5
[INFO] [stderr]     Checking serde_json v1.0.40
[INFO] [stderr]     Checking mio-uds v0.6.7
[INFO] [stderr]     Checking tokio-threadpool v0.1.15
[INFO] [stderr]     Checking tokio-uds v0.2.5
[INFO] [stderr]     Checking tokio-udp v0.1.5
[INFO] [stderr]     Checking tokio-tcp v0.1.3
[INFO] [stderr]     Checking tokio-fs v0.1.6
[INFO] [stderr]     Checking impl-codec v0.4.0
[INFO] [stderr]     Checking primitive-types v0.5.0
[INFO] [stderr]     Checking tokio-current-thread v0.1.6
[INFO] [stderr]    Compiling bitflags v1.1.0
[INFO] [stderr]     Checking tokio v0.1.22
[INFO] [stderr]     Checking http v0.1.18
[INFO] [stderr]     Checking futures-core-preview v0.3.0-alpha.17
[INFO] [stderr]     Checking futures-sink-preview v0.3.0-alpha.17
[INFO] [stderr]     Checking futures-cpupool v0.1.8
[INFO] [stderr]     Checking substrate-primitives v2.0.0 (https://github.com/paritytech/substrate#8d30872d)
[INFO] [stderr]     Checking substrate-trie v2.0.0 (https://github.com/paritytech/substrate#8d30872d)
[INFO] [stderr]     Checking futures-channel-preview v0.3.0-alpha.17
[INFO] [stderr]     Checking substrate-state-machine v2.0.0 (https://github.com/paritytech/substrate#8d30872d)
[INFO] [stderr]     Checking libp2p-swarm v0.2.0
[INFO] [stderr]     Checking block-cipher-trait v0.6.2
[INFO] [stderr]     Checking pin-utils v0.1.0-alpha.4
[INFO] [stderr]     Checking futures-io-preview v0.3.0-alpha.17
[INFO] [stderr]     Checking parking_lot v0.6.4
[INFO] [stderr]     Checking webpki v0.19.1
[INFO] [stderr]     Checking futures-util-preview v0.3.0-alpha.17
[INFO] [stderr]     Checking base64 v0.10.1
[INFO] [stderr]     Checking flate2 v1.0.11
[INFO] [stderr]     Checking sct v0.5.0
[INFO] [stderr]     Checking substrate-application-crypto v2.0.0 (https://github.com/paritytech/substrate#8d30872d)
[INFO] [stderr]     Checking parking_lot_core v0.2.14
[INFO] [stderr]     Checking rand v0.3.23
[INFO] [stdout] error[E0424]: expected value, found module `self`
[INFO] [stdout]    --> /opt/rustwide/cargo-home/git/checkouts/substrate-7e08433d4c370a21/8d30872/core/application-crypto/src/lib.rs:142:53
[INFO] [stdout]     |
[INFO] [stdout] 142 |                 Clone, Default, Eq, PartialEq, Ord, PartialOrd, $crate::codec::Encode,
[INFO] [stdout]     |                                                                 ^^^^^^^^^^^^^^^^^^^^^ `self` value is a keyword only available in methods with a `self` parameter
[INFO] [stdout] ...
[INFO] [stdout] 293 |         pub struct $outer( $inner );
[INFO] [stdout]     |                            ------ this function has a `self` parameter, but a macro invocation can only access identifiers it receives from parameters
[INFO] [stdout]     |
[INFO] [stdout]    ::: /opt/rustwide/cargo-home/git/checkouts/substrate-7e08433d4c370a21/8d30872/core/application-crypto/src/ed25519.rs:25:5
[INFO] [stdout]     |
[INFO] [stdout] 25  |     crate::app_crypto!(super, ED25519);
[INFO] [stdout]     |     ---------------------------------- in this macro invocation
[INFO] [stdout]     |
[INFO] [stdout]     = note: this error originates in the derive macro `$crate::codec::Encode` which comes from the expansion of the macro `crate::app_crypto` (in Nightly builds, run with -Z macro-backtrace for more info)
[INFO] [stdout] 
[INFO] [stdout] 
[INFO] [stdout] error[E0424]: expected value, found module `self`
[INFO] [stdout]    --> /opt/rustwide/cargo-home/git/checkouts/substrate-7e08433d4c370a21/8d30872/core/application-crypto/src/lib.rs:242:44
[INFO] [stdout]     |
[INFO] [stdout] 242 |             #[derive(Clone, Default, Eq, PartialEq, $crate::codec::Encode, $crate::codec::Decode)]
[INFO] [stdout]     |                                                     ^^^^^^^^^^^^^^^^^^^^^ `self` value is a keyword only available in methods with a `self` parameter
[INFO] [stdout] ...
[INFO] [stdout] 293 |         pub struct $outer( $inner );
[INFO] [stdout]     |                            ------ this function has a `self` parameter, but a macro invocation can only access identifiers it receives from parameters
[INFO] [stdout]     |
[INFO] [stdout]    ::: /opt/rustwide/cargo-home/git/checkouts/substrate-7e08433d4c370a21/8d30872/core/application-crypto/src/ed25519.rs:25:5
[INFO] [stdout]     |
[INFO] [stdout] 25  |     crate::app_crypto!(super, ED25519);
[INFO] [stdout]     |     ---------------------------------- in this macro invocation
[INFO] [stdout]     |
[INFO] [stdout]     = note: this error originates in the derive macro `$crate::codec::Encode` which comes from the expansion of the macro `crate::app_crypto` (in Nightly builds, run with -Z macro-backtrace for more info)
[INFO] [stdout] 
[INFO] [stdout] 
[INFO] [stdout] error[E0424]: expected value, found module `self`
[INFO] [stdout]    --> /opt/rustwide/cargo-home/git/checkouts/substrate-7e08433d4c370a21/8d30872/core/application-crypto/src/lib.rs:142:53
[INFO] [stdout]     |
[INFO] [stdout] 142 |                 Clone, Default, Eq, PartialEq, Ord, PartialOrd, $crate::codec::Encode,
[INFO] [stdout]     |                                                                 ^^^^^^^^^^^^^^^^^^^^^ `self` value is a keyword only available in methods with a `self` parameter
[INFO] [stdout] ...
[INFO] [stdout] 293 |         pub struct $outer( $inner );
[INFO] [stdout]     |                            ------ this function has a `self` parameter, but a macro invocation can only access identifiers it receives from parameters
[INFO] [stdout]     |
[INFO] [stdout]    ::: /opt/rustwide/cargo-home/git/checkouts/substrate-7e08433d4c370a21/8d30872/core/application-crypto/src/sr25519.rs:25:5
[INFO] [stdout]     |
[INFO] [stdout] 25  |     crate::app_crypto!(super, SR25519);
[INFO] [stdout]     |     ---------------------------------- in this macro invocation
[INFO] [stdout]     |
[INFO] [stdout]     = note: this error originates in the derive macro `$crate::codec::Encode` which comes from the expansion of the macro `crate::app_crypto` (in Nightly builds, run with -Z macro-backtrace for more info)
[INFO] [stdout] 
[INFO] [stdout] 
[INFO] [stdout] error[E0424]: expected value, found module `self`
[INFO] [stdout]    --> /opt/rustwide/cargo-home/git/checkouts/substrate-7e08433d4c370a21/8d30872/core/application-crypto/src/lib.rs:242:44
[INFO] [stdout]     |
[INFO] [stdout] 242 |             #[derive(Clone, Default, Eq, PartialEq, $crate::codec::Encode, $crate::codec::Decode)]
[INFO] [stdout]     |                                                     ^^^^^^^^^^^^^^^^^^^^^ `self` value is a keyword only available in methods with a `self` parameter
[INFO] [stdout] ...
[INFO] [stdout] 293 |         pub struct $outer( $inner );
[INFO] [stdout]     |                            ------ this function has a `self` parameter, but a macro invocation can only access identifiers it receives from parameters
[INFO] [stdout]     |
[INFO] [stdout]    ::: /opt/rustwide/cargo-home/git/checkouts/substrate-7e08433d4c370a21/8d30872/core/application-crypto/src/sr25519.rs:25:5
[INFO] [stdout]     |
[INFO] [stdout] 25  |     crate::app_crypto!(super, SR25519);
[INFO] [stdout]     |     ---------------------------------- in this macro invocation
[INFO] [stdout]     |
[INFO] [stdout]     = note: this error originates in the derive macro `$crate::codec::Encode` which comes from the expansion of the macro `crate::app_crypto` (in Nightly builds, run with -Z macro-backtrace for more info)
[INFO] [stdout] 
[INFO] [stdout] 
[INFO] [stderr]     Checking owning_ref v0.3.3
[INFO] [stdout] error: aborting due to 4 previous errors
[INFO] [stdout] 
[INFO] [stdout] 
[INFO] [stdout] For more information about this error, try `rustc --explain E0424`.
[INFO] [stdout] 
[INFO] [stderr] error: could not compile `substrate-application-crypto` due to 5 previous errors
[INFO] [stderr] warning: build failed, waiting for other jobs to finish...
[INFO] running `Command { std: "docker" "inspect" "a416fd09adc0705d114a9b9f78efdf8f96ddef16e41560b7d430a2cd78da91a3", kill_on_drop: false }`
[INFO] running `Command { std: "docker" "rm" "-f" "a416fd09adc0705d114a9b9f78efdf8f96ddef16e41560b7d430a2cd78da91a3", kill_on_drop: false }`
[INFO] [stdout] a416fd09adc0705d114a9b9f78efdf8f96ddef16e41560b7d430a2cd78da91a3
