[INFO] cloning repository https://github.com/pmsanford/srch-rs
[INFO] running `Command { std: "git" "-c" "credential.helper=" "-c" "credential.helper=/workspace/cargo-home/bin/git-credential-null" "clone" "--bare" "https://github.com/pmsanford/srch-rs" "/workspace/cache/git-repos/https%3A%2F%2Fgithub.com%2Fpmsanford%2Fsrch-rs", kill_on_drop: false }`
[INFO] [stderr] Cloning into bare repository '/workspace/cache/git-repos/https%3A%2F%2Fgithub.com%2Fpmsanford%2Fsrch-rs'...
[INFO] running `Command { std: "git" "rev-parse" "HEAD", kill_on_drop: false }`
[INFO] [stdout] 1721157cf8251b7d8529121fe9575a8b022a1260
[INFO] documenting pmsanford/srch-rs against 1.69.0 for beta-1.70-rustdoc-1
[INFO] running `Command { std: "git" "clone" "/workspace/cache/git-repos/https%3A%2F%2Fgithub.com%2Fpmsanford%2Fsrch-rs" "/workspace/builds/worker-6-tc1/source", kill_on_drop: false }`
[INFO] [stderr] Cloning into '/workspace/builds/worker-6-tc1/source'...
[INFO] [stderr] done.
[INFO] validating manifest of git repo https://github.com/pmsanford/srch-rs on toolchain 1.69.0
[INFO] running `Command { std: CARGO_HOME="/workspace/cargo-home" RUSTUP_HOME="/workspace/rustup-home" "/workspace/cargo-home/bin/cargo" "+1.69.0" "metadata" "--manifest-path" "Cargo.toml" "--no-deps", kill_on_drop: false }`
[INFO] started tweaking git repo https://github.com/pmsanford/srch-rs
[INFO] finished tweaking git repo https://github.com/pmsanford/srch-rs
[INFO] tweaked toml for git repo https://github.com/pmsanford/srch-rs written to /workspace/builds/worker-6-tc1/source/Cargo.toml
[INFO] crate git repo https://github.com/pmsanford/srch-rs already has a lockfile, it will not be regenerated
[INFO] running `Command { std: CARGO_HOME="/workspace/cargo-home" RUSTUP_HOME="/workspace/rustup-home" "/workspace/cargo-home/bin/cargo" "+1.69.0" "fetch" "--manifest-path" "Cargo.toml", kill_on_drop: false }`
[INFO] running `Command { std: "docker" "create" "-v" "/var/lib/crater-agent-workspace/builds/worker-6-tc1/target:/opt/rustwide/target:rw,Z" "-v" "/var/lib/crater-agent-workspace/builds/worker-6-tc1/source:/opt/rustwide/workdir:ro,Z" "-v" "/var/lib/crater-agent-workspace/cargo-home:/opt/rustwide/cargo-home:ro,Z" "-v" "/var/lib/crater-agent-workspace/rustup-home:/opt/rustwide/rustup-home:ro,Z" "-e" "SOURCE_DIR=/opt/rustwide/workdir" "-e" "CARGO_TARGET_DIR=/opt/rustwide/target" "-e" "CARGO_HOME=/opt/rustwide/cargo-home" "-e" "RUSTUP_HOME=/opt/rustwide/rustup-home" "-w" "/opt/rustwide/workdir" "-m" "1610612736" "--user" "0:0" "--network" "none" "ghcr.io/rust-lang/crates-build-env/linux@sha256:5ff2268d62e97bff2cde7d5815dd6ed5b47097566f13b8d0ca110b04b60e07ed" "/opt/rustwide/cargo-home/bin/cargo" "+1.69.0" "metadata" "--no-deps" "--format-version=1", kill_on_drop: false }`
[INFO] [stdout] 0c06239e8b4e13b691624dacfceebe91f72a609e50c0afdcd8da3eba3e9472d2
[INFO] running `Command { std: "docker" "start" "-a" "0c06239e8b4e13b691624dacfceebe91f72a609e50c0afdcd8da3eba3e9472d2", kill_on_drop: false }`
[INFO] running `Command { std: "docker" "inspect" "0c06239e8b4e13b691624dacfceebe91f72a609e50c0afdcd8da3eba3e9472d2", kill_on_drop: false }`
[INFO] running `Command { std: "docker" "rm" "-f" "0c06239e8b4e13b691624dacfceebe91f72a609e50c0afdcd8da3eba3e9472d2", kill_on_drop: false }`
[INFO] [stdout] 0c06239e8b4e13b691624dacfceebe91f72a609e50c0afdcd8da3eba3e9472d2
[INFO] running `Command { std: "docker" "create" "-v" "/var/lib/crater-agent-workspace/builds/worker-6-tc1/target:/opt/rustwide/target:rw,Z" "-v" "/var/lib/crater-agent-workspace/builds/worker-6-tc1/source:/opt/rustwide/workdir:ro,Z" "-v" "/var/lib/crater-agent-workspace/cargo-home:/opt/rustwide/cargo-home:ro,Z" "-v" "/var/lib/crater-agent-workspace/rustup-home:/opt/rustwide/rustup-home:ro,Z" "-e" "SOURCE_DIR=/opt/rustwide/workdir" "-e" "CARGO_TARGET_DIR=/opt/rustwide/target" "-e" "CARGO_INCREMENTAL=0" "-e" "RUST_BACKTRACE=full" "-e" "RUSTFLAGS=--cap-lints=warn" "-e" "RUSTDOCFLAGS=--cap-lints=warn" "-e" "CARGO_HOME=/opt/rustwide/cargo-home" "-e" "RUSTUP_HOME=/opt/rustwide/rustup-home" "-w" "/opt/rustwide/workdir" "-m" "1610612736" "--user" "0:0" "--network" "none" "ghcr.io/rust-lang/crates-build-env/linux@sha256:5ff2268d62e97bff2cde7d5815dd6ed5b47097566f13b8d0ca110b04b60e07ed" "/opt/rustwide/cargo-home/bin/cargo" "+1.69.0" "doc" "--frozen" "--no-deps" "--document-private-items" "--message-format=json", kill_on_drop: false }`
[INFO] [stdout] 753595c66ffd1a8c4474861a4435e71a094594220d3ed9b16644b4aac0429e0f
[INFO] running `Command { std: "docker" "start" "-a" "753595c66ffd1a8c4474861a4435e71a094594220d3ed9b16644b4aac0429e0f", kill_on_drop: false }`
[INFO] [stderr]     Checking miniparse v0.0.1 (/opt/rustwide/workdir/miniparse)
[INFO] [stdout] error[E0463]: can't find crate for `syntax`
[INFO] [stdout]  --> miniparse/src/lib.rs:1:1
[INFO] [stdout]   |
[INFO] [stdout] 1 | extern crate syntax;
[INFO] [stdout]   | ^^^^^^^^^^^^^^^^^^^^ can't find crate
[INFO] [stdout] 
[INFO] [stdout] 
[INFO] [stdout] error[E0462]: found staticlib `rustc` instead of rlib or dylib
[INFO] [stdout]  --> miniparse/src/lib.rs:2:1
[INFO] [stdout]   |
[INFO] [stdout] 2 | extern crate rustc;
[INFO] [stdout]   | ^^^^^^^^^^^^^^^^^^^
[INFO] [stdout]   |
[INFO] [stdout]   = note: the following crate versions were found:
[INFO] [stdout]           crate `rustc`: /opt/rustwide/rustup-home/toolchains/1.69.0-x86_64-unknown-linux-gnu/lib/rustlib/x86_64-unknown-linux-gnu/lib/librustc-stable_rt.msan.a
[INFO] [stdout]           crate `rustc`: /opt/rustwide/rustup-home/toolchains/1.69.0-x86_64-unknown-linux-gnu/lib/rustlib/x86_64-unknown-linux-gnu/lib/librustc-stable_rt.asan.a
[INFO] [stdout]           crate `rustc`: /opt/rustwide/rustup-home/toolchains/1.69.0-x86_64-unknown-linux-gnu/lib/rustlib/x86_64-unknown-linux-gnu/lib/librustc-stable_rt.tsan.a
[INFO] [stdout]           crate `rustc`: /opt/rustwide/rustup-home/toolchains/1.69.0-x86_64-unknown-linux-gnu/lib/rustlib/x86_64-unknown-linux-gnu/lib/librustc-stable_rt.lsan.a
[INFO] [stdout]   = help: please recompile that crate using --crate-type lib
[INFO] [stdout] 
[INFO] [stdout] 
[INFO] [stdout] error[E0412]: cannot find type `uint` in this scope
[INFO] [stdout]    --> miniparse/src/lib.rs:108:52
[INFO] [stdout]     |
[INFO] [stdout] 108 |     pub fn get_line_from_span(&self, spn: Span) -> uint {
[INFO] [stdout]     |                                                    ^^^^ not found in this scope
[INFO] [stdout] 
[INFO] [stdout] 
[INFO] [stdout] error[E0658]: box expression syntax is experimental; you can call `Box::new` instead
[INFO] [stdout]   --> miniparse/src/lib.rs:62:37
[INFO] [stdout]    |
[INFO] [stdout] 62 |     Parser::new(parse_session, cfg, box lexer)
[INFO] [stdout]    |                                     ^^^^^^^^^
[INFO] [stdout]    |
[INFO] [stdout]    = note: see issue #49733 <https://github.com/rust-lang/rust/issues/49733> for more information
[INFO] [stdout] 
[INFO] [stdout] 
[INFO] [stdout] error[E0658]: box expression syntax is experimental; you can call `Box::new` instead
[INFO] [stdout]   --> miniparse/src/lib.rs:93:59
[INFO] [stdout]    |
[INFO] [stdout] 93 |         let mut parser = Parser::new(&parse_session, cfg, box lexer);
[INFO] [stdout]    |                                                           ^^^^^^^^^
[INFO] [stdout]    |
[INFO] [stdout]    = note: see issue #49733 <https://github.com/rust-lang/rust/issues/49733> for more information
[INFO] [stdout] 
[INFO] [stdout] 
[INFO] [stdout] error: invalid suffix `u` for number literal
[INFO] [stdout]    --> miniparse/src/lib.rs:110:21
[INFO] [stdout]     |
[INFO] [stdout] 110 |         let mut a = 0u;
[INFO] [stdout]     |                     ^^ invalid suffix `u`
[INFO] [stdout]     |
[INFO] [stdout]     = help: the suffix must be one of the numeric types (`u32`, `isize`, `f32`, etc.)
[INFO] [stdout] 
[INFO] [stdout] 
[INFO] [stdout] error: invalid suffix `u` for number literal
[INFO] [stdout]    --> miniparse/src/lib.rs:114:27
[INFO] [stdout]     |
[INFO] [stdout] 114 |             while b - a > 1u {
[INFO] [stdout]     |                           ^^ invalid suffix `u`
[INFO] [stdout]     |
[INFO] [stdout]     = help: the suffix must be one of the numeric types (`u32`, `isize`, `f32`, etc.)
[INFO] [stdout] 
[INFO] [stdout] 
[INFO] [stdout] error: invalid suffix `u` for number literal
[INFO] [stdout]    --> miniparse/src/lib.rs:115:35
[INFO] [stdout]     |
[INFO] [stdout] 115 |                 let m = (a + b) / 2u;
[INFO] [stdout]     |                                   ^^ invalid suffix `u`
[INFO] [stdout]     |
[INFO] [stdout]     = help: the suffix must be one of the numeric types (`u32`, `isize`, `f32`, etc.)
[INFO] [stdout] 
[INFO] [stdout] 
[INFO] [stdout] error: aborting due to 8 previous errors
[INFO] [stdout] 
[INFO] [stdout] 
[INFO] [stdout] Some errors have detailed explanations: E0412, E0462, E0463, E0658.
[INFO] [stdout] 
[INFO] [stdout] For more information about an error, try `rustc --explain E0412`.
[INFO] [stdout] 
[INFO] [stderr] error: could not compile `miniparse` due to 9 previous errors
[INFO] running `Command { std: "docker" "inspect" "753595c66ffd1a8c4474861a4435e71a094594220d3ed9b16644b4aac0429e0f", kill_on_drop: false }`
[INFO] running `Command { std: "docker" "rm" "-f" "753595c66ffd1a8c4474861a4435e71a094594220d3ed9b16644b4aac0429e0f", kill_on_drop: false }`
[INFO] [stdout] 753595c66ffd1a8c4474861a4435e71a094594220d3ed9b16644b4aac0429e0f
