[INFO] cloning repository https://github.com/pieterjan-blockchain/rust_python
[INFO] running `Command { std: "git" "-c" "credential.helper=" "-c" "credential.helper=/workspace/cargo-home/bin/git-credential-null" "clone" "--bare" "https://github.com/pieterjan-blockchain/rust_python" "/workspace/cache/git-repos/https%3A%2F%2Fgithub.com%2Fpieterjan-blockchain%2Frust_python", kill_on_drop: false }`
[INFO] [stderr] Cloning into bare repository '/workspace/cache/git-repos/https%3A%2F%2Fgithub.com%2Fpieterjan-blockchain%2Frust_python'...
[INFO] running `Command { std: "git" "rev-parse" "HEAD", kill_on_drop: false }`
[INFO] [stdout] 781bd8b2911d036efc0dea1c7c219880136ada8d
[INFO] documenting pieterjan-blockchain/rust_python against 1.69.0 for beta-1.70-rustdoc-1
[INFO] running `Command { std: "git" "clone" "/workspace/cache/git-repos/https%3A%2F%2Fgithub.com%2Fpieterjan-blockchain%2Frust_python" "/workspace/builds/worker-3-tc1/source", kill_on_drop: false }`
[INFO] [stderr] Cloning into '/workspace/builds/worker-3-tc1/source'...
[INFO] [stderr] done.
[INFO] validating manifest of git repo https://github.com/pieterjan-blockchain/rust_python on toolchain 1.69.0
[INFO] running `Command { std: CARGO_HOME="/workspace/cargo-home" RUSTUP_HOME="/workspace/rustup-home" "/workspace/cargo-home/bin/cargo" "+1.69.0" "metadata" "--manifest-path" "Cargo.toml" "--no-deps", kill_on_drop: false }`
[INFO] removed /workspace/builds/worker-3-tc1/source/rust-toolchain
[INFO] started tweaking git repo https://github.com/pieterjan-blockchain/rust_python
[INFO] finished tweaking git repo https://github.com/pieterjan-blockchain/rust_python
[INFO] tweaked toml for git repo https://github.com/pieterjan-blockchain/rust_python written to /workspace/builds/worker-3-tc1/source/Cargo.toml
[INFO] crate git repo https://github.com/pieterjan-blockchain/rust_python already has a lockfile, it will not be regenerated
[INFO] running `Command { std: CARGO_HOME="/workspace/cargo-home" RUSTUP_HOME="/workspace/rustup-home" "/workspace/cargo-home/bin/cargo" "+1.69.0" "fetch" "--manifest-path" "Cargo.toml", kill_on_drop: false }`
[INFO] [stderr]  Downloading crates ...
[INFO] [stderr]   Downloaded phf_macros v0.9.0
[INFO] [stderr]   Downloaded serde-wasm-bindgen v0.1.3
[INFO] [stderr]   Downloaded flame v0.2.2
[INFO] [stderr]   Downloaded mt19937 v2.0.1
[INFO] [stderr]   Downloaded cranelift-frontend v0.72.0
[INFO] [stderr]   Downloaded cpython v0.6.0
[INFO] [stderr]   Downloaded phf_shared v0.9.0
[INFO] [stderr]   Downloaded lalrpop-util v0.19.6
[INFO] [stderr]   Downloaded lalrpop v0.19.6
[INFO] [stderr]   Downloaded cranelift-entity v0.72.0
[INFO] [stderr]   Downloaded cranelift-codegen-shared v0.72.0
[INFO] [stderr]   Downloaded libffi v1.0.1
[INFO] [stderr]   Downloaded abort_on_panic v2.0.0
[INFO] [stderr]   Downloaded cranelift-bforest v0.72.0
[INFO] [stderr]   Downloaded cranelift-native v0.72.0
[INFO] [stderr]   Downloaded puruspe v0.1.5
[INFO] [stderr]   Downloaded python3-sys v0.6.0
[INFO] [stderr]   Downloaded make-cmd v0.1.0
[INFO] [stderr]   Downloaded system-configuration-sys v0.4.1
[INFO] [stderr]   Downloaded cranelift v0.72.0
[INFO] [stderr]   Downloaded flamescope v0.1.2
[INFO] [stderr]   Downloaded clipboard-win v4.2.1
[INFO] [stderr]   Downloaded hexf-parse v0.1.0
[INFO] [stderr]   Downloaded unicode-casing v0.1.0
[INFO] [stderr]   Downloaded system-configuration v0.4.0
[INFO] [stderr]   Downloaded flamer v0.4.0
[INFO] [stderr]   Downloaded cranelift-jit v0.72.0
[INFO] [stderr]   Downloaded result-like-derive v0.4.0
[INFO] [stderr]   Downloaded result-like v0.4.0
[INFO] [stderr]   Downloaded syn-ext v0.3.0
[INFO] [stderr]   Downloaded rustyline v9.0.0
[INFO] [stderr]   Downloaded cranelift-module v0.72.0
[INFO] [stderr]   Downloaded cranelift-codegen v0.72.0
[INFO] [stderr]   Downloaded cranelift-codegen-meta v0.72.0
[INFO] [stderr]   Downloaded similar v1.3.0
[INFO] [stderr]   Downloaded sre-engine v0.1.2
[INFO] [stderr]   Downloaded phf_generator v0.9.1
[INFO] [stderr]   Downloaded unicode_names2 v0.4.0
[INFO] [stderr]   Downloaded timsort v0.1.2
[INFO] [stderr]   Downloaded phf v0.9.0
[INFO] [stderr]   Downloaded lz4_flex v0.7.5
[INFO] [stderr]   Downloaded libffi-sys v1.1.1
[INFO] [stderr]   Downloaded insta v1.7.2
[INFO] [stderr]   Downloaded openssl-src v111.16.0+1.1.1l
[INFO] running `Command { std: "docker" "create" "-v" "/var/lib/crater-agent-workspace/builds/worker-3-tc1/target:/opt/rustwide/target:rw,Z" "-v" "/var/lib/crater-agent-workspace/builds/worker-3-tc1/source:/opt/rustwide/workdir:ro,Z" "-v" "/var/lib/crater-agent-workspace/cargo-home:/opt/rustwide/cargo-home:ro,Z" "-v" "/var/lib/crater-agent-workspace/rustup-home:/opt/rustwide/rustup-home:ro,Z" "-e" "SOURCE_DIR=/opt/rustwide/workdir" "-e" "CARGO_TARGET_DIR=/opt/rustwide/target" "-e" "CARGO_HOME=/opt/rustwide/cargo-home" "-e" "RUSTUP_HOME=/opt/rustwide/rustup-home" "-w" "/opt/rustwide/workdir" "-m" "1610612736" "--user" "0:0" "--network" "none" "ghcr.io/rust-lang/crates-build-env/linux@sha256:5ff2268d62e97bff2cde7d5815dd6ed5b47097566f13b8d0ca110b04b60e07ed" "/opt/rustwide/cargo-home/bin/cargo" "+1.69.0" "metadata" "--no-deps" "--format-version=1", kill_on_drop: false }`
[INFO] [stdout] 04ef58563d2d0945f066de5a8edc7454b537ab1ae79ed33efdd6a6190d97b36d
[INFO] running `Command { std: "docker" "start" "-a" "04ef58563d2d0945f066de5a8edc7454b537ab1ae79ed33efdd6a6190d97b36d", kill_on_drop: false }`
[INFO] running `Command { std: "docker" "inspect" "04ef58563d2d0945f066de5a8edc7454b537ab1ae79ed33efdd6a6190d97b36d", kill_on_drop: false }`
[INFO] running `Command { std: "docker" "rm" "-f" "04ef58563d2d0945f066de5a8edc7454b537ab1ae79ed33efdd6a6190d97b36d", kill_on_drop: false }`
[INFO] [stdout] 04ef58563d2d0945f066de5a8edc7454b537ab1ae79ed33efdd6a6190d97b36d
[INFO] running `Command { std: "docker" "create" "-v" "/var/lib/crater-agent-workspace/builds/worker-3-tc1/target:/opt/rustwide/target:rw,Z" "-v" "/var/lib/crater-agent-workspace/builds/worker-3-tc1/source:/opt/rustwide/workdir:ro,Z" "-v" "/var/lib/crater-agent-workspace/cargo-home:/opt/rustwide/cargo-home:ro,Z" "-v" "/var/lib/crater-agent-workspace/rustup-home:/opt/rustwide/rustup-home:ro,Z" "-e" "SOURCE_DIR=/opt/rustwide/workdir" "-e" "CARGO_TARGET_DIR=/opt/rustwide/target" "-e" "CARGO_INCREMENTAL=0" "-e" "RUST_BACKTRACE=full" "-e" "RUSTFLAGS=--cap-lints=warn" "-e" "RUSTDOCFLAGS=--cap-lints=warn" "-e" "CARGO_HOME=/opt/rustwide/cargo-home" "-e" "RUSTUP_HOME=/opt/rustwide/rustup-home" "-w" "/opt/rustwide/workdir" "-m" "1610612736" "--user" "0:0" "--network" "none" "ghcr.io/rust-lang/crates-build-env/linux@sha256:5ff2268d62e97bff2cde7d5815dd6ed5b47097566f13b8d0ca110b04b60e07ed" "/opt/rustwide/cargo-home/bin/cargo" "+1.69.0" "doc" "--frozen" "--no-deps" "--document-private-items" "--message-format=json", kill_on_drop: false }`
[INFO] [stdout] 654d310b43fbaf3ab437a2b4a7a0b4fd3729707595151ded08742ec571db76e7
[INFO] running `Command { std: "docker" "start" "-a" "654d310b43fbaf3ab437a2b4a7a0b4fd3729707595151ded08742ec571db76e7", kill_on_drop: false }`
[INFO] [stderr]    Compiling autocfg v1.0.1
[INFO] [stderr]    Compiling unicode-xid v0.2.2
[INFO] [stderr]    Compiling proc-macro2 v1.0.30
[INFO] [stderr]    Compiling syn v1.0.80
[INFO] [stderr]    Compiling libc v0.2.102
[INFO] [stderr]    Compiling serde_derive v1.0.127
[INFO] [stderr]    Compiling memchr v2.4.0
[INFO] [stderr]    Compiling serde v1.0.127
[INFO] [stderr]     Checking cfg-if v1.0.0
[INFO] [stderr]    Compiling version_check v0.9.3
[INFO] [stderr]    Compiling bitflags v1.2.1
[INFO] [stderr]    Compiling siphasher v0.3.6
[INFO] [stderr]    Compiling ryu v1.0.5
[INFO] [stderr]    Compiling regex-syntax v0.6.25
[INFO] [stderr]    Compiling lazy_static v1.4.0
[INFO] [stderr]    Compiling ppv-lite86 v0.2.10
[INFO] [stderr]    Compiling radium v0.6.2
[INFO] [stderr]     Checking unic-common v0.9.0
[INFO] [stderr]    Compiling lexical-core v0.7.6
[INFO] [stderr]     Checking unic-ucd-version v0.9.0
[INFO] [stderr]     Checking unic-char-range v0.9.0
[INFO] [stderr]    Compiling either v1.6.1
[INFO] [stderr]     Checking unic-char-property v0.9.0
[INFO] [stderr]    Compiling log v0.4.14
[INFO] [stderr]    Compiling crunchy v0.2.2
[INFO] [stderr]    Compiling itertools v0.10.1
[INFO] [stderr]    Compiling hashbrown v0.11.2
[INFO] [stderr]    Compiling tiny-keccak v2.0.2
[INFO] [stderr]    Compiling proc-macro-hack v0.5.19
[INFO] [stderr]     Checking smallvec v1.6.1
[INFO] [stderr]    Compiling typenum v1.14.0
[INFO] [stderr]    Compiling aho-corasick v0.7.18
[INFO] [stderr]    Compiling phf_shared v0.8.0
[INFO] [stderr]    Compiling phf_shared v0.9.0
[INFO] [stderr]    Compiling new_debug_unreachable v1.0.4
[INFO] [stderr]    Compiling fixedbitset v0.2.0
[INFO] [stderr]    Compiling quote v1.0.10
[INFO] [stderr]    Compiling precomputed-hash v0.1.1
[INFO] [stderr]    Compiling num-traits v0.2.14
[INFO] [stderr]    Compiling num-bigint v0.4.2
[INFO] [stderr]    Compiling getrandom v0.2.3
[INFO] [stderr]    Compiling indexmap v1.7.0
[INFO] [stderr]    Compiling dirs-sys-next v0.1.2
[INFO] [stderr]    Compiling rand_core v0.6.3
[INFO] [stderr]    Compiling rand_chacha v0.3.1
[INFO] [stderr]    Compiling num-integer v0.1.44
[INFO] [stderr]    Compiling regex v1.5.4
[INFO] [stderr]    Compiling rand v0.8.4
[INFO] [stderr]    Compiling dirs-next v2.0.0
[INFO] [stderr]    Compiling ahash v0.7.4
[INFO] [stderr]    Compiling term v0.7.0
[INFO] [stderr]    Compiling generic-array v0.14.4
[INFO] [stderr]    Compiling bit-vec v0.6.3
[INFO] [stderr]    Compiling petgraph v0.5.1
[INFO] [stderr]    Compiling phf_generator v0.9.1
[INFO] [stderr]    Compiling ascii-canvas v3.0.0
[INFO] [stderr]    Compiling bit-set v0.5.2
[INFO] [stderr]    Compiling string_cache v0.8.1
[INFO] [stderr]    Compiling atty v0.2.14
[INFO] [stderr]    Compiling lalrpop-util v0.19.6
[INFO] [stderr]    Compiling ena v0.14.0
[INFO] [stderr]    Compiling pico-args v0.4.2
[INFO] [stderr]    Compiling diff v0.1.12
[INFO] [stderr]     Checking instant v0.1.10
[INFO] [stderr]    Compiling scopeguard v1.1.0
[INFO] [stderr]    Compiling matches v0.1.9
[INFO] [stderr]    Compiling static_assertions v1.1.0
[INFO] [stderr]    Compiling arrayvec v0.5.2
[INFO] [stderr]    Compiling once_cell v1.8.0
[INFO] [stderr]    Compiling lalrpop v0.19.6
[INFO] [stderr]    Compiling unic-ucd-category v0.9.0
[INFO] [stderr]    Compiling lock_api v0.4.4
[INFO] [stderr]     Checking parking_lot_core v0.8.3
[INFO] [stderr]    Compiling hexf-parse v0.1.0
[INFO] [stderr]    Compiling volatile v0.3.0
[INFO] [stderr]    Compiling ascii v1.0.0
[INFO] [stderr]     Checking parking_lot v0.11.1
[INFO] [stderr]    Compiling pkg-config v0.3.19
[INFO] [stderr]    Compiling regex-automata v0.1.10
[INFO] [stderr]    Compiling semver v1.0.4
[INFO] [stderr]    Compiling cc v1.0.69
[INFO] [stderr]    Compiling bstr v0.2.16
[INFO] [stderr]     Checking digest v0.9.0
[INFO] [stderr]    Compiling memoffset v0.6.4
[INFO] [stderr]     Checking opaque-debug v0.3.0
[INFO] [stderr]     Checking block-padding v0.2.1
[INFO] [stderr]    Compiling lz4_flex v0.7.5
[INFO] [stderr]     Checking block-buffer v0.9.0
[INFO] [stderr]    Compiling pmutil v0.5.3
[INFO] [stderr]    Compiling Inflector v0.11.4
[INFO] [stderr]    Compiling miniz_oxide v0.4.4
[INFO] [stderr]    Compiling unic-emoji-char v0.9.0
[INFO] [stderr]    Compiling unic-ucd-ident v0.9.0
[INFO] [stderr]    Compiling unicode_names2 v0.4.0
[INFO] [stderr]    Compiling crc32fast v1.2.1
[INFO] [stderr]     Checking tinyvec_macros v0.1.0
[INFO] [stderr]     Checking unicode-width v0.1.8
[INFO] [stderr]    Compiling serde_json v1.0.68
[INFO] [stderr]     Checking tinyvec v1.3.1
[INFO] [stderr]    Compiling rustc_version v0.4.0
[INFO] [stderr]    Compiling num-rational v0.4.0
[INFO] [stderr]     Checking nibble_vec v0.1.0
[INFO] [stderr]    Compiling build_const v0.2.2
[INFO] [stderr]    Compiling crossbeam-utils v0.8.5
[INFO] [stderr]     Checking adler v1.0.2
[INFO] [stderr]    Compiling itoa v0.4.7
[INFO] [stderr]    Compiling smawk v0.3.1
[INFO] [stderr]    Compiling rustpython-pylib v0.1.0 (/opt/rustwide/workdir/vm/pylib-crate)
[INFO] [stderr]     Checking endian-type v0.1.2
[INFO] [stderr]    Compiling unicode-segmentation v1.8.0
[INFO] [stderr]     Checking radix_trie v0.2.1
[INFO] [stderr]    Compiling textwrap v0.13.4
[INFO] [stderr]     Checking unicode-normalization v0.1.19
[INFO] [stderr]    Compiling crc v1.8.1
[INFO] [stderr]     Checking nix v0.22.1
[INFO] [stderr]    Compiling heck v0.3.3
[INFO] [stderr]    Compiling syn-ext v0.3.0
[INFO] [stderr]    Compiling rustpython-vm v0.1.2 (/opt/rustwide/workdir/vm)
[INFO] [stderr]     Checking time v0.1.44
[INFO] [stderr]     Checking fd-lock v3.0.0
[INFO] [stderr]     Checking unic-ucd-hangul v0.9.0
[INFO] [stderr]     Checking subtle v2.4.1
[INFO] [stderr]     Checking utf8parse v0.2.0
[INFO] [stderr]    Compiling maplit v1.0.2
[INFO] [stderr]     Checking cpufeatures v0.2.1
[INFO] [stderr]     Checking unic-ucd-normal v0.9.0
[INFO] [stderr]     Checking chrono v0.4.19
[INFO] [stderr]     Checking crypto-mac v0.8.0
[INFO] [stderr]     Checking which v4.2.2
[INFO] [stderr]     Checking thread_local v1.1.3
[INFO] [stderr]     Checking socket2 v0.4.1
[INFO] [stderr]     Checking num_cpus v1.13.0
[INFO] [stderr]     Checking uname v0.1.1
[INFO] [stderr]     Checking unic-ucd-bidi v0.9.0
[INFO] [stderr]     Checking adler32 v1.2.0
[INFO] [stderr]     Checking unicode-casing v0.1.0
[INFO] [stderr]     Checking timsort v0.1.2
[INFO] [stderr]     Checking exitcode v1.1.2
[INFO] [stderr]    Compiling paste v1.0.5
[INFO] [stderr]     Checking strum v0.21.0
[INFO] [stderr]     Checking hex v0.4.3
[INFO] [stderr]     Checking keccak v0.1.0
[INFO] [stderr]     Checking half v1.7.1
[INFO] [stderr]    Compiling rustpython-stdlib v0.1.2 (/opt/rustwide/workdir/stdlib)
[INFO] [stderr]     Checking dns-lookup v1.0.8
[INFO] [stderr]     Checking blake2 v0.9.2
[INFO] [stderr]     Checking sha3 v0.9.1
[INFO] [stderr]     Checking unic-normal v0.9.0
[INFO] [stderr]     Checking sha2 v0.9.8
[INFO] [stderr]     Checking sha-1 v0.9.8
[INFO] [stderr]     Checking textwrap v0.11.0
[INFO] [stderr]     Checking md-5 v0.9.1
[INFO] [stderr]     Checking csv-core v0.1.10
[INFO] [stderr]     Checking mt19937 v2.0.1
[INFO] [stderr]     Checking gethostname v0.2.1
[INFO] [stderr]     Checking termios v0.3.3
[INFO] [stderr]     Checking unic-ucd-age v0.9.0
[INFO] [stderr]     Checking puruspe v0.1.5
[INFO] [stderr]     Checking xml-rs v0.8.4
[INFO] [stderr]     Checking strsim v0.8.0
[INFO] [stderr]     Checking vec_map v0.8.2
[INFO] [stderr]     Checking termcolor v1.1.2
[INFO] [stderr]     Checking base64 v0.13.0
[INFO] [stderr]     Checking ansi_term v0.11.0
[INFO] [stderr]    Compiling libz-sys v1.1.3
[INFO] [stderr]     Checking clap v2.33.3
[INFO] [stderr]     Checking env_logger v0.8.4
[INFO] [stderr]     Checking rustyline v9.0.0
[INFO] [stderr]     Checking flate2 v1.0.20
[INFO] [stderr]    Compiling caseless v0.2.1
[INFO] [stderr]    Compiling thiserror-impl v1.0.26
[INFO] [stderr]    Compiling phf_macros v0.9.0
[INFO] [stderr]    Compiling derivative v2.2.0
[INFO] [stderr]    Compiling result-like-derive v0.4.0
[INFO] [stderr]    Compiling is-macro v0.1.9
[INFO] [stderr]    Compiling strum_macros v0.21.1
[INFO] [stderr]    Compiling phf v0.9.0
[INFO] [stderr]    Compiling thiserror v1.0.26
[INFO] [stderr]     Checking result-like v0.4.0
[INFO] [stderr]    Compiling rustpython-parser v0.1.2 (/opt/rustwide/workdir/parser)
[INFO] [stderr]     Checking num-complex v0.4.0
[INFO] [stderr]     Checking bincode v1.3.3
[INFO] [stderr]    Compiling toml v0.5.8
[INFO] [stderr]     Checking rustpython-common v0.0.0 (/opt/rustwide/workdir/common)
[INFO] [stderr]     Checking rustpython-bytecode v0.1.2 (/opt/rustwide/workdir/bytecode)
[INFO] [stderr]    Compiling proc-macro-crate v1.0.0
[INFO] [stderr]     Checking rustpython-ast v0.1.0 (/opt/rustwide/workdir/ast)
[INFO] [stderr]     Checking rustpython-compiler-core v0.1.2 (/opt/rustwide/workdir/compiler)
[INFO] [stderr]    Compiling num_enum_derive v0.5.4
[INFO] [stderr]     Checking rustpython-compiler v0.1.2 (/opt/rustwide/workdir/compiler/porcelain)
[INFO] [stderr]     Checking num_enum v0.5.4
[INFO] [stderr]     Checking sre-engine v0.1.2
[INFO] [stderr]    Compiling rustpython-derive v0.1.2 (/opt/rustwide/workdir/derive)
[INFO] [stdout] error: Python compile error from Lib/python_builtins/_frozen_importlib.py: invalid syntax. Got unexpected token '.' at line 1 column 1
[INFO] [stdout]        ../../../Lib/importlib/_bootstrap.py
[INFO] [stdout]        ↑
[INFO] [stdout]   --> vm/src/frozen.rs:41:24
[INFO] [stdout]    |
[INFO] [stdout] 41 |     ext_modules!(iter, dir = "Lib/python_builtins/");
[INFO] [stdout]    |                        ^^^^^^^^^^^^^^^^^^^^^^^^^^^^
[INFO] [stdout] 
[INFO] [stdout] 
[INFO] [stdout] error: Python compile error from Lib/core_modules/copyreg.py: invalid syntax. Got unexpected token '.' at line 1 column 1
[INFO] [stdout]        ../../../Lib/copyreg.py
[INFO] [stdout]        ↑
[INFO] [stdout]   --> vm/src/frozen.rs:46:24
[INFO] [stdout]    |
[INFO] [stdout] 46 |     ext_modules!(iter, dir = "Lib/core_modules/");
[INFO] [stdout]    |                        ^^^^^^^^^^^^^^^^^^^^^^^^^
[INFO] [stdout] 
[INFO] [stdout] 
[INFO] [stdout] error[E0425]: cannot find value `slots` in this scope
[INFO] [stdout]    --> vm/src/builtins/dict.rs:909:5
[INFO] [stdout]     |
[INFO] [stdout] 909 |     PyDictKeyIterator,
[INFO] [stdout]     |     ^^^^^^^^^^^^^^^^^ not found in this scope
[INFO] [stdout] 
[INFO] [stdout] 
[INFO] [stdout] error[E0425]: cannot find value `slots` in this scope
[INFO] [stdout]    --> vm/src/builtins/dict.rs:910:5
[INFO] [stdout]     |
[INFO] [stdout] 910 |     PyDictReverseKeyIterator,
[INFO] [stdout]     |     ^^^^^^^^^^^^^^^^^^^^^^^^ not found in this scope
[INFO] [stdout] 
[INFO] [stdout] 
[INFO] [stdout] error[E0425]: cannot find value `slots` in this scope
[INFO] [stdout]    --> vm/src/builtins/dict.rs:922:5
[INFO] [stdout]     |
[INFO] [stdout] 922 |     PyDictValueIterator,
[INFO] [stdout]     |     ^^^^^^^^^^^^^^^^^^^ not found in this scope
[INFO] [stdout] 
[INFO] [stdout] 
[INFO] [stdout] error[E0425]: cannot find value `slots` in this scope
[INFO] [stdout]    --> vm/src/builtins/dict.rs:923:5
[INFO] [stdout]     |
[INFO] [stdout] 923 |     PyDictReverseValueIterator,
[INFO] [stdout]     |     ^^^^^^^^^^^^^^^^^^^^^^^^^^ not found in this scope
[INFO] [stdout] 
[INFO] [stdout] 
[INFO] [stdout] error[E0425]: cannot find value `slots` in this scope
[INFO] [stdout]    --> vm/src/builtins/dict.rs:935:5
[INFO] [stdout]     |
[INFO] [stdout] 935 |     PyDictItemIterator,
[INFO] [stdout]     |     ^^^^^^^^^^^^^^^^^^ not found in this scope
[INFO] [stdout] 
[INFO] [stdout] 
[INFO] [stdout] error[E0425]: cannot find value `slots` in this scope
[INFO] [stdout]    --> vm/src/builtins/dict.rs:936:5
[INFO] [stdout]     |
[INFO] [stdout] 936 |     PyDictReverseItemIterator,
[INFO] [stdout]     |     ^^^^^^^^^^^^^^^^^^^^^^^^^ not found in this scope
[INFO] [stdout] 
[INFO] [stdout] 
[INFO] [stdout] warning: unnecessary parentheses around match arm expression
[INFO] [stdout]    --> vm/src/stdlib/io.rs:275:28
[INFO] [stdout]     |
[INFO] [stdout] 275 |                 Some(i) => (available[..=i].to_vec()),
[INFO] [stdout]     |                            ^                        ^
[INFO] [stdout]     |
[INFO] [stdout]     = note: `#[warn(unused_parens)]` on by default
[INFO] [stdout] help: remove these parentheses
[INFO] [stdout]     |
[INFO] [stdout] 275 -                 Some(i) => (available[..=i].to_vec()),
[INFO] [stdout] 275 +                 Some(i) => available[..=i].to_vec(),
[INFO] [stdout]     |
[INFO] [stdout] 
[INFO] [stdout] 
[INFO] [stdout] warning: unnecessary parentheses around match arm expression
[INFO] [stdout]    --> vm/src/stdlib/io.rs:276:22
[INFO] [stdout]     |
[INFO] [stdout] 276 |                 _ => (available.to_vec()),
[INFO] [stdout]     |                      ^                  ^
[INFO] [stdout]     |
[INFO] [stdout] help: remove these parentheses
[INFO] [stdout]     |
[INFO] [stdout] 276 -                 _ => (available.to_vec()),
[INFO] [stdout] 276 +                 _ => available.to_vec(),
[INFO] [stdout]     |
[INFO] [stdout] 
[INFO] [stdout] 
[INFO] [stdout] error: aborting due to 8 previous errors; 2 warnings emitted
[INFO] [stdout] 
[INFO] [stdout] 
[INFO] [stdout] For more information about this error, try `rustc --explain E0425`.
[INFO] [stdout] 
[INFO] [stderr] error: could not compile `rustpython-vm` due to 9 previous errors; 2 warnings emitted
[INFO] running `Command { std: "docker" "inspect" "654d310b43fbaf3ab437a2b4a7a0b4fd3729707595151ded08742ec571db76e7", kill_on_drop: false }`
[INFO] running `Command { std: "docker" "rm" "-f" "654d310b43fbaf3ab437a2b4a7a0b4fd3729707595151ded08742ec571db76e7", kill_on_drop: false }`
[INFO] [stdout] 654d310b43fbaf3ab437a2b4a7a0b4fd3729707595151ded08742ec571db76e7
