[INFO] cloning repository https://github.com/pfpacket/saizefs
[INFO] running `Command { std: "git" "-c" "credential.helper=" "-c" "credential.helper=/workspace/cargo-home/bin/git-credential-null" "clone" "--bare" "https://github.com/pfpacket/saizefs" "/workspace/cache/git-repos/https%3A%2F%2Fgithub.com%2Fpfpacket%2Fsaizefs", kill_on_drop: false }`
[INFO] [stderr] Cloning into bare repository '/workspace/cache/git-repos/https%3A%2F%2Fgithub.com%2Fpfpacket%2Fsaizefs'...
[INFO] running `Command { std: "git" "rev-parse" "HEAD", kill_on_drop: false }`
[INFO] [stdout] 065980d28ff52ad79ad408c39874eab776f364ef
[INFO] documenting pfpacket/saizefs against beta-2023-04-20 for beta-1.70-rustdoc-1
[INFO] running `Command { std: "git" "clone" "/workspace/cache/git-repos/https%3A%2F%2Fgithub.com%2Fpfpacket%2Fsaizefs" "/workspace/builds/worker-1-tc2/source", kill_on_drop: false }`
[INFO] [stderr] Cloning into '/workspace/builds/worker-1-tc2/source'...
[INFO] [stderr] done.
[INFO] validating manifest of git repo https://github.com/pfpacket/saizefs on toolchain beta-2023-04-20
[INFO] running `Command { std: CARGO_HOME="/workspace/cargo-home" RUSTUP_HOME="/workspace/rustup-home" "/workspace/cargo-home/bin/cargo" "+beta-2023-04-20" "metadata" "--manifest-path" "Cargo.toml" "--no-deps", kill_on_drop: false }`
[INFO] started tweaking git repo https://github.com/pfpacket/saizefs
[INFO] finished tweaking git repo https://github.com/pfpacket/saizefs
[INFO] tweaked toml for git repo https://github.com/pfpacket/saizefs written to /workspace/builds/worker-1-tc2/source/Cargo.toml
[INFO] crate git repo https://github.com/pfpacket/saizefs already has a lockfile, it will not be regenerated
[INFO] running `Command { std: CARGO_HOME="/workspace/cargo-home" RUSTUP_HOME="/workspace/rustup-home" "/workspace/cargo-home/bin/cargo" "+beta-2023-04-20" "fetch" "--manifest-path" "Cargo.toml", kill_on_drop: false }`
[INFO] running `Command { std: "docker" "create" "-v" "/var/lib/crater-agent-workspace/builds/worker-1-tc2/target:/opt/rustwide/target:rw,Z" "-v" "/var/lib/crater-agent-workspace/builds/worker-1-tc2/source:/opt/rustwide/workdir:ro,Z" "-v" "/var/lib/crater-agent-workspace/cargo-home:/opt/rustwide/cargo-home:ro,Z" "-v" "/var/lib/crater-agent-workspace/rustup-home:/opt/rustwide/rustup-home:ro,Z" "-e" "SOURCE_DIR=/opt/rustwide/workdir" "-e" "CARGO_TARGET_DIR=/opt/rustwide/target" "-e" "CARGO_HOME=/opt/rustwide/cargo-home" "-e" "RUSTUP_HOME=/opt/rustwide/rustup-home" "-w" "/opt/rustwide/workdir" "-m" "1610612736" "--user" "0:0" "--network" "none" "ghcr.io/rust-lang/crates-build-env/linux@sha256:5ff2268d62e97bff2cde7d5815dd6ed5b47097566f13b8d0ca110b04b60e07ed" "/opt/rustwide/cargo-home/bin/cargo" "+beta-2023-04-20" "metadata" "--no-deps" "--format-version=1", kill_on_drop: false }`
[INFO] [stdout] 301ce2d6ea8e14adf9bff6890e4010031b87dd71de6669d6452bf3aa6417c941
[INFO] running `Command { std: "docker" "start" "-a" "301ce2d6ea8e14adf9bff6890e4010031b87dd71de6669d6452bf3aa6417c941", kill_on_drop: false }`
[INFO] running `Command { std: "docker" "inspect" "301ce2d6ea8e14adf9bff6890e4010031b87dd71de6669d6452bf3aa6417c941", kill_on_drop: false }`
[INFO] running `Command { std: "docker" "rm" "-f" "301ce2d6ea8e14adf9bff6890e4010031b87dd71de6669d6452bf3aa6417c941", kill_on_drop: false }`
[INFO] [stdout] 301ce2d6ea8e14adf9bff6890e4010031b87dd71de6669d6452bf3aa6417c941
[INFO] running `Command { std: "docker" "create" "-v" "/var/lib/crater-agent-workspace/builds/worker-1-tc2/target:/opt/rustwide/target:rw,Z" "-v" "/var/lib/crater-agent-workspace/builds/worker-1-tc2/source:/opt/rustwide/workdir:ro,Z" "-v" "/var/lib/crater-agent-workspace/cargo-home:/opt/rustwide/cargo-home:ro,Z" "-v" "/var/lib/crater-agent-workspace/rustup-home:/opt/rustwide/rustup-home:ro,Z" "-e" "SOURCE_DIR=/opt/rustwide/workdir" "-e" "CARGO_TARGET_DIR=/opt/rustwide/target" "-e" "CARGO_INCREMENTAL=0" "-e" "RUST_BACKTRACE=full" "-e" "RUSTFLAGS=--cap-lints=warn" "-e" "RUSTDOCFLAGS=--cap-lints=warn" "-e" "CARGO_HOME=/opt/rustwide/cargo-home" "-e" "RUSTUP_HOME=/opt/rustwide/rustup-home" "-w" "/opt/rustwide/workdir" "-m" "1610612736" "--user" "0:0" "--network" "none" "ghcr.io/rust-lang/crates-build-env/linux@sha256:5ff2268d62e97bff2cde7d5815dd6ed5b47097566f13b8d0ca110b04b60e07ed" "/opt/rustwide/cargo-home/bin/cargo" "+beta-2023-04-20" "doc" "--frozen" "--no-deps" "--document-private-items" "--message-format=json", kill_on_drop: false }`
[INFO] [stdout] 506e47fcf703eefb1f44aa7a4bf11578aa4cbb18a35b1b894dddcf763663829f
[INFO] running `Command { std: "docker" "start" "-a" "506e47fcf703eefb1f44aa7a4bf11578aa4cbb18a35b1b894dddcf763663829f", kill_on_drop: false }`
[INFO] [stderr]    Compiling libc v0.2.69
[INFO] [stderr]    Compiling memchr v2.3.3
[INFO] [stderr]    Compiling log v0.4.8
[INFO] [stderr]    Compiling byteorder v1.3.4
[INFO] [stderr]    Compiling num-traits v0.2.11
[INFO] [stderr]    Compiling libsqlite3-sys v0.18.0
[INFO] [stderr]    Compiling nix v0.13.1
[INFO] [stderr]     Checking thread_local v1.0.1
[INFO] [stderr]     Checking linked-hash-map v0.5.3
[INFO] [stderr]     Checking quick-error v1.2.3
[INFO] [stderr]     Checking regex-syntax v0.6.17
[INFO] [stderr]     Checking void v1.0.2
[INFO] [stderr]     Checking humantime v1.3.0
[INFO] [stderr]     Checking lru-cache v0.1.2
[INFO] [stderr]     Checking fallible-iterator v0.2.0
[INFO] [stderr]     Checking aho-corasick v0.7.10
[INFO] [stderr]     Checking termcolor v1.1.0
[INFO] [stderr]     Checking fallible-streaming-iterator v0.1.9
[INFO] [stderr]     Checking smallvec v1.4.0
[INFO] [stderr]     Checking atty v0.2.14
[INFO] [stderr]     Checking net2 v0.2.34
[INFO] [stderr]     Checking time v0.1.43
[INFO] [stderr]     Checking num-traits v0.1.43
[INFO] [stderr]     Checking rusqlite v0.23.1
[INFO] [stderr]     Checking enum_primitive v0.1.1
[INFO] [stderr]     Checking regex v1.3.7
[INFO] [stderr]     Checking env_logger v0.7.1
[INFO] [stderr]     Checking rust-9p v0.0.1 (https://github.com/pfpacket/rust-9p#01cf9c60)
[INFO] [stdout] error[E0437]: type `Ok` is not a member of trait `Try`
[INFO] [stdout]   --> /opt/rustwide/cargo-home/git/checkouts/rust-9p-f88c8d44113bf8e0/01cf9c6/src/serialize.rs:42:5
[INFO] [stdout]    |
[INFO] [stdout] 42 |     type Ok = U;
[INFO] [stdout]    |     ^^^^^^^^^^^^ not a member of trait `Try`
[INFO] [stdout] 
[INFO] [stdout] 
[INFO] [stdout] error[E0437]: type `Error` is not a member of trait `Try`
[INFO] [stdout]   --> /opt/rustwide/cargo-home/git/checkouts/rust-9p-f88c8d44113bf8e0/01cf9c6/src/serialize.rs:43:5
[INFO] [stdout]    |
[INFO] [stdout] 43 |     type Error = ::std::io::Error;
[INFO] [stdout]    |     ^^^^^^^^^^^^^^^^^^^^^^^^^^^^^^ not a member of trait `Try`
[INFO] [stdout] 
[INFO] [stdout] 
[INFO] [stdout] error[E0407]: method `into_result` is not a member of trait `Try`
[INFO] [stdout]   --> /opt/rustwide/cargo-home/git/checkouts/rust-9p-f88c8d44113bf8e0/01cf9c6/src/serialize.rs:45:5
[INFO] [stdout]    |
[INFO] [stdout] 45 | /     fn into_result(self) -> ::std::result::Result<Self::Ok, Self::Error> {
[INFO] [stdout] 46 | |         self.0
[INFO] [stdout] 47 | |     }
[INFO] [stdout]    | |_____^ not a member of trait `Try`
[INFO] [stdout] 
[INFO] [stdout] 
[INFO] [stdout] error[E0407]: method `from_error` is not a member of trait `Try`
[INFO] [stdout]   --> /opt/rustwide/cargo-home/git/checkouts/rust-9p-f88c8d44113bf8e0/01cf9c6/src/serialize.rs:49:5
[INFO] [stdout]    |
[INFO] [stdout] 49 | /     fn from_error(v: Self::Error) -> Self {
[INFO] [stdout] 50 | |         SResult(Err(v))
[INFO] [stdout] 51 | |     }
[INFO] [stdout]    | |_____^ not a member of trait `Try`
[INFO] [stdout] 
[INFO] [stdout] 
[INFO] [stdout] error[E0407]: method `from_ok` is not a member of trait `Try`
[INFO] [stdout]   --> /opt/rustwide/cargo-home/git/checkouts/rust-9p-f88c8d44113bf8e0/01cf9c6/src/serialize.rs:53:5
[INFO] [stdout]    |
[INFO] [stdout] 53 | /     fn from_ok(v: Self::Ok) -> Self {
[INFO] [stdout] 54 | |         SResult(Ok(v))
[INFO] [stdout] 55 | |     }
[INFO] [stdout]    | |_____^ not a member of trait `Try`
[INFO] [stdout] 
[INFO] [stdout] 
[INFO] [stdout] error[E0658]: use of unstable library feature 'try_trait_v2'
[INFO] [stdout]  --> /opt/rustwide/cargo-home/git/checkouts/rust-9p-f88c8d44113bf8e0/01cf9c6/src/serialize.rs:8:26
[INFO] [stdout]   |
[INFO] [stdout] 8 | use std::ops::{Shl, Shr, Try};
[INFO] [stdout]   |                          ^^^
[INFO] [stdout]   |
[INFO] [stdout]   = note: see issue #84277 <https://github.com/rust-lang/rust/issues/84277> for more information
[INFO] [stdout] 
[INFO] [stdout] 
[INFO] [stdout] error[E0658]: use of unstable library feature 'try_trait_v2'
[INFO] [stdout]   --> /opt/rustwide/cargo-home/git/checkouts/rust-9p-f88c8d44113bf8e0/01cf9c6/src/serialize.rs:41:9
[INFO] [stdout]    |
[INFO] [stdout] 41 | impl<U> Try for SResult<U> {
[INFO] [stdout]    |         ^^^
[INFO] [stdout]    |
[INFO] [stdout]    = note: see issue #84277 <https://github.com/rust-lang/rust/issues/84277> for more information
[INFO] [stdout] 
[INFO] [stdout] 
[INFO] [stdout] error[E0554]: `#![feature]` may not be used on the beta release channel
[INFO] [stdout]   --> /opt/rustwide/cargo-home/git/checkouts/rust-9p-f88c8d44113bf8e0/01cf9c6/src/lib.rs:14:12
[INFO] [stdout]    |
[INFO] [stdout] 14 | #![feature(try_trait)]
[INFO] [stdout]    |            ^^^^^^^^^
[INFO] [stdout] 
[INFO] [stdout] 
[INFO] [stdout] error[E0635]: unknown feature `try_trait`
[INFO] [stdout]   --> /opt/rustwide/cargo-home/git/checkouts/rust-9p-f88c8d44113bf8e0/01cf9c6/src/lib.rs:14:12
[INFO] [stdout]    |
[INFO] [stdout] 14 | #![feature(try_trait)]
[INFO] [stdout]    |            ^^^^^^^^^
[INFO] [stdout] 
[INFO] [stdout] 
[INFO] [stdout] error[E0220]: associated type `Ok` not found for `Self`
[INFO] [stdout]   --> /opt/rustwide/cargo-home/git/checkouts/rust-9p-f88c8d44113bf8e0/01cf9c6/src/serialize.rs:45:57
[INFO] [stdout]    |
[INFO] [stdout] 45 |     fn into_result(self) -> ::std::result::Result<Self::Ok, Self::Error> {
[INFO] [stdout]    |                                                         ^^ associated type `Ok` not found
[INFO] [stdout] 
[INFO] [stdout] 
[INFO] [stdout] error[E0220]: associated type `Error` not found for `Self`
[INFO] [stdout]   --> /opt/rustwide/cargo-home/git/checkouts/rust-9p-f88c8d44113bf8e0/01cf9c6/src/serialize.rs:45:67
[INFO] [stdout]    |
[INFO] [stdout] 45 |     fn into_result(self) -> ::std::result::Result<Self::Ok, Self::Error> {
[INFO] [stdout]    |                                                                   ^^^^^ associated type `Error` not found
[INFO] [stdout] 
[INFO] [stdout] 
[INFO] [stdout] error[E0220]: associated type `Error` not found for `Self`
[INFO] [stdout]   --> /opt/rustwide/cargo-home/git/checkouts/rust-9p-f88c8d44113bf8e0/01cf9c6/src/serialize.rs:49:28
[INFO] [stdout]    |
[INFO] [stdout] 49 |     fn from_error(v: Self::Error) -> Self {
[INFO] [stdout]    |                            ^^^^^ associated type `Error` not found
[INFO] [stdout] 
[INFO] [stdout] 
[INFO] [stdout] error[E0220]: associated type `Ok` not found for `Self`
[INFO] [stdout]   --> /opt/rustwide/cargo-home/git/checkouts/rust-9p-f88c8d44113bf8e0/01cf9c6/src/serialize.rs:53:25
[INFO] [stdout]    |
[INFO] [stdout] 53 |     fn from_ok(v: Self::Ok) -> Self {
[INFO] [stdout]    |                         ^^ associated type `Ok` not found
[INFO] [stdout] 
[INFO] [stdout] 
[INFO] [stdout] error: aborting due to 13 previous errors
[INFO] [stdout] 
[INFO] [stdout] 
[INFO] [stdout] Some errors have detailed explanations: E0220, E0407, E0437, E0554, E0635, E0658.
[INFO] [stdout] 
[INFO] [stdout] For more information about an error, try `rustc --explain E0220`.
[INFO] [stdout] 
[INFO] [stderr] error: could not compile `rust-9p` (lib) due to 14 previous errors
[INFO] running `Command { std: "docker" "inspect" "506e47fcf703eefb1f44aa7a4bf11578aa4cbb18a35b1b894dddcf763663829f", kill_on_drop: false }`
[INFO] running `Command { std: "docker" "rm" "-f" "506e47fcf703eefb1f44aa7a4bf11578aa4cbb18a35b1b894dddcf763663829f", kill_on_drop: false }`
[INFO] [stdout] 506e47fcf703eefb1f44aa7a4bf11578aa4cbb18a35b1b894dddcf763663829f
