[INFO] cloning repository https://github.com/payload/bitworks
[INFO] running `Command { std: "git" "-c" "credential.helper=" "-c" "credential.helper=/workspace/cargo-home/bin/git-credential-null" "clone" "--bare" "https://github.com/payload/bitworks" "/workspace/cache/git-repos/https%3A%2F%2Fgithub.com%2Fpayload%2Fbitworks", kill_on_drop: false }`
[INFO] [stderr] Cloning into bare repository '/workspace/cache/git-repos/https%3A%2F%2Fgithub.com%2Fpayload%2Fbitworks'...
[INFO] running `Command { std: "git" "rev-parse" "HEAD", kill_on_drop: false }`
[INFO] [stdout] e0d96d999b5f6223047f08653e27d3623a3f2673
[INFO] documenting payload/bitworks against 1.69.0 for beta-1.70-rustdoc-1
[INFO] running `Command { std: "git" "clone" "/workspace/cache/git-repos/https%3A%2F%2Fgithub.com%2Fpayload%2Fbitworks" "/workspace/builds/worker-1-tc1/source", kill_on_drop: false }`
[INFO] [stderr] Cloning into '/workspace/builds/worker-1-tc1/source'...
[INFO] [stderr] done.
[INFO] validating manifest of git repo https://github.com/payload/bitworks on toolchain 1.69.0
[INFO] running `Command { std: CARGO_HOME="/workspace/cargo-home" RUSTUP_HOME="/workspace/rustup-home" "/workspace/cargo-home/bin/cargo" "+1.69.0" "metadata" "--manifest-path" "Cargo.toml" "--no-deps", kill_on_drop: false }`
[INFO] removed /workspace/builds/worker-1-tc1/source/.cargo/config.toml
[INFO] removed /workspace/builds/worker-1-tc1/source/rust-toolchain
[INFO] started tweaking git repo https://github.com/payload/bitworks
[INFO] finished tweaking git repo https://github.com/payload/bitworks
[INFO] tweaked toml for git repo https://github.com/payload/bitworks written to /workspace/builds/worker-1-tc1/source/Cargo.toml
[INFO] crate git repo https://github.com/payload/bitworks already has a lockfile, it will not be regenerated
[INFO] running `Command { std: CARGO_HOME="/workspace/cargo-home" RUSTUP_HOME="/workspace/rustup-home" "/workspace/cargo-home/bin/cargo" "+1.69.0" "fetch" "--manifest-path" "Cargo.toml", kill_on_drop: false }`
[INFO] [stderr]     Updating git repository `https://github.com/bonsairobo/smooth-bevy-cameras`
[INFO] [stderr]  Downloading crates ...
[INFO] [stderr]   Downloaded spirv-std-macros v0.4.0-alpha.7
[INFO] [stderr]   Downloaded spirv-std v0.4.0-alpha.7
[INFO] [stderr]   Downloaded notify v5.0.0-pre.7
[INFO] [stderr]   Downloaded lyon_geom v0.17.1
[INFO] [stderr]   Downloaded dot_vox v4.1.0
[INFO] [stderr]   Downloaded building_blocks_core v0.6.0
[INFO] [stderr]   Downloaded bevy-inspector-egui-derive v0.6.1
[INFO] [stderr]   Downloaded spirv-types v0.4.0-alpha.7
[INFO] [stderr]   Downloaded lyon_path v0.17.2
[INFO] [stderr]   Downloaded bevy_mod_raycast v0.2.2
[INFO] [stderr]   Downloaded bevy_rapier2d v0.10.2
[INFO] [stderr]   Downloaded bevy_prototype_debug_lines v0.3.1
[INFO] [stderr]   Downloaded bevy_egui v0.6.1
[INFO] [stderr]   Downloaded lyon_tessellation v0.17.6
[INFO] [stderr]   Downloaded bevy_prototype_lyon v0.3.1
[INFO] [stderr]   Downloaded egui v0.13.1
[INFO] [stderr]   Downloaded parry2d v0.5.1
[INFO] [stderr]   Downloaded rapier2d v0.9.2
[INFO] [stderr]   Downloaded bevy-inspector-egui v0.6.1
[INFO] [stderr]   Downloaded bevy_mod_picking v0.4.0
[INFO] [stderr]   Downloaded building_blocks_mesh v0.6.0
[INFO] [stderr]   Downloaded bevy_vox_mesh v0.3.0
[INFO] [stderr]   Downloaded building_blocks_storage v0.6.0
[INFO] [stderr]   Downloaded building-blocks v0.6.0
[INFO] running `Command { std: "docker" "create" "-v" "/var/lib/crater-agent-workspace/builds/worker-1-tc1/target:/opt/rustwide/target:rw,Z" "-v" "/var/lib/crater-agent-workspace/builds/worker-1-tc1/source:/opt/rustwide/workdir:ro,Z" "-v" "/var/lib/crater-agent-workspace/cargo-home:/opt/rustwide/cargo-home:ro,Z" "-v" "/var/lib/crater-agent-workspace/rustup-home:/opt/rustwide/rustup-home:ro,Z" "-e" "SOURCE_DIR=/opt/rustwide/workdir" "-e" "CARGO_TARGET_DIR=/opt/rustwide/target" "-e" "CARGO_HOME=/opt/rustwide/cargo-home" "-e" "RUSTUP_HOME=/opt/rustwide/rustup-home" "-w" "/opt/rustwide/workdir" "-m" "1610612736" "--user" "0:0" "--network" "none" "ghcr.io/rust-lang/crates-build-env/linux@sha256:5ff2268d62e97bff2cde7d5815dd6ed5b47097566f13b8d0ca110b04b60e07ed" "/opt/rustwide/cargo-home/bin/cargo" "+1.69.0" "metadata" "--no-deps" "--format-version=1", kill_on_drop: false }`
[INFO] [stdout] 1c7eb189338724014d508c484e5dd943010a7d8834e7eb05eb28faf7a7da5032
[INFO] running `Command { std: "docker" "start" "-a" "1c7eb189338724014d508c484e5dd943010a7d8834e7eb05eb28faf7a7da5032", kill_on_drop: false }`
[INFO] running `Command { std: "docker" "inspect" "1c7eb189338724014d508c484e5dd943010a7d8834e7eb05eb28faf7a7da5032", kill_on_drop: false }`
[INFO] running `Command { std: "docker" "rm" "-f" "1c7eb189338724014d508c484e5dd943010a7d8834e7eb05eb28faf7a7da5032", kill_on_drop: false }`
[INFO] [stdout] 1c7eb189338724014d508c484e5dd943010a7d8834e7eb05eb28faf7a7da5032
[INFO] running `Command { std: "docker" "create" "-v" "/var/lib/crater-agent-workspace/builds/worker-1-tc1/target:/opt/rustwide/target:rw,Z" "-v" "/var/lib/crater-agent-workspace/builds/worker-1-tc1/source:/opt/rustwide/workdir:ro,Z" "-v" "/var/lib/crater-agent-workspace/cargo-home:/opt/rustwide/cargo-home:ro,Z" "-v" "/var/lib/crater-agent-workspace/rustup-home:/opt/rustwide/rustup-home:ro,Z" "-e" "SOURCE_DIR=/opt/rustwide/workdir" "-e" "CARGO_TARGET_DIR=/opt/rustwide/target" "-e" "CARGO_INCREMENTAL=0" "-e" "RUST_BACKTRACE=full" "-e" "RUSTFLAGS=--cap-lints=warn" "-e" "RUSTDOCFLAGS=--cap-lints=warn" "-e" "CARGO_HOME=/opt/rustwide/cargo-home" "-e" "RUSTUP_HOME=/opt/rustwide/rustup-home" "-w" "/opt/rustwide/workdir" "-m" "1610612736" "--user" "0:0" "--network" "none" "ghcr.io/rust-lang/crates-build-env/linux@sha256:5ff2268d62e97bff2cde7d5815dd6ed5b47097566f13b8d0ca110b04b60e07ed" "/opt/rustwide/cargo-home/bin/cargo" "+1.69.0" "doc" "--frozen" "--no-deps" "--document-private-items" "--message-format=json", kill_on_drop: false }`
[INFO] [stdout] 6e7387a3590c18a8650f55bed3ebb26df012df71cac49155a6084f2908d543a7
[INFO] running `Command { std: "docker" "start" "-a" "6e7387a3590c18a8650f55bed3ebb26df012df71cac49155a6084f2908d543a7", kill_on_drop: false }`
[INFO] [stderr]    Compiling proc-macro2 v1.0.27
[INFO] [stderr]    Compiling unicode-xid v0.2.2
[INFO] [stderr]    Compiling syn v1.0.65
[INFO] [stderr]    Compiling libc v0.2.94
[INFO] [stderr]     Checking cfg-if v1.0.0
[INFO] [stderr]    Compiling autocfg v1.0.1
[INFO] [stderr]    Compiling serde_derive v1.0.126
[INFO] [stderr]    Compiling serde v1.0.126
[INFO] [stderr]    Compiling version_check v0.9.3
[INFO] [stderr]    Compiling libm v0.2.1
[INFO] [stderr]    Compiling bitflags v1.2.1
[INFO] [stderr]     Checking lazy_static v1.4.0
[INFO] [stderr]    Compiling proc-macro-hack v0.5.19
[INFO] [stderr]    Compiling getrandom v0.2.2
[INFO] [stderr]     Checking byteorder v1.4.3
[INFO] [stderr]     Checking pin-project-lite v0.2.6
[INFO] [stderr]    Compiling const_fn v0.4.8
[INFO] [stderr]    Compiling memchr v2.4.0
[INFO] [stderr]    Compiling log v0.4.14
[INFO] [stderr]     Checking scopeguard v1.1.0
[INFO] [stderr]    Compiling futures-core v0.3.16
[INFO] [stderr]     Checking slab v0.4.3
[INFO] [stderr]     Checking once_cell v1.7.2
[INFO] [stderr]     Checking tracing-core v0.1.18
[INFO] [stderr]     Checking lock_api v0.4.4
[INFO] [stderr]    Compiling standback v0.2.17
[INFO] [stderr]    Compiling time v0.2.27
[INFO] [stderr]    Compiling ahash v0.7.2
[INFO] [stderr]     Checking futures-io v0.3.16
[INFO] [stderr]    Compiling num-traits v0.2.14
[INFO] [stderr]    Compiling num-integer v0.1.44
[INFO] [stderr]     Checking fxhash v0.2.1
[INFO] [stderr]     Checking cache-padded v1.1.1
[INFO] [stderr]     Checking downcast-rs v1.2.0
[INFO] [stderr]     Checking fastrand v1.4.1
[INFO] [stderr]     Checking waker-fn v1.1.0
[INFO] [stderr]     Checking concurrent-queue v1.2.2
[INFO] [stderr]     Checking parking v2.0.0
[INFO] [stderr]     Checking async-task v4.0.3
[INFO] [stderr]     Checking ppv-lite86 v0.2.10
[INFO] [stderr]    Compiling quote v1.0.9
[INFO] [stderr]     Checking event-listener v2.5.1
[INFO] [stderr]    Compiling Inflector v0.11.4
[INFO] [stderr]     Checking fixedbitset v0.4.0
[INFO] [stderr]    Compiling ryu v1.0.5
[INFO] [stderr]    Compiling pkg-config v0.3.19
[INFO] [stderr]    Compiling crossbeam-utils v0.8.5
[INFO] [stderr]     Checking async-channel v1.6.1
[INFO] [stderr]     Checking futures-lite v1.11.3
[INFO] [stderr]    Compiling serde_json v1.0.64
[INFO] [stderr]     Checking itoa v0.4.7
[INFO] [stderr]    Compiling num-bigint v0.3.2
[INFO] [stderr]     Checking regex-automata v0.1.9
[INFO] [stderr]     Checking aho-corasick v0.7.18
[INFO] [stderr]    Compiling num-iter v0.1.42
[INFO] [stderr]    Compiling num-rational v0.3.2
[INFO] [stderr]     Checking tracing-log v0.1.2
[INFO] [stderr]     Checking thread_local v1.1.3
[INFO] [stderr]     Checking sharded-slab v0.1.1
[INFO] [stderr]     Checking crossbeam-channel v0.5.1
[INFO] [stderr]     Checking adler32 v1.2.0
[INFO] [stderr]     Checking num_cpus v1.13.0
[INFO] [stderr]    Compiling crc32fast v1.2.1
[INFO] [stderr]     Checking ahash v0.4.7
[INFO] [stderr]     Checking inotify-sys v0.1.5
[INFO] [stderr]    Compiling indexmap v1.6.2
[INFO] [stderr]    Compiling jobserver v0.1.22
[INFO] [stderr]     Checking rand_core v0.6.2
[INFO] [stderr]     Checking async-executor v1.4.1
[INFO] [stderr]     Checking spirv_headers v1.5.0
[INFO] [stderr]     Checking matchers v0.0.1
[INFO] [stderr]     Checking rand_chacha v0.3.0
[INFO] [stderr]     Checking chrono v0.4.19
[INFO] [stderr]     Checking regex v1.5.3
[INFO] [stderr]     Checking hashbrown v0.9.1
[INFO] [stderr]    Compiling cc v1.0.67
[INFO] [stderr]     Checking same-file v1.0.6
[INFO] [stderr]    Compiling anyhow v1.0.40
[INFO] [stderr]     Checking inotify v0.9.2
[INFO] [stderr]     Checking miniz_oxide v0.3.7
[INFO] [stderr]     Checking rand v0.8.3
[INFO] [stderr]     Checking walkdir v2.3.2
[INFO] [stderr]     Checking deflate v0.8.6
[INFO] [stderr]     Checking mio v0.7.11
[INFO] [stderr]     Checking filetime v0.2.14
[INFO] [stderr]     Checking anymap v0.12.1
[INFO] [stderr]     Checking base64 v0.13.0
[INFO] [stderr]     Checking bytemuck v1.5.1
[INFO] [stderr]     Checking bit-vec v0.6.3
[INFO] [stderr]     Checking raw-window-handle v0.3.3
[INFO] [stderr]     Checking notify v5.0.0-pre.7
[INFO] [stderr]     Checking fixedbitset v0.2.0
[INFO] [stderr]     Checking arrayvec v0.5.2
[INFO] [stderr]    Compiling bevy-glsl-to-spirv v0.2.1
[INFO] [stderr]     Checking color_quant v1.1.0
[INFO] [stderr]     Checking bit-set v0.5.2
[INFO] [stderr]     Checking png v0.16.8
[INFO] [stderr]     Checking scoped_threadpool v0.1.9
[INFO] [stderr]     Checking euclid v0.22.3
[INFO] [stderr]     Checking nix v0.20.0
[INFO] [stderr]     Checking libloading v0.6.7
[INFO] [stderr]     Checking ttf-parser v0.12.0
[INFO] [stderr]     Checking hex v0.4.3
[INFO] [stderr]    Compiling alsa-sys v0.3.1
[INFO] [stderr]     Checking cfg-if v0.1.10
[INFO] [stderr]    Compiling maybe-uninit v2.0.0
[INFO] [stderr]     Checking ab_glyph_rasterizer v0.1.4
[INFO] [stderr]     Checking petgraph v0.5.1
[INFO] [stderr]    Compiling khronos-egl v3.0.2
[INFO] [stderr]     Checking net2 v0.2.37
[INFO] [stderr]    Compiling x11-dl v2.18.5
[INFO] [stderr]    Compiling libudev-sys v0.1.4
[INFO] [stderr]     Checking iovec v0.1.4
[INFO] [stderr]    Compiling cfg_aliases v0.1.1
[INFO] [stderr]     Checking ash v0.31.0
[INFO] [stderr]    Compiling spirv-reflect v0.2.3
[INFO] [stderr]    Compiling spirv_cross v0.23.1
[INFO] [stderr]    Compiling minimp3-sys v0.3.2
[INFO] [stderr]    Compiling wgpu-core v0.7.1
[INFO] [stderr]     Checking mio v0.6.23
[INFO] [stderr]     Checking gpu-descriptor-types v0.1.1
[INFO] [stderr]     Checking gpu-alloc-types v0.2.0
[INFO] [stderr]     Checking inplace_it v0.3.3
[INFO] [stderr]     Checking svg_fmt v0.4.1
[INFO] [stderr]     Checking glow v0.7.2
[INFO] [stderr]    Compiling libm v0.1.4
[INFO] [stderr]    Compiling cpal v0.13.3
[INFO] [stderr]     Checking lazycell v1.3.0
[INFO] [stderr]    Compiling inflections v1.1.1
[INFO] [stderr]     Checking guillotiere v0.6.0
[INFO] [stderr]     Checking approx v0.4.0
[INFO] [stderr]     Checking image v0.23.14
[INFO] [stderr]     Checking slice-deque v0.3.0
[INFO] [stderr]     Checking wgpu-types v0.7.0
[INFO] [stderr]     Checking percent-encoding v2.1.0
[INFO] [stderr]     Checking rectangle-pack v0.3.0
[INFO] [stderr]     Checking xi-unicode v0.3.0
[INFO] [stderr]     Checking owned_ttf_parser v0.12.0
[INFO] [stderr]     Checking copyless v0.1.5
[INFO] [stderr]     Checking mio-extras v2.0.6
[INFO] [stderr]     Checking ab_glyph v0.2.11
[INFO] [stderr]     Checking fnv v1.0.7
[INFO] [stderr]     Checking libloading v0.7.0
[INFO] [stderr]    Compiling futures-macro v0.3.16
[INFO] [stderr]    Compiling proc-macro-nested v0.1.7
[INFO] [stderr]    Compiling futures-channel v0.3.16
[INFO] [stderr]     Checking glyph_brush_layout v0.2.1
[INFO] [stderr]     Checking either v1.6.1
[INFO] [stderr]    Compiling futures-task v0.3.16
[INFO] [stderr]    Compiling futures-util v0.3.16
[INFO] [stderr]    Compiling proc-macro-error-attr v1.0.4
[INFO] [stderr]     Checking futures-sink v0.3.16
[INFO] [stderr]    Compiling memoffset v0.6.4
[INFO] [stderr]    Compiling proc-macro-error v1.0.4
[INFO] [stderr]     Checking pin-utils v0.1.0
[INFO] [stderr]    Compiling xcb v0.8.2
[INFO] [stderr]     Checking num-complex v0.3.1
[INFO] [stderr]     Checking stretch v0.3.2
[INFO] [stderr]    Compiling num-rational v0.4.0
[INFO] [stderr]    Compiling typenum v1.13.0
[INFO] [stderr]    Compiling crossbeam-epoch v0.9.5
[INFO] [stderr]     Checking itertools v0.9.0
[INFO] [stderr]     Checking num-complex v0.4.0
[INFO] [stderr]     Checking approx v0.5.0
[INFO] [stderr]     Checking num v0.3.1
[INFO] [stderr]    Compiling version_check v0.1.5
[INFO] [stderr]    Compiling crossbeam-queue v0.3.2
[INFO] [stderr]     Checking rawpointer v0.2.1
[INFO] [stderr]    Compiling paste v1.0.5
[INFO] [stderr]     Checking matrixmultiply v0.3.1
[INFO] [stderr]     Checking ordered-float v2.5.1
[INFO] [stderr]     Checking atomic_refcell v0.1.7
[INFO] [stderr]     Checking emath v0.13.0
[INFO] [stderr]    Compiling nom v4.2.3
[INFO] [stderr]     Checking crossbeam-deque v0.8.0
[INFO] [stderr] error: failed to run custom build command for `xcb v0.8.2`
[INFO] [stderr] note: To improve backtraces for build dependencies, set the CARGO_PROFILE_DEV_BUILD_OVERRIDE_DEBUG=true environment variable to enable debug information generation.
[INFO] [stderr] 
[INFO] [stderr] Caused by:
[INFO] [stderr]   process didn't exit successfully: `/opt/rustwide/target/debug/build/xcb-348674c07b3883c2/build-script-build` (exit status: 101)
[INFO] [stderr]   --- stderr
[INFO] [stderr]   error occured in handler:  ('request: ', ('xcb', 'Xv', 'ShmPutImage'))
[INFO] [stderr]   Traceback (most recent call last):
[INFO] [stderr]     File "/opt/rustwide/cargo-home/registry/src/github.com-1ecc6299db9ec823/xcb-0.8.2/rs_client.py", line 2448, in <module>
[INFO] [stderr]       module.generate()
[INFO] [stderr]     File "/opt/rustwide/cargo-home/registry/src/github.com-1ecc6299db9ec823/xcb-0.8.2/xcbgen/state.py", line 108, in generate
[INFO] [stderr]       self.close()
[INFO] [stderr]     File "/opt/rustwide/cargo-home/registry/src/github.com-1ecc6299db9ec823/xcb-0.8.2/rs_client.py", line 296, in rs_close
[INFO] [stderr]       _f.writeout(os.path.join(module.rs_srcdir, "ffi", "%s.rs" % _module_name(_ns.ext_name)))
[INFO] [stderr]     File "/opt/rustwide/cargo-home/registry/src/github.com-1ecc6299db9ec823/xcb-0.8.2/rs_client.py", line 114, in writeout
[INFO] [stderr]       with open(path, 'w') as f:
[INFO] [stderr]   OSError: [Errno 30] Read-only file system: '/opt/rustwide/cargo-home/registry/src/github.com-1ecc6299db9ec823/xcb-0.8.2/src/ffi/xv.rs'
[INFO] [stderr]   thread 'main' panicked at 'processing of /opt/rustwide/cargo-home/registry/src/github.com-1ecc6299db9ec823/xcb-0.8.2/xml/xv.xml returned non-zero (1)', /opt/rustwide/cargo-home/registry/src/github.com-1ecc6299db9ec823/xcb-0.8.2/build.rs:75:17
[INFO] [stderr]   stack backtrace:
[INFO] [stderr]      0:     0x5595f25556ca - std::backtrace_rs::backtrace::libunwind::trace::ha9053a9a07ca49cb
[INFO] [stderr]                                  at /rustc/84c898d65adf2f39a5a98507f1fe0ce10a2b8dbc/library/std/src/../../backtrace/src/backtrace/libunwind.rs:93:5
[INFO] [stderr]      1:     0x5595f25556ca - std::backtrace_rs::backtrace::trace_unsynchronized::h9c2852a457ad564e
[INFO] [stderr]                                  at /rustc/84c898d65adf2f39a5a98507f1fe0ce10a2b8dbc/library/std/src/../../backtrace/src/backtrace/mod.rs:66:5
[INFO] [stderr]      2:     0x5595f25556ca - std::sys_common::backtrace::_print_fmt::h457936fbfaa0070f
[INFO] [stderr]                                  at /rustc/84c898d65adf2f39a5a98507f1fe0ce10a2b8dbc/library/std/src/sys_common/backtrace.rs:65:5
[INFO] [stderr]      3:     0x5595f25556ca - <std::sys_common::backtrace::_print::DisplayBacktrace as core::fmt::Display>::fmt::h5779d7bf7f70cb0c
[INFO] [stderr]                                  at /rustc/84c898d65adf2f39a5a98507f1fe0ce10a2b8dbc/library/std/src/sys_common/backtrace.rs:44:22
[INFO] [stderr]      4:     0x5595f2572a2e - core::fmt::write::h5a4baaff1bcd3eb5
[INFO] [stderr]                                  at /rustc/84c898d65adf2f39a5a98507f1fe0ce10a2b8dbc/library/core/src/fmt/mod.rs:1232:17
[INFO] [stderr]      5:     0x5595f2553025 - std::io::Write::write_fmt::h4bc1f301cb9e9cce
[INFO] [stderr]                                  at /rustc/84c898d65adf2f39a5a98507f1fe0ce10a2b8dbc/library/std/src/io/mod.rs:1684:15
[INFO] [stderr]      6:     0x5595f2555495 - std::sys_common::backtrace::_print::h5fcdc36060f177e8
[INFO] [stderr]                                  at /rustc/84c898d65adf2f39a5a98507f1fe0ce10a2b8dbc/library/std/src/sys_common/backtrace.rs:47:5
[INFO] [stderr]      7:     0x5595f2555495 - std::sys_common::backtrace::print::h54ca9458b876c8bf
[INFO] [stderr]                                  at /rustc/84c898d65adf2f39a5a98507f1fe0ce10a2b8dbc/library/std/src/sys_common/backtrace.rs:34:9
[INFO] [stderr]      8:     0x5595f2556c8f - std::panicking::default_hook::{{closure}}::hbe471161c7664ed6
[INFO] [stderr]                                  at /rustc/84c898d65adf2f39a5a98507f1fe0ce10a2b8dbc/library/std/src/panicking.rs:271:22
[INFO] [stderr]      9:     0x5595f25569cb - std::panicking::default_hook::ha3500da57aa4ac4f
[INFO] [stderr]                                  at /rustc/84c898d65adf2f39a5a98507f1fe0ce10a2b8dbc/library/std/src/panicking.rs:290:9
[INFO] [stderr]     10:     0x5595f2557238 - std::panicking::rust_panic_with_hook::h50c09d000dc561d2
[INFO] [stderr]                                  at /rustc/84c898d65adf2f39a5a98507f1fe0ce10a2b8dbc/library/std/src/panicking.rs:692:13
[INFO] [stderr]     11:     0x5595f2557139 - std::panicking::begin_panic_handler::{{closure}}::h9e2b2176e00e0d9c
[INFO] [stderr]                                  at /rustc/84c898d65adf2f39a5a98507f1fe0ce10a2b8dbc/library/std/src/panicking.rs:583:13
[INFO] [stderr]     12:     0x5595f2555b36 - std::sys_common::backtrace::__rust_end_short_backtrace::h5739b8e512c09d02
[INFO] [stderr]                                  at /rustc/84c898d65adf2f39a5a98507f1fe0ce10a2b8dbc/library/std/src/sys_common/backtrace.rs:150:18
[INFO] [stderr]     13:     0x5595f2556e42 - rust_begin_unwind
[INFO] [stderr]                                  at /rustc/84c898d65adf2f39a5a98507f1fe0ce10a2b8dbc/library/std/src/panicking.rs:579:5
[INFO] [stderr]     14:     0x5595f25313c3 - core::panicking::panic_fmt::hf33a1475b4dc5c3e
[INFO] [stderr]                                  at /rustc/84c898d65adf2f39a5a98507f1fe0ce10a2b8dbc/library/core/src/panicking.rs:64:14
[INFO] [stderr]     15:     0x5595f253626a - build_script_build::main::{{closure}}::he87bb26128e1d2cb
[INFO] [stderr]     16:     0x5595f25351fa - build_script_build::visit_xml::h46239228bf611f87
[INFO] [stderr]     17:     0x5595f253584b - build_script_build::main::hcdab8a1b3aa1a420
[INFO] [stderr]     18:     0x5595f25364e3 - core::ops::function::FnOnce::call_once::h61ab1131365a1c8f
[INFO] [stderr]     19:     0x5595f2533799 - std::sys_common::backtrace::__rust_begin_short_backtrace::h1608454a6f0c57af
[INFO] [stderr]     20:     0x5595f25373c9 - std::rt::lang_start::{{closure}}::h86922025cfdde22c
[INFO] [stderr]     21:     0x5595f255024c - core::ops::function::impls::<impl core::ops::function::FnOnce<A> for &F>::call_once::hd6efcd3bec896f2c
[INFO] [stderr]                                  at /rustc/84c898d65adf2f39a5a98507f1fe0ce10a2b8dbc/library/core/src/ops/function.rs:287:13
[INFO] [stderr]     22:     0x5595f255024c - std::panicking::try::do_call::hce04e543bb1f4cbb
[INFO] [stderr]                                  at /rustc/84c898d65adf2f39a5a98507f1fe0ce10a2b8dbc/library/std/src/panicking.rs:487:40
[INFO] [stderr]     23:     0x5595f255024c - std::panicking::try::h3342dd4e1f680968
[INFO] [stderr]                                  at /rustc/84c898d65adf2f39a5a98507f1fe0ce10a2b8dbc/library/std/src/panicking.rs:451:19
[INFO] [stderr]     24:     0x5595f255024c - std::panic::catch_unwind::h148ce1e59ac0cee7
[INFO] [stderr]                                  at /rustc/84c898d65adf2f39a5a98507f1fe0ce10a2b8dbc/library/std/src/panic.rs:140:14
[INFO] [stderr]     25:     0x5595f255024c - std::rt::lang_start_internal::{{closure}}::h25f9dda2057a67fe
[INFO] [stderr]                                  at /rustc/84c898d65adf2f39a5a98507f1fe0ce10a2b8dbc/library/std/src/rt.rs:148:48
[INFO] [stderr]     26:     0x5595f255024c - std::panicking::try::do_call::h7caaaeaf9401650b
[INFO] [stderr]                                  at /rustc/84c898d65adf2f39a5a98507f1fe0ce10a2b8dbc/library/std/src/panicking.rs:487:40
[INFO] [stderr]     27:     0x5595f255024c - std::panicking::try::he7d15285746cbbc2
[INFO] [stderr]                                  at /rustc/84c898d65adf2f39a5a98507f1fe0ce10a2b8dbc/library/std/src/panicking.rs:451:19
[INFO] [stderr]     28:     0x5595f255024c - std::panic::catch_unwind::h89fb4f50c0301fe0
[INFO] [stderr]                                  at /rustc/84c898d65adf2f39a5a98507f1fe0ce10a2b8dbc/library/std/src/panic.rs:140:14
[INFO] [stderr]     29:     0x5595f255024c - std::rt::lang_start_internal::h078acd489417d3c1
[INFO] [stderr]                                  at /rustc/84c898d65adf2f39a5a98507f1fe0ce10a2b8dbc/library/std/src/rt.rs:148:20
[INFO] [stderr]     30:     0x5595f25373a7 - std::rt::lang_start::he1cadde394a68513
[INFO] [stderr]     31:     0x5595f25362a5 - main
[INFO] [stderr]     32:     0x7f5504d94d90 - <unknown>
[INFO] [stderr]     33:     0x7f5504d94e40 - __libc_start_main
[INFO] [stderr]     34:     0x5595f25318f5 - _start
[INFO] [stderr]     35:                0x0 - <unknown>
[INFO] [stderr] warning: build failed, waiting for other jobs to finish...
[INFO] [stderr] error: could not compile `ash`
[INFO] [stderr] 
[INFO] [stderr] Caused by:
[INFO] [stderr]   process didn't exit successfully: `rustc --crate-name ash --edition=2018 /opt/rustwide/cargo-home/registry/src/github.com-1ecc6299db9ec823/ash-0.31.0/src/lib.rs --error-format=json --json=diagnostic-rendered-ansi,artifacts,future-incompat --crate-type lib --emit=dep-info,metadata -C embed-bitcode=no -C debuginfo=2 --cfg 'feature="default"' --cfg 'feature="libloading"' -C metadata=c6b29663ce9f21d7 -C extra-filename=-c6b29663ce9f21d7 --out-dir /opt/rustwide/target/debug/deps -L dependency=/opt/rustwide/target/debug/deps --extern libloading=/opt/rustwide/target/debug/deps/liblibloading-91f4349be938be9a.rmeta --cap-lints allow --cap-lints=warn` (signal: 9, SIGKILL: kill)
[ERROR] error running command: no output for 300 seconds
[INFO] running `Command { std: "docker" "inspect" "6e7387a3590c18a8650f55bed3ebb26df012df71cac49155a6084f2908d543a7", kill_on_drop: false }`
[INFO] running `Command { std: "docker" "rm" "-f" "6e7387a3590c18a8650f55bed3ebb26df012df71cac49155a6084f2908d543a7", kill_on_drop: false }`
[INFO] [stdout] 6e7387a3590c18a8650f55bed3ebb26df012df71cac49155a6084f2908d543a7
