[INFO] cloning repository https://github.com/pascalmouret/journey_os
[INFO] running `Command { std: "git" "-c" "credential.helper=" "-c" "credential.helper=/workspace/cargo-home/bin/git-credential-null" "clone" "--bare" "https://github.com/pascalmouret/journey_os" "/workspace/cache/git-repos/https%3A%2F%2Fgithub.com%2Fpascalmouret%2Fjourney_os", kill_on_drop: false }`
[INFO] [stderr] Cloning into bare repository '/workspace/cache/git-repos/https%3A%2F%2Fgithub.com%2Fpascalmouret%2Fjourney_os'...
[INFO] running `Command { std: "git" "rev-parse" "HEAD", kill_on_drop: false }`
[INFO] [stdout] a1cbb75ac476dc124d950ed70fc9d22211720d5a
[INFO] documenting pascalmouret/journey_os against beta-2023-04-20 for beta-1.70-rustdoc-1
[INFO] running `Command { std: "git" "clone" "/workspace/cache/git-repos/https%3A%2F%2Fgithub.com%2Fpascalmouret%2Fjourney_os" "/workspace/builds/worker-2-tc2/source", kill_on_drop: false }`
[INFO] [stderr] Cloning into '/workspace/builds/worker-2-tc2/source'...
[INFO] [stderr] done.
[INFO] validating manifest of git repo https://github.com/pascalmouret/journey_os on toolchain beta-2023-04-20
[INFO] running `Command { std: CARGO_HOME="/workspace/cargo-home" RUSTUP_HOME="/workspace/rustup-home" "/workspace/cargo-home/bin/cargo" "+beta-2023-04-20" "metadata" "--manifest-path" "Cargo.toml" "--no-deps", kill_on_drop: false }`
[INFO] removed /workspace/builds/worker-2-tc2/source/.cargo/config.toml
[INFO] started tweaking git repo https://github.com/pascalmouret/journey_os
[INFO] finished tweaking git repo https://github.com/pascalmouret/journey_os
[INFO] tweaked toml for git repo https://github.com/pascalmouret/journey_os written to /workspace/builds/worker-2-tc2/source/Cargo.toml
[INFO] crate git repo https://github.com/pascalmouret/journey_os already has a lockfile, it will not be regenerated
[INFO] running `Command { std: CARGO_HOME="/workspace/cargo-home" RUSTUP_HOME="/workspace/rustup-home" "/workspace/cargo-home/bin/cargo" "+beta-2023-04-20" "fetch" "--manifest-path" "Cargo.toml", kill_on_drop: false }`
[INFO] running `Command { std: "docker" "create" "-v" "/var/lib/crater-agent-workspace/builds/worker-2-tc2/target:/opt/rustwide/target:rw,Z" "-v" "/var/lib/crater-agent-workspace/builds/worker-2-tc2/source:/opt/rustwide/workdir:ro,Z" "-v" "/var/lib/crater-agent-workspace/cargo-home:/opt/rustwide/cargo-home:ro,Z" "-v" "/var/lib/crater-agent-workspace/rustup-home:/opt/rustwide/rustup-home:ro,Z" "-e" "SOURCE_DIR=/opt/rustwide/workdir" "-e" "CARGO_TARGET_DIR=/opt/rustwide/target" "-e" "CARGO_HOME=/opt/rustwide/cargo-home" "-e" "RUSTUP_HOME=/opt/rustwide/rustup-home" "-w" "/opt/rustwide/workdir" "-m" "1610612736" "--user" "0:0" "--network" "none" "ghcr.io/rust-lang/crates-build-env/linux@sha256:5ff2268d62e97bff2cde7d5815dd6ed5b47097566f13b8d0ca110b04b60e07ed" "/opt/rustwide/cargo-home/bin/cargo" "+beta-2023-04-20" "metadata" "--no-deps" "--format-version=1", kill_on_drop: false }`
[INFO] [stdout] b1121f02944ab311188f6f68e7955f777f213344c49f524e79d01e5ed62118ec
[INFO] running `Command { std: "docker" "start" "-a" "b1121f02944ab311188f6f68e7955f777f213344c49f524e79d01e5ed62118ec", kill_on_drop: false }`
[INFO] running `Command { std: "docker" "inspect" "b1121f02944ab311188f6f68e7955f777f213344c49f524e79d01e5ed62118ec", kill_on_drop: false }`
[INFO] running `Command { std: "docker" "rm" "-f" "b1121f02944ab311188f6f68e7955f777f213344c49f524e79d01e5ed62118ec", kill_on_drop: false }`
[INFO] [stdout] b1121f02944ab311188f6f68e7955f777f213344c49f524e79d01e5ed62118ec
[INFO] running `Command { std: "docker" "create" "-v" "/var/lib/crater-agent-workspace/builds/worker-2-tc2/target:/opt/rustwide/target:rw,Z" "-v" "/var/lib/crater-agent-workspace/builds/worker-2-tc2/source:/opt/rustwide/workdir:ro,Z" "-v" "/var/lib/crater-agent-workspace/cargo-home:/opt/rustwide/cargo-home:ro,Z" "-v" "/var/lib/crater-agent-workspace/rustup-home:/opt/rustwide/rustup-home:ro,Z" "-e" "SOURCE_DIR=/opt/rustwide/workdir" "-e" "CARGO_TARGET_DIR=/opt/rustwide/target" "-e" "CARGO_INCREMENTAL=0" "-e" "RUST_BACKTRACE=full" "-e" "RUSTFLAGS=--cap-lints=warn" "-e" "RUSTDOCFLAGS=--cap-lints=warn" "-e" "CARGO_HOME=/opt/rustwide/cargo-home" "-e" "RUSTUP_HOME=/opt/rustwide/rustup-home" "-w" "/opt/rustwide/workdir" "-m" "1610612736" "--user" "0:0" "--network" "none" "ghcr.io/rust-lang/crates-build-env/linux@sha256:5ff2268d62e97bff2cde7d5815dd6ed5b47097566f13b8d0ca110b04b60e07ed" "/opt/rustwide/cargo-home/bin/cargo" "+beta-2023-04-20" "doc" "--frozen" "--no-deps" "--document-private-items" "--message-format=json", kill_on_drop: false }`
[INFO] [stdout] 05c41283b14a19ff0d9a58f1080f20247c2c11d231238d8bd412271d17ca71da
[INFO] running `Command { std: "docker" "start" "-a" "05c41283b14a19ff0d9a58f1080f20247c2c11d231238d8bd412271d17ca71da", kill_on_drop: false }`
[INFO] [stderr]     Checking unicode-xid v0.2.2
[INFO] [stderr]     Checking scopeguard v1.1.0
[INFO] [stderr]     Checking spin v0.5.2
[INFO] [stderr]    Compiling macros v0.1.0 (/opt/rustwide/workdir/macros)
[INFO] [stderr]     Checking lock_api v0.4.5
[INFO] [stderr]     Checking proc-macro2 v1.0.36
[INFO] [stderr]     Checking lazy_static v1.4.0
[INFO] [stderr]     Checking spin v0.9.2
[INFO] [stderr]     Checking quote v1.0.14
[INFO] [stderr]  Documenting journey-os v0.1.0 (/opt/rustwide/workdir/kernel)
[INFO] [stdout] error[E0554]: `#![feature]` may not be used on the beta release channel
[INFO] [stdout]  --> kernel/src/main.rs:1:1
[INFO] [stdout]   |
[INFO] [stdout] 1 | #![feature(panic_info_message)]
[INFO] [stdout]   | ^^^^^^^^^^^^^^^^^^^^^^^^^^^^^^^
[INFO] [stdout] 
[INFO] [stdout] 
[INFO] [stdout] error[E0554]: `#![feature]` may not be used on the beta release channel
[INFO] [stdout]  --> kernel/src/main.rs:4:1
[INFO] [stdout]   |
[INFO] [stdout] 4 | #![feature(custom_test_frameworks)]
[INFO] [stdout]   | ^^^^^^^^^^^^^^^^^^^^^^^^^^^^^^^^^^^
[INFO] [stdout] 
[INFO] [stdout] 
[INFO] [stdout] error[E0554]: `#![feature]` may not be used on the beta release channel
[INFO] [stdout]  --> kernel/src/main.rs:5:1
[INFO] [stdout]   |
[INFO] [stdout] 5 | #![feature(const_mut_refs)]
[INFO] [stdout]   | ^^^^^^^^^^^^^^^^^^^^^^^^^^^
[INFO] [stdout] 
[INFO] [stdout] 
[INFO] [stdout] error[E0554]: `#![feature]` may not be used on the beta release channel
[INFO] [stdout]  --> kernel/src/main.rs:6:1
[INFO] [stdout]   |
[INFO] [stdout] 6 | #![feature(alloc_error_handler)]
[INFO] [stdout]   | ^^^^^^^^^^^^^^^^^^^^^^^^^^^^^^^^
[INFO] [stdout] 
[INFO] [stdout] 
[INFO] [stdout] error[E0554]: `#![feature]` may not be used on the beta release channel
[INFO] [stdout]  --> kernel/src/main.rs:7:1
[INFO] [stdout]   |
[INFO] [stdout] 7 | #![feature(abi_x86_interrupt)]
[INFO] [stdout]   | ^^^^^^^^^^^^^^^^^^^^^^^^^^^^^^
[INFO] [stdout] 
[INFO] [stdout] 
[INFO] [stdout] error: aborting due to 5 previous errors
[INFO] [stdout] 
[INFO] [stdout] 
[INFO] [stdout] For more information about this error, try `rustc --explain E0554`.
[INFO] [stdout] 
[INFO] [stderr] error: could not document `journey-os`
[INFO] [stderr] 
[INFO] [stderr] Caused by:
[INFO] [stderr]   process didn't exit successfully: `rustdoc --edition=2018 --crate-type bin --crate-name journey_os kernel/src/main.rs -o /opt/rustwide/target/doc --error-format=json --json=diagnostic-rendered-ansi,artifacts,future-incompat --document-private-items '-Arustdoc::private-intra-doc-links' -C metadata=a9d0d461999bf82e -L dependency=/opt/rustwide/target/debug/deps --extern lazy_static=/opt/rustwide/target/debug/deps/liblazy_static-61f0252f2cd44d64.rmeta --extern macros=/opt/rustwide/target/debug/deps/libmacros-3cec175af2711275.so --extern spin=/opt/rustwide/target/debug/deps/libspin-38518c4dfe742c54.rmeta --cap-lints=warn --crate-version 0.1.0` (exit status: 1)
[INFO] [stderr] warning: build failed, waiting for other jobs to finish...
[INFO] running `Command { std: "docker" "inspect" "05c41283b14a19ff0d9a58f1080f20247c2c11d231238d8bd412271d17ca71da", kill_on_drop: false }`
[INFO] running `Command { std: "docker" "rm" "-f" "05c41283b14a19ff0d9a58f1080f20247c2c11d231238d8bd412271d17ca71da", kill_on_drop: false }`
[INFO] [stdout] 05c41283b14a19ff0d9a58f1080f20247c2c11d231238d8bd412271d17ca71da
