[INFO] cloning repository https://github.com/paritytech/pwasm-token-example
[INFO] running `Command { std: "git" "-c" "credential.helper=" "-c" "credential.helper=/workspace/cargo-home/bin/git-credential-null" "clone" "--bare" "https://github.com/paritytech/pwasm-token-example" "/workspace/cache/git-repos/https%3A%2F%2Fgithub.com%2Fparitytech%2Fpwasm-token-example", kill_on_drop: false }`
[INFO] [stderr] Cloning into bare repository '/workspace/cache/git-repos/https%3A%2F%2Fgithub.com%2Fparitytech%2Fpwasm-token-example'...
[INFO] running `Command { std: "git" "rev-parse" "HEAD", kill_on_drop: false }`
[INFO] [stdout] 94dcf502e3ef589ba4e2454a5a08f2897b222db4
[INFO] documenting paritytech/pwasm-token-example against 1.69.0 for beta-1.70-rustdoc-1
[INFO] running `Command { std: "git" "clone" "/workspace/cache/git-repos/https%3A%2F%2Fgithub.com%2Fparitytech%2Fpwasm-token-example" "/workspace/builds/worker-1-tc1/source", kill_on_drop: false }`
[INFO] [stderr] Cloning into '/workspace/builds/worker-1-tc1/source'...
[INFO] [stderr] done.
[INFO] validating manifest of git repo https://github.com/paritytech/pwasm-token-example on toolchain 1.69.0
[INFO] running `Command { std: CARGO_HOME="/workspace/cargo-home" RUSTUP_HOME="/workspace/rustup-home" "/workspace/cargo-home/bin/cargo" "+1.69.0" "metadata" "--manifest-path" "Cargo.toml" "--no-deps", kill_on_drop: false }`
[INFO] removed /workspace/builds/worker-1-tc1/source/.cargo/config
[INFO] removed /workspace/builds/worker-1-tc1/source/rust-toolchain
[INFO] started tweaking git repo https://github.com/paritytech/pwasm-token-example
[INFO] finished tweaking git repo https://github.com/paritytech/pwasm-token-example
[INFO] tweaked toml for git repo https://github.com/paritytech/pwasm-token-example written to /workspace/builds/worker-1-tc1/source/Cargo.toml
[INFO] crate git repo https://github.com/paritytech/pwasm-token-example already has a lockfile, it will not be regenerated
[INFO] running `Command { std: CARGO_HOME="/workspace/cargo-home" RUSTUP_HOME="/workspace/rustup-home" "/workspace/cargo-home/bin/cargo" "+1.69.0" "fetch" "--manifest-path" "Cargo.toml", kill_on_drop: false }`
[INFO] [stderr]  Downloading crates ...
[INFO] [stderr]   Downloaded pwasm-libc v0.2.0
[INFO] [stderr]   Downloaded pwasm-std v0.13.1
[INFO] [stderr]   Downloaded wee_alloc v0.4.2
[INFO] [stderr]   Downloaded uint v0.5.0
[INFO] [stderr]   Downloaded pwasm-ethereum v0.8.0
[INFO] [stderr]   Downloaded pwasm-alloc v0.4.1
[INFO] [stderr]   Downloaded pwasm-abi v0.2.2
[INFO] [stderr]   Downloaded pwasm-abi-derive v0.2.2
[INFO] running `Command { std: "docker" "create" "-v" "/var/lib/crater-agent-workspace/builds/worker-1-tc1/target:/opt/rustwide/target:rw,Z" "-v" "/var/lib/crater-agent-workspace/builds/worker-1-tc1/source:/opt/rustwide/workdir:ro,Z" "-v" "/var/lib/crater-agent-workspace/cargo-home:/opt/rustwide/cargo-home:ro,Z" "-v" "/var/lib/crater-agent-workspace/rustup-home:/opt/rustwide/rustup-home:ro,Z" "-e" "SOURCE_DIR=/opt/rustwide/workdir" "-e" "CARGO_TARGET_DIR=/opt/rustwide/target" "-e" "CARGO_HOME=/opt/rustwide/cargo-home" "-e" "RUSTUP_HOME=/opt/rustwide/rustup-home" "-w" "/opt/rustwide/workdir" "-m" "1610612736" "--user" "0:0" "--network" "none" "ghcr.io/rust-lang/crates-build-env/linux@sha256:5ff2268d62e97bff2cde7d5815dd6ed5b47097566f13b8d0ca110b04b60e07ed" "/opt/rustwide/cargo-home/bin/cargo" "+1.69.0" "metadata" "--no-deps" "--format-version=1", kill_on_drop: false }`
[INFO] [stdout] 68da20b6f5452c5c83f47608097607c386d3270c297e186e2696f683512913f1
[INFO] running `Command { std: "docker" "start" "-a" "68da20b6f5452c5c83f47608097607c386d3270c297e186e2696f683512913f1", kill_on_drop: false }`
[INFO] running `Command { std: "docker" "inspect" "68da20b6f5452c5c83f47608097607c386d3270c297e186e2696f683512913f1", kill_on_drop: false }`
[INFO] running `Command { std: "docker" "rm" "-f" "68da20b6f5452c5c83f47608097607c386d3270c297e186e2696f683512913f1", kill_on_drop: false }`
[INFO] [stdout] 68da20b6f5452c5c83f47608097607c386d3270c297e186e2696f683512913f1
[INFO] running `Command { std: "docker" "create" "-v" "/var/lib/crater-agent-workspace/builds/worker-1-tc1/target:/opt/rustwide/target:rw,Z" "-v" "/var/lib/crater-agent-workspace/builds/worker-1-tc1/source:/opt/rustwide/workdir:ro,Z" "-v" "/var/lib/crater-agent-workspace/cargo-home:/opt/rustwide/cargo-home:ro,Z" "-v" "/var/lib/crater-agent-workspace/rustup-home:/opt/rustwide/rustup-home:ro,Z" "-e" "SOURCE_DIR=/opt/rustwide/workdir" "-e" "CARGO_TARGET_DIR=/opt/rustwide/target" "-e" "CARGO_INCREMENTAL=0" "-e" "RUST_BACKTRACE=full" "-e" "RUSTFLAGS=--cap-lints=warn" "-e" "RUSTDOCFLAGS=--cap-lints=warn" "-e" "CARGO_HOME=/opt/rustwide/cargo-home" "-e" "RUSTUP_HOME=/opt/rustwide/rustup-home" "-w" "/opt/rustwide/workdir" "-m" "1610612736" "--user" "0:0" "--network" "none" "ghcr.io/rust-lang/crates-build-env/linux@sha256:5ff2268d62e97bff2cde7d5815dd6ed5b47097566f13b8d0ca110b04b60e07ed" "/opt/rustwide/cargo-home/bin/cargo" "+1.69.0" "doc" "--frozen" "--no-deps" "--document-private-items" "--message-format=json", kill_on_drop: false }`
[INFO] [stdout] 1d890a063755bcb9dd7ad3fdd2cfdf967507fa8c9edf10674cdc7d394368e6f9
[INFO] running `Command { std: "docker" "start" "-a" "1d890a063755bcb9dd7ad3fdd2cfdf967507fa8c9edf10674cdc7d394368e6f9", kill_on_drop: false }`
[INFO] [stderr]    Compiling crunchy v0.1.6
[INFO] [stderr]    Compiling proc-macro2 v0.4.27
[INFO] [stderr]     Checking void v1.0.2
[INFO] [stderr]     Checking cfg-if v0.1.5
[INFO] [stderr]    Compiling wee_alloc v0.4.2
[INFO] [stderr]    Compiling crunchy v0.2.1
[INFO] [stderr]    Compiling unicode-xid v0.1.0
[INFO] [stderr]     Checking libc v0.2.43
[INFO] [stderr]     Checking memory_units v0.4.0
[INFO] [stderr]     Checking unreachable v1.0.0
[INFO] [stderr]     Checking rustc-hex v2.0.1
[INFO] [stderr]     Checking rlibc v1.0.0
[INFO] [stderr]     Checking byteorder v1.2.4
[INFO] [stderr]    Compiling serde v1.0.71
[INFO] [stderr]     Checking static_assertions v0.2.5
[INFO] [stderr]     Checking fixed-hash v0.3.0
[INFO] [stderr]     Checking pwasm-libc v0.2.0
[INFO] [stderr]    Compiling dtoa v0.4.3
[INFO] [stderr]    Compiling itoa v0.4.2
[INFO] [stderr]     Checking tiny-keccak v1.4.2
[INFO] [stdout] error[E0432]: unresolved import `core::alloc::AllocErr`
[INFO] [stdout]  --> /opt/rustwide/cargo-home/registry/src/github.com-1ecc6299db9ec823/wee_alloc-0.4.2/src/size_classes.rs:3:5
[INFO] [stdout]   |
[INFO] [stdout] 3 | use core::alloc::AllocErr;
[INFO] [stdout]   |     ^^^^^^^^^^^^^--------
[INFO] [stdout]   |     |            |
[INFO] [stdout]   |     |            help: a similar name exists in the module: `AllocError`
[INFO] [stdout]   |     no `AllocErr` in `alloc`
[INFO] [stdout] 
[INFO] [stdout] 
[INFO] [stdout] error[E0432]: unresolved imports `core::alloc::Alloc`, `core::alloc::AllocErr`
[INFO] [stdout]    --> /opt/rustwide/cargo-home/registry/src/github.com-1ecc6299db9ec823/wee_alloc-0.4.2/src/lib.rs:275:19
[INFO] [stdout]     |
[INFO] [stdout] 275 | use core::alloc::{Alloc, AllocErr, GlobalAlloc, Layout};
[INFO] [stdout]     |                   ^^^^^  ^^^^^^^^
[INFO] [stdout]     |                   |      |
[INFO] [stdout]     |                   |      no `AllocErr` in `alloc`
[INFO] [stdout]     |                   |      help: a similar name exists in the module: `AllocError`
[INFO] [stdout]     |                   no `Alloc` in `alloc`
[INFO] [stdout] 
[INFO] [stdout] 
[INFO] [stdout] error[E0432]: unresolved import `core::alloc::AllocErr`
[INFO] [stdout]  --> /opt/rustwide/cargo-home/registry/src/github.com-1ecc6299db9ec823/wee_alloc-0.4.2/src/imp_unix.rs:2:5
[INFO] [stdout]   |
[INFO] [stdout] 2 | use core::alloc::AllocErr;
[INFO] [stdout]   |     ^^^^^^^^^^^^^^^^^^^^^ no `AllocErr` in `alloc`
[INFO] [stdout]   |
[INFO] [stdout] help: a similar name exists in the module
[INFO] [stdout]   |
[INFO] [stdout] 2 | use core::alloc::AllocError;
[INFO] [stdout]   |                  ~~~~~~~~~~
[INFO] [stdout] help: consider importing this unresolved item instead
[INFO] [stdout]   |
[INFO] [stdout] 2 | use AllocErr;
[INFO] [stdout]   |     ~~~~~~~~
[INFO] [stdout] 
[INFO] [stdout] 
[INFO] [stdout] error[E0554]: `#![feature]` may not be used on the stable release channel
[INFO] [stdout]    --> /opt/rustwide/cargo-home/registry/src/github.com-1ecc6299db9ec823/wee_alloc-0.4.2/src/lib.rs:228:12
[INFO] [stdout]     |
[INFO] [stdout] 228 | #![feature(alloc, allocator_api, core_intrinsics)]
[INFO] [stdout]     |            ^^^^^
[INFO] [stdout] 
[INFO] [stdout] 
[INFO] [stderr]     Checking uint v0.5.0
[INFO] [stdout] error[E0554]: `#![feature]` may not be used on the stable release channel
[INFO] [stdout]    --> /opt/rustwide/cargo-home/registry/src/github.com-1ecc6299db9ec823/wee_alloc-0.4.2/src/lib.rs:228:19
[INFO] [stdout]     |
[INFO] [stdout] 228 | #![feature(alloc, allocator_api, core_intrinsics)]
[INFO] [stdout]     |                   ^^^^^^^^^^^^^
[INFO] [stdout] 
[INFO] [stdout] 
[INFO] [stdout] error[E0554]: `#![feature]` may not be used on the stable release channel
[INFO] [stdout]    --> /opt/rustwide/cargo-home/registry/src/github.com-1ecc6299db9ec823/wee_alloc-0.4.2/src/lib.rs:228:34
[INFO] [stdout]     |
[INFO] [stdout] 228 | #![feature(alloc, allocator_api, core_intrinsics)]
[INFO] [stdout]     |                                  ^^^^^^^^^^^^^^^
[INFO] [stdout] 
[INFO] [stdout] 
[INFO] [stdout] error: aborting due to 6 previous errors
[INFO] [stdout] 
[INFO] [stdout] 
[INFO] [stdout] Some errors have detailed explanations: E0432, E0554.
[INFO] [stdout] 
[INFO] [stdout] For more information about an error, try `rustc --explain E0432`.
[INFO] [stdout] 
[INFO] [stderr] error: could not compile `wee_alloc` due to 7 previous errors
[INFO] [stderr] warning: build failed, waiting for other jobs to finish...
[INFO] running `Command { std: "docker" "inspect" "1d890a063755bcb9dd7ad3fdd2cfdf967507fa8c9edf10674cdc7d394368e6f9", kill_on_drop: false }`
[INFO] running `Command { std: "docker" "rm" "-f" "1d890a063755bcb9dd7ad3fdd2cfdf967507fa8c9edf10674cdc7d394368e6f9", kill_on_drop: false }`
[INFO] [stdout] 1d890a063755bcb9dd7ad3fdd2cfdf967507fa8c9edf10674cdc7d394368e6f9
