[INFO] cloning repository https://github.com/pandoraboxchain/rustheus
[INFO] running `Command { std: "git" "-c" "credential.helper=" "-c" "credential.helper=/workspace/cargo-home/bin/git-credential-null" "clone" "--bare" "https://github.com/pandoraboxchain/rustheus" "/workspace/cache/git-repos/https%3A%2F%2Fgithub.com%2Fpandoraboxchain%2Frustheus", kill_on_drop: false }`
[INFO] [stderr] Cloning into bare repository '/workspace/cache/git-repos/https%3A%2F%2Fgithub.com%2Fpandoraboxchain%2Frustheus'...
[INFO] running `Command { std: "git" "rev-parse" "HEAD", kill_on_drop: false }`
[INFO] [stdout] a67b45e8785b3cc3461adde8548062b92a237186
[INFO] documenting pandoraboxchain/rustheus against beta-2023-04-20 for beta-1.70-rustdoc-1
[INFO] running `Command { std: "git" "clone" "/workspace/cache/git-repos/https%3A%2F%2Fgithub.com%2Fpandoraboxchain%2Frustheus" "/workspace/builds/worker-1-tc2/source", kill_on_drop: false }`
[INFO] [stderr] Cloning into '/workspace/builds/worker-1-tc2/source'...
[INFO] [stderr] done.
[INFO] validating manifest of git repo https://github.com/pandoraboxchain/rustheus on toolchain beta-2023-04-20
[INFO] running `Command { std: CARGO_HOME="/workspace/cargo-home" RUSTUP_HOME="/workspace/rustup-home" "/workspace/cargo-home/bin/cargo" "+beta-2023-04-20" "metadata" "--manifest-path" "Cargo.toml" "--no-deps", kill_on_drop: false }`
[INFO] started tweaking git repo https://github.com/pandoraboxchain/rustheus
[INFO] finished tweaking git repo https://github.com/pandoraboxchain/rustheus
[INFO] tweaked toml for git repo https://github.com/pandoraboxchain/rustheus written to /workspace/builds/worker-1-tc2/source/Cargo.toml
[INFO] crate git repo https://github.com/pandoraboxchain/rustheus already has a lockfile, it will not be regenerated
[INFO] running `Command { std: CARGO_HOME="/workspace/cargo-home" RUSTUP_HOME="/workspace/rustup-home" "/workspace/cargo-home/bin/cargo" "+beta-2023-04-20" "fetch" "--manifest-path" "Cargo.toml", kill_on_drop: false }`
[INFO] [stderr]     Updating crates.io index
[INFO] [stderr]  Downloading crates ...
[INFO] [stderr]   Downloaded elastic-array v0.6.0
[INFO] [stderr]   Downloaded xmltree v0.3.2
[INFO] [stderr]   Downloaded getopts v0.2.17
[INFO] [stderr]   Downloaded pretty_env_logger v0.2.2
[INFO] [stderr]   Downloaded env_logger v0.5.6
[INFO] [stderr]   Downloaded cc v1.0.9
[INFO] [stderr]   Downloaded siphasher v0.1.3
[INFO] [stderr]   Downloaded unwrap v1.1.0
[INFO] [stderr]   Downloaded bigint v1.0.5
[INFO] [stderr]   Downloaded tiny-keccak v1.3.1
[INFO] [stderr]   Downloaded zip v0.2.8
[INFO] [stderr]   Downloaded lru_time_cache v0.7.0
[INFO] [stderr]   Downloaded globset v0.2.1
[INFO] [stderr]   Downloaded ctrlc v3.0.3
[INFO] [stderr]   Downloaded tokio-core v0.1.16
[INFO] [stderr]   Downloaded heapsize v0.3.9
[INFO] [stderr]   Downloaded maidsafe_utilities v0.14.1
[INFO] [stderr]   Downloaded termion v1.4.0
[INFO] [stderr]   Downloaded rust_sodium-sys v0.6.0
[INFO] [stderr]   Downloaded config_file_handler v0.8.3
[INFO] [stderr]   Downloaded serde_json v1.0.13
[INFO] [stderr]   Downloaded crust v0.29.0
[INFO] [stderr]   Downloaded textwrap v0.6.0
[INFO] [stderr]   Downloaded routing v0.34.0
[INFO] [stderr]   Downloaded rust_sodium v0.6.0
[INFO] [stderr]   Downloaded shrust v0.0.4
[INFO] [stderr]   Downloaded get_if_addrs v0.4.1
[INFO] [stderr]   Downloaded xattr v0.1.11
[INFO] [stderr]   Downloaded encode_unicode v0.3.1
[INFO] [stderr]   Downloaded hyper v0.11.24
[INFO] [stderr]   Downloaded tokio-threadpool v0.1.2
[INFO] [stderr]   Downloaded resource_proof v0.5.0
[INFO] [stderr]   Downloaded c_linked_list v1.1.0
[INFO] [stderr]   Downloaded proc-macro2 v0.3.1
[INFO] [stderr]   Downloaded tokio v0.1.5
[INFO] [stderr]   Downloaded clap v2.25.1
[INFO] [stderr]   Downloaded bzip2 v0.3.2
[INFO] [stderr]   Downloaded miniz_oxide_c_api v0.1.2
[INFO] [stderr]   Downloaded tokio-timer v0.2.1
[INFO] [stderr]   Downloaded get_if_addrs-sys v0.1.0
[INFO] [stderr]   Downloaded igd v0.6.0
[INFO] [stderr]   Downloaded fake_clock v0.2.0
[INFO] [stderr]   Downloaded miniz_oxide v0.1.2
[INFO] [stderr]   Downloaded tar v0.4.14
[INFO] [stderr]   Downloaded msdos_time v0.1.5
[INFO] running `Command { std: "docker" "create" "-v" "/var/lib/crater-agent-workspace/builds/worker-1-tc2/target:/opt/rustwide/target:rw,Z" "-v" "/var/lib/crater-agent-workspace/builds/worker-1-tc2/source:/opt/rustwide/workdir:ro,Z" "-v" "/var/lib/crater-agent-workspace/cargo-home:/opt/rustwide/cargo-home:ro,Z" "-v" "/var/lib/crater-agent-workspace/rustup-home:/opt/rustwide/rustup-home:ro,Z" "-e" "SOURCE_DIR=/opt/rustwide/workdir" "-e" "CARGO_TARGET_DIR=/opt/rustwide/target" "-e" "CARGO_HOME=/opt/rustwide/cargo-home" "-e" "RUSTUP_HOME=/opt/rustwide/rustup-home" "-w" "/opt/rustwide/workdir" "-m" "1610612736" "--user" "0:0" "--network" "none" "ghcr.io/rust-lang/crates-build-env/linux@sha256:5ff2268d62e97bff2cde7d5815dd6ed5b47097566f13b8d0ca110b04b60e07ed" "/opt/rustwide/cargo-home/bin/cargo" "+beta-2023-04-20" "metadata" "--no-deps" "--format-version=1", kill_on_drop: false }`
[INFO] [stdout] 8b65e1f225902e17e58912300677a6be67f0b34f00fa30144877a3c51a1f2610
[INFO] running `Command { std: "docker" "start" "-a" "8b65e1f225902e17e58912300677a6be67f0b34f00fa30144877a3c51a1f2610", kill_on_drop: false }`
[INFO] running `Command { std: "docker" "inspect" "8b65e1f225902e17e58912300677a6be67f0b34f00fa30144877a3c51a1f2610", kill_on_drop: false }`
[INFO] running `Command { std: "docker" "rm" "-f" "8b65e1f225902e17e58912300677a6be67f0b34f00fa30144877a3c51a1f2610", kill_on_drop: false }`
[INFO] [stdout] 8b65e1f225902e17e58912300677a6be67f0b34f00fa30144877a3c51a1f2610
[INFO] running `Command { std: "docker" "create" "-v" "/var/lib/crater-agent-workspace/builds/worker-1-tc2/target:/opt/rustwide/target:rw,Z" "-v" "/var/lib/crater-agent-workspace/builds/worker-1-tc2/source:/opt/rustwide/workdir:ro,Z" "-v" "/var/lib/crater-agent-workspace/cargo-home:/opt/rustwide/cargo-home:ro,Z" "-v" "/var/lib/crater-agent-workspace/rustup-home:/opt/rustwide/rustup-home:ro,Z" "-e" "SOURCE_DIR=/opt/rustwide/workdir" "-e" "CARGO_TARGET_DIR=/opt/rustwide/target" "-e" "CARGO_INCREMENTAL=0" "-e" "RUST_BACKTRACE=full" "-e" "RUSTFLAGS=--cap-lints=warn" "-e" "RUSTDOCFLAGS=--cap-lints=warn" "-e" "CARGO_HOME=/opt/rustwide/cargo-home" "-e" "RUSTUP_HOME=/opt/rustwide/rustup-home" "-w" "/opt/rustwide/workdir" "-m" "1610612736" "--user" "0:0" "--network" "none" "ghcr.io/rust-lang/crates-build-env/linux@sha256:5ff2268d62e97bff2cde7d5815dd6ed5b47097566f13b8d0ca110b04b60e07ed" "/opt/rustwide/cargo-home/bin/cargo" "+beta-2023-04-20" "doc" "--frozen" "--no-deps" "--document-private-items" "--message-format=json", kill_on_drop: false }`
[INFO] [stdout] 2edbc9096b9657bcd5cf1e39e5d05e4910308e80b9358296e3cab0e56dc48197
[INFO] running `Command { std: "docker" "start" "-a" "2edbc9096b9657bcd5cf1e39e5d05e4910308e80b9358296e3cab0e56dc48197", kill_on_drop: false }`
[INFO] [stderr]     Checking libc v0.2.40
[INFO] [stderr]    Compiling cfg-if v0.1.2
[INFO] [stderr]    Compiling rayon-core v1.4.0
[INFO] [stderr]    Compiling nodrop v0.1.12
[INFO] [stderr]    Compiling scopeguard v0.3.3
[INFO] [stderr]    Compiling memoffset v0.2.1
[INFO] [stderr]    Compiling lazy_static v1.0.0
[INFO] [stderr]    Compiling either v1.5.0
[INFO] [stderr]     Checking byteorder v1.1.0
[INFO] [stderr]     Checking num-traits v0.2.2
[INFO] [stderr]    Compiling gcc v0.3.54
[INFO] [stderr]     Checking futures v0.1.21
[INFO] [stderr]     Checking void v1.0.2
[INFO] [stderr]    Compiling crossbeam-utils v0.2.2
[INFO] [stderr]    Compiling semver-parser v0.7.0
[INFO] [stderr]    Compiling arrayvec v0.4.7
[INFO] [stderr]     Checking log v0.4.1
[INFO] [stderr]     Checking lazy_static v0.2.11
[INFO] [stderr]     Checking serde v1.0.37
[INFO] [stderr]    Compiling heapsize v0.3.9
[INFO] [stderr]     Checking slab v0.4.0
[INFO] [stderr]    Compiling unicode-xid v0.1.0
[INFO] [stderr]     Checking lazycell v0.6.0
[INFO] [stderr]    Compiling heapsize v0.4.2
[INFO] [stderr]     Checking log v0.3.9
[INFO] [stderr]    Compiling semver v0.9.0
[INFO] [stderr]    Compiling proc-macro2 v0.3.1
[INFO] [stderr]    Compiling rand v0.4.2
[INFO] [stderr]    Compiling crossbeam-epoch v0.3.1
[INFO] [stderr]    Compiling num_cpus v1.8.0
[INFO] [stderr]    Compiling version_check v0.1.3
[INFO] [stderr]    Compiling build_const v0.2.0
[INFO] [stderr]     Checking unreachable v1.0.0
[INFO] [stderr]     Checking time v0.1.39
[INFO] [stderr]     Checking iovec v0.1.2
[INFO] [stderr]    Compiling crossbeam-deque v0.2.0
[INFO] [stderr]    Compiling rustc_version v0.2.2
[INFO] [stderr]     Checking net2 v0.2.32
[INFO] [stderr]     Checking bytes v0.4.6
[INFO] [stderr]    Compiling quote v0.5.1
[INFO] [stderr]    Compiling crc v1.7.0
[INFO] [stderr]     Checking memchr v2.0.1
[INFO] [stderr]     Checking dtoa v0.4.2
[INFO] [stderr]     Checking itoa v0.4.1
[INFO] [stderr]    Compiling rust-crypto v0.2.36
[INFO] [stderr]    Compiling regex v0.2.10
[INFO] [stderr]     Checking ucd-util v0.1.1
[INFO] [stderr]     Checking mio v0.6.14
[INFO] [stderr]    Compiling syn v0.13.1
[INFO] [stderr]     Checking aho-corasick v0.6.4
[INFO] [stderr]     Checking thread_local v0.3.5
[INFO] [stderr]    Compiling bigint v1.0.5
[INFO] [stderr]     Checking utf8-ranges v1.0.0
[INFO] [stderr]     Checking regex-syntax v0.5.3
[INFO] [stderr]     Checking tokio-executor v0.1.2
[INFO] [stderr]     Checking rand v0.3.22
[INFO] [stderr]    Compiling unicode-xid v0.0.4
[INFO] [stderr]    Compiling adler32 v1.0.2
[INFO] [stderr]     Checking percent-encoding v1.0.1
[INFO] [stderr]    Compiling quote v0.3.15
[INFO] [stderr]    Compiling remove_dir_all v0.5.0
[INFO] [stderr]    Compiling synom v0.11.3
[INFO] [stderr]    Compiling getopts v0.2.17
[INFO] [stderr]     Checking matches v0.1.6
[INFO] [stderr]     Checking siphasher v0.1.3
[INFO] [stderr]    Compiling miniz_oxide v0.1.2
[INFO] [stderr]    Compiling rayon v1.0.1
[INFO] [stderr]    Compiling tempdir v0.3.7
[INFO] [stderr]     Checking unicode-bidi v0.3.4
[INFO] [stderr]    Compiling syn v0.11.11
[INFO] [stderr]     Checking tokio-io v0.1.6
[INFO] [stderr]     Checking num-integer v0.1.36
[INFO] [stderr]     Checking num-traits v0.1.43
[INFO] [stderr]    Compiling pulldown-cmark v0.0.3
[INFO] [stderr]     Checking crossbeam-utils v0.3.2
[INFO] [stderr]     Checking httparse v1.2.4
[INFO] [stderr]     Checking quick-error v1.2.1
[INFO] [stderr]     Checking traitobject v0.1.0
[INFO] [stderr]     Checking primitives v0.1.0 (/opt/rustwide/workdir/src/primitives)
[INFO] [stderr]     Checking unicode-normalization v0.1.5
[INFO] [stderr]     Checking safemem v0.2.0
[INFO] [stderr]     Checking crossbeam-epoch v0.4.1
[INFO] [stderr]    Compiling msdos_time v0.1.5
[INFO] [stderr]     Checking atty v0.2.2
[INFO] [stderr]     Checking tokio-reactor v0.1.1
[INFO] [stderr]    Compiling xattr v0.1.11
[INFO] [stdout] warning: use of deprecated macro `try`: use the `?` operator instead
[INFO] [stdout]    --> src/primitives/src/hash.rs:70:15
[INFO] [stdout]     |
[INFO] [stdout] 70  |                 let vec = try!(s.from_hex());
[INFO] [stdout]     |                           ^^^
[INFO] [stdout] ...
[INFO] [stdout] 156 | impl_hash!(H32, 4);
[INFO] [stdout]     | ------------------ in this macro invocation
[INFO] [stdout]     |
[INFO] [stdout]     = note: `#[warn(deprecated)]` on by default
[INFO] [stdout]     = note: this warning originates in the macro `impl_hash` (in Nightly builds, run with -Z macro-backtrace for more info)
[INFO] [stdout] 
[INFO] [stdout] 
[INFO] [stdout] warning: use of deprecated macro `try`: use the `?` operator instead
[INFO] [stdout]    --> src/primitives/src/hash.rs:70:15
[INFO] [stdout]     |
[INFO] [stdout] 70  |                 let vec = try!(s.from_hex());
[INFO] [stdout]     |                           ^^^
[INFO] [stdout] ...
[INFO] [stdout] 157 | impl_hash!(H48, 6);
[INFO] [stdout]     | ------------------ in this macro invocation
[INFO] [stdout]     |
[INFO] [stdout]     = note: this warning originates in the macro `impl_hash` (in Nightly builds, run with -Z macro-backtrace for more info)
[INFO] [stdout] 
[INFO] [stdout] 
[INFO] [stdout] warning: use of deprecated macro `try`: use the `?` operator instead
[INFO] [stdout]    --> src/primitives/src/hash.rs:70:15
[INFO] [stdout]     |
[INFO] [stdout] 70  |                 let vec = try!(s.from_hex());
[INFO] [stdout]     |                           ^^^
[INFO] [stdout] ...
[INFO] [stdout] 158 | impl_hash!(H96, 12);
[INFO] [stdout]     | ------------------- in this macro invocation
[INFO] [stdout]     |
[INFO] [stdout]     = note: this warning originates in the macro `impl_hash` (in Nightly builds, run with -Z macro-backtrace for more info)
[INFO] [stdout] 
[INFO] [stdout] 
[INFO] [stdout] warning: use of deprecated macro `try`: use the `?` operator instead
[INFO] [stdout]    --> src/primitives/src/hash.rs:70:15
[INFO] [stdout]     |
[INFO] [stdout] 70  |                 let vec = try!(s.from_hex());
[INFO] [stdout]     |                           ^^^
[INFO] [stdout] ...
[INFO] [stdout] 159 | impl_hash!(H160, 20);
[INFO] [stdout]     | -------------------- in this macro invocation
[INFO] [stdout]     |
[INFO] [stdout]     = note: this warning originates in the macro `impl_hash` (in Nightly builds, run with -Z macro-backtrace for more info)
[INFO] [stdout] 
[INFO] [stdout] 
[INFO] [stdout] warning: use of deprecated macro `try`: use the `?` operator instead
[INFO] [stdout]    --> src/primitives/src/hash.rs:70:15
[INFO] [stdout]     |
[INFO] [stdout] 70  |                 let vec = try!(s.from_hex());
[INFO] [stdout]     |                           ^^^
[INFO] [stdout] ...
[INFO] [stdout] 160 | impl_hash!(H256, 32);
[INFO] [stdout]     | -------------------- in this macro invocation
[INFO] [stdout]     |
[INFO] [stdout]     = note: this warning originates in the macro `impl_hash` (in Nightly builds, run with -Z macro-backtrace for more info)
[INFO] [stdout] 
[INFO] [stdout] 
[INFO] [stdout] warning: use of deprecated macro `try`: use the `?` operator instead
[INFO] [stdout]    --> src/primitives/src/hash.rs:70:15
[INFO] [stdout]     |
[INFO] [stdout] 70  |                 let vec = try!(s.from_hex());
[INFO] [stdout]     |                           ^^^
[INFO] [stdout] ...
[INFO] [stdout] 161 | impl_hash!(H264, 33);
[INFO] [stdout]     | -------------------- in this macro invocation
[INFO] [stdout]     |
[INFO] [stdout]     = note: this warning originates in the macro `impl_hash` (in Nightly builds, run with -Z macro-backtrace for more info)
[INFO] [stdout] 
[INFO] [stdout] 
[INFO] [stdout] warning: use of deprecated macro `try`: use the `?` operator instead
[INFO] [stdout]    --> src/primitives/src/hash.rs:70:15
[INFO] [stdout]     |
[INFO] [stdout] 70  |                 let vec = try!(s.from_hex());
[INFO] [stdout]     |                           ^^^
[INFO] [stdout] ...
[INFO] [stdout] 162 | impl_hash!(H512, 64);
[INFO] [stdout]     | -------------------- in this macro invocation
[INFO] [stdout]     |
[INFO] [stdout]     = note: this warning originates in the macro `impl_hash` (in Nightly builds, run with -Z macro-backtrace for more info)
[INFO] [stdout] 
[INFO] [stdout] 
[INFO] [stdout] warning: use of deprecated macro `try`: use the `?` operator instead
[INFO] [stdout]    --> src/primitives/src/hash.rs:70:15
[INFO] [stdout]     |
[INFO] [stdout] 70  |                 let vec = try!(s.from_hex());
[INFO] [stdout]     |                           ^^^
[INFO] [stdout] ...
[INFO] [stdout] 163 | impl_hash!(H520, 65);
[INFO] [stdout]     | -------------------- in this macro invocation
[INFO] [stdout]     |
[INFO] [stdout]     = note: this warning originates in the macro `impl_hash` (in Nightly builds, run with -Z macro-backtrace for more info)
[INFO] [stdout] 
[INFO] [stdout] 
[INFO] [stderr]    Compiling filetime v0.1.15
[INFO] [stderr]     Checking fixedbitset v0.1.9
[INFO] [stderr]     Checking fnv v1.0.6
[INFO] [stdout] warning: 8 warnings emitted
[INFO] [stdout] 
[INFO] [stdout] 
[INFO] [stderr]     Checking serialization v0.1.0 (/opt/rustwide/workdir/src/serialization)
[INFO] [stderr]    Compiling skeptic v0.4.0
[INFO] [stderr]     Checking bitflags v0.7.0
[INFO] [stdout] warning: `...` range patterns are deprecated
[INFO] [stdout]   --> src/serialization/src/compact_integer.rs:64:5
[INFO] [stdout]    |
[INFO] [stdout] 64 |             0...0xfc => {
[INFO] [stdout]    |              ^^^ help: use `..=` for an inclusive range
[INFO] [stdout]    |
[INFO] [stdout]    = warning: this is accepted in the current edition (Rust 2015) but is a hard error in Rust 2021!
[INFO] [stdout]    = note: for more information, see <https://doc.rust-lang.org/nightly/edition-guide/rust-2021/warnings-promoted-to-error.html>
[INFO] [stdout]    = note: `#[warn(ellipsis_inclusive_range_patterns)]` on by default
[INFO] [stdout] 
[INFO] [stdout] 
[INFO] [stdout] warning: `...` range patterns are deprecated
[INFO] [stdout]   --> src/serialization/src/compact_integer.rs:67:8
[INFO] [stdout]    |
[INFO] [stdout] 67 |             0xfd...0xffff => {
[INFO] [stdout]    |                 ^^^ help: use `..=` for an inclusive range
[INFO] [stdout]    |
[INFO] [stdout]    = warning: this is accepted in the current edition (Rust 2015) but is a hard error in Rust 2021!
[INFO] [stdout]    = note: for more information, see <https://doc.rust-lang.org/nightly/edition-guide/rust-2021/warnings-promoted-to-error.html>
[INFO] [stdout] 
[INFO] [stdout] 
[INFO] [stdout] warning: `...` range patterns are deprecated
[INFO] [stdout]   --> src/serialization/src/compact_integer.rs:72:11
[INFO] [stdout]    |
[INFO] [stdout] 72 |             0x10000...0xffff_ffff => {
[INFO] [stdout]    |                    ^^^ help: use `..=` for an inclusive range
[INFO] [stdout]    |
[INFO] [stdout]    = warning: this is accepted in the current edition (Rust 2015) but is a hard error in Rust 2021!
[INFO] [stdout]    = note: for more information, see <https://doc.rust-lang.org/nightly/edition-guide/rust-2021/warnings-promoted-to-error.html>
[INFO] [stdout] 
[INFO] [stdout] 
[INFO] [stdout] warning: `...` range patterns are deprecated
[INFO] [stdout]   --> src/serialization/src/compact_integer.rs:87:5
[INFO] [stdout]    |
[INFO] [stdout] 87 |             0...0xfc => 1,
[INFO] [stdout]    |              ^^^ help: use `..=` for an inclusive range
[INFO] [stdout]    |
[INFO] [stdout]    = warning: this is accepted in the current edition (Rust 2015) but is a hard error in Rust 2021!
[INFO] [stdout]    = note: for more information, see <https://doc.rust-lang.org/nightly/edition-guide/rust-2021/warnings-promoted-to-error.html>
[INFO] [stdout] 
[INFO] [stdout] 
[INFO] [stdout] warning: `...` range patterns are deprecated
[INFO] [stdout]   --> src/serialization/src/compact_integer.rs:88:8
[INFO] [stdout]    |
[INFO] [stdout] 88 |             0xfd...0xffff => 3,
[INFO] [stdout]    |                 ^^^ help: use `..=` for an inclusive range
[INFO] [stdout]    |
[INFO] [stdout]    = warning: this is accepted in the current edition (Rust 2015) but is a hard error in Rust 2021!
[INFO] [stdout]    = note: for more information, see <https://doc.rust-lang.org/nightly/edition-guide/rust-2021/warnings-promoted-to-error.html>
[INFO] [stdout] 
[INFO] [stdout] 
[INFO] [stdout] warning: `...` range patterns are deprecated
[INFO] [stdout]   --> src/serialization/src/compact_integer.rs:89:11
[INFO] [stdout]    |
[INFO] [stdout] 89 |             0x10000...0xffff_ffff => 5,
[INFO] [stdout]    |                    ^^^ help: use `..=` for an inclusive range
[INFO] [stdout]    |
[INFO] [stdout]    = warning: this is accepted in the current edition (Rust 2015) but is a hard error in Rust 2021!
[INFO] [stdout]    = note: for more information, see <https://doc.rust-lang.org/nightly/edition-guide/rust-2021/warnings-promoted-to-error.html>
[INFO] [stdout] 
[INFO] [stdout] 
[INFO] [stdout] warning: use of deprecated macro `try`: use the `?` operator instead
[INFO] [stdout]   --> src/serialization/src/compact_integer.rs:97:22
[INFO] [stdout]    |
[INFO] [stdout] 97 |         let result = match try!(reader.read::<u8>()) {
[INFO] [stdout]    |                            ^^^
[INFO] [stdout]    |
[INFO] [stdout]    = note: `#[warn(deprecated)]` on by default
[INFO] [stdout] 
[INFO] [stdout] 
[INFO] [stdout] warning: `...` range patterns are deprecated
[INFO] [stdout]   --> src/serialization/src/compact_integer.rs:98:9
[INFO] [stdout]    |
[INFO] [stdout] 98 |             i @ 0...0xfc => i.into(),
[INFO] [stdout]    |                  ^^^ help: use `..=` for an inclusive range
[INFO] [stdout]    |
[INFO] [stdout]    = warning: this is accepted in the current edition (Rust 2015) but is a hard error in Rust 2021!
[INFO] [stdout]    = note: for more information, see <https://doc.rust-lang.org/nightly/edition-guide/rust-2021/warnings-promoted-to-error.html>
[INFO] [stdout] 
[INFO] [stdout] 
[INFO] [stdout] warning: use of deprecated macro `try`: use the `?` operator instead
[INFO] [stdout]   --> src/serialization/src/compact_integer.rs:99:12
[INFO] [stdout]    |
[INFO] [stdout] 99 |             0xfd => try!(reader.read::<u16>()).into(),
[INFO] [stdout]    |                     ^^^
[INFO] [stdout] 
[INFO] [stdout] 
[INFO] [stdout] warning: use of deprecated macro `try`: use the `?` operator instead
[INFO] [stdout]    --> src/serialization/src/compact_integer.rs:100:12
[INFO] [stdout]     |
[INFO] [stdout] 100 |             0xfe => try!(reader.read::<u32>()).into(),
[INFO] [stdout]     |                     ^^^
[INFO] [stdout] 
[INFO] [stdout] 
[INFO] [stdout] warning: use of deprecated macro `try`: use the `?` operator instead
[INFO] [stdout]    --> src/serialization/src/compact_integer.rs:101:9
[INFO] [stdout]     |
[INFO] [stdout] 101 |             _ => try!(reader.read::<u64>()).into(),
[INFO] [stdout]     |                  ^^^
[INFO] [stdout] 
[INFO] [stdout] 
[INFO] [stdout] warning: use of deprecated macro `try`: use the `?` operator instead
[INFO] [stdout]   --> src/serialization/src/impls.rs:96:15
[INFO] [stdout]    |
[INFO] [stdout] 96 |         let value = try!(reader.read_u8());
[INFO] [stdout]    |                     ^^^
[INFO] [stdout] 
[INFO] [stdout] 
[INFO] [stdout] warning: use of deprecated macro `try`: use the `?` operator instead
[INFO] [stdout]    --> src/serialization/src/impls.rs:108:6
[INFO] [stdout]     |
[INFO] [stdout] 108 |         Ok(try!(reader.read_i32::<LittleEndian>()))
[INFO] [stdout]     |            ^^^
[INFO] [stdout] 
[INFO] [stdout] 
[INFO] [stdout] warning: use of deprecated macro `try`: use the `?` operator instead
[INFO] [stdout]    --> src/serialization/src/impls.rs:115:6
[INFO] [stdout]     |
[INFO] [stdout] 115 |         Ok(try!(reader.read_i64::<LittleEndian>()))
[INFO] [stdout]     |            ^^^
[INFO] [stdout] 
[INFO] [stdout] 
[INFO] [stdout] warning: use of deprecated macro `try`: use the `?` operator instead
[INFO] [stdout]    --> src/serialization/src/impls.rs:122:6
[INFO] [stdout]     |
[INFO] [stdout] 122 |         Ok(try!(reader.read_u8()))
[INFO] [stdout]     |            ^^^
[INFO] [stdout] 
[INFO] [stdout] 
[INFO] [stdout] warning: use of deprecated macro `try`: use the `?` operator instead
[INFO] [stdout]    --> src/serialization/src/impls.rs:129:6
[INFO] [stdout]     |
[INFO] [stdout] 129 |         Ok(try!(reader.read_u16::<LittleEndian>()))
[INFO] [stdout]     |            ^^^
[INFO] [stdout] 
[INFO] [stdout] 
[INFO] [stdout] warning: use of deprecated macro `try`: use the `?` operator instead
[INFO] [stdout]    --> src/serialization/src/impls.rs:136:6
[INFO] [stdout]     |
[INFO] [stdout] 136 |         Ok(try!(reader.read_u32::<LittleEndian>()))
[INFO] [stdout]     |            ^^^
[INFO] [stdout] 
[INFO] [stdout] 
[INFO] [stdout] warning: use of deprecated macro `try`: use the `?` operator instead
[INFO] [stdout]    --> src/serialization/src/impls.rs:143:6
[INFO] [stdout]     |
[INFO] [stdout] 143 |         Ok(try!(reader.read_u64::<LittleEndian>()))
[INFO] [stdout]     |            ^^^
[INFO] [stdout] 
[INFO] [stdout] 
[INFO] [stdout] warning: use of deprecated macro `try`: use the `?` operator instead
[INFO] [stdout]    --> src/serialization/src/impls.rs:179:22
[INFO] [stdout]     |
[INFO] [stdout] 179 |         let bytes: Bytes = try!(reader.read());
[INFO] [stdout]     |                            ^^^
[INFO] [stdout] 
[INFO] [stdout] 
[INFO] [stdout] warning: use of deprecated macro `try`: use the `?` operator instead
[INFO] [stdout]    --> src/serialization/src/impls.rs:200:5
[INFO] [stdout]     |
[INFO] [stdout] 200 |                 try!(reader.read_slice(&mut *result));
[INFO] [stdout]     |                 ^^^
[INFO] [stdout] ...
[INFO] [stdout] 207 | impl_ser_for_hash!(H32, 4);
[INFO] [stdout]     | -------------------------- in this macro invocation
[INFO] [stdout]     |
[INFO] [stdout]     = note: this warning originates in the macro `impl_ser_for_hash` (in Nightly builds, run with -Z macro-backtrace for more info)
[INFO] [stdout] 
[INFO] [stdout] 
[INFO] [stdout] warning: use of deprecated macro `try`: use the `?` operator instead
[INFO] [stdout]    --> src/serialization/src/impls.rs:200:5
[INFO] [stdout]     |
[INFO] [stdout] 200 |                 try!(reader.read_slice(&mut *result));
[INFO] [stdout]     |                 ^^^
[INFO] [stdout] ...
[INFO] [stdout] 208 | impl_ser_for_hash!(H48, 6);
[INFO] [stdout]     | -------------------------- in this macro invocation
[INFO] [stdout]     |
[INFO] [stdout]     = note: this warning originates in the macro `impl_ser_for_hash` (in Nightly builds, run with -Z macro-backtrace for more info)
[INFO] [stdout] 
[INFO] [stdout] 
[INFO] [stdout] warning: use of deprecated macro `try`: use the `?` operator instead
[INFO] [stdout]    --> src/serialization/src/impls.rs:200:5
[INFO] [stdout]     |
[INFO] [stdout] 200 |                 try!(reader.read_slice(&mut *result));
[INFO] [stdout]     |                 ^^^
[INFO] [stdout] ...
[INFO] [stdout] 209 | impl_ser_for_hash!(H96, 12);
[INFO] [stdout]     | --------------------------- in this macro invocation
[INFO] [stdout]     |
[INFO] [stdout]     = note: this warning originates in the macro `impl_ser_for_hash` (in Nightly builds, run with -Z macro-backtrace for more info)
[INFO] [stdout] 
[INFO] [stdout] 
[INFO] [stdout] warning: use of deprecated macro `try`: use the `?` operator instead
[INFO] [stdout]    --> src/serialization/src/impls.rs:200:5
[INFO] [stdout]     |
[INFO] [stdout] 200 |                 try!(reader.read_slice(&mut *result));
[INFO] [stdout]     |                 ^^^
[INFO] [stdout] ...
[INFO] [stdout] 210 | impl_ser_for_hash!(H160, 20);
[INFO] [stdout]     | ---------------------------- in this macro invocation
[INFO] [stdout]     |
[INFO] [stdout]     = note: this warning originates in the macro `impl_ser_for_hash` (in Nightly builds, run with -Z macro-backtrace for more info)
[INFO] [stdout] 
[INFO] [stdout] 
[INFO] [stdout] warning: use of deprecated macro `try`: use the `?` operator instead
[INFO] [stdout]    --> src/serialization/src/impls.rs:200:5
[INFO] [stdout]     |
[INFO] [stdout] 200 |                 try!(reader.read_slice(&mut *result));
[INFO] [stdout]     |                 ^^^
[INFO] [stdout] ...
[INFO] [stdout] 211 | impl_ser_for_hash!(H256, 32);
[INFO] [stdout]     | ---------------------------- in this macro invocation
[INFO] [stdout]     |
[INFO] [stdout]     = note: this warning originates in the macro `impl_ser_for_hash` (in Nightly builds, run with -Z macro-backtrace for more info)
[INFO] [stdout] 
[INFO] [stdout] 
[INFO] [stdout] warning: use of deprecated macro `try`: use the `?` operator instead
[INFO] [stdout]    --> src/serialization/src/impls.rs:200:5
[INFO] [stdout]     |
[INFO] [stdout] 200 |                 try!(reader.read_slice(&mut *result));
[INFO] [stdout]     |                 ^^^
[INFO] [stdout] ...
[INFO] [stdout] 212 | impl_ser_for_hash!(H264, 33);
[INFO] [stdout]     | ---------------------------- in this macro invocation
[INFO] [stdout]     |
[INFO] [stdout]     = note: this warning originates in the macro `impl_ser_for_hash` (in Nightly builds, run with -Z macro-backtrace for more info)
[INFO] [stdout] 
[INFO] [stdout] 
[INFO] [stdout] warning: use of deprecated macro `try`: use the `?` operator instead
[INFO] [stdout]    --> src/serialization/src/impls.rs:200:5
[INFO] [stdout]     |
[INFO] [stdout] 200 |                 try!(reader.read_slice(&mut *result));
[INFO] [stdout]     |                 ^^^
[INFO] [stdout] ...
[INFO] [stdout] 213 | impl_ser_for_hash!(H512, 64);
[INFO] [stdout]     | ---------------------------- in this macro invocation
[INFO] [stdout]     |
[INFO] [stdout]     = note: this warning originates in the macro `impl_ser_for_hash` (in Nightly builds, run with -Z macro-backtrace for more info)
[INFO] [stdout] 
[INFO] [stdout] 
[INFO] [stdout] warning: use of deprecated macro `try`: use the `?` operator instead
[INFO] [stdout]    --> src/serialization/src/impls.rs:200:5
[INFO] [stdout]     |
[INFO] [stdout] 200 |                 try!(reader.read_slice(&mut *result));
[INFO] [stdout]     |                 ^^^
[INFO] [stdout] ...
[INFO] [stdout] 214 | impl_ser_for_hash!(H520, 65);
[INFO] [stdout]     | ---------------------------- in this macro invocation
[INFO] [stdout]     |
[INFO] [stdout]     = note: this warning originates in the macro `impl_ser_for_hash` (in Nightly builds, run with -Z macro-backtrace for more info)
[INFO] [stdout] 
[INFO] [stdout] 
[INFO] [stdout] warning: use of deprecated macro `try`: use the `?` operator instead
[INFO] [stdout]    --> src/serialization/src/impls.rs:233:3
[INFO] [stdout]     |
[INFO] [stdout] 233 |         try!(reader.read_slice(&mut bytes));
[INFO] [stdout]     |         ^^^
[INFO] [stdout] 
[INFO] [stdout] 
[INFO] [stdout] warning: use of deprecated macro `try`: use the `?` operator instead
[INFO] [stdout]    --> src/serialization/src/impls.rs:231:13
[INFO] [stdout]     |
[INFO] [stdout] 231 |         let len = try!(reader.read::<CompactInteger>());
[INFO] [stdout]     |                   ^^^
[INFO] [stdout] 
[INFO] [stdout] 
[INFO] [stdout] warning: use of deprecated macro `try`: use the `?` operator instead
[INFO] [stdout]  --> src/serialization/src/reader.rs:6:15
[INFO] [stdout]   |
[INFO] [stdout] 6 |     let result = try!(reader.read());
[INFO] [stdout]   |                  ^^^
[INFO] [stdout] 
[INFO] [stdout] 
[INFO] [stdout] warning: use of deprecated macro `try`: use the `?` operator instead
[INFO] [stdout]   --> src/serialization/src/reader.rs:97:20
[INFO] [stdout]    |
[INFO] [stdout] 97 |         let len: usize = try!(self.read::<CompactInteger>()).into();
[INFO] [stdout]    |                          ^^^
[INFO] [stdout] 
[INFO] [stdout] 
[INFO] [stdout] warning: use of deprecated macro `try`: use the `?` operator instead
[INFO] [stdout]    --> src/serialization/src/reader.rs:101:16
[INFO] [stdout]     |
[INFO] [stdout] 101 |             result.push(try!(self.read()));
[INFO] [stdout]     |                         ^^^
[INFO] [stdout] 
[INFO] [stdout] 
[INFO] [stdout] warning: use of deprecated macro `try`: use the `?` operator instead
[INFO] [stdout]    --> src/serialization/src/reader.rs:108:20
[INFO] [stdout]     |
[INFO] [stdout] 108 |         let len: usize = try!(self.read::<CompactInteger>()).into();
[INFO] [stdout]     |                          ^^^
[INFO] [stdout] 
[INFO] [stdout] 
[INFO] [stdout] warning: use of deprecated macro `try`: use the `?` operator instead
[INFO] [stdout]    --> src/serialization/src/reader.rs:116:16
[INFO] [stdout]     |
[INFO] [stdout] 116 |             result.push(try!(self.read()));
[INFO] [stdout]     |                         ^^^
[INFO] [stdout] 
[INFO] [stdout] 
[INFO] [stdout] warning: use of deprecated macro `try`: use the `?` operator instead
[INFO] [stdout]    --> src/serialization/src/reader.rs:173:13
[INFO] [stdout]     |
[INFO] [stdout] 173 |         let len = try!(io::Read::read(&mut self.from, buf));
[INFO] [stdout]     |                   ^^^
[INFO] [stdout] 
[INFO] [stdout] 
[INFO] [stderr]     Checking rustc-demangle v0.1.7
[INFO] [stderr]     Checking slab v0.3.0
[INFO] [stderr]     Checking ordermap v0.3.5
[INFO] [stdout] warning: 35 warnings emitted
[INFO] [stdout] 
[INFO] [stdout] 
[INFO] [stderr]    Compiling podio v0.1.6
[INFO] [stderr]    Compiling tar v0.4.14
[INFO] [stderr]     Checking crossbeam-deque v0.3.0
[INFO] [stderr]     Checking humantime v1.1.1
[INFO] [stderr]     Checking num-iter v0.1.35
[INFO] [stderr]    Compiling cc v1.0.9
[INFO] [stderr]    Compiling unicase v1.4.2
[INFO] [stderr]     Checking idna v0.1.4
[INFO] [stderr]     Checking thread-id v3.3.0
[INFO] [stderr]     Checking unreachable v0.1.1
[INFO] [stderr]     Checking language-tags v0.2.2
[INFO] [stderr]     Checking smallvec v0.6.0
[INFO] [stderr]     Checking petgraph v0.4.12
[INFO] [stderr]     Checking unwrap v1.1.0
[INFO] [stderr]    Compiling serde_derive_internals v0.23.0
[INFO] [stderr]    Compiling local-encoding v0.2.0
[INFO] [stderr]     Checking linked-hash-map v0.5.1
[INFO] [stderr]     Checking unicode-width v0.1.4
[INFO] [stderr]     Checking serde_json v1.0.13
[INFO] [stderr]     Checking stable_deref_trait v1.0.0
[INFO] [stderr]    Compiling serialization_derive v0.1.0 (/opt/rustwide/workdir/src/serialization_derive)
[INFO] [stderr]     Checking ordered-float v0.5.0
[INFO] [stderr]     Checking yaml-rust v0.4.0
[INFO] [stderr]     Checking owning_ref v0.3.3
[INFO] [stderr]     Checking tokio-threadpool v0.1.2
[INFO] [stderr]     Checking num v0.1.42
[INFO] [stderr]     Checking tokio-udp v0.1.0
[INFO] [stderr]     Checking tokio-tcp v0.1.0
[INFO] [stderr]     Checking unsafe-any v0.4.2
[INFO] [stderr]     Checking tokio-timer v0.2.1
[INFO] [stderr]     Checking base58 v0.1.0
[INFO] [stderr]     Checking typemap v0.3.3
[INFO] [stderr]     Checking chrono v0.3.0
[INFO] [stdout] error[E0034]: multiple applicable items in scope
[INFO] [stdout]     --> /opt/rustwide/cargo-home/registry/src/index.crates.io-6f17d22bba15001f/petgraph-0.4.12/src/graph_impl/stable_graph/mod.rs:1171:19
[INFO] [stdout]      |
[INFO] [stdout] 1171 |         self.iter.find_map(|(i, node)| {
[INFO] [stdout]      |                   ^^^^^^^^ multiple `find_map` found
[INFO] [stdout]      |
[INFO] [stdout] note: candidate #1 is defined in an impl of the trait `IterUtilsExt` for the type `I`
[INFO] [stdout]     --> /opt/rustwide/cargo-home/registry/src/index.crates.io-6f17d22bba15001f/petgraph-0.4.12/src/iter_utils.rs:5:5
[INFO] [stdout]      |
[INFO] [stdout] 5    | /     fn find_map<F, R>(&mut self, mut f: F) -> Option<R>
[INFO] [stdout] 6    | |         where F: FnMut(Self::Item) -> Option<R>
[INFO] [stdout]      | |_______________________________________________^
[INFO] [stdout]      = note: candidate #2 is defined in an impl of the trait `Iterator` for the type `Enumerate<I>`
[INFO] [stdout] help: disambiguate the method for candidate #1
[INFO] [stdout]      |
[INFO] [stdout] 1171 ~         IterUtilsExt::find_map(&mut self.iter, |(i, node)| {
[INFO] [stdout] 1172 +             node.weight.as_ref().map(move |w| (node_index(i), w))
[INFO] [stdout] 1173 +         })
[INFO] [stdout]      |
[INFO] [stdout] help: disambiguate the method for candidate #2
[INFO] [stdout]      |
[INFO] [stdout] 1171 ~         Iterator::find_map(&mut self.iter, |(i, node)| {
[INFO] [stdout] 1172 +             node.weight.as_ref().map(move |w| (node_index(i), w))
[INFO] [stdout] 1173 +         })
[INFO] [stdout]      |
[INFO] [stdout] 
[INFO] [stdout] 
[INFO] [stdout] error[E0034]: multiple applicable items in scope
[INFO] [stdout]     --> /opt/rustwide/cargo-home/registry/src/index.crates.io-6f17d22bba15001f/petgraph-0.4.12/src/graph_impl/stable_graph/mod.rs:1363:19
[INFO] [stdout]      |
[INFO] [stdout] 1363 |         self.iter.find_map(|(i, edge)|
[INFO] [stdout]      |                   ^^^^^^^^ multiple `find_map` found
[INFO] [stdout]      |
[INFO] [stdout] note: candidate #1 is defined in an impl of the trait `IterUtilsExt` for the type `I`
[INFO] [stdout]     --> /opt/rustwide/cargo-home/registry/src/index.crates.io-6f17d22bba15001f/petgraph-0.4.12/src/iter_utils.rs:5:5
[INFO] [stdout]      |
[INFO] [stdout] 5    | /     fn find_map<F, R>(&mut self, mut f: F) -> Option<R>
[INFO] [stdout] 6    | |         where F: FnMut(Self::Item) -> Option<R>
[INFO] [stdout]      | |_______________________________________________^
[INFO] [stdout]      = note: candidate #2 is defined in an impl of the trait `Iterator` for the type `Enumerate<I>`
[INFO] [stdout] help: disambiguate the method for candidate #1
[INFO] [stdout]      |
[INFO] [stdout] 1363 ~         IterUtilsExt::find_map(&mut self.iter, |(i, edge)|
[INFO] [stdout] 1364 +             edge.weight.as_ref().map(move |weight| {
[INFO] [stdout] 1365 +                 EdgeReference {
[INFO] [stdout] 1366 +                     index: edge_index(i),
[INFO] [stdout] 1367 +                     node: edge.node,
[INFO] [stdout] 1368 +                     weight: weight,
[INFO] [stdout] 1369 +                 }
[INFO] [stdout] 1370 +             }))
[INFO] [stdout]      |
[INFO] [stdout] help: disambiguate the method for candidate #2
[INFO] [stdout]      |
[INFO] [stdout] 1363 ~         Iterator::find_map(&mut self.iter, |(i, edge)|
[INFO] [stdout] 1364 +             edge.weight.as_ref().map(move |weight| {
[INFO] [stdout] 1365 +                 EdgeReference {
[INFO] [stdout] 1366 +                     index: edge_index(i),
[INFO] [stdout] 1367 +                     node: edge.node,
[INFO] [stdout] 1368 +                     weight: weight,
[INFO] [stdout] 1369 +                 }
[INFO] [stdout] 1370 +             }))
[INFO] [stdout]      |
[INFO] [stdout] 
[INFO] [stdout] 
[INFO] [stdout] error[E0034]: multiple applicable items in scope
[INFO] [stdout]     --> /opt/rustwide/cargo-home/registry/src/index.crates.io-6f17d22bba15001f/petgraph-0.4.12/src/graph_impl/stable_graph/mod.rs:1527:19
[INFO] [stdout]      |
[INFO] [stdout] 1527 |         self.iter.find_map(|(i, node)| {
[INFO] [stdout]      |                   ^^^^^^^^ multiple `find_map` found
[INFO] [stdout]      |
[INFO] [stdout] note: candidate #1 is defined in an impl of the trait `IterUtilsExt` for the type `I`
[INFO] [stdout]     --> /opt/rustwide/cargo-home/registry/src/index.crates.io-6f17d22bba15001f/petgraph-0.4.12/src/iter_utils.rs:5:5
[INFO] [stdout]      |
[INFO] [stdout] 5    | /     fn find_map<F, R>(&mut self, mut f: F) -> Option<R>
[INFO] [stdout] 6    | |         where F: FnMut(Self::Item) -> Option<R>
[INFO] [stdout]      | |_______________________________________________^
[INFO] [stdout]      = note: candidate #2 is defined in an impl of the trait `Iterator` for the type `Enumerate<I>`
[INFO] [stdout] help: disambiguate the method for candidate #1
[INFO] [stdout]      |
[INFO] [stdout] 1527 ~         IterUtilsExt::find_map(&mut self.iter, |(i, node)| {
[INFO] [stdout] 1528 +             if node.weight.is_some() {
[INFO] [stdout] 1529 +                 Some(node_index(i))
[INFO] [stdout] 1530 +             } else { None }
[INFO] [stdout] 1531 +         })
[INFO] [stdout]      |
[INFO] [stdout] help: disambiguate the method for candidate #2
[INFO] [stdout]      |
[INFO] [stdout] 1527 ~         Iterator::find_map(&mut self.iter, |(i, node)| {
[INFO] [stdout] 1528 +             if node.weight.is_some() {
[INFO] [stdout] 1529 +                 Some(node_index(i))
[INFO] [stdout] 1530 +             } else { None }
[INFO] [stdout] 1531 +         })
[INFO] [stdout]      |
[INFO] [stdout] 
[INFO] [stdout] 
[INFO] [stdout] error[E0034]: multiple applicable items in scope
[INFO] [stdout]     --> /opt/rustwide/cargo-home/registry/src/index.crates.io-6f17d22bba15001f/petgraph-0.4.12/src/graph_impl/stable_graph/mod.rs:1573:19
[INFO] [stdout]      |
[INFO] [stdout] 1573 |         self.iter.find_map(|(i, node)| {
[INFO] [stdout]      |                   ^^^^^^^^ multiple `find_map` found
[INFO] [stdout]      |
[INFO] [stdout] note: candidate #1 is defined in an impl of the trait `IterUtilsExt` for the type `I`
[INFO] [stdout]     --> /opt/rustwide/cargo-home/registry/src/index.crates.io-6f17d22bba15001f/petgraph-0.4.12/src/iter_utils.rs:5:5
[INFO] [stdout]      |
[INFO] [stdout] 5    | /     fn find_map<F, R>(&mut self, mut f: F) -> Option<R>
[INFO] [stdout] 6    | |         where F: FnMut(Self::Item) -> Option<R>
[INFO] [stdout]      | |_______________________________________________^
[INFO] [stdout]      = note: candidate #2 is defined in an impl of the trait `Iterator` for the type `Enumerate<I>`
[INFO] [stdout] help: disambiguate the method for candidate #1
[INFO] [stdout]      |
[INFO] [stdout] 1573 ~         IterUtilsExt::find_map(&mut self.iter, |(i, node)| {
[INFO] [stdout] 1574 +             if node.weight.is_some() {
[INFO] [stdout] 1575 +                 Some(edge_index(i))
[INFO] [stdout] 1576 +             } else { None }
[INFO] [stdout] 1577 +         })
[INFO] [stdout]      |
[INFO] [stdout] help: disambiguate the method for candidate #2
[INFO] [stdout]      |
[INFO] [stdout] 1573 ~         Iterator::find_map(&mut self.iter, |(i, node)| {
[INFO] [stdout] 1574 +             if node.weight.is_some() {
[INFO] [stdout] 1575 +                 Some(edge_index(i))
[INFO] [stdout] 1576 +             } else { None }
[INFO] [stdout] 1577 +         })
[INFO] [stdout]      |
[INFO] [stdout] 
[INFO] [stdout] 
[INFO] [stderr]     Checking serde-value v0.5.2
[INFO] [stdout] error: aborting due to 4 previous errors
[INFO] [stdout] 
[INFO] [stdout] 
[INFO] [stdout] For more information about this error, try `rustc --explain E0034`.
[INFO] [stdout] 
[INFO] [stderr] error: could not compile `petgraph` (lib) due to 5 previous errors
[INFO] [stderr] warning: build failed, waiting for other jobs to finish...
[INFO] running `Command { std: "docker" "inspect" "2edbc9096b9657bcd5cf1e39e5d05e4910308e80b9358296e3cab0e56dc48197", kill_on_drop: false }`
[INFO] running `Command { std: "docker" "rm" "-f" "2edbc9096b9657bcd5cf1e39e5d05e4910308e80b9358296e3cab0e56dc48197", kill_on_drop: false }`
[INFO] [stdout] 2edbc9096b9657bcd5cf1e39e5d05e4910308e80b9358296e3cab0e56dc48197
