[INFO] cloning repository https://github.com/palfrey/tuvix
[INFO] running `Command { std: "git" "-c" "credential.helper=" "-c" "credential.helper=/workspace/cargo-home/bin/git-credential-null" "clone" "--bare" "https://github.com/palfrey/tuvix" "/workspace/cache/git-repos/https%3A%2F%2Fgithub.com%2Fpalfrey%2Ftuvix", kill_on_drop: false }`
[INFO] [stderr] Cloning into bare repository '/workspace/cache/git-repos/https%3A%2F%2Fgithub.com%2Fpalfrey%2Ftuvix'...
[INFO] running `Command { std: "git" "rev-parse" "HEAD", kill_on_drop: false }`
[INFO] [stdout] 667f805da2b190ba80c3dadf96245595e04e715f
[INFO] documenting palfrey/tuvix against beta-2023-04-20 for beta-1.70-rustdoc-1
[INFO] running `Command { std: "git" "clone" "/workspace/cache/git-repos/https%3A%2F%2Fgithub.com%2Fpalfrey%2Ftuvix" "/workspace/builds/worker-2-tc2/source", kill_on_drop: false }`
[INFO] [stderr] Cloning into '/workspace/builds/worker-2-tc2/source'...
[INFO] [stderr] done.
[INFO] validating manifest of git repo https://github.com/palfrey/tuvix on toolchain beta-2023-04-20
[INFO] running `Command { std: CARGO_HOME="/workspace/cargo-home" RUSTUP_HOME="/workspace/rustup-home" "/workspace/cargo-home/bin/cargo" "+beta-2023-04-20" "metadata" "--manifest-path" "Cargo.toml" "--no-deps", kill_on_drop: false }`
[INFO] started tweaking git repo https://github.com/palfrey/tuvix
[INFO] finished tweaking git repo https://github.com/palfrey/tuvix
[INFO] tweaked toml for git repo https://github.com/palfrey/tuvix written to /workspace/builds/worker-2-tc2/source/Cargo.toml
[INFO] crate git repo https://github.com/palfrey/tuvix already has a lockfile, it will not be regenerated
[INFO] running `Command { std: CARGO_HOME="/workspace/cargo-home" RUSTUP_HOME="/workspace/rustup-home" "/workspace/cargo-home/bin/cargo" "+beta-2023-04-20" "fetch" "--manifest-path" "Cargo.toml", kill_on_drop: false }`
[INFO] [stderr]     Updating crates.io index
[INFO] [stderr]  Downloading crates ...
[INFO] [stderr]   Downloaded lsp-server v0.5.2
[INFO] [stderr]   Downloaded rustyline v9.1.2
[INFO] [stderr]   Downloaded fancy-regex v0.5.0
[INFO] [stderr]   Downloaded argfile v0.1.4
[INFO] [stderr]   Downloaded debugserver-types v0.5.0
[INFO] [stderr]   Downloaded schemafy v0.5.2
[INFO] [stderr]   Downloaded annotate-snippets v0.9.1
[INFO] [stderr]   Downloaded gazebo v0.6.0
[INFO] [stderr]   Downloaded gazebo_derive v0.6.0
[INFO] [stderr]   Downloaded string_cache v0.8.3
[INFO] [stderr]   Downloaded fd-lock v3.0.5
[INFO] [stderr]   Downloaded io-lifetimes v0.6.1
[INFO] [stderr]   Downloaded yansi-term v0.1.2
[INFO] [stderr]   Downloaded schemafy_lib v0.5.2
[INFO] [stderr]   Downloaded rustix v0.34.8
[INFO] [stderr]   Downloaded lsp-types v0.89.2
[INFO] [stderr]   Downloaded starlark_derive v0.7.0
[INFO] [stderr]   Downloaded schemafy_core v0.5.2
[INFO] [stderr]   Downloaded tokio v1.20.4
[INFO] [stderr]   Downloaded starlark v0.8.0
[INFO] [stderr]   Downloaded gazebo_derive v0.7.1
[INFO] [stderr]   Downloaded gazebo v0.7.1
[INFO] [stderr]   Downloaded windows-sys v0.30.0
[INFO] running `Command { std: "docker" "create" "-v" "/var/lib/crater-agent-workspace/builds/worker-2-tc2/target:/opt/rustwide/target:rw,Z" "-v" "/var/lib/crater-agent-workspace/builds/worker-2-tc2/source:/opt/rustwide/workdir:ro,Z" "-v" "/var/lib/crater-agent-workspace/cargo-home:/opt/rustwide/cargo-home:ro,Z" "-v" "/var/lib/crater-agent-workspace/rustup-home:/opt/rustwide/rustup-home:ro,Z" "-e" "SOURCE_DIR=/opt/rustwide/workdir" "-e" "CARGO_TARGET_DIR=/opt/rustwide/target" "-e" "CARGO_HOME=/opt/rustwide/cargo-home" "-e" "RUSTUP_HOME=/opt/rustwide/rustup-home" "-w" "/opt/rustwide/workdir" "-m" "1610612736" "--user" "0:0" "--network" "none" "ghcr.io/rust-lang/crates-build-env/linux@sha256:5ff2268d62e97bff2cde7d5815dd6ed5b47097566f13b8d0ca110b04b60e07ed" "/opt/rustwide/cargo-home/bin/cargo" "+beta-2023-04-20" "metadata" "--no-deps" "--format-version=1", kill_on_drop: false }`
[INFO] [stdout] d2280a3378e2b49d039b0daa71c0c02e4e45c7f92960fc52558d12af6d7de92d
[INFO] running `Command { std: "docker" "start" "-a" "d2280a3378e2b49d039b0daa71c0c02e4e45c7f92960fc52558d12af6d7de92d", kill_on_drop: false }`
[INFO] running `Command { std: "docker" "inspect" "d2280a3378e2b49d039b0daa71c0c02e4e45c7f92960fc52558d12af6d7de92d", kill_on_drop: false }`
[INFO] running `Command { std: "docker" "rm" "-f" "d2280a3378e2b49d039b0daa71c0c02e4e45c7f92960fc52558d12af6d7de92d", kill_on_drop: false }`
[INFO] [stdout] d2280a3378e2b49d039b0daa71c0c02e4e45c7f92960fc52558d12af6d7de92d
[INFO] running `Command { std: "docker" "create" "-v" "/var/lib/crater-agent-workspace/builds/worker-2-tc2/target:/opt/rustwide/target:rw,Z" "-v" "/var/lib/crater-agent-workspace/builds/worker-2-tc2/source:/opt/rustwide/workdir:ro,Z" "-v" "/var/lib/crater-agent-workspace/cargo-home:/opt/rustwide/cargo-home:ro,Z" "-v" "/var/lib/crater-agent-workspace/rustup-home:/opt/rustwide/rustup-home:ro,Z" "-e" "SOURCE_DIR=/opt/rustwide/workdir" "-e" "CARGO_TARGET_DIR=/opt/rustwide/target" "-e" "CARGO_INCREMENTAL=0" "-e" "RUST_BACKTRACE=full" "-e" "RUSTFLAGS=--cap-lints=warn" "-e" "RUSTDOCFLAGS=--cap-lints=warn" "-e" "CARGO_HOME=/opt/rustwide/cargo-home" "-e" "RUSTUP_HOME=/opt/rustwide/rustup-home" "-w" "/opt/rustwide/workdir" "-m" "1610612736" "--user" "0:0" "--network" "none" "ghcr.io/rust-lang/crates-build-env/linux@sha256:5ff2268d62e97bff2cde7d5815dd6ed5b47097566f13b8d0ca110b04b60e07ed" "/opt/rustwide/cargo-home/bin/cargo" "+beta-2023-04-20" "doc" "--frozen" "--no-deps" "--document-private-items" "--message-format=json", kill_on_drop: false }`
[INFO] [stdout] 0bf328c1a171fbadf735893a0bcf88e1f6e02315604b3daae331f1b90e40cb25
[INFO] running `Command { std: "docker" "start" "-a" "0bf328c1a171fbadf735893a0bcf88e1f6e02315604b3daae331f1b90e40cb25", kill_on_drop: false }`
[INFO] [stderr]    Compiling libc v0.2.119
[INFO] [stderr]    Compiling unicode-xid v0.2.2
[INFO] [stderr]    Compiling autocfg v1.1.0
[INFO] [stderr]    Compiling proc-macro2 v1.0.36
[INFO] [stderr]    Compiling syn v1.0.86
[INFO] [stderr]     Checking cfg-if v1.0.0
[INFO] [stderr]    Compiling memchr v2.4.1
[INFO] [stderr]    Compiling version_check v0.9.4
[INFO] [stderr]    Compiling cc v1.0.73
[INFO] [stderr]    Compiling serde_derive v1.0.136
[INFO] [stderr]    Compiling serde v1.0.136
[INFO] [stderr]    Compiling log v0.4.14
[INFO] [stderr]     Checking once_cell v1.9.0
[INFO] [stderr]    Compiling regex-syntax v0.6.26
[INFO] [stderr]     Checking pin-project-lite v0.2.8
[INFO] [stderr]    Compiling pkg-config v0.3.24
[INFO] [stderr]     Checking bitflags v1.3.2
[INFO] [stderr]     Checking bytes v1.1.0
[INFO] [stderr]     Checking itoa v1.0.1
[INFO] [stderr]    Compiling futures-core v0.3.21
[INFO] [stderr]    Compiling parking_lot_core v0.8.5
[INFO] [stderr]    Compiling ahash v0.7.6
[INFO] [stderr]    Compiling tokio v1.20.4
[INFO] [stderr]    Compiling futures-task v0.3.21
[INFO] [stderr]    Compiling serde_json v1.0.79
[INFO] [stderr]     Checking matches v0.1.9
[INFO] [stderr]    Compiling futures-util v0.3.21
[INFO] [stderr]     Checking tinyvec_macros v0.1.0
[INFO] [stderr]     Checking smallvec v1.8.0
[INFO] [stderr]    Compiling lazy_static v1.4.0
[INFO] [stderr]     Checking tinyvec v1.5.1
[INFO] [stderr]    Compiling indexmap v1.8.0
[INFO] [stderr]     Checking futures-io v0.3.21
[INFO] [stderr]     Checking percent-encoding v2.1.0
[INFO] [stderr]    Compiling futures-channel v0.3.21
[INFO] [stderr]    Compiling quote v1.0.15
[INFO] [stderr]    Compiling aho-corasick v0.7.18
[INFO] [stderr]     Checking pin-utils v0.1.0
[INFO] [stderr]     Checking fnv v1.0.7
[INFO] [stderr]     Checking untrusted v0.7.1
[INFO] [stderr]     Checking slab v0.4.5
[INFO] [stderr]     Checking spin v0.5.2
[INFO] [stderr]     Checking form_urlencoded v1.0.1
[INFO] [stderr]    Compiling dirs-sys-next v0.1.2
[INFO] [stderr]    Compiling instant v0.1.12
[INFO] [stderr]    Compiling scopeguard v1.1.0
[INFO] [stderr]     Checking unicode-bidi v0.3.7
[INFO] [stderr]     Checking ryu v1.0.9
[INFO] [stderr]     Checking unicode-width v0.1.9
[INFO] [stderr]    Compiling crunchy v0.2.2
[INFO] [stderr]    Compiling ring v0.16.20
[INFO] [stderr]    Compiling openssl-sys v0.9.72
[INFO] [stderr]    Compiling typenum v1.15.0
[INFO] [stderr]    Compiling dirs-next v2.0.0
[INFO] [stderr]    Compiling lock_api v0.4.6
[INFO] [stderr]     Checking http v0.2.6
[INFO] [stderr]     Checking getrandom v0.2.5
[INFO] [stderr]     Checking mio v0.8.2
[INFO] [stderr]     Checking socket2 v0.4.4
[INFO] [stderr]     Checking num_cpus v1.13.1
[INFO] [stderr]     Checking unicode-normalization v0.1.19
[INFO] [stderr]    Compiling proc-macro-error-attr v1.0.4
[INFO] [stderr]    Compiling generic-array v0.14.5
[INFO] [stderr]     Checking tracing-core v0.1.22
[INFO] [stderr]    Compiling tiny-keccak v2.0.2
[INFO] [stderr]     Checking hashbrown v0.11.2
[INFO] [stderr]    Compiling regex v1.5.6
[INFO] [stderr]    Compiling openssl v0.10.38
[INFO] [stderr]    Compiling io-lifetimes v0.6.1
[INFO] [stderr]    Compiling httparse v1.6.0
[INFO] [stderr]     Checking foreign-types-shared v0.1.1
[INFO] [stderr]    Compiling siphasher v0.3.9
[INFO] [stderr]     Checking futures-sink v0.3.21
[INFO] [stderr]     Checking foreign-types v0.3.2
[INFO] [stderr]     Checking tracing v0.1.31
[INFO] [stderr]    Compiling phf_shared v0.10.0
[INFO] [stderr]    Compiling parking_lot v0.11.2
[INFO] [stderr]     Checking idna v0.2.3
[INFO] [stderr]     Checking rand_core v0.6.3
[INFO] [stderr]    Compiling term v0.7.0
[INFO] [stderr]    Compiling memoffset v0.6.5
[INFO] [stderr]    Compiling num-traits v0.2.15
[INFO] [stderr]    Compiling proc-macro-error v1.0.4
[INFO] [stderr]     Checking ppv-lite86 v0.2.16
[INFO] [stderr]     Checking try-lock v0.2.3
[INFO] [stderr]    Compiling rustls v0.20.4
[INFO] [stderr]    Compiling native-tls v0.2.8
[INFO] [stderr]    Compiling rustix v0.34.8
[INFO] [stderr]    Compiling either v1.6.1
[INFO] [stderr]    Compiling crossbeam-utils v0.8.7
[INFO] [stderr]    Compiling new_debug_unreachable v1.0.4
[INFO] [stderr]    Compiling fixedbitset v0.2.0
[INFO] [stderr]    Compiling async-trait v0.1.52
[INFO] [stderr]    Compiling bit-vec v0.6.3
[INFO] [stderr]    Compiling precomputed-hash v0.1.1
[INFO] [stderr]    Compiling itertools v0.10.3
[INFO] [stderr]     Checking rand_chacha v0.3.1
[INFO] [stderr]    Compiling string_cache v0.8.3
[INFO] [stderr]    Compiling petgraph v0.5.1
[INFO] [stderr]    Compiling Inflector v0.11.4
[INFO] [stderr]    Compiling bit-set v0.5.2
[INFO] [stderr]    Compiling lalrpop-util v0.19.7
[INFO] [stderr]     Checking want v0.3.0
[INFO] [stderr]    Compiling ascii-canvas v3.0.0
[INFO] [stderr]     Checking http-body v0.4.4
[INFO] [stderr]    Compiling ena v0.14.0
[INFO] [stderr]     Checking atty v0.2.14
[INFO] [stderr]    Compiling num-integer v0.1.45
[INFO] [stderr]     Checking match_cfg v0.1.0
[INFO] [stderr]     Checking linux-raw-sys v0.0.46
[INFO] [stderr]    Compiling unicode-segmentation v1.9.0
[INFO] [stderr]    Compiling diff v0.1.12
[INFO] [stderr]     Checking httpdate v1.0.2
[INFO] [stderr]    Compiling heck v0.4.0
[INFO] [stderr]    Compiling pico-args v0.4.2
[INFO] [stderr]     Checking openssl-probe v0.1.5
[INFO] [stderr]     Checking tower-service v0.3.1
[INFO] [stderr]    Compiling heck v0.3.3
[INFO] [stderr]     Checking hostname v0.3.1
[INFO] [stderr]     Checking rand v0.8.5
[INFO] [stderr]     Checking webpki v0.22.0
[INFO] [stderr]     Checking sct v0.7.0
[INFO] [stderr]     Checking textwrap v0.11.0
[INFO] [stderr]    Compiling lzma-sys v0.1.17
[INFO] [stderr]     Checking nibble_vec v0.1.0
[INFO] [stderr]    Compiling num-bigint v0.4.3
[INFO] [stderr]     Checking data-encoding v2.3.2
[INFO] [stderr]    Compiling beef v0.5.2
[INFO] [stderr]    Compiling lalrpop v0.19.7
[INFO] [stderr]     Checking vec_map v0.8.2
[INFO] [stderr]    Compiling encoding_rs v0.8.30
[INFO] [stderr]     Checking linked-hash-map v0.5.4
[INFO] [stderr]     Checking tokio-util v0.6.9
[INFO] [stderr]     Checking endian-type v0.1.2
[INFO] [stderr]     Checking strsim v0.8.0
[INFO] [stderr]     Checking ansi_term v0.12.1
[INFO] [stderr]    Compiling anyhow v1.0.55
[INFO] [stderr]    Compiling utf8-ranges v1.0.4
[INFO] [stderr]    Compiling unicode-linebreak v0.1.2
[INFO] [stderr]     Checking quick-error v1.2.3
[INFO] [stderr]     Checking ipnet v2.3.1
[INFO] [stderr]    Compiling erased-serde v0.3.20
[INFO] [stderr]     Checking clap v2.34.0
[INFO] [stderr]     Checking resolv-conf v0.7.0
[INFO] [stderr]     Checking radix_trie v0.2.1
[INFO] [stderr]     Checking lru-cache v0.1.2
[INFO] [stderr]     Checking crossbeam-channel v0.5.2
[INFO] [stderr]     Checking nix v0.23.1
[INFO] [stderr]     Checking block-buffer v0.10.2
[INFO] [stderr]     Checking crypto-common v0.1.3
[INFO] [stderr]     Checking tokio-native-tls v0.3.0
[INFO] [stderr]     Checking os_str_bytes v6.1.0
[INFO] [stderr]     Checking utf8parse v0.2.0
[INFO] [stderr]     Checking yansi-term v0.1.2
[INFO] [stderr]    Compiling unindent v0.1.8
[INFO] [stderr]     Checking base64 v0.13.0
[INFO] [stderr]     Checking same-file v1.0.6
[INFO] [stderr]    Compiling convert_case v0.4.0
[INFO] [stderr]     Checking smawk v0.3.1
[INFO] [stderr]     Checking itertools v0.9.0
[INFO] [stderr]     Checking walkdir v2.3.2
[INFO] [stderr]     Checking rustls-pemfile v0.3.0
[INFO] [stderr]     Checking argfile v0.1.4
[INFO] [stderr]     Checking annotate-snippets v0.9.1
[INFO] [stderr]    Compiling indoc v1.0.4
[INFO] [stderr]     Checking digest v0.10.3
[INFO] [stderr]     Checking webpki-roots v0.22.2
[INFO] [stderr]     Checking filetime v0.2.15
[INFO] [stderr]     Checking xattr v0.2.2
[INFO] [stderr]     Checking fancy-regex v0.5.0
[INFO] [stderr]     Checking mime v0.3.16
[INFO] [stderr]     Checking strsim v0.10.0
[INFO] [stderr]     Checking static_assertions v1.1.0
[INFO] [stderr]     Checking fd-lock v3.0.5
[INFO] [stderr]     Checking tokio-rustls v0.23.2
[INFO] [stderr]     Checking bumpalo v3.12.0
[INFO] [stderr]     Checking cpufeatures v0.2.1
[INFO] [stderr]     Checking indenter v0.3.3
[INFO] [stderr]     Checking maplit v1.0.2
[INFO] [stderr]     Checking termcolor v1.1.3
[INFO] [stderr]     Checking humantime v2.1.0
[INFO] [stderr]    Compiling paste v1.0.6
[INFO] [stderr]     Checking sha2 v0.10.2
[INFO] [stderr]     Checking tar v0.4.38
[INFO] [stderr]     Checking xz2 v0.1.6
[INFO] [stderr]     Checking base16ct v0.1.1
[INFO] [stderr]     Checking env_logger v0.9.0
[INFO] [stderr]     Checking textwrap v0.14.2
[INFO] [stderr]    Compiling thiserror-impl v1.0.30
[INFO] [stderr]    Compiling serde_repr v0.1.7
[INFO] [stderr]    Compiling gazebo_derive v0.6.0
[INFO] [stderr]    Compiling enum-as-inner v0.3.4
[INFO] [stderr]    Compiling structopt-derive v0.4.18
[INFO] [stderr]    Compiling logos-derive v0.12.0
[INFO] [stderr]    Compiling gazebo_derive v0.7.1
[INFO] [stderr]    Compiling derive_more v0.99.17
[INFO] [stderr]    Compiling derivative v2.2.0
[INFO] [stderr]    Compiling gazebo v0.6.0
[INFO] [stderr]     Checking rustyline v9.1.2
[INFO] [stderr]     Checking gazebo v0.7.1
[INFO] [stdout] error[E0554]: `#![feature]` may not be used on the beta release channel
[INFO] [stdout]   --> /opt/rustwide/cargo-home/registry/src/index.crates.io-6f17d22bba15001f/gazebo-0.6.0/src/lib.rs:10:49
[INFO] [stdout]    |
[INFO] [stdout] 10 | #![cfg_attr(feature = "str_pattern_extensions", feature(pattern))]
[INFO] [stdout]    |                                                 ^^^^^^^^^^^^^^^^
[INFO] [stdout] 
[INFO] [stdout] 
[INFO] [stdout] error[E0554]: `#![feature]` may not be used on the beta release channel
[INFO] [stdout]   --> /opt/rustwide/cargo-home/registry/src/index.crates.io-6f17d22bba15001f/gazebo-0.6.0/src/lib.rs:11:49
[INFO] [stdout]    |
[INFO] [stdout] 11 | #![cfg_attr(feature = "str_pattern_extensions", feature(associated_type_bounds))]
[INFO] [stdout]    |                                                 ^^^^^^^^^^^^^^^^^^^^^^^^^^^^^^^
[INFO] [stdout] 
[INFO] [stdout] 
[INFO] [stdout] error[E0554]: `#![feature]` may not be used on the beta release channel
[INFO] [stdout]   --> /opt/rustwide/cargo-home/registry/src/index.crates.io-6f17d22bba15001f/gazebo-0.6.0/src/lib.rs:10:57
[INFO] [stdout]    |
[INFO] [stdout] 10 | #![cfg_attr(feature = "str_pattern_extensions", feature(pattern))]
[INFO] [stdout]    |                                                         ^^^^^^^
[INFO] [stdout] 
[INFO] [stdout] 
[INFO] [stdout] error[E0554]: `#![feature]` may not be used on the beta release channel
[INFO] [stdout]   --> /opt/rustwide/cargo-home/registry/src/index.crates.io-6f17d22bba15001f/gazebo-0.7.1/src/lib.rs:10:49
[INFO] [stdout]    |
[INFO] [stdout] 10 | #![cfg_attr(feature = "str_pattern_extensions", feature(pattern))]
[INFO] [stdout]    |                                                 ^^^^^^^^^^^^^^^^
[INFO] [stdout] 
[INFO] [stdout] 
[INFO] [stdout] error[E0554]: `#![feature]` may not be used on the beta release channel
[INFO] [stdout]   --> /opt/rustwide/cargo-home/registry/src/index.crates.io-6f17d22bba15001f/gazebo-0.7.1/src/lib.rs:11:49
[INFO] [stdout]    |
[INFO] [stdout] 11 | #![cfg_attr(feature = "str_pattern_extensions", feature(associated_type_bounds))]
[INFO] [stdout]    |                                                 ^^^^^^^^^^^^^^^^^^^^^^^^^^^^^^^
[INFO] [stdout] 
[INFO] [stdout] 
[INFO] [stdout] error[E0554]: `#![feature]` may not be used on the beta release channel
[INFO] [stdout]   --> /opt/rustwide/cargo-home/registry/src/index.crates.io-6f17d22bba15001f/gazebo-0.7.1/src/lib.rs:10:57
[INFO] [stdout]    |
[INFO] [stdout] 10 | #![cfg_attr(feature = "str_pattern_extensions", feature(pattern))]
[INFO] [stdout]    |                                                         ^^^^^^^
[INFO] [stdout] 
[INFO] [stdout] 
[INFO] [stderr]     Checking structopt v0.3.26
[INFO] [stdout] error: aborting due to 3 previous errors
[INFO] [stdout] 
[INFO] [stdout] 
[INFO] [stdout] For more information about this error, try `rustc --explain E0554`.
[INFO] [stdout] 
[INFO] [stderr] error: could not compile `gazebo` (lib) due to 4 previous errors
[INFO] [stderr] warning: build failed, waiting for other jobs to finish...
[INFO] [stdout] error: aborting due to 3 previous errors
[INFO] [stdout] 
[INFO] [stdout] 
[INFO] [stdout] For more information about this error, try `rustc --explain E0554`.
[INFO] [stdout] 
[INFO] [stderr] error: could not compile `gazebo` (lib) due to 4 previous errors
[INFO] running `Command { std: "docker" "inspect" "0bf328c1a171fbadf735893a0bcf88e1f6e02315604b3daae331f1b90e40cb25", kill_on_drop: false }`
[INFO] running `Command { std: "docker" "rm" "-f" "0bf328c1a171fbadf735893a0bcf88e1f6e02315604b3daae331f1b90e40cb25", kill_on_drop: false }`
[INFO] [stdout] 0bf328c1a171fbadf735893a0bcf88e1f6e02315604b3daae331f1b90e40cb25
