[INFO] cloning repository https://github.com/paftree/ffxiv-matrix-bot
[INFO] running `Command { std: "git" "-c" "credential.helper=" "-c" "credential.helper=/workspace/cargo-home/bin/git-credential-null" "clone" "--bare" "https://github.com/paftree/ffxiv-matrix-bot" "/workspace/cache/git-repos/https%3A%2F%2Fgithub.com%2Fpaftree%2Fffxiv-matrix-bot", kill_on_drop: false }`
[INFO] [stderr] Cloning into bare repository '/workspace/cache/git-repos/https%3A%2F%2Fgithub.com%2Fpaftree%2Fffxiv-matrix-bot'...
[INFO] running `Command { std: "git" "rev-parse" "HEAD", kill_on_drop: false }`
[INFO] [stdout] e484bc30c6cf582afe2d15a72bef11cdfc775005
[INFO] documenting paftree/ffxiv-matrix-bot against beta-2023-04-20 for beta-1.70-rustdoc-1
[INFO] running `Command { std: "git" "clone" "/workspace/cache/git-repos/https%3A%2F%2Fgithub.com%2Fpaftree%2Fffxiv-matrix-bot" "/workspace/builds/worker-0-tc2/source", kill_on_drop: false }`
[INFO] [stderr] Cloning into '/workspace/builds/worker-0-tc2/source'...
[INFO] [stderr] done.
[INFO] validating manifest of git repo https://github.com/paftree/ffxiv-matrix-bot on toolchain beta-2023-04-20
[INFO] running `Command { std: CARGO_HOME="/workspace/cargo-home" RUSTUP_HOME="/workspace/rustup-home" "/workspace/cargo-home/bin/cargo" "+beta-2023-04-20" "metadata" "--manifest-path" "Cargo.toml" "--no-deps", kill_on_drop: false }`
[INFO] started tweaking git repo https://github.com/paftree/ffxiv-matrix-bot
[INFO] finished tweaking git repo https://github.com/paftree/ffxiv-matrix-bot
[INFO] tweaked toml for git repo https://github.com/paftree/ffxiv-matrix-bot written to /workspace/builds/worker-0-tc2/source/Cargo.toml
[INFO] crate git repo https://github.com/paftree/ffxiv-matrix-bot already has a lockfile, it will not be regenerated
[INFO] running `Command { std: CARGO_HOME="/workspace/cargo-home" RUSTUP_HOME="/workspace/rustup-home" "/workspace/cargo-home/bin/cargo" "+beta-2023-04-20" "fetch" "--manifest-path" "Cargo.toml", kill_on_drop: false }`
[INFO] [stderr]     Blocking waiting for file lock on package cache
[INFO] [stderr]     Updating crates.io index
[INFO] [stderr]  Downloading crates ...
[INFO] [stderr]   Downloaded yup-oauth2 v5.1.0
[INFO] [stderr]   Downloaded fragile v0.3.0
[INFO] [stderr]   Downloaded google-sheets4 v2.0.8+20210322
[INFO] [stderr]   Downloaded fractal-matrix-api v4.2.0
[INFO] [stderr]   Downloaded glib v0.8.2
[INFO] [stderr]   Downloaded gio v0.7.0
[INFO] [stderr]   Downloaded ffxiv_types v0.2.0
[INFO] running `Command { std: "docker" "create" "-v" "/var/lib/crater-agent-workspace/builds/worker-0-tc2/target:/opt/rustwide/target:rw,Z" "-v" "/var/lib/crater-agent-workspace/builds/worker-0-tc2/source:/opt/rustwide/workdir:ro,Z" "-v" "/var/lib/crater-agent-workspace/cargo-home:/opt/rustwide/cargo-home:ro,Z" "-v" "/var/lib/crater-agent-workspace/rustup-home:/opt/rustwide/rustup-home:ro,Z" "-e" "SOURCE_DIR=/opt/rustwide/workdir" "-e" "CARGO_TARGET_DIR=/opt/rustwide/target" "-e" "CARGO_HOME=/opt/rustwide/cargo-home" "-e" "RUSTUP_HOME=/opt/rustwide/rustup-home" "-w" "/opt/rustwide/workdir" "-m" "1610612736" "--user" "0:0" "--network" "none" "ghcr.io/rust-lang/crates-build-env/linux@sha256:5ff2268d62e97bff2cde7d5815dd6ed5b47097566f13b8d0ca110b04b60e07ed" "/opt/rustwide/cargo-home/bin/cargo" "+beta-2023-04-20" "metadata" "--no-deps" "--format-version=1", kill_on_drop: false }`
[INFO] [stdout] f93e151ed6d5b8e11c682bfb051e350be978e12aa8b9320b5057fb1257831407
[INFO] running `Command { std: "docker" "start" "-a" "f93e151ed6d5b8e11c682bfb051e350be978e12aa8b9320b5057fb1257831407", kill_on_drop: false }`
[INFO] running `Command { std: "docker" "inspect" "f93e151ed6d5b8e11c682bfb051e350be978e12aa8b9320b5057fb1257831407", kill_on_drop: false }`
[INFO] running `Command { std: "docker" "rm" "-f" "f93e151ed6d5b8e11c682bfb051e350be978e12aa8b9320b5057fb1257831407", kill_on_drop: false }`
[INFO] [stdout] f93e151ed6d5b8e11c682bfb051e350be978e12aa8b9320b5057fb1257831407
[INFO] running `Command { std: "docker" "create" "-v" "/var/lib/crater-agent-workspace/builds/worker-0-tc2/target:/opt/rustwide/target:rw,Z" "-v" "/var/lib/crater-agent-workspace/builds/worker-0-tc2/source:/opt/rustwide/workdir:ro,Z" "-v" "/var/lib/crater-agent-workspace/cargo-home:/opt/rustwide/cargo-home:ro,Z" "-v" "/var/lib/crater-agent-workspace/rustup-home:/opt/rustwide/rustup-home:ro,Z" "-e" "SOURCE_DIR=/opt/rustwide/workdir" "-e" "CARGO_TARGET_DIR=/opt/rustwide/target" "-e" "CARGO_INCREMENTAL=0" "-e" "RUST_BACKTRACE=full" "-e" "RUSTFLAGS=--cap-lints=warn" "-e" "RUSTDOCFLAGS=--cap-lints=warn" "-e" "CARGO_HOME=/opt/rustwide/cargo-home" "-e" "RUSTUP_HOME=/opt/rustwide/rustup-home" "-w" "/opt/rustwide/workdir" "-m" "1610612736" "--user" "0:0" "--network" "none" "ghcr.io/rust-lang/crates-build-env/linux@sha256:5ff2268d62e97bff2cde7d5815dd6ed5b47097566f13b8d0ca110b04b60e07ed" "/opt/rustwide/cargo-home/bin/cargo" "+beta-2023-04-20" "doc" "--frozen" "--no-deps" "--document-private-items" "--message-format=json", kill_on_drop: false }`
[INFO] [stdout] e86d3ce21333464a7ecfe5549b142e4a5ccb64bdd4733573e489512a7e3d2f99
[INFO] running `Command { std: "docker" "start" "-a" "e86d3ce21333464a7ecfe5549b142e4a5ccb64bdd4733573e489512a7e3d2f99", kill_on_drop: false }`
[INFO] [stderr]    Compiling autocfg v1.0.1
[INFO] [stderr]    Compiling proc-macro2 v1.0.32
[INFO] [stderr]    Compiling log v0.4.11
[INFO] [stderr]    Compiling unicode-xid v0.2.1
[INFO] [stderr]    Compiling syn v1.0.81
[INFO] [stderr]    Compiling memchr v2.3.4
[INFO] [stderr]    Compiling cc v1.0.65
[INFO] [stderr]    Compiling pkg-config v0.3.19
[INFO] [stderr]     Checking slab v0.4.2
[INFO] [stderr]    Compiling byteorder v1.3.4
[INFO] [stderr]     Checking futures v0.1.30
[INFO] [stderr]     Checking itoa v0.4.6
[INFO] [stderr]    Compiling version_check v0.9.2
[INFO] [stderr]    Compiling semver-parser v0.7.0
[INFO] [stderr]    Compiling maybe-uninit v2.0.0
[INFO] [stderr]     Checking num_cpus v1.13.0
[INFO] [stderr]     Checking scopeguard v1.1.0
[INFO] [stderr]     Checking either v1.6.1
[INFO] [stderr]     Checking iovec v0.1.4
[INFO] [stderr]     Checking tinyvec_macros v0.1.0
[INFO] [stderr]    Compiling semver v0.9.0
[INFO] [stderr]     Checking matches v0.1.8
[INFO] [stderr]    Compiling serde_derive v1.0.117
[INFO] [stderr]     Checking tinyvec v1.1.0
[INFO] [stderr]    Compiling serde v1.0.117
[INFO] [stderr]     Checking unicode-bidi v0.3.4
[INFO] [stderr]     Checking rand_core v0.4.2
[INFO] [stderr]    Compiling crossbeam-utils v0.7.2
[INFO] [stderr]    Compiling rustc_version v0.2.3
[INFO] [stderr]    Compiling indexmap v1.6.0
[INFO] [stderr]    Compiling autocfg v0.1.7
[INFO] [stderr]     Checking hashbrown v0.9.1
[INFO] [stderr]    Compiling ryu v1.0.5
[INFO] [stderr]     Checking pin-project-lite v0.2.7
[INFO] [stderr]    Compiling openssl-src v111.12.0+1.1.1h
[INFO] [stderr]    Compiling num-traits v0.2.14
[INFO] [stderr]    Compiling memoffset v0.5.6
[INFO] [stderr]    Compiling httparse v1.5.1
[INFO] [stderr]     Checking bytes v0.4.12
[INFO] [stderr]    Compiling futures-core v0.3.17
[INFO] [stderr]    Compiling parking_lot_core v0.6.2
[INFO] [stderr]    Compiling parking_lot v0.9.0
[INFO] [stderr]    Compiling quote v1.0.7
[INFO] [stderr]    Compiling glib-sys v0.9.1
[INFO] [stderr]     Checking smallvec v0.6.13
[INFO] [stderr]    Compiling crossbeam-epoch v0.8.2
[INFO] [stderr]     Checking time v0.1.44
[INFO] [stderr]    Compiling proc-macro-hack v0.5.19
[INFO] [stderr]     Checking tokio-io v0.1.13
[INFO] [stderr]     Checking unicode-normalization v0.1.16
[INFO] [stderr]    Compiling ring v0.16.20
[INFO] [stderr]    Compiling openssl-sys v0.9.58
[INFO] [stderr]     Checking rand_core v0.3.1
[INFO] [stderr]     Checking aho-corasick v0.7.15
[INFO] [stderr]    Compiling futures-macro v0.3.17
[INFO] [stderr]    Compiling miniz_oxide v0.4.3
[INFO] [stderr]    Compiling unicase v2.6.0
[INFO] [stderr]     Checking lock_api v0.3.4
[INFO] [stderr]     Checking net2 v0.2.36
[INFO] [stderr]    Compiling serde_json v1.0.60
[INFO] [stderr]    Compiling futures-task v0.3.17
[INFO] [stderr]    Compiling futures-channel v0.3.17
[INFO] [stderr]     Checking futures-sink v0.3.17
[INFO] [stderr]     Checking tokio-executor v0.1.10
[INFO] [stderr]     Checking openssl-probe v0.1.2
[INFO] [stderr]     Checking percent-encoding v1.0.1
[INFO] [stderr]     Checking regex-syntax v0.6.21
[INFO] [stderr]    Compiling proc-macro-nested v0.1.7
[INFO] [stderr]     Checking percent-encoding v2.1.0
[INFO] [stderr]     Checking bytes v1.1.0
[INFO] [stderr]     Checking once_cell v1.8.0
[INFO] [stderr]     Checking mio v0.6.23
[INFO] [stderr]     Checking form_urlencoded v1.0.0
[INFO] [stderr]     Checking idna v0.1.5
[INFO] [stderr]     Checking idna v0.2.0
[INFO] [stderr]     Checking tokio-sync v0.1.8
[INFO] [stderr]    Compiling gobject-sys v0.9.1
[INFO] [stderr]    Compiling tokio v1.2.0
[INFO] [stderr]    Compiling futures-util v0.3.17
[INFO] [stderr]     Checking adler v0.2.3
[INFO] [stderr]     Checking crossbeam-deque v0.7.3
[INFO] [stderr]     Checking url v1.7.2
[INFO] [stderr]     Checking url v2.2.0
[INFO] [stderr]     Checking crossbeam-queue v0.2.3
[INFO] [stderr]     Checking tokio-reactor v0.1.12
[INFO] [stderr]     Checking http v0.1.21
[INFO] [stderr]    Compiling rand_pcg v0.1.2
[INFO] [stderr]    Compiling rand_chacha v0.1.1
[INFO] [stderr]     Checking mio v0.7.14
[INFO] [stderr]    Compiling num-integer v0.1.44
[INFO] [stderr]    Compiling error-chain v0.12.4
[INFO] [stderr]     Checking gimli v0.23.0
[INFO] [stderr]    Compiling openssl v0.10.30
[INFO] [stderr]    Compiling crc32fast v1.2.1
[INFO] [stderr]     Checking foreign-types-shared v0.1.1
[INFO] [stderr]     Checking futures-io v0.3.17
[INFO] [stderr]    Compiling failure_derive v0.1.8
[INFO] [stderr]     Checking foreign-types v0.3.2
[INFO] [stderr]     Checking tokio-tcp v0.1.4
[INFO] [stderr]     Checking tokio-threadpool v0.1.18
[INFO] [stderr]     Checking tokio-current-thread v0.1.7
[INFO] [stderr]     Checking tokio-timer v0.2.13
[INFO] [stderr]     Checking tokio-buf v0.1.1
[INFO] [stderr]     Checking string v0.2.1
[INFO] [stderr]    Compiling rand v0.6.5
[INFO] [stderr]    Compiling hyper v0.12.35
[INFO] [stderr]     Checking object v0.22.0
[INFO] [stderr]    Compiling native-tls v0.2.6
[INFO] [stderr]     Checking rustc-demangle v0.1.18
[INFO] [stderr]    Compiling mime_guess v2.0.3
[INFO] [stderr]     Checking regex v1.4.2
[INFO] [stderr]     Checking tokio v0.1.22
[INFO] [stderr]     Checking http v0.2.5
[INFO] [stderr]     Checking rand_isaac v0.1.1
[INFO] [stderr]     Checking rand_hc v0.1.0
[INFO] [stderr]     Checking rand_xorshift v0.1.1
[INFO] [stderr]     Checking want v0.2.0
[INFO] [stderr]     Checking futures-cpupool v0.1.8
[INFO] [stderr]    Compiling gio-sys v0.9.1
[INFO] [stderr]     Checking rand_os v0.1.3
[INFO] [stderr]     Checking rand_jitter v0.1.4
[INFO] [stderr]     Checking tracing-core v0.1.21
[INFO] [stderr]     Checking base64 v0.13.0
[INFO] [stderr]    Compiling encoding_rs v0.8.26
[INFO] [stderr]     Checking cookie v0.12.0
[INFO] [stderr]     Checking h2 v0.1.26
[INFO] [stderr]     Checking http-body v0.1.0
[INFO] [stderr]     Checking try_from v0.3.2
[INFO] [stderr]     Checking dtoa v0.4.6
[INFO] [stderr]     Checking tracing v0.1.29
[INFO] [stderr]     Checking publicsuffix v1.5.4
[INFO] [stderr]    Compiling getrandom v0.1.15
[INFO] [stderr]     Checking flate2 v1.0.19
[INFO] [stderr]     Checking base64 v0.10.1
[INFO] [stderr]     Checking want v0.3.0
[INFO] [stderr]    Compiling crossbeam-utils v0.8.1
[INFO] [stderr]     Checking addr2line v0.14.0
[INFO] [stderr]    Compiling memoffset v0.6.1
[INFO] [stderr]     Checking socket2 v0.4.2
[INFO] [stderr]     Checking sct v0.6.1
[INFO] [stderr]     Checking webpki v0.21.4
[INFO] [stderr]    Compiling const_fn v0.4.3
[INFO] [stderr]     Checking tower-service v0.3.1
[INFO] [stderr]    Compiling lexical-core v0.7.6
[INFO] [stderr]     Checking serde v0.8.23
[INFO] [stderr]    Compiling gio v0.7.0
[INFO] [stderr]     Checking httpdate v1.0.1
[INFO] [stderr]     Checking uuid v0.7.4
[INFO] [stderr]     Checking rustls v0.19.1
[INFO] [stderr]     Checking ct-logs v0.8.0
[INFO] [stderr]     Checking glib v0.8.2
[INFO] [stderr]    Compiling nom v5.1.2
[INFO] [stderr]     Checking instant v0.1.9
[INFO] [stderr]     Checking backtrace v0.3.55
[INFO] [stderr]     Checking arrayvec v0.5.2
[INFO] [stderr]    Compiling synstructure v0.12.4
[INFO] [stderr]     Checking fragile v0.3.0
[INFO] [stderr]     Checking http-body v0.4.4
[INFO] [stderr]     Checking smallvec v1.5.1
[INFO] [stderr]     Checking static_assertions v1.1.0
[INFO] [stderr]     Checking rand_core v0.5.1
[INFO] [stderr]     Checking num-traits v0.1.43
[INFO] [stderr]     Checking parking_lot_core v0.8.1
[INFO] [stderr]     Checking log v0.3.9
[INFO] [stderr]     Checking lock_api v0.4.2
[INFO] [stderr]     Checking directories v1.0.2
[INFO] [stderr]     Checking ppv-lite86 v0.2.10
[INFO] [stderr]     Checking urlencoding v1.1.1
[INFO] [stderr]     Checking md5 v0.6.1
[INFO] [stderr]     Checking seahash v4.1.0
[INFO] [stderr]     Checking unicode-width v0.1.8
[INFO] [stderr]     Checking linked-hash-map v0.5.3
[INFO] [stderr]     Checking mime v0.2.6
[INFO] [stderr]     Checking parking_lot v0.11.1
[INFO] [stderr]     Checking textwrap v0.11.0
[INFO] [stderr]     Checking fxhash v0.2.1
[INFO] [stderr]     Checking itertools v0.10.1
[INFO] [stderr]     Checking atty v0.2.14
[INFO] [stderr]     Checking yaml-rust v0.4.4
[INFO] [stderr]     Checking fs2 v0.4.3
[INFO] [stderr]     Checking rand_chacha v0.2.2
[INFO] [stderr]     Checking rust-ini v0.13.0
[INFO] [stderr]     Checking Inflector v0.11.4
[INFO] [stderr]     Checking clap v2.33.3
[INFO] [stderr]     Checking crossbeam-epoch v0.9.1
[INFO] [stderr]     Checking rand v0.7.3
[INFO] [stderr]     Checking serde_test v0.8.23
[INFO] [stderr]     Checking sled v0.34.6
[INFO] [stderr]     Checking rustls-native-certs v0.5.0
[INFO] [stderr]     Checking linked-hash-map v0.3.0
[INFO] [stderr]     Checking serde-hjson v0.9.1
[INFO] [stderr]    Compiling tokio-macros v1.6.0
[INFO] [stderr]     Checking failure v0.1.8
[INFO] [stderr]     Checking futures-executor v0.3.17
[INFO] [stderr]     Checking tokio-util v0.6.9
[INFO] [stderr]     Checking tokio-rustls v0.22.0
[INFO] [stderr]     Checking futures v0.3.17
[INFO] [stderr]     Checking h2 v0.3.7
[INFO] [stderr]     Checking chrono v0.4.19
[INFO] [stderr]     Checking serde_urlencoded v0.5.5
[INFO] [stderr]     Checking ffxiv_types v0.2.0
[INFO] [stderr]     Checking toml v0.5.7
[INFO] [stderr]     Checking url_serde v0.2.0
[INFO] [stderr]     Checking hyper v0.14.15
[INFO] [stderr]     Checking cookie_store v0.7.0
[INFO] [stderr]     Checking config v0.10.1
[INFO] [stderr]     Checking hyper-rustls v0.22.1
[INFO] [stderr]     Checking yup-oauth2 v5.1.0
[INFO] [stderr]     Checking google-sheets4 v2.0.8+20210322
[INFO] [stderr]     Checking hyper-tls v0.3.2
[INFO] [stderr]     Checking reqwest v0.9.24
[INFO] [stderr]     Checking fractal-matrix-api v4.2.0
[INFO] [stderr]     Checking xivapi v0.1.0 (https://github.com/paftree/xivapi-rs#fde91148)
[INFO] [stdout] error: expected one of `!` or `::`, found keyword `fn`
[INFO] [stdout]    --> /opt/rustwide/cargo-home/git/checkouts/xivapi-rs-3b231ef75ceca6d1/fde9114/src/lib.rs:67:9
[INFO] [stdout]     |
[INFO] [stdout] 51  | impl XivApi {
[INFO] [stdout]     |             - while parsing this item list starting here
[INFO] [stdout] ...
[INFO] [stdout] 67  |   crate fn url(&self, path: &str) -> Url {
[INFO] [stdout]     |         ^^ expected one of `!` or `::`
[INFO] [stdout] ...
[INFO] [stdout] 194 | }
[INFO] [stdout]     | - the item list ends here
[INFO] [stdout] 
[INFO] [stdout] 
[INFO] [stdout] error[E0557]: feature has been removed
[INFO] [stdout]  --> /opt/rustwide/cargo-home/git/checkouts/xivapi-rs-3b231ef75ceca6d1/fde9114/src/lib.rs:1:12
[INFO] [stdout]   |
[INFO] [stdout] 1 | #![feature(in_band_lifetimes, never_type, macro_at_most_once_rep, crate_visibility_modifier)]
[INFO] [stdout]   |            ^^^^^^^^^^^^^^^^^ feature has been removed
[INFO] [stdout]   |
[INFO] [stdout]   = note: removed due to unsolved ergonomic questions and added lifetime resolution complexity
[INFO] [stdout] 
[INFO] [stdout] 
[INFO] [stdout] error[E0557]: feature has been removed
[INFO] [stdout]  --> /opt/rustwide/cargo-home/git/checkouts/xivapi-rs-3b231ef75ceca6d1/fde9114/src/lib.rs:1:67
[INFO] [stdout]   |
[INFO] [stdout] 1 | #![feature(in_band_lifetimes, never_type, macro_at_most_once_rep, crate_visibility_modifier)]
[INFO] [stdout]   |                                                                   ^^^^^^^^^^^^^^^^^^^^^^^^^ feature has been removed
[INFO] [stdout]   |
[INFO] [stdout]   = note: removed in favor of `pub(crate)`
[INFO] [stdout] 
[INFO] [stdout] 
[INFO] [stdout] error: expected one of `!` or `::`, found keyword `fn`
[INFO] [stdout]    --> /opt/rustwide/cargo-home/git/checkouts/xivapi-rs-3b231ef75ceca6d1/fde9114/src/models/free_company.rs:121:7
[INFO] [stdout]     |
[INFO] [stdout] 121 | crate fn multi_url<'de, D>(deserializer: D) -> Result<Vec<Url>, D::Error>
[INFO] [stdout]     |       ^^ expected one of `!` or `::`
[INFO] [stdout] 
[INFO] [stdout] 
[INFO] [stdout] error: expected one of `!` or `::`, found keyword `fn`
[INFO] [stdout]   --> /opt/rustwide/cargo-home/git/checkouts/xivapi-rs-3b231ef75ceca6d1/fde9114/src/routes/character.rs:44:9
[INFO] [stdout]    |
[INFO] [stdout] 43 | impl CharacterBuilder<'x, 'a> {
[INFO] [stdout]    |                               - while parsing this item list starting here
[INFO] [stdout] 44 |   crate fn new(api: &'x XivApi, id: CharacterId) -> Self {
[INFO] [stdout]    |         ^^ expected one of `!` or `::`
[INFO] [stdout] ...
[INFO] [stdout] 69 | }
[INFO] [stdout]    | - the item list ends here
[INFO] [stdout] 
[INFO] [stdout] 
[INFO] [stdout] error: expected one of `!` or `::`, found keyword `fn`
[INFO] [stdout]   --> /opt/rustwide/cargo-home/git/checkouts/xivapi-rs-3b231ef75ceca6d1/fde9114/src/routes/content.rs:58:9
[INFO] [stdout]    |
[INFO] [stdout] 57 | {
[INFO] [stdout]    | - while parsing this item list starting here
[INFO] [stdout] 58 |   crate fn new(api: &'x XivApi, id: u64) -> Self {
[INFO] [stdout]    |         ^^ expected one of `!` or `::`
[INFO] [stdout] ...
[INFO] [stdout] 91 | }
[INFO] [stdout]    | - the item list ends here
[INFO] [stdout] 
[INFO] [stdout] 
[INFO] [stdout] error: expected one of `!` or `::`, found keyword `fn`
[INFO] [stdout]   --> /opt/rustwide/cargo-home/git/checkouts/xivapi-rs-3b231ef75ceca6d1/fde9114/src/routes/free_company.rs:44:9
[INFO] [stdout]    |
[INFO] [stdout] 43 | impl FreeCompanyBuilder<'x, 'a> {
[INFO] [stdout]    |                                 - while parsing this item list starting here
[INFO] [stdout] 44 |   crate fn new(api: &'x XivApi, id: FreeCompanyId) -> Self {
[INFO] [stdout]    |         ^^ expected one of `!` or `::`
[INFO] [stdout] ...
[INFO] [stdout] 69 | }
[INFO] [stdout]    | - the item list ends here
[INFO] [stdout] 
[INFO] [stdout] 
[INFO] [stdout] error: expected one of `!` or `::`, found keyword `fn`
[INFO] [stdout]   --> /opt/rustwide/cargo-home/git/checkouts/xivapi-rs-3b231ef75ceca6d1/fde9114/src/routes/linkshell.rs:44:9
[INFO] [stdout]    |
[INFO] [stdout] 43 | impl LinkshellBuilder<'x, 'a> {
[INFO] [stdout]    |                               - while parsing this item list starting here
[INFO] [stdout] 44 |   crate fn new(api: &'x XivApi, id: LinkshellId) -> Self {
[INFO] [stdout]    |         ^^ expected one of `!` or `::`
[INFO] [stdout] ...
[INFO] [stdout] 69 | }
[INFO] [stdout]    | - the item list ends here
[INFO] [stdout] 
[INFO] [stdout] 
[INFO] [stdout] error: expected one of `!` or `::`, found keyword `fn`
[INFO] [stdout]    --> /opt/rustwide/cargo-home/git/checkouts/xivapi-rs-3b231ef75ceca6d1/fde9114/src/routes/search.rs:77:9
[INFO] [stdout]     |
[INFO] [stdout] 76  | impl SearchBuilder<'x, 'a> {
[INFO] [stdout]     |                            - while parsing this item list starting here
[INFO] [stdout] 77  |   crate fn new(api: &'x XivApi) -> Self {
[INFO] [stdout]     |         ^^ expected one of `!` or `::`
[INFO] [stdout] ...
[INFO] [stdout] 159 | }
[INFO] [stdout]     | - the item list ends here
[INFO] [stdout] 
[INFO] [stdout] 
[INFO] [stdout] error: expected one of `!` or `::`, found keyword `fn`
[INFO] [stdout]   --> /opt/rustwide/cargo-home/git/checkouts/xivapi-rs-3b231ef75ceca6d1/fde9114/src/routes/search/character.rs:46:9
[INFO] [stdout]    |
[INFO] [stdout] 45 | impl SearchBuilder<'x, 'a> {
[INFO] [stdout]    |                            - while parsing this item list starting here
[INFO] [stdout] 46 |   crate fn new(api: &'x XivApi) -> Self {
[INFO] [stdout]    |         ^^ expected one of `!` or `::`
[INFO] [stdout] ...
[INFO] [stdout] 79 | }
[INFO] [stdout]    | - the item list ends here
[INFO] [stdout] 
[INFO] [stdout] 
[INFO] [stdout] error: expected one of `!` or `::`, found keyword `fn`
[INFO] [stdout]   --> /opt/rustwide/cargo-home/git/checkouts/xivapi-rs-3b231ef75ceca6d1/fde9114/src/routes/search/free_company.rs:46:9
[INFO] [stdout]    |
[INFO] [stdout] 45 | impl SearchBuilder<'x, 'a> {
[INFO] [stdout]    |                            - while parsing this item list starting here
[INFO] [stdout] 46 |   crate fn new(api: &'x XivApi) -> Self {
[INFO] [stdout]    |         ^^ expected one of `!` or `::`
[INFO] [stdout] ...
[INFO] [stdout] 79 | }
[INFO] [stdout]    | - the item list ends here
[INFO] [stdout] 
[INFO] [stdout] 
[INFO] [stdout] error: expected one of `!` or `::`, found keyword `fn`
[INFO] [stdout]   --> /opt/rustwide/cargo-home/git/checkouts/xivapi-rs-3b231ef75ceca6d1/fde9114/src/routes/search/linkshell.rs:46:9
[INFO] [stdout]    |
[INFO] [stdout] 45 | impl SearchBuilder<'x, 'a> {
[INFO] [stdout]    |                            - while parsing this item list starting here
[INFO] [stdout] 46 |   crate fn new(api: &'x XivApi) -> Self {
[INFO] [stdout]    |         ^^ expected one of `!` or `::`
[INFO] [stdout] ...
[INFO] [stdout] 79 | }
[INFO] [stdout]    | - the item list ends here
[INFO] [stdout] 
[INFO] [stdout] 
[INFO] [stdout] error: expected one of `!` or `::`, found keyword `use`
[INFO] [stdout]  --> /opt/rustwide/cargo-home/git/checkouts/xivapi-rs-3b231ef75ceca6d1/fde9114/src/util/serde.rs:6:7
[INFO] [stdout]   |
[INFO] [stdout] 6 | crate use self::comma::CommaSerializer;
[INFO] [stdout]   |       ^^^ expected one of `!` or `::`
[INFO] [stdout] 
[INFO] [stdout] 
[INFO] [stdout] error[E0432]: unresolved import `crate::models::free_company::FreeCompanyResult`
[INFO] [stdout]  --> /opt/rustwide/cargo-home/git/checkouts/xivapi-rs-3b231ef75ceca6d1/fde9114/src/routes/free_company.rs:4:12
[INFO] [stdout]   |
[INFO] [stdout] 4 |   models::{free_company::FreeCompanyResult, id::FreeCompanyId},
[INFO] [stdout]   |            ^^^^^^^^^^^^^^^^^^^^^^^^^^^^^^^ no `FreeCompanyResult` in `models::free_company`
[INFO] [stdout] 
[INFO] [stdout] 
[INFO] [stdout] error[E0433]: failed to resolve: could not find `int_bool` in `serde`
[INFO] [stdout]   --> /opt/rustwide/cargo-home/git/checkouts/xivapi-rs-3b231ef75ceca6d1/fde9114/src/models/content/enemy.rs:12:18
[INFO] [stdout]    |
[INFO] [stdout] 12 |   #[serde(with = "crate::util::serde::int_bool")]
[INFO] [stdout]    |                  ^^^^^^^^^^^^^^^^^^^^^^^^^^^^^^ could not find `int_bool` in `serde`
[INFO] [stdout] 
[INFO] [stdout] 
[INFO] [stdout] error[E0433]: failed to resolve: could not find `int_bool` in `serde`
[INFO] [stdout]    --> /opt/rustwide/cargo-home/git/checkouts/xivapi-rs-3b231ef75ceca6d1/fde9114/src/models/content.rs:116:18
[INFO] [stdout]     |
[INFO] [stdout] 116 |   #[serde(with = "crate::util::serde::int_bool")]
[INFO] [stdout]     |                  ^^^^^^^^^^^^^^^^^^^^^^^^^^^^^^ could not find `int_bool` in `serde`
[INFO] [stdout] 
[INFO] [stdout] 
[INFO] [stdout] error[E0433]: failed to resolve: could not find `CommaSerializer` in `serde`
[INFO] [stdout]   --> /opt/rustwide/cargo-home/git/checkouts/xivapi-rs-3b231ef75ceca6d1/fde9114/src/routes/character.rs:20:22
[INFO] [stdout]    |
[INFO] [stdout] 20 |     serialize_with = "crate::util::serde::CommaSerializer::with",
[INFO] [stdout]    |                      ^^^^^^^^^^^^^^^^^^^^^^^^^^^^^^^^^^^^^^^^^^^ could not find `CommaSerializer` in `serde`
[INFO] [stdout] 
[INFO] [stdout] 
[INFO] [stdout] error[E0433]: failed to resolve: could not find `CommaSerializer` in `serde`
[INFO] [stdout]   --> /opt/rustwide/cargo-home/git/checkouts/xivapi-rs-3b231ef75ceca6d1/fde9114/src/routes/character.rs:26:22
[INFO] [stdout]    |
[INFO] [stdout] 26 |     serialize_with = "crate::util::serde::CommaSerializer::with",
[INFO] [stdout]    |                      ^^^^^^^^^^^^^^^^^^^^^^^^^^^^^^^^^^^^^^^^^^^ could not find `CommaSerializer` in `serde`
[INFO] [stdout] 
[INFO] [stdout] 
[INFO] [stdout] error[E0261]: use of undeclared lifetime name `'x`
[INFO] [stdout]   --> /opt/rustwide/cargo-home/git/checkouts/xivapi-rs-3b231ef75ceca6d1/fde9114/src/routes/character.rs:31:14
[INFO] [stdout]    |
[INFO] [stdout] 31 | impl Builder<'x> for CharacterBuilder<'x, 'a> {
[INFO] [stdout]    |     -        ^^ undeclared lifetime
[INFO] [stdout]    |     |
[INFO] [stdout]    |     help: consider introducing lifetime `'x` here: `<'x>`
[INFO] [stdout] 
[INFO] [stdout] 
[INFO] [stdout] error[E0261]: use of undeclared lifetime name `'x`
[INFO] [stdout]   --> /opt/rustwide/cargo-home/git/checkouts/xivapi-rs-3b231ef75ceca6d1/fde9114/src/routes/character.rs:31:39
[INFO] [stdout]    |
[INFO] [stdout] 31 | impl Builder<'x> for CharacterBuilder<'x, 'a> {
[INFO] [stdout]    |     -                                 ^^ undeclared lifetime
[INFO] [stdout]    |     |
[INFO] [stdout]    |     help: consider introducing lifetime `'x` here: `<'x>`
[INFO] [stdout] 
[INFO] [stdout] 
[INFO] [stdout] error[E0261]: use of undeclared lifetime name `'a`
[INFO] [stdout]   --> /opt/rustwide/cargo-home/git/checkouts/xivapi-rs-3b231ef75ceca6d1/fde9114/src/routes/character.rs:31:43
[INFO] [stdout]    |
[INFO] [stdout] 31 | impl Builder<'x> for CharacterBuilder<'x, 'a> {
[INFO] [stdout]    |     -                                     ^^ undeclared lifetime
[INFO] [stdout]    |     |
[INFO] [stdout]    |     help: consider introducing lifetime `'a` here: `<'a>`
[INFO] [stdout] 
[INFO] [stdout] 
[INFO] [stdout] error[E0261]: use of undeclared lifetime name `'x`
[INFO] [stdout]   --> /opt/rustwide/cargo-home/git/checkouts/xivapi-rs-3b231ef75ceca6d1/fde9114/src/routes/character.rs:34:21
[INFO] [stdout]    |
[INFO] [stdout] 34 |   fn api(&self) -> &'x XivApi {
[INFO] [stdout]    |                     ^^ undeclared lifetime
[INFO] [stdout]    |
[INFO] [stdout] help: consider introducing lifetime `'x` here
[INFO] [stdout]    |
[INFO] [stdout] 34 |   fn api<'x>(&self) -> &'x XivApi {
[INFO] [stdout]    |         ++++
[INFO] [stdout] help: consider introducing lifetime `'x` here
[INFO] [stdout]    |
[INFO] [stdout] 31 | impl<'x> Builder<'x> for CharacterBuilder<'x, 'a> {
[INFO] [stdout]    |     ++++
[INFO] [stdout] 
[INFO] [stdout] 
[INFO] [stdout] error[E0261]: use of undeclared lifetime name `'x`
[INFO] [stdout]   --> /opt/rustwide/cargo-home/git/checkouts/xivapi-rs-3b231ef75ceca6d1/fde9114/src/routes/character.rs:43:23
[INFO] [stdout]    |
[INFO] [stdout] 43 | impl CharacterBuilder<'x, 'a> {
[INFO] [stdout]    |     -                 ^^ undeclared lifetime
[INFO] [stdout]    |     |
[INFO] [stdout]    |     help: consider introducing lifetime `'x` here: `<'x>`
[INFO] [stdout] 
[INFO] [stdout] 
[INFO] [stdout] error[E0261]: use of undeclared lifetime name `'a`
[INFO] [stdout]   --> /opt/rustwide/cargo-home/git/checkouts/xivapi-rs-3b231ef75ceca6d1/fde9114/src/routes/character.rs:43:27
[INFO] [stdout]    |
[INFO] [stdout] 43 | impl CharacterBuilder<'x, 'a> {
[INFO] [stdout]    |     -                     ^^ undeclared lifetime
[INFO] [stdout]    |     |
[INFO] [stdout]    |     help: consider introducing lifetime `'a` here: `<'a>`
[INFO] [stdout] 
[INFO] [stdout] 
[INFO] [stdout] error[E0433]: failed to resolve: could not find `int_bool` in `serde`
[INFO] [stdout]   --> /opt/rustwide/cargo-home/git/checkouts/xivapi-rs-3b231ef75ceca6d1/fde9114/src/routes/content.rs:20:12
[INFO] [stdout]    |
[INFO] [stdout] 20 |     with = "crate::util::serde::int_bool",
[INFO] [stdout]    |            ^^^^^^^^^^^^^^^^^^^^^^^^^^^^^^ could not find `int_bool` in `serde`
[INFO] [stdout] 
[INFO] [stdout] 
[INFO] [stdout] error[E0433]: failed to resolve: could not find `CommaSerializer` in `serde`
[INFO] [stdout]   --> /opt/rustwide/cargo-home/git/checkouts/xivapi-rs-3b231ef75ceca6d1/fde9114/src/routes/content.rs:26:22
[INFO] [stdout]    |
[INFO] [stdout] 26 |     serialize_with = "crate::util::serde::CommaSerializer::with",
[INFO] [stdout]    |                      ^^^^^^^^^^^^^^^^^^^^^^^^^^^^^^^^^^^^^^^^^^^ could not find `CommaSerializer` in `serde`
[INFO] [stdout] 
[INFO] [stdout] 
[INFO] [stdout] error[E0433]: failed to resolve: could not find `CommaSerializer` in `serde`
[INFO] [stdout]   --> /opt/rustwide/cargo-home/git/checkouts/xivapi-rs-3b231ef75ceca6d1/fde9114/src/routes/content.rs:32:22
[INFO] [stdout]    |
[INFO] [stdout] 32 |     serialize_with = "crate::util::serde::CommaSerializer::with",
[INFO] [stdout]    |                      ^^^^^^^^^^^^^^^^^^^^^^^^^^^^^^^^^^^^^^^^^^^ could not find `CommaSerializer` in `serde`
[INFO] [stdout] 
[INFO] [stdout] 
[INFO] [stdout] error[E0261]: use of undeclared lifetime name `'x`
[INFO] [stdout]   --> /opt/rustwide/cargo-home/git/checkouts/xivapi-rs-3b231ef75ceca6d1/fde9114/src/routes/content.rs:40:17
[INFO] [stdout]    |
[INFO] [stdout] 40 | impl<O> Builder<'x> for ContentBuilder<'x, 'a, O>
[INFO] [stdout]    |      -          ^^ undeclared lifetime
[INFO] [stdout]    |      |
[INFO] [stdout]    |      help: consider introducing lifetime `'x` here: `'x,`
[INFO] [stdout] 
[INFO] [stdout] 
[INFO] [stdout] error[E0261]: use of undeclared lifetime name `'x`
[INFO] [stdout]   --> /opt/rustwide/cargo-home/git/checkouts/xivapi-rs-3b231ef75ceca6d1/fde9114/src/routes/content.rs:40:40
[INFO] [stdout]    |
[INFO] [stdout] 40 | impl<O> Builder<'x> for ContentBuilder<'x, 'a, O>
[INFO] [stdout]    |      -                                 ^^ undeclared lifetime
[INFO] [stdout]    |      |
[INFO] [stdout]    |      help: consider introducing lifetime `'x` here: `'x,`
[INFO] [stdout] 
[INFO] [stdout] 
[INFO] [stdout] error[E0261]: use of undeclared lifetime name `'a`
[INFO] [stdout]   --> /opt/rustwide/cargo-home/git/checkouts/xivapi-rs-3b231ef75ceca6d1/fde9114/src/routes/content.rs:40:44
[INFO] [stdout]    |
[INFO] [stdout] 40 | impl<O> Builder<'x> for ContentBuilder<'x, 'a, O>
[INFO] [stdout]    |      -                                     ^^ undeclared lifetime
[INFO] [stdout]    |      |
[INFO] [stdout]    |      help: consider introducing lifetime `'a` here: `'a,`
[INFO] [stdout] 
[INFO] [stdout] 
[INFO] [stdout] error[E0261]: use of undeclared lifetime name `'x`
[INFO] [stdout]   --> /opt/rustwide/cargo-home/git/checkouts/xivapi-rs-3b231ef75ceca6d1/fde9114/src/routes/content.rs:46:21
[INFO] [stdout]    |
[INFO] [stdout] 46 |   fn api(&self) -> &'x XivApi {
[INFO] [stdout]    |                     ^^ undeclared lifetime
[INFO] [stdout]    |
[INFO] [stdout] help: consider introducing lifetime `'x` here
[INFO] [stdout]    |
[INFO] [stdout] 46 |   fn api<'x>(&self) -> &'x XivApi {
[INFO] [stdout]    |         ++++
[INFO] [stdout] help: consider introducing lifetime `'x` here
[INFO] [stdout]    |
[INFO] [stdout] 40 | impl<'x, O> Builder<'x> for ContentBuilder<'x, 'a, O>
[INFO] [stdout]    |      +++
[INFO] [stdout] 
[INFO] [stdout] 
[INFO] [stdout] error[E0261]: use of undeclared lifetime name `'x`
[INFO] [stdout]   --> /opt/rustwide/cargo-home/git/checkouts/xivapi-rs-3b231ef75ceca6d1/fde9114/src/routes/content.rs:55:24
[INFO] [stdout]    |
[INFO] [stdout] 55 | impl<O> ContentBuilder<'x, 'a, O>
[INFO] [stdout]    |      -                 ^^ undeclared lifetime
[INFO] [stdout]    |      |
[INFO] [stdout]    |      help: consider introducing lifetime `'x` here: `'x,`
[INFO] [stdout] 
[INFO] [stdout] 
[INFO] [stdout] error[E0261]: use of undeclared lifetime name `'a`
[INFO] [stdout]   --> /opt/rustwide/cargo-home/git/checkouts/xivapi-rs-3b231ef75ceca6d1/fde9114/src/routes/content.rs:55:28
[INFO] [stdout]    |
[INFO] [stdout] 55 | impl<O> ContentBuilder<'x, 'a, O>
[INFO] [stdout]    |      -                     ^^ undeclared lifetime
[INFO] [stdout]    |      |
[INFO] [stdout]    |      help: consider introducing lifetime `'a` here: `'a,`
[INFO] [stdout] 
[INFO] [stdout] 
[INFO] [stdout] error[E0433]: failed to resolve: could not find `CommaSerializer` in `serde`
[INFO] [stdout]   --> /opt/rustwide/cargo-home/git/checkouts/xivapi-rs-3b231ef75ceca6d1/fde9114/src/routes/free_company.rs:20:22
[INFO] [stdout]    |
[INFO] [stdout] 20 |     serialize_with = "crate::util::serde::CommaSerializer::with",
[INFO] [stdout]    |                      ^^^^^^^^^^^^^^^^^^^^^^^^^^^^^^^^^^^^^^^^^^^ could not find `CommaSerializer` in `serde`
[INFO] [stdout] 
[INFO] [stdout] 
[INFO] [stdout] error[E0433]: failed to resolve: could not find `CommaSerializer` in `serde`
[INFO] [stdout]   --> /opt/rustwide/cargo-home/git/checkouts/xivapi-rs-3b231ef75ceca6d1/fde9114/src/routes/free_company.rs:26:22
[INFO] [stdout]    |
[INFO] [stdout] 26 |     serialize_with = "crate::util::serde::CommaSerializer::with",
[INFO] [stdout]    |                      ^^^^^^^^^^^^^^^^^^^^^^^^^^^^^^^^^^^^^^^^^^^ could not find `CommaSerializer` in `serde`
[INFO] [stdout] 
[INFO] [stdout] 
[INFO] [stdout] error[E0261]: use of undeclared lifetime name `'x`
[INFO] [stdout]   --> /opt/rustwide/cargo-home/git/checkouts/xivapi-rs-3b231ef75ceca6d1/fde9114/src/routes/free_company.rs:31:14
[INFO] [stdout]    |
[INFO] [stdout] 31 | impl Builder<'x> for FreeCompanyBuilder<'x, 'a> {
[INFO] [stdout]    |     -        ^^ undeclared lifetime
[INFO] [stdout]    |     |
[INFO] [stdout]    |     help: consider introducing lifetime `'x` here: `<'x>`
[INFO] [stdout] 
[INFO] [stdout] 
[INFO] [stdout] error[E0261]: use of undeclared lifetime name `'x`
[INFO] [stdout]   --> /opt/rustwide/cargo-home/git/checkouts/xivapi-rs-3b231ef75ceca6d1/fde9114/src/routes/free_company.rs:31:41
[INFO] [stdout]    |
[INFO] [stdout] 31 | impl Builder<'x> for FreeCompanyBuilder<'x, 'a> {
[INFO] [stdout]    |     -                                   ^^ undeclared lifetime
[INFO] [stdout]    |     |
[INFO] [stdout]    |     help: consider introducing lifetime `'x` here: `<'x>`
[INFO] [stdout] 
[INFO] [stdout] 
[INFO] [stdout] error[E0261]: use of undeclared lifetime name `'a`
[INFO] [stdout]   --> /opt/rustwide/cargo-home/git/checkouts/xivapi-rs-3b231ef75ceca6d1/fde9114/src/routes/free_company.rs:31:45
[INFO] [stdout]    |
[INFO] [stdout] 31 | impl Builder<'x> for FreeCompanyBuilder<'x, 'a> {
[INFO] [stdout]    |     -                                       ^^ undeclared lifetime
[INFO] [stdout]    |     |
[INFO] [stdout]    |     help: consider introducing lifetime `'a` here: `<'a>`
[INFO] [stdout] 
[INFO] [stdout] 
[INFO] [stdout] error[E0261]: use of undeclared lifetime name `'x`
[INFO] [stdout]   --> /opt/rustwide/cargo-home/git/checkouts/xivapi-rs-3b231ef75ceca6d1/fde9114/src/routes/free_company.rs:34:21
[INFO] [stdout]    |
[INFO] [stdout] 34 |   fn api(&self) -> &'x XivApi {
[INFO] [stdout]    |                     ^^ undeclared lifetime
[INFO] [stdout]    |
[INFO] [stdout] help: consider introducing lifetime `'x` here
[INFO] [stdout]    |
[INFO] [stdout] 34 |   fn api<'x>(&self) -> &'x XivApi {
[INFO] [stdout]    |         ++++
[INFO] [stdout] help: consider introducing lifetime `'x` here
[INFO] [stdout]    |
[INFO] [stdout] 31 | impl<'x> Builder<'x> for FreeCompanyBuilder<'x, 'a> {
[INFO] [stdout]    |     ++++
[INFO] [stdout] 
[INFO] [stdout] 
[INFO] [stdout] error[E0261]: use of undeclared lifetime name `'x`
[INFO] [stdout]   --> /opt/rustwide/cargo-home/git/checkouts/xivapi-rs-3b231ef75ceca6d1/fde9114/src/routes/free_company.rs:43:25
[INFO] [stdout]    |
[INFO] [stdout] 43 | impl FreeCompanyBuilder<'x, 'a> {
[INFO] [stdout]    |     -                   ^^ undeclared lifetime
[INFO] [stdout]    |     |
[INFO] [stdout]    |     help: consider introducing lifetime `'x` here: `<'x>`
[INFO] [stdout] 
[INFO] [stdout] 
[INFO] [stdout] error[E0261]: use of undeclared lifetime name `'a`
[INFO] [stdout]   --> /opt/rustwide/cargo-home/git/checkouts/xivapi-rs-3b231ef75ceca6d1/fde9114/src/routes/free_company.rs:43:29
[INFO] [stdout]    |
[INFO] [stdout] 43 | impl FreeCompanyBuilder<'x, 'a> {
[INFO] [stdout]    |     -                       ^^ undeclared lifetime
[INFO] [stdout]    |     |
[INFO] [stdout]    |     help: consider introducing lifetime `'a` here: `<'a>`
[INFO] [stdout] 
[INFO] [stdout] 
[INFO] [stdout] error[E0433]: failed to resolve: could not find `CommaSerializer` in `serde`
[INFO] [stdout]   --> /opt/rustwide/cargo-home/git/checkouts/xivapi-rs-3b231ef75ceca6d1/fde9114/src/routes/linkshell.rs:20:22
[INFO] [stdout]    |
[INFO] [stdout] 20 |     serialize_with = "crate::util::serde::CommaSerializer::with",
[INFO] [stdout]    |                      ^^^^^^^^^^^^^^^^^^^^^^^^^^^^^^^^^^^^^^^^^^^ could not find `CommaSerializer` in `serde`
[INFO] [stdout] 
[INFO] [stdout] 
[INFO] [stdout] error[E0433]: failed to resolve: could not find `CommaSerializer` in `serde`
[INFO] [stdout]   --> /opt/rustwide/cargo-home/git/checkouts/xivapi-rs-3b231ef75ceca6d1/fde9114/src/routes/linkshell.rs:26:22
[INFO] [stdout]    |
[INFO] [stdout] 26 |     serialize_with = "crate::util::serde::CommaSerializer::with",
[INFO] [stdout]    |                      ^^^^^^^^^^^^^^^^^^^^^^^^^^^^^^^^^^^^^^^^^^^ could not find `CommaSerializer` in `serde`
[INFO] [stdout] 
[INFO] [stdout] 
[INFO] [stdout] error[E0261]: use of undeclared lifetime name `'x`
[INFO] [stdout]   --> /opt/rustwide/cargo-home/git/checkouts/xivapi-rs-3b231ef75ceca6d1/fde9114/src/routes/linkshell.rs:31:14
[INFO] [stdout]    |
[INFO] [stdout] 31 | impl Builder<'x> for LinkshellBuilder<'x, 'a> {
[INFO] [stdout]    |     -        ^^ undeclared lifetime
[INFO] [stdout]    |     |
[INFO] [stdout]    |     help: consider introducing lifetime `'x` here: `<'x>`
[INFO] [stdout] 
[INFO] [stdout] 
[INFO] [stdout] error[E0261]: use of undeclared lifetime name `'x`
[INFO] [stdout]   --> /opt/rustwide/cargo-home/git/checkouts/xivapi-rs-3b231ef75ceca6d1/fde9114/src/routes/linkshell.rs:31:39
[INFO] [stdout]    |
[INFO] [stdout] 31 | impl Builder<'x> for LinkshellBuilder<'x, 'a> {
[INFO] [stdout]    |     -                                 ^^ undeclared lifetime
[INFO] [stdout]    |     |
[INFO] [stdout]    |     help: consider introducing lifetime `'x` here: `<'x>`
[INFO] [stdout] 
[INFO] [stdout] 
[INFO] [stdout] error[E0261]: use of undeclared lifetime name `'a`
[INFO] [stdout]   --> /opt/rustwide/cargo-home/git/checkouts/xivapi-rs-3b231ef75ceca6d1/fde9114/src/routes/linkshell.rs:31:43
[INFO] [stdout]    |
[INFO] [stdout] 31 | impl Builder<'x> for LinkshellBuilder<'x, 'a> {
[INFO] [stdout]    |     -                                     ^^ undeclared lifetime
[INFO] [stdout]    |     |
[INFO] [stdout]    |     help: consider introducing lifetime `'a` here: `<'a>`
[INFO] [stdout] 
[INFO] [stdout] 
[INFO] [stdout] error[E0261]: use of undeclared lifetime name `'x`
[INFO] [stdout]   --> /opt/rustwide/cargo-home/git/checkouts/xivapi-rs-3b231ef75ceca6d1/fde9114/src/routes/linkshell.rs:34:21
[INFO] [stdout]    |
[INFO] [stdout] 34 |   fn api(&self) -> &'x XivApi {
[INFO] [stdout]    |                     ^^ undeclared lifetime
[INFO] [stdout]    |
[INFO] [stdout] help: consider introducing lifetime `'x` here
[INFO] [stdout]    |
[INFO] [stdout] 34 |   fn api<'x>(&self) -> &'x XivApi {
[INFO] [stdout]    |         ++++
[INFO] [stdout] help: consider introducing lifetime `'x` here
[INFO] [stdout]    |
[INFO] [stdout] 31 | impl<'x> Builder<'x> for LinkshellBuilder<'x, 'a> {
[INFO] [stdout]    |     ++++
[INFO] [stdout] 
[INFO] [stdout] 
[INFO] [stdout] error[E0261]: use of undeclared lifetime name `'x`
[INFO] [stdout]   --> /opt/rustwide/cargo-home/git/checkouts/xivapi-rs-3b231ef75ceca6d1/fde9114/src/routes/linkshell.rs:43:23
[INFO] [stdout]    |
[INFO] [stdout] 43 | impl LinkshellBuilder<'x, 'a> {
[INFO] [stdout]    |     -                 ^^ undeclared lifetime
[INFO] [stdout]    |     |
[INFO] [stdout]    |     help: consider introducing lifetime `'x` here: `<'x>`
[INFO] [stdout] 
[INFO] [stdout] 
[INFO] [stdout] error[E0261]: use of undeclared lifetime name `'a`
[INFO] [stdout]   --> /opt/rustwide/cargo-home/git/checkouts/xivapi-rs-3b231ef75ceca6d1/fde9114/src/routes/linkshell.rs:43:27
[INFO] [stdout]    |
[INFO] [stdout] 43 | impl LinkshellBuilder<'x, 'a> {
[INFO] [stdout]    |     -                     ^^ undeclared lifetime
[INFO] [stdout]    |     |
[INFO] [stdout]    |     help: consider introducing lifetime `'a` here: `<'a>`
[INFO] [stdout] 
[INFO] [stdout] 
[INFO] [stdout] error[E0433]: failed to resolve: could not find `CommaSerializer` in `serde`
[INFO] [stdout]   --> /opt/rustwide/cargo-home/git/checkouts/xivapi-rs-3b231ef75ceca6d1/fde9114/src/routes/search/character.rs:28:22
[INFO] [stdout]    |
[INFO] [stdout] 28 |     serialize_with = "crate::util::serde::CommaSerializer::with",
[INFO] [stdout]    |                      ^^^^^^^^^^^^^^^^^^^^^^^^^^^^^^^^^^^^^^^^^^^ could not find `CommaSerializer` in `serde`
[INFO] [stdout] 
[INFO] [stdout] 
[INFO] [stdout] error[E0261]: use of undeclared lifetime name `'x`
[INFO] [stdout]   --> /opt/rustwide/cargo-home/git/checkouts/xivapi-rs-3b231ef75ceca6d1/fde9114/src/routes/search/character.rs:33:14
[INFO] [stdout]    |
[INFO] [stdout] 33 | impl Builder<'x> for SearchBuilder<'x, 'a> {
[INFO] [stdout]    |     -        ^^ undeclared lifetime
[INFO] [stdout]    |     |
[INFO] [stdout]    |     help: consider introducing lifetime `'x` here: `<'x>`
[INFO] [stdout] 
[INFO] [stdout] 
[INFO] [stdout] error[E0261]: use of undeclared lifetime name `'x`
[INFO] [stdout]   --> /opt/rustwide/cargo-home/git/checkouts/xivapi-rs-3b231ef75ceca6d1/fde9114/src/routes/search/character.rs:33:36
[INFO] [stdout]    |
[INFO] [stdout] 33 | impl Builder<'x> for SearchBuilder<'x, 'a> {
[INFO] [stdout]    |     -                              ^^ undeclared lifetime
[INFO] [stdout]    |     |
[INFO] [stdout]    |     help: consider introducing lifetime `'x` here: `<'x>`
[INFO] [stdout] 
[INFO] [stdout] 
[INFO] [stdout] error[E0261]: use of undeclared lifetime name `'a`
[INFO] [stdout]   --> /opt/rustwide/cargo-home/git/checkouts/xivapi-rs-3b231ef75ceca6d1/fde9114/src/routes/search/character.rs:33:40
[INFO] [stdout]    |
[INFO] [stdout] 33 | impl Builder<'x> for SearchBuilder<'x, 'a> {
[INFO] [stdout]    |     -                                  ^^ undeclared lifetime
[INFO] [stdout]    |     |
[INFO] [stdout]    |     help: consider introducing lifetime `'a` here: `<'a>`
[INFO] [stdout] 
[INFO] [stdout] 
[INFO] [stdout] error[E0261]: use of undeclared lifetime name `'x`
[INFO] [stdout]   --> /opt/rustwide/cargo-home/git/checkouts/xivapi-rs-3b231ef75ceca6d1/fde9114/src/routes/search/character.rs:36:21
[INFO] [stdout]    |
[INFO] [stdout] 36 |   fn api(&self) -> &'x XivApi {
[INFO] [stdout]    |                     ^^ undeclared lifetime
[INFO] [stdout]    |
[INFO] [stdout] help: consider introducing lifetime `'x` here
[INFO] [stdout]    |
[INFO] [stdout] 36 |   fn api<'x>(&self) -> &'x XivApi {
[INFO] [stdout]    |         ++++
[INFO] [stdout] help: consider introducing lifetime `'x` here
[INFO] [stdout]    |
[INFO] [stdout] 33 | impl<'x> Builder<'x> for SearchBuilder<'x, 'a> {
[INFO] [stdout]    |     ++++
[INFO] [stdout] 
[INFO] [stdout] 
[INFO] [stdout] error[E0261]: use of undeclared lifetime name `'x`
[INFO] [stdout]   --> /opt/rustwide/cargo-home/git/checkouts/xivapi-rs-3b231ef75ceca6d1/fde9114/src/routes/search/character.rs:45:20
[INFO] [stdout]    |
[INFO] [stdout] 45 | impl SearchBuilder<'x, 'a> {
[INFO] [stdout]    |     -              ^^ undeclared lifetime
[INFO] [stdout]    |     |
[INFO] [stdout]    |     help: consider introducing lifetime `'x` here: `<'x>`
[INFO] [stdout] 
[INFO] [stdout] 
[INFO] [stdout] error[E0261]: use of undeclared lifetime name `'a`
[INFO] [stdout]   --> /opt/rustwide/cargo-home/git/checkouts/xivapi-rs-3b231ef75ceca6d1/fde9114/src/routes/search/character.rs:45:24
[INFO] [stdout]    |
[INFO] [stdout] 45 | impl SearchBuilder<'x, 'a> {
[INFO] [stdout]    |     -                  ^^ undeclared lifetime
[INFO] [stdout]    |     |
[INFO] [stdout]    |     help: consider introducing lifetime `'a` here: `<'a>`
[INFO] [stdout] 
[INFO] [stdout] 
[INFO] [stdout] error[E0433]: failed to resolve: could not find `CommaSerializer` in `serde`
[INFO] [stdout]   --> /opt/rustwide/cargo-home/git/checkouts/xivapi-rs-3b231ef75ceca6d1/fde9114/src/routes/search/free_company.rs:28:22
[INFO] [stdout]    |
[INFO] [stdout] 28 |     serialize_with = "crate::util::serde::CommaSerializer::with",
[INFO] [stdout]    |                      ^^^^^^^^^^^^^^^^^^^^^^^^^^^^^^^^^^^^^^^^^^^ could not find `CommaSerializer` in `serde`
[INFO] [stdout] 
[INFO] [stdout] 
[INFO] [stdout] error[E0261]: use of undeclared lifetime name `'x`
[INFO] [stdout]   --> /opt/rustwide/cargo-home/git/checkouts/xivapi-rs-3b231ef75ceca6d1/fde9114/src/routes/search/free_company.rs:33:14
[INFO] [stdout]    |
[INFO] [stdout] 33 | impl Builder<'x> for SearchBuilder<'x, 'a> {
[INFO] [stdout]    |     -        ^^ undeclared lifetime
[INFO] [stdout]    |     |
[INFO] [stdout]    |     help: consider introducing lifetime `'x` here: `<'x>`
[INFO] [stdout] 
[INFO] [stdout] 
[INFO] [stdout] error[E0261]: use of undeclared lifetime name `'x`
[INFO] [stdout]   --> /opt/rustwide/cargo-home/git/checkouts/xivapi-rs-3b231ef75ceca6d1/fde9114/src/routes/search/free_company.rs:33:36
[INFO] [stdout]    |
[INFO] [stdout] 33 | impl Builder<'x> for SearchBuilder<'x, 'a> {
[INFO] [stdout]    |     -                              ^^ undeclared lifetime
[INFO] [stdout]    |     |
[INFO] [stdout]    |     help: consider introducing lifetime `'x` here: `<'x>`
[INFO] [stdout] 
[INFO] [stdout] 
[INFO] [stdout] error[E0261]: use of undeclared lifetime name `'a`
[INFO] [stdout]   --> /opt/rustwide/cargo-home/git/checkouts/xivapi-rs-3b231ef75ceca6d1/fde9114/src/routes/search/free_company.rs:33:40
[INFO] [stdout]    |
[INFO] [stdout] 33 | impl Builder<'x> for SearchBuilder<'x, 'a> {
[INFO] [stdout]    |     -                                  ^^ undeclared lifetime
[INFO] [stdout]    |     |
[INFO] [stdout]    |     help: consider introducing lifetime `'a` here: `<'a>`
[INFO] [stdout] 
[INFO] [stdout] 
[INFO] [stdout] error[E0261]: use of undeclared lifetime name `'x`
[INFO] [stdout]   --> /opt/rustwide/cargo-home/git/checkouts/xivapi-rs-3b231ef75ceca6d1/fde9114/src/routes/search/free_company.rs:36:21
[INFO] [stdout]    |
[INFO] [stdout] 36 |   fn api(&self) -> &'x XivApi {
[INFO] [stdout]    |                     ^^ undeclared lifetime
[INFO] [stdout]    |
[INFO] [stdout] help: consider introducing lifetime `'x` here
[INFO] [stdout]    |
[INFO] [stdout] 36 |   fn api<'x>(&self) -> &'x XivApi {
[INFO] [stdout]    |         ++++
[INFO] [stdout] help: consider introducing lifetime `'x` here
[INFO] [stdout]    |
[INFO] [stdout] 33 | impl<'x> Builder<'x> for SearchBuilder<'x, 'a> {
[INFO] [stdout]    |     ++++
[INFO] [stdout] 
[INFO] [stdout] 
[INFO] [stdout] error[E0261]: use of undeclared lifetime name `'x`
[INFO] [stdout]   --> /opt/rustwide/cargo-home/git/checkouts/xivapi-rs-3b231ef75ceca6d1/fde9114/src/routes/search/free_company.rs:45:20
[INFO] [stdout]    |
[INFO] [stdout] 45 | impl SearchBuilder<'x, 'a> {
[INFO] [stdout]    |     -              ^^ undeclared lifetime
[INFO] [stdout]    |     |
[INFO] [stdout]    |     help: consider introducing lifetime `'x` here: `<'x>`
[INFO] [stdout] 
[INFO] [stdout] 
[INFO] [stdout] error[E0261]: use of undeclared lifetime name `'a`
[INFO] [stdout]   --> /opt/rustwide/cargo-home/git/checkouts/xivapi-rs-3b231ef75ceca6d1/fde9114/src/routes/search/free_company.rs:45:24
[INFO] [stdout]    |
[INFO] [stdout] 45 | impl SearchBuilder<'x, 'a> {
[INFO] [stdout]    |     -                  ^^ undeclared lifetime
[INFO] [stdout]    |     |
[INFO] [stdout]    |     help: consider introducing lifetime `'a` here: `<'a>`
[INFO] [stdout] 
[INFO] [stdout] 
[INFO] [stdout] error[E0433]: failed to resolve: could not find `CommaSerializer` in `serde`
[INFO] [stdout]   --> /opt/rustwide/cargo-home/git/checkouts/xivapi-rs-3b231ef75ceca6d1/fde9114/src/routes/search/linkshell.rs:28:22
[INFO] [stdout]    |
[INFO] [stdout] 28 |     serialize_with = "crate::util::serde::CommaSerializer::with",
[INFO] [stdout]    |                      ^^^^^^^^^^^^^^^^^^^^^^^^^^^^^^^^^^^^^^^^^^^ could not find `CommaSerializer` in `serde`
[INFO] [stdout] 
[INFO] [stdout] 
[INFO] [stdout] error[E0261]: use of undeclared lifetime name `'x`
[INFO] [stdout]   --> /opt/rustwide/cargo-home/git/checkouts/xivapi-rs-3b231ef75ceca6d1/fde9114/src/routes/search/linkshell.rs:33:14
[INFO] [stdout]    |
[INFO] [stdout] 33 | impl Builder<'x> for SearchBuilder<'x, 'a> {
[INFO] [stdout]    |     -        ^^ undeclared lifetime
[INFO] [stdout]    |     |
[INFO] [stdout]    |     help: consider introducing lifetime `'x` here: `<'x>`
[INFO] [stdout] 
[INFO] [stdout] 
[INFO] [stdout] error[E0261]: use of undeclared lifetime name `'x`
[INFO] [stdout]   --> /opt/rustwide/cargo-home/git/checkouts/xivapi-rs-3b231ef75ceca6d1/fde9114/src/routes/search/linkshell.rs:33:36
[INFO] [stdout]    |
[INFO] [stdout] 33 | impl Builder<'x> for SearchBuilder<'x, 'a> {
[INFO] [stdout]    |     -                              ^^ undeclared lifetime
[INFO] [stdout]    |     |
[INFO] [stdout]    |     help: consider introducing lifetime `'x` here: `<'x>`
[INFO] [stdout] 
[INFO] [stdout] 
[INFO] [stdout] error[E0261]: use of undeclared lifetime name `'a`
[INFO] [stdout]   --> /opt/rustwide/cargo-home/git/checkouts/xivapi-rs-3b231ef75ceca6d1/fde9114/src/routes/search/linkshell.rs:33:40
[INFO] [stdout]    |
[INFO] [stdout] 33 | impl Builder<'x> for SearchBuilder<'x, 'a> {
[INFO] [stdout]    |     -                                  ^^ undeclared lifetime
[INFO] [stdout]    |     |
[INFO] [stdout]    |     help: consider introducing lifetime `'a` here: `<'a>`
[INFO] [stdout] 
[INFO] [stdout] 
[INFO] [stdout] error[E0261]: use of undeclared lifetime name `'x`
[INFO] [stdout]   --> /opt/rustwide/cargo-home/git/checkouts/xivapi-rs-3b231ef75ceca6d1/fde9114/src/routes/search/linkshell.rs:36:21
[INFO] [stdout]    |
[INFO] [stdout] 36 |   fn api(&self) -> &'x XivApi {
[INFO] [stdout]    |                     ^^ undeclared lifetime
[INFO] [stdout]    |
[INFO] [stdout] help: consider introducing lifetime `'x` here
[INFO] [stdout]    |
[INFO] [stdout] 36 |   fn api<'x>(&self) -> &'x XivApi {
[INFO] [stdout]    |         ++++
[INFO] [stdout] help: consider introducing lifetime `'x` here
[INFO] [stdout]    |
[INFO] [stdout] 33 | impl<'x> Builder<'x> for SearchBuilder<'x, 'a> {
[INFO] [stdout]    |     ++++
[INFO] [stdout] 
[INFO] [stdout] 
[INFO] [stdout] error[E0261]: use of undeclared lifetime name `'x`
[INFO] [stdout]   --> /opt/rustwide/cargo-home/git/checkouts/xivapi-rs-3b231ef75ceca6d1/fde9114/src/routes/search/linkshell.rs:45:20
[INFO] [stdout]    |
[INFO] [stdout] 45 | impl SearchBuilder<'x, 'a> {
[INFO] [stdout]    |     -              ^^ undeclared lifetime
[INFO] [stdout]    |     |
[INFO] [stdout]    |     help: consider introducing lifetime `'x` here: `<'x>`
[INFO] [stdout] 
[INFO] [stdout] 
[INFO] [stdout] error[E0261]: use of undeclared lifetime name `'a`
[INFO] [stdout]   --> /opt/rustwide/cargo-home/git/checkouts/xivapi-rs-3b231ef75ceca6d1/fde9114/src/routes/search/linkshell.rs:45:24
[INFO] [stdout]    |
[INFO] [stdout] 45 | impl SearchBuilder<'x, 'a> {
[INFO] [stdout]    |     -                  ^^ undeclared lifetime
[INFO] [stdout]    |     |
[INFO] [stdout]    |     help: consider introducing lifetime `'a` here: `<'a>`
[INFO] [stdout] 
[INFO] [stdout] 
[INFO] [stdout] error[E0433]: failed to resolve: could not find `CommaSerializer` in `serde`
[INFO] [stdout]   --> /opt/rustwide/cargo-home/git/checkouts/xivapi-rs-3b231ef75ceca6d1/fde9114/src/routes/search.rs:29:22
[INFO] [stdout]    |
[INFO] [stdout] 29 |     serialize_with = "crate::util::serde::CommaSerializer::with",
[INFO] [stdout]    |                      ^^^^^^^^^^^^^^^^^^^^^^^^^^^^^^^^^^^^^^^^^^^ could not find `CommaSerializer` in `serde`
[INFO] [stdout] 
[INFO] [stdout] 
[INFO] [stdout] error[E0433]: failed to resolve: could not find `CommaSerializer` in `serde`
[INFO] [stdout]   --> /opt/rustwide/cargo-home/git/checkouts/xivapi-rs-3b231ef75ceca6d1/fde9114/src/routes/search.rs:53:22
[INFO] [stdout]    |
[INFO] [stdout] 53 |     serialize_with = "crate::util::serde::CommaSerializer::with",
[INFO] [stdout]    |                      ^^^^^^^^^^^^^^^^^^^^^^^^^^^^^^^^^^^^^^^^^^^ could not find `CommaSerializer` in `serde`
[INFO] [stdout] 
[INFO] [stdout] 
[INFO] [stdout] error[E0433]: failed to resolve: could not find `CommaSerializer` in `serde`
[INFO] [stdout]   --> /opt/rustwide/cargo-home/git/checkouts/xivapi-rs-3b231ef75ceca6d1/fde9114/src/routes/search.rs:59:22
[INFO] [stdout]    |
[INFO] [stdout] 59 |     serialize_with = "crate::util::serde::CommaSerializer::with",
[INFO] [stdout]    |                      ^^^^^^^^^^^^^^^^^^^^^^^^^^^^^^^^^^^^^^^^^^^ could not find `CommaSerializer` in `serde`
[INFO] [stdout] 
[INFO] [stdout] 
[INFO] [stdout] error[E0261]: use of undeclared lifetime name `'x`
[INFO] [stdout]   --> /opt/rustwide/cargo-home/git/checkouts/xivapi-rs-3b231ef75ceca6d1/fde9114/src/routes/search.rs:64:14
[INFO] [stdout]    |
[INFO] [stdout] 64 | impl Builder<'x> for SearchBuilder<'x, 'a> {
[INFO] [stdout]    |     -        ^^ undeclared lifetime
[INFO] [stdout]    |     |
[INFO] [stdout]    |     help: consider introducing lifetime `'x` here: `<'x>`
[INFO] [stdout] 
[INFO] [stdout] 
[INFO] [stdout] error[E0261]: use of undeclared lifetime name `'x`
[INFO] [stdout]   --> /opt/rustwide/cargo-home/git/checkouts/xivapi-rs-3b231ef75ceca6d1/fde9114/src/routes/search.rs:64:36
[INFO] [stdout]    |
[INFO] [stdout] 64 | impl Builder<'x> for SearchBuilder<'x, 'a> {
[INFO] [stdout]    |     -                              ^^ undeclared lifetime
[INFO] [stdout]    |     |
[INFO] [stdout]    |     help: consider introducing lifetime `'x` here: `<'x>`
[INFO] [stdout] 
[INFO] [stdout] 
[INFO] [stdout] error[E0261]: use of undeclared lifetime name `'a`
[INFO] [stdout]   --> /opt/rustwide/cargo-home/git/checkouts/xivapi-rs-3b231ef75ceca6d1/fde9114/src/routes/search.rs:64:40
[INFO] [stdout]    |
[INFO] [stdout] 64 | impl Builder<'x> for SearchBuilder<'x, 'a> {
[INFO] [stdout]    |     -                                  ^^ undeclared lifetime
[INFO] [stdout]    |     |
[INFO] [stdout]    |     help: consider introducing lifetime `'a` here: `<'a>`
[INFO] [stdout] 
[INFO] [stdout] 
[INFO] [stdout] error[E0261]: use of undeclared lifetime name `'x`
[INFO] [stdout]   --> /opt/rustwide/cargo-home/git/checkouts/xivapi-rs-3b231ef75ceca6d1/fde9114/src/routes/search.rs:67:21
[INFO] [stdout]    |
[INFO] [stdout] 67 |   fn api(&self) -> &'x XivApi {
[INFO] [stdout]    |                     ^^ undeclared lifetime
[INFO] [stdout]    |
[INFO] [stdout] help: consider introducing lifetime `'x` here
[INFO] [stdout]    |
[INFO] [stdout] 67 |   fn api<'x>(&self) -> &'x XivApi {
[INFO] [stdout]    |         ++++
[INFO] [stdout] help: consider introducing lifetime `'x` here
[INFO] [stdout]    |
[INFO] [stdout] 64 | impl<'x> Builder<'x> for SearchBuilder<'x, 'a> {
[INFO] [stdout]    |     ++++
[INFO] [stdout] 
[INFO] [stdout] 
[INFO] [stdout] error[E0261]: use of undeclared lifetime name `'x`
[INFO] [stdout]   --> /opt/rustwide/cargo-home/git/checkouts/xivapi-rs-3b231ef75ceca6d1/fde9114/src/routes/search.rs:76:20
[INFO] [stdout]    |
[INFO] [stdout] 76 | impl SearchBuilder<'x, 'a> {
[INFO] [stdout]    |     -              ^^ undeclared lifetime
[INFO] [stdout]    |     |
[INFO] [stdout]    |     help: consider introducing lifetime `'x` here: `<'x>`
[INFO] [stdout] 
[INFO] [stdout] 
[INFO] [stdout] error[E0261]: use of undeclared lifetime name `'a`
[INFO] [stdout]   --> /opt/rustwide/cargo-home/git/checkouts/xivapi-rs-3b231ef75ceca6d1/fde9114/src/routes/search.rs:76:24
[INFO] [stdout]    |
[INFO] [stdout] 76 | impl SearchBuilder<'x, 'a> {
[INFO] [stdout]    |     -                  ^^ undeclared lifetime
[INFO] [stdout]    |     |
[INFO] [stdout]    |     help: consider introducing lifetime `'a` here: `<'a>`
[INFO] [stdout] 
[INFO] [stdout] 
[INFO] [stdout] error[E0425]: cannot find function `ts_str` in module `crate::util::serde`
[INFO] [stdout]   --> /opt/rustwide/cargo-home/git/checkouts/xivapi-rs-3b231ef75ceca6d1/fde9114/src/models/character.rs:23:30
[INFO] [stdout]    |
[INFO] [stdout] 23 |   #[serde(deserialize_with = "crate::util::serde::ts_str")]
[INFO] [stdout]    |                              ^^^^^^^^^^^^^^^^^^^^^^^^^^^^ not found in `crate::util::serde`
[INFO] [stdout] 
[INFO] [stdout] 
[INFO] [stdout] error[E0425]: cannot find function `ts_str` in module `crate::util::serde`
[INFO] [stdout]    --> /opt/rustwide/cargo-home/git/checkouts/xivapi-rs-3b231ef75ceca6d1/fde9114/src/models/content.rs:120:30
[INFO] [stdout]     |
[INFO] [stdout] 120 |   #[serde(deserialize_with = "crate::util::serde::ts_str")]
[INFO] [stdout]     |                              ^^^^^^^^^^^^^^^^^^^^^^^^^^^^ not found in `crate::util::serde`
[INFO] [stdout] 
[INFO] [stdout] 
[INFO] [stdout] error[E0425]: cannot find function `u64_str` in module `crate::util::serde`
[INFO] [stdout]   --> /opt/rustwide/cargo-home/git/checkouts/xivapi-rs-3b231ef75ceca6d1/fde9114/src/models/id.rs:40:44
[INFO] [stdout]    |
[INFO] [stdout] 40 |   FreeCompanyId(#[serde(deserialize_with = "crate::util::serde::u64_str")]);
[INFO] [stdout]    |                                            ^^^^^^^^^^^^^^^^^^^^^^^^^^^^^ not found in `crate::util::serde`
[INFO] [stdout] 
[INFO] [stdout] 
[INFO] [stdout] error[E0425]: cannot find function `u64_str` in module `crate::util::serde`
[INFO] [stdout]   --> /opt/rustwide/cargo-home/git/checkouts/xivapi-rs-3b231ef75ceca6d1/fde9114/src/models/id.rs:45:42
[INFO] [stdout]    |
[INFO] [stdout] 45 |   LinkshellId(#[serde(deserialize_with = "crate::util::serde::u64_str")]);
[INFO] [stdout]    |                                          ^^^^^^^^^^^^^^^^^^^^^^^^^^^^^ not found in `crate::util::serde`
[INFO] [stdout] 
[INFO] [stdout] 
[INFO] [stdout] error[E0425]: cannot find function `multi_url` in module `crate::models::free_company`
[INFO] [stdout]   --> /opt/rustwide/cargo-home/git/checkouts/xivapi-rs-3b231ef75ceca6d1/fde9114/src/models/search/free_company.rs:20:30
[INFO] [stdout]    |
[INFO] [stdout] 20 |   #[serde(deserialize_with = "crate::models::free_company::multi_url")]
[INFO] [stdout]    |                              ^^^^^^^^^^^^^^^^^^^^^^^^^^^^^^^^^^^^^^^^ not found in `crate::models::free_company`
[INFO] [stdout] 
[INFO] [stdout] 
[INFO] [stdout] error[E0554]: `#![feature]` may not be used on the beta release channel
[INFO] [stdout]  --> /opt/rustwide/cargo-home/git/checkouts/xivapi-rs-3b231ef75ceca6d1/fde9114/src/lib.rs:1:1
[INFO] [stdout]   |
[INFO] [stdout] 1 | #![feature(in_band_lifetimes, never_type, macro_at_most_once_rep, crate_visibility_modifier)]
[INFO] [stdout]   | ^^^^^^^^^^^^^^^^^^^^^^^^^^^^^^^^^^^^^^^^^^^^^^^^^^^^^^^^^^^^^^^^^^^^^^^^^^^^^^^^^^^^^^^^^^^^^
[INFO] [stdout]   |
[INFO] [stdout]   = help: the feature `macro_at_most_once_rep` has been stable since `1.32.0` and no longer requires an attribute to enable
[INFO] [stdout] 
[INFO] [stdout] 
[INFO] [stdout] error[E0599]: no method named `url` found for reference `&'x XivApi` in the current scope
[INFO] [stdout]   --> /opt/rustwide/cargo-home/git/checkouts/xivapi-rs-3b231ef75ceca6d1/fde9114/src/builder.rs:45:32
[INFO] [stdout]    |
[INFO] [stdout] 45 |     let mut route = self.api().url(&self.route());
[INFO] [stdout]    |                                ^^^ method not found in `&'x XivApi`
[INFO] [stdout]    |
[INFO] [stdout]    = help: items from traits can only be used if the trait is implemented and in scope
[INFO] [stdout]    = note: the following trait defines an item `url`, perhaps you need to implement it:
[INFO] [stdout]            candidate #1: `ResponseBuilderExt`
[INFO] [stdout] 
[INFO] [stdout] 
[INFO] [stdout] error: aborting due to 86 previous errors
[INFO] [stdout] 
[INFO] [stdout] 
[INFO] [stdout] Some errors have detailed explanations: E0261, E0425, E0432, E0433, E0554, E0557, E0599.
[INFO] [stdout] 
[INFO] [stdout] For more information about an error, try `rustc --explain E0261`.
[INFO] [stdout] 
[INFO] [stderr] error: could not compile `xivapi` (lib) due to 87 previous errors
[INFO] [stderr] warning: build failed, waiting for other jobs to finish...
[INFO] running `Command { std: "docker" "inspect" "e86d3ce21333464a7ecfe5549b142e4a5ccb64bdd4733573e489512a7e3d2f99", kill_on_drop: false }`
[INFO] running `Command { std: "docker" "rm" "-f" "e86d3ce21333464a7ecfe5549b142e4a5ccb64bdd4733573e489512a7e3d2f99", kill_on_drop: false }`
[INFO] [stdout] e86d3ce21333464a7ecfe5549b142e4a5ccb64bdd4733573e489512a7e3d2f99
