[INFO] cloning repository https://github.com/owen-tc/rufflers
[INFO] running `Command { std: "git" "-c" "credential.helper=" "-c" "credential.helper=/workspace/cargo-home/bin/git-credential-null" "clone" "--bare" "https://github.com/owen-tc/rufflers" "/workspace/cache/git-repos/https%3A%2F%2Fgithub.com%2Fowen-tc%2Frufflers", kill_on_drop: false }`
[INFO] [stderr] Cloning into bare repository '/workspace/cache/git-repos/https%3A%2F%2Fgithub.com%2Fowen-tc%2Frufflers'...
[INFO] running `Command { std: "git" "rev-parse" "HEAD", kill_on_drop: false }`
[INFO] [stdout] bc7cf7b201586374a753481f9b2da94cf2212726
[INFO] documenting owen-tc/rufflers against beta-2023-04-20 for beta-1.70-rustdoc-1
[INFO] running `Command { std: "git" "clone" "/workspace/cache/git-repos/https%3A%2F%2Fgithub.com%2Fowen-tc%2Frufflers" "/workspace/builds/worker-1-tc2/source", kill_on_drop: false }`
[INFO] [stderr] Cloning into '/workspace/builds/worker-1-tc2/source'...
[INFO] [stderr] done.
[INFO] validating manifest of git repo https://github.com/owen-tc/rufflers on toolchain beta-2023-04-20
[INFO] running `Command { std: CARGO_HOME="/workspace/cargo-home" RUSTUP_HOME="/workspace/rustup-home" "/workspace/cargo-home/bin/cargo" "+beta-2023-04-20" "metadata" "--manifest-path" "Cargo.toml" "--no-deps", kill_on_drop: false }`
[INFO] removed /workspace/builds/worker-1-tc2/source/.cargo/config.toml
[INFO] started tweaking git repo https://github.com/owen-tc/rufflers
[INFO] finished tweaking git repo https://github.com/owen-tc/rufflers
[INFO] tweaked toml for git repo https://github.com/owen-tc/rufflers written to /workspace/builds/worker-1-tc2/source/Cargo.toml
[INFO] crate git repo https://github.com/owen-tc/rufflers already has a lockfile, it will not be regenerated
[INFO] running `Command { std: CARGO_HOME="/workspace/cargo-home" RUSTUP_HOME="/workspace/rustup-home" "/workspace/cargo-home/bin/cargo" "+beta-2023-04-20" "fetch" "--manifest-path" "Cargo.toml", kill_on_drop: false }`
[INFO] [stderr]     Blocking waiting for file lock on package cache
[INFO] [stderr]     Updating crates.io index
[INFO] [stderr]  Downloading crates ...
[INFO] [stderr]   Downloaded libflate v1.1.2
[INFO] [stderr]   Downloaded derive-try-from-primitive v1.0.0
[INFO] [stderr]   Downloaded enum-map-derive v0.8.0
[INFO] [stderr]   Downloaded enum-map v2.0.3
[INFO] [stderr]   Downloaded embed-resource v1.7.1
[INFO] [stderr]   Downloaded bitflags_serde_shim v0.2.2
[INFO] [stderr]   Downloaded primal-check v0.3.1
[INFO] [stderr]   Downloaded regress v0.4.1
[INFO] [stderr]   Downloaded bitstream-io v1.2.0
[INFO] [stderr]   Downloaded rfd v0.8.1
[INFO] [stderr]   Downloaded glib-sys v0.15.6
[INFO] [stderr]   Downloaded symphonia-bundle-mp3 v0.5.0
[INFO] [stderr]   Downloaded gio-sys v0.15.6
[INFO] [stderr]   Downloaded symphonia-core v0.5.0
[INFO] [stderr]   Downloaded rustdct v0.6.0
[INFO] [stderr]   Downloaded lzma-rs v0.2.0
[INFO] [stderr]   Downloaded jpeg-decoder v0.2.2
[INFO] [stderr]   Downloaded rustfft v5.1.1
[INFO] [stderr]   Downloaded weak-table v0.3.2
[INFO] [stderr]   Downloaded symphonia-metadata v0.5.0
[INFO] [stderr]   Downloaded symphonia v0.5.0
[INFO] running `Command { std: "docker" "create" "-v" "/var/lib/crater-agent-workspace/builds/worker-1-tc2/target:/opt/rustwide/target:rw,Z" "-v" "/var/lib/crater-agent-workspace/builds/worker-1-tc2/source:/opt/rustwide/workdir:ro,Z" "-v" "/var/lib/crater-agent-workspace/cargo-home:/opt/rustwide/cargo-home:ro,Z" "-v" "/var/lib/crater-agent-workspace/rustup-home:/opt/rustwide/rustup-home:ro,Z" "-e" "SOURCE_DIR=/opt/rustwide/workdir" "-e" "CARGO_TARGET_DIR=/opt/rustwide/target" "-e" "CARGO_HOME=/opt/rustwide/cargo-home" "-e" "RUSTUP_HOME=/opt/rustwide/rustup-home" "-w" "/opt/rustwide/workdir" "-m" "1610612736" "--user" "0:0" "--network" "none" "ghcr.io/rust-lang/crates-build-env/linux@sha256:5ff2268d62e97bff2cde7d5815dd6ed5b47097566f13b8d0ca110b04b60e07ed" "/opt/rustwide/cargo-home/bin/cargo" "+beta-2023-04-20" "metadata" "--no-deps" "--format-version=1", kill_on_drop: false }`
[INFO] [stdout] bd2c0f35cd4f3e775edc0ffceafeb9f4297da15a10ee99afb16474b03b6b4d10
[INFO] running `Command { std: "docker" "start" "-a" "bd2c0f35cd4f3e775edc0ffceafeb9f4297da15a10ee99afb16474b03b6b4d10", kill_on_drop: false }`
[INFO] running `Command { std: "docker" "inspect" "bd2c0f35cd4f3e775edc0ffceafeb9f4297da15a10ee99afb16474b03b6b4d10", kill_on_drop: false }`
[INFO] running `Command { std: "docker" "rm" "-f" "bd2c0f35cd4f3e775edc0ffceafeb9f4297da15a10ee99afb16474b03b6b4d10", kill_on_drop: false }`
[INFO] [stdout] bd2c0f35cd4f3e775edc0ffceafeb9f4297da15a10ee99afb16474b03b6b4d10
[INFO] running `Command { std: "docker" "create" "-v" "/var/lib/crater-agent-workspace/builds/worker-1-tc2/target:/opt/rustwide/target:rw,Z" "-v" "/var/lib/crater-agent-workspace/builds/worker-1-tc2/source:/opt/rustwide/workdir:ro,Z" "-v" "/var/lib/crater-agent-workspace/cargo-home:/opt/rustwide/cargo-home:ro,Z" "-v" "/var/lib/crater-agent-workspace/rustup-home:/opt/rustwide/rustup-home:ro,Z" "-e" "SOURCE_DIR=/opt/rustwide/workdir" "-e" "CARGO_TARGET_DIR=/opt/rustwide/target" "-e" "CARGO_INCREMENTAL=0" "-e" "RUST_BACKTRACE=full" "-e" "RUSTFLAGS=--cap-lints=warn" "-e" "RUSTDOCFLAGS=--cap-lints=warn" "-e" "CARGO_HOME=/opt/rustwide/cargo-home" "-e" "RUSTUP_HOME=/opt/rustwide/rustup-home" "-w" "/opt/rustwide/workdir" "-m" "1610612736" "--user" "0:0" "--network" "none" "ghcr.io/rust-lang/crates-build-env/linux@sha256:5ff2268d62e97bff2cde7d5815dd6ed5b47097566f13b8d0ca110b04b60e07ed" "/opt/rustwide/cargo-home/bin/cargo" "+beta-2023-04-20" "doc" "--frozen" "--no-deps" "--document-private-items" "--message-format=json", kill_on_drop: false }`
[INFO] [stdout] 657c1eee91c4d3d6786f4926aaadda1e73bdc16273c98f9b1728137406771694
[INFO] running `Command { std: "docker" "start" "-a" "657c1eee91c4d3d6786f4926aaadda1e73bdc16273c98f9b1728137406771694", kill_on_drop: false }`
[INFO] [stderr]    Compiling proc-macro2 v1.0.36
[INFO] [stderr]    Compiling autocfg v1.1.0
[INFO] [stderr]    Compiling unicode-xid v0.2.2
[INFO] [stderr]    Compiling syn v1.0.86
[INFO] [stderr]    Compiling libc v0.2.119
[INFO] [stderr]     Checking cfg-if v1.0.0
[INFO] [stderr]    Compiling pkg-config v0.3.24
[INFO] [stderr]    Compiling serde_derive v1.0.136
[INFO] [stderr]    Compiling serde v1.0.136
[INFO] [stderr]    Compiling version_check v0.9.4
[INFO] [stderr]     Checking bitflags v1.3.2
[INFO] [stderr]    Compiling num-traits v0.2.14
[INFO] [stderr]     Checking lazy_static v1.4.0
[INFO] [stderr]    Compiling memchr v2.4.1
[INFO] [stderr]    Compiling log v0.4.14
[INFO] [stderr]    Compiling heck v0.4.0
[INFO] [stderr]    Compiling cc v1.0.73
[INFO] [stderr]    Compiling smallvec v1.8.0
[INFO] [stderr]    Compiling version-compare v0.1.0
[INFO] [stderr]    Compiling quote v1.0.15
[INFO] [stderr]    Compiling cfg-expr v0.10.1
[INFO] [stderr]    Compiling indexmap v1.6.2
[INFO] [stderr]     Checking hashbrown v0.9.1
[INFO] [stderr]     Checking ryu v1.0.9
[INFO] [stderr]    Compiling memoffset v0.6.5
[INFO] [stderr]    Compiling num-integer v0.1.44
[INFO] [stderr]     Checking itoa v1.0.1
[INFO] [stderr]    Compiling serde_json v1.0.79
[INFO] [stderr]     Checking byteorder v1.4.3
[INFO] [stderr]     Checking getrandom v0.2.5
[INFO] [stderr]     Checking dasp_sample v0.11.0 (https://github.com/RustAudio/dasp?rev=f05a703#f05a703d)
[INFO] [stderr]    Compiling crc32fast v1.3.2
[INFO] [stderr]     Checking adler v1.0.2
[INFO] [stderr]     Checking arrayvec v0.5.2
[INFO] [stderr]    Compiling miniz_oxide v0.4.4
[INFO] [stderr]     Checking instant v0.1.12
[INFO] [stderr]     Checking dasp_frame v0.11.0 (https://github.com/RustAudio/dasp?rev=f05a703#f05a703d)
[INFO] [stderr]     Checking once_cell v1.9.0
[INFO] [stderr]     Checking tinyvec_macros v0.1.0
[INFO] [stderr]     Checking adler32 v1.2.0
[INFO] [stderr]    Compiling build_const v0.2.2
[INFO] [stderr]    Compiling ident_case v1.0.1
[INFO] [stderr]    Compiling fnv v1.0.7
[INFO] [stderr]    Compiling strsim v0.10.0
[INFO] [stderr]     Checking tinyvec v1.5.1
[INFO] [stderr]     Checking percent-encoding v2.1.0
[INFO] [stderr]    Compiling crc v1.8.1
[INFO] [stderr]    Compiling encoding_rs v0.8.30
[INFO] [stderr]     Checking dasp_ring_buffer v0.11.0 (https://github.com/RustAudio/dasp?rev=f05a703#f05a703d)
[INFO] [stderr]     Checking scopeguard v1.1.0
[INFO] [stderr]    Compiling radium v0.5.3
[INFO] [stderr]     Checking downcast-rs v1.2.0
[INFO] [stderr]     Checking matches v0.1.9
[INFO] [stderr]    Compiling lexical-core v0.7.6
[INFO] [stderr]     Checking strength_reduce v0.2.3
[INFO] [stderr]    Compiling wasm-bindgen-shared v0.2.78
[INFO] [stderr]     Checking unicode-bidi v0.3.7
[INFO] [stderr]     Checking unicode-normalization v0.1.19
[INFO] [stderr]     Checking transpose v0.2.1
[INFO] [stderr]     Checking form_urlencoded v1.0.1
[INFO] [stderr]     Checking dasp_rms v0.11.0 (https://github.com/RustAudio/dasp?rev=f05a703#f05a703d)
[INFO] [stderr]     Checking dasp_peak v0.11.0 (https://github.com/RustAudio/dasp?rev=f05a703#f05a703d)
[INFO] [stderr]     Checking primal-check v0.3.1
[INFO] [stderr]    Compiling minimp3-sys v0.3.2
[INFO] [stderr]     Checking num-complex v0.3.1
[INFO] [stderr]    Compiling nom v6.1.2
[INFO] [stderr]     Checking libloading v0.7.3
[INFO] [stderr]     Checking tap v1.0.1
[INFO] [stderr]     Checking static_assertions v1.1.0
[INFO] [stderr]     Checking weezl v0.1.5
[INFO] [stderr]     Checking wyz v0.2.0
[INFO] [stderr]     Checking funty v1.1.0
[INFO] [stderr]     Checking bitstream-io v1.2.0
[INFO] [stderr]     Checking idna v0.2.3
[INFO] [stderr]     Checking rustfft v5.1.1
[INFO] [stderr]    Compiling toml v0.5.8
[INFO] [stderr]    Compiling darling_core v0.13.1
[INFO] [stderr]     Checking bitvec v0.19.6
[INFO] [stderr]     Checking url v2.2.2
[INFO] [stderr]    Compiling synstructure v0.12.6
[INFO] [stderr]    Compiling system-deps v6.0.2
[INFO] [stderr]     Checking dasp_envelope v0.11.0 (https://github.com/RustAudio/dasp?rev=f05a703#f05a703d)
[INFO] [stderr]     Checking lzma-rs v0.2.0
[INFO] [stderr]     Checking dasp_interpolate v0.11.0 (https://github.com/RustAudio/dasp?rev=f05a703#f05a703d)
[INFO] [stderr]     Checking flate2 v1.0.22
[INFO] [stderr]     Checking dasp_window v0.11.0 (https://github.com/RustAudio/dasp?rev=f05a703#f05a703d)
[INFO] [stderr]     Checking rand_core v0.6.3
[INFO] [stderr]    Compiling crossbeam-utils v0.8.7
[INFO] [stderr]     Checking color_quant v1.1.0
[INFO] [stderr]     Checking nihav_core v0.1.0 (https://github.com/ruffle-rs/nihav-vp6?rev=9416fcc9fc8aab8f4681aa9093b42922214abbd3#9416fcc9)
[INFO] [stderr]    Compiling bumpalo v3.9.1
[INFO] [stderr]     Checking ppv-lite86 v0.2.16
[INFO] [stderr]     Checking gif v0.11.3
[INFO] [stderr]     Checking nihav_codec_support v0.1.0 (https://github.com/ruffle-rs/nihav-vp6?rev=9416fcc9fc8aab8f4681aa9093b42922214abbd3#9416fcc9)
[INFO] [stderr]    Compiling wasm-bindgen-backend v0.2.78
[INFO] [stderr]     Checking dasp_signal v0.11.0 (https://github.com/RustAudio/dasp?rev=f05a703#f05a703d)
[INFO] [stderr]     Checking rand_chacha v0.3.1
[INFO] [stderr]     Checking dasp_slice v0.11.0 (https://github.com/RustAudio/dasp?rev=f05a703#f05a703d)
[INFO] [stderr]     Checking deflate v1.0.0
[INFO] [stderr]     Checking miniz_oxide v0.5.1
[INFO] [stderr]     Checking time v0.1.43
[INFO] [stderr]     Checking slice-deque v0.3.0
[INFO] [stderr]     Checking cfg-if v0.1.10
[INFO] [stderr]     Checking cookie-factory v0.3.2
[INFO] [stderr]     Checking generational-arena v0.2.8
[INFO] [stderr]     Checking png v0.17.5
[INFO] [stderr]     Checking chrono v0.4.19
[INFO] [stderr]     Checking dasp v0.11.0 (https://github.com/RustAudio/dasp?rev=f05a703#f05a703d)
[INFO] [stderr]    Compiling thiserror-impl v1.0.30
[INFO] [stderr]    Compiling bytemuck_derive v1.0.1
[INFO] [stderr]    Compiling darling_macro v0.13.1
[INFO] [stderr]    Compiling num-derive v0.3.3
[INFO] [stderr]    Compiling derive-try-from-primitive v1.0.0
[INFO] [stderr]     Checking rustdct v0.6.0
[INFO] [stderr]     Checking bytemuck v1.8.0
[INFO] [stderr]    Compiling gc-arena-derive v0.2.0 (https://github.com/ruffle-rs/gc-arena#4931b3bc)
[INFO] [stderr]     Checking safe_arch v0.6.0
[INFO] [stderr]    Compiling darling v0.13.1
[INFO] [stderr]     Checking nellymoser-rs v0.1.0 (https://github.com/ruffle-rs/nellymoser#77000f76)
[INFO] [stderr]    Compiling enumset_derive v0.5.5
[INFO] [stderr]     Checking wide v0.7.4
[INFO] [stderr]    Compiling wasm-bindgen-macro-support v0.2.78
[INFO] [stderr]    Compiling ruffle_macros v0.1.0 (/opt/rustwide/workdir/core/macros)
[INFO] [stderr]     Checking gc-arena v0.2.0 (https://github.com/ruffle-rs/gc-arena#4931b3bc)
[INFO] [stderr]     Checking rand v0.8.5
[INFO] [stderr]     Checking thiserror v1.0.30
[INFO] [stderr]     Checking nihav_duck v0.1.0 (https://github.com/ruffle-rs/nihav-vp6?rev=9416fcc9fc8aab8f4681aa9093b42922214abbd3#9416fcc9)
[INFO] [stderr]     Checking minimp3 v0.5.1
[INFO] [stderr]     Checking h263-rs v0.1.0 (https://github.com/ruffle-rs/h263-rs?rev=023e14c73e565c4c778d41f66cfbac5ece6419b2#023e14c7)
[INFO] [stderr]     Checking euclid v0.22.6
[INFO] [stderr]     Checking quick-xml v0.22.0 (https://github.com/ruffle-rs/quick-xml?rev=8496365ec1412eb5ba5de350937b6bce352fa0ba#8496365e)
[INFO] [stderr]     Checking regress v0.4.1
[INFO] [stderr]    Compiling wasm-bindgen v0.2.78
[INFO] [stderr]     Checking jpeg-decoder v0.2.2
[INFO] [stderr]     Checking weak-table v0.3.2
[INFO] [stderr]    Compiling futures-core v0.3.21
[INFO] [stderr]    Compiling wasm-bindgen-macro v0.2.78
[INFO] [stderr]     Checking h263-rs-yuv v0.1.0 (https://github.com/ruffle-rs/h263-rs?rev=023e14c73e565c4c778d41f66cfbac5ece6419b2#023e14c7)
[INFO] [stderr]    Compiling crossbeam-epoch v0.9.7
[INFO] [stderr]    Compiling rayon-core v1.9.1
[INFO] [stderr]    Compiling parking_lot_core v0.8.5
[INFO] [stderr]    Compiling glib-sys v0.15.6
[INFO] [stderr]     Checking lyon_geom v0.17.6
[INFO] [stderr]     Checking float_next_after v0.1.5
[INFO] [stderr]     Checking sid v0.6.1
[INFO] [stderr]    Compiling ahash v0.7.6
[INFO] [stderr]     Checking termcolor v1.1.2
[INFO] [stderr]     Checking pin-project-lite v0.2.8
[INFO] [stderr]    Compiling xml-rs v0.8.4
[INFO] [stderr]     Checking crossbeam-deque v0.8.1
[INFO] [stderr]     Checking crossbeam-channel v0.5.2
[INFO] [stderr]    Compiling gobject-sys v0.15.5
[INFO] [stderr]     Checking lyon_path v0.17.7
[INFO] [stderr]     Checking lock_api v0.4.6
[INFO] [stderr]     Checking num_cpus v1.13.1
[INFO] [stderr]    Compiling proc-macro-error-attr v1.0.4
[INFO] [stderr]    Compiling rayon v1.5.1
[INFO] [stderr]     Checking cty v0.2.2
[INFO] [stderr]     Checking futures-io v0.3.21
[INFO] [stderr]    Compiling wayland-scanner v0.29.4
[INFO] [stderr]     Checking raw-window-handle v0.4.2
[INFO] [stderr]     Checking lyon_algorithms v0.17.7
[INFO] [stderr]     Checking lyon_tessellation v0.17.10
[INFO] [stderr]     Checking parking_lot v0.11.2
[INFO] [stderr]    Compiling libnghttp2-sys v0.1.7+1.45.0
[INFO] [stderr]    Compiling openssl-sys v0.9.72
[INFO] [stderr]     Checking lyon v0.17.10
[INFO] [stderr]    Compiling libz-sys v1.1.3
[INFO] [stderr]    Compiling wayland-sys v0.29.4
[INFO] [stderr]    Compiling proc-macro-error v1.0.4
[INFO] [stderr]    Compiling khronos-egl v4.1.0
[INFO] [stderr]     Checking bit-vec v0.6.3
[INFO] [stderr]    Compiling futures-channel v0.3.21
[INFO] [stderr]    Compiling futures-task v0.3.21
[INFO] [stderr]     Checking unicode-width v0.1.9
[INFO] [stderr]     Checking either v1.6.1
[INFO] [stderr]    Compiling ash v0.34.0+1.2.203
[INFO] [stderr]     Checking codespan-reporting v0.11.1
[INFO] [stderr]     Checking bit-set v0.5.2
[INFO] [stderr]     Checking hashbrown v0.11.2
[INFO] [stderr]     Checking dlib v0.5.0
[INFO] [stderr]     Checking nix v0.22.3
[INFO] [stderr]     Checking spirv v0.2.0+1.5.4
[INFO] [stderr]     Checking gpu-descriptor-types v0.1.1
[INFO] [stderr]     Checking gpu-alloc-types v0.2.0
[INFO] [stderr]     Checking futures-sink v0.3.21
[INFO] [stderr]     Checking rustc-hash v1.1.0
[INFO] [stderr]     Checking slab v0.4.5
[INFO] [stderr]    Compiling cfg_aliases v0.1.1
[INFO] [stderr]     Checking hexf-parse v0.2.1
[INFO] [stderr]    Compiling typenum v1.15.0
[INFO] [stderr]    Compiling futures-util v0.3.21
[INFO] [stderr]    Compiling wgpu-core v0.12.2
[INFO] [stderr]     Checking gpu-alloc v0.5.3
[INFO] [stderr]     Checking gpu-descriptor v0.2.2
[INFO] [stderr]    Compiling wayland-client v0.29.4
[INFO] [stderr]    Compiling futures-macro v0.3.21
[INFO] [stderr]    Compiling atk-sys v0.15.1
[INFO] [stderr]    Compiling gdk-sys v0.15.1
[INFO] [stderr]    Compiling gio-sys v0.15.6
[INFO] [stderr]     Checking fxhash v0.2.1
[INFO] [stderr]    Compiling curl-sys v0.4.52+curl-7.81.0
[INFO] [stderr]    Compiling generic-array v0.14.5
[INFO] [stderr]    Compiling nom v7.1.0
[INFO] [stderr]     Checking wgpu-types v0.12.0
[INFO] [stderr]    Compiling num-iter v0.1.42
[INFO] [stderr]    Compiling num-rational v0.3.2
[INFO] [stderr]     Checking enumset v1.0.8
[INFO] [stderr]     Checking glow v0.11.2
[INFO] [stderr]     Checking swf v0.1.2 (/opt/rustwide/workdir/swf)
[INFO] [stderr]     Checking flash-lso v0.5.0 (https://github.com/ruffle-rs/rust-flash-lso?rev=19fecd07b9888c4bdaa66771c468095783b52bed#19fecd07)
[INFO] [stderr]     Checking naga v0.8.5
[INFO] [stderr]     Checking profiling v1.0.5
[INFO] [stderr]     Checking renderdoc-sys v0.7.1
[INFO] [stderr]    Compiling semver v1.0.6
[INFO] [stderr]     Checking inplace_it v0.3.3
[INFO] [stderr]     Checking arrayvec v0.7.2
[INFO] [stderr]     Checking pin-utils v0.1.0
[INFO] [stderr]     Checking wayland-commons v0.29.4
[INFO] [stderr]     Checking js-sys v0.3.55
[INFO] [stderr]     Checking jpeg-decoder v0.1.22
[INFO] [stderr]     Checking ruffle_core v0.1.0 (/opt/rustwide/workdir/core)
[INFO] [stderr]    Compiling clap_derive v3.1.4
[INFO] [stderr]    Compiling gdk-pixbuf-sys v0.15.1
[INFO] [stderr]     Checking web-sys v0.3.55
[INFO] [stderr]    Compiling pango-sys v0.15.1
[INFO] [stderr]    Compiling cairo-sys-rs v0.15.1
[INFO] [stderr]     Checking miniz_oxide v0.3.7
[INFO] [stderr]     Checking deflate v0.8.6
[INFO] [stderr]     Checking atty v0.2.14
[INFO] [stderr]     Checking os_str_bytes v6.0.0
[INFO] [stderr]     Checking aho-corasick v0.7.18
[INFO] [stderr]     Checking scoped-tls v1.0.0
[INFO] [stderr]     Checking textwrap v0.15.0
[INFO] [stderr]     Checking minimal-lexical v0.2.1
[INFO] [stderr]     Checking regex-syntax v0.6.25
[INFO] [stderr]     Checking copyless v0.1.5
[INFO] [stderr]     Checking clap v3.1.6
[INFO] [stderr]     Checking regex v1.5.4
[INFO] [stderr]     Checking png v0.16.8
[INFO] [stderr]    Compiling xcb v0.8.2
[INFO] [stderr]     Checking futures-executor v0.3.21
[INFO] [stderr]     Checking tiff v0.6.1
[INFO] [stderr]     Checking wgpu-hal v0.12.4
[INFO] [stderr]    Compiling wayland-protocols v0.29.4
[INFO] [stderr]    Compiling enum-map-derive v0.8.0
[INFO] [stderr]    Compiling gtk-sys v0.15.3
[INFO] [stderr]    Compiling alsa-sys v0.3.1
[INFO] [stderr]     Checking cache-padded v1.2.0
[INFO] [stderr]     Checking scoped_threadpool v0.1.9
[INFO] [stderr]     Checking concurrent-queue v1.2.2
[INFO] [stderr]     Checking image v0.23.14
[INFO] [stderr]     Checking enum-map v2.0.3
[INFO] [stderr]    Compiling rustc_version v0.4.0
[INFO] [stderr] error: failed to run custom build command for `xcb v0.8.2`
[INFO] [stderr] note: To improve backtraces for build dependencies, set the CARGO_PROFILE_DEV_BUILD_OVERRIDE_DEBUG=true environment variable to enable debug information generation.
[INFO] [stderr] 
[INFO] [stderr] Caused by:
[INFO] [stderr]   process didn't exit successfully: `/opt/rustwide/target/debug/build/xcb-d66dc581c1438b5b/build-script-build` (exit status: 101)
[INFO] [stderr]   --- stderr
[INFO] [stderr]   error occured in handler:  ('request: ', ('xcb', 'Xv', 'ShmPutImage'))
[INFO] [stderr]   Traceback (most recent call last):
[INFO] [stderr]     File "/opt/rustwide/cargo-home/registry/src/index.crates.io-6f17d22bba15001f/xcb-0.8.2/rs_client.py", line 2448, in <module>
[INFO] [stderr]       module.generate()
[INFO] [stderr]     File "/opt/rustwide/cargo-home/registry/src/index.crates.io-6f17d22bba15001f/xcb-0.8.2/xcbgen/state.py", line 108, in generate
[INFO] [stderr]       self.close()
[INFO] [stderr]     File "/opt/rustwide/cargo-home/registry/src/index.crates.io-6f17d22bba15001f/xcb-0.8.2/rs_client.py", line 296, in rs_close
[INFO] [stderr]       _f.writeout(os.path.join(module.rs_srcdir, "ffi", "%s.rs" % _module_name(_ns.ext_name)))
[INFO] [stderr]     File "/opt/rustwide/cargo-home/registry/src/index.crates.io-6f17d22bba15001f/xcb-0.8.2/rs_client.py", line 114, in writeout
[INFO] [stderr]       with open(path, 'w') as f:
[INFO] [stderr]   OSError: [Errno 30] Read-only file system: '/opt/rustwide/cargo-home/registry/src/index.crates.io-6f17d22bba15001f/xcb-0.8.2/src/ffi/xv.rs'
[INFO] [stderr]   thread 'main' panicked at 'processing of /opt/rustwide/cargo-home/registry/src/index.crates.io-6f17d22bba15001f/xcb-0.8.2/xml/xv.xml returned non-zero (1)', /opt/rustwide/cargo-home/registry/src/index.crates.io-6f17d22bba15001f/xcb-0.8.2/build.rs:75:17
[INFO] [stderr]   stack backtrace:
[INFO] [stderr]      0:     0x55c0156be9fa - std::backtrace_rs::backtrace::libunwind::trace::h2f05d0192276a8f6
[INFO] [stderr]                                  at /rustc/1b7dd2252b99671ce5d1cb9664c5f8636329436d/library/std/src/../../backtrace/src/backtrace/libunwind.rs:93:5
[INFO] [stderr]      1:     0x55c0156be9fa - std::backtrace_rs::backtrace::trace_unsynchronized::hedc23dff7a1af150
[INFO] [stderr]                                  at /rustc/1b7dd2252b99671ce5d1cb9664c5f8636329436d/library/std/src/../../backtrace/src/backtrace/mod.rs:66:5
[INFO] [stderr]      2:     0x55c0156be9fa - std::sys_common::backtrace::_print_fmt::h17541ef7592f3ce2
[INFO] [stderr]                                  at /rustc/1b7dd2252b99671ce5d1cb9664c5f8636329436d/library/std/src/sys_common/backtrace.rs:65:5
[INFO] [stderr]      3:     0x55c0156be9fa - <std::sys_common::backtrace::_print::DisplayBacktrace as core::fmt::Display>::fmt::h20f75df5ab0c0792
[INFO] [stderr]                                  at /rustc/1b7dd2252b99671ce5d1cb9664c5f8636329436d/library/std/src/sys_common/backtrace.rs:44:22
[INFO] [stderr]      4:     0x55c0156dc35f - core::fmt::write::h78109e6f466b3af6
[INFO] [stderr]                                  at /rustc/1b7dd2252b99671ce5d1cb9664c5f8636329436d/library/core/src/fmt/mod.rs:1254:17
[INFO] [stderr]      5:     0x55c0156bc0a5 - std::io::Write::write_fmt::hc59e1b02dd273c8a
[INFO] [stderr]                                  at /rustc/1b7dd2252b99671ce5d1cb9664c5f8636329436d/library/std/src/io/mod.rs:1698:15
[INFO] [stderr]      6:     0x55c0156be7c5 - std::sys_common::backtrace::_print::h8dac57a9f8fbf9a5
[INFO] [stderr]                                  at /rustc/1b7dd2252b99671ce5d1cb9664c5f8636329436d/library/std/src/sys_common/backtrace.rs:47:5
[INFO] [stderr]      7:     0x55c0156be7c5 - std::sys_common::backtrace::print::hf9ecbf41d1aa712f
[INFO] [stderr]                                  at /rustc/1b7dd2252b99671ce5d1cb9664c5f8636329436d/library/std/src/sys_common/backtrace.rs:34:9
[INFO] [stderr]      8:     0x55c0156bfeee - std::panicking::default_hook::{{closure}}::h04c07acfc84ca028
[INFO] [stderr]                                  at /rustc/1b7dd2252b99671ce5d1cb9664c5f8636329436d/library/std/src/panicking.rs:269:22
[INFO] [stderr]      9:     0x55c0156bfc95 - std::panicking::default_hook::h01f6bb23e1eceb2c
[INFO] [stderr]                                  at /rustc/1b7dd2252b99671ce5d1cb9664c5f8636329436d/library/std/src/panicking.rs:288:9
[INFO] [stderr]     10:     0x55c0156c044e - std::panicking::rust_panic_with_hook::h2bb3722bbaf2f6df
[INFO] [stderr]                                  at /rustc/1b7dd2252b99671ce5d1cb9664c5f8636329436d/library/std/src/panicking.rs:691:13
[INFO] [stderr]     11:     0x55c0156c0349 - std::panicking::begin_panic_handler::{{closure}}::h91bc7f36a4be011b
[INFO] [stderr]                                  at /rustc/1b7dd2252b99671ce5d1cb9664c5f8636329436d/library/std/src/panicking.rs:582:13
[INFO] [stderr]     12:     0x55c0156bee66 - std::sys_common::backtrace::__rust_end_short_backtrace::h8b3d3717114f9e59
[INFO] [stderr]                                  at /rustc/1b7dd2252b99671ce5d1cb9664c5f8636329436d/library/std/src/sys_common/backtrace.rs:150:18
[INFO] [stderr]     13:     0x55c0156c00a2 - rust_begin_unwind
[INFO] [stderr]                                  at /rustc/1b7dd2252b99671ce5d1cb9664c5f8636329436d/library/std/src/panicking.rs:578:5
[INFO] [stderr]     14:     0x55c01569b403 - core::panicking::panic_fmt::hfd368e3fbdabea26
[INFO] [stderr]                                  at /rustc/1b7dd2252b99671ce5d1cb9664c5f8636329436d/library/core/src/panicking.rs:67:14
[INFO] [stderr]     15:     0x55c01569fc7a - build_script_build::main::{{closure}}::hbacd41f30dbdc0f1
[INFO] [stderr]     16:     0x55c01569ec0a - build_script_build::visit_xml::ha06a7053bc756121
[INFO] [stderr]     17:     0x55c01569f25b - build_script_build::main::hbef218d3de26cad5
[INFO] [stderr]     18:     0x55c01569fcd3 - core::ops::function::FnOnce::call_once::h0261c04dbb09ac01
[INFO] [stderr]     19:     0x55c01569d556 - std::sys_common::backtrace::__rust_begin_short_backtrace::h591b6d5ac1097558
[INFO] [stderr]     20:     0x55c01569d9a9 - std::rt::lang_start::{{closure}}::h574f6060ee33cef0
[INFO] [stderr]     21:     0x55c0156b960e - core::ops::function::impls::<impl core::ops::function::FnOnce<A> for &F>::call_once::h2eb19b8ce4148df4
[INFO] [stderr]                                  at /rustc/1b7dd2252b99671ce5d1cb9664c5f8636329436d/library/core/src/ops/function.rs:287:13
[INFO] [stderr]     22:     0x55c0156b960e - std::panicking::try::do_call::h2e900feff5d504c5
[INFO] [stderr]                                  at /rustc/1b7dd2252b99671ce5d1cb9664c5f8636329436d/library/std/src/panicking.rs:485:40
[INFO] [stderr]     23:     0x55c0156b960e - std::panicking::try::h8854836cb85aa9f2
[INFO] [stderr]                                  at /rustc/1b7dd2252b99671ce5d1cb9664c5f8636329436d/library/std/src/panicking.rs:449:19
[INFO] [stderr]     24:     0x55c0156b960e - std::panic::catch_unwind::h706025dd4c48f64b
[INFO] [stderr]                                  at /rustc/1b7dd2252b99671ce5d1cb9664c5f8636329436d/library/std/src/panic.rs:140:14
[INFO] [stderr]     25:     0x55c0156b960e - std::rt::lang_start_internal::{{closure}}::h7be5b97f4a07a91a
[INFO] [stderr]                                  at /rustc/1b7dd2252b99671ce5d1cb9664c5f8636329436d/library/std/src/rt.rs:148:48
[INFO] [stderr]     26:     0x55c0156b960e - std::panicking::try::do_call::h59847e9d0a176965
[INFO] [stderr]                                  at /rustc/1b7dd2252b99671ce5d1cb9664c5f8636329436d/library/std/src/panicking.rs:485:40
[INFO] [stderr]     27:     0x55c0156b960e - std::panicking::try::h399a918ba8522823
[INFO] [stderr]                                  at /rustc/1b7dd2252b99671ce5d1cb9664c5f8636329436d/library/std/src/panicking.rs:449:19
[INFO] [stderr]     28:     0x55c0156b960e - std::panic::catch_unwind::hca7ca6c55b2a2e26
[INFO] [stderr]                                  at /rustc/1b7dd2252b99671ce5d1cb9664c5f8636329436d/library/std/src/panic.rs:140:14
[INFO] [stderr]     29:     0x55c0156b960e - std::rt::lang_start_internal::h2c807a81560459eb
[INFO] [stderr]                                  at /rustc/1b7dd2252b99671ce5d1cb9664c5f8636329436d/library/std/src/rt.rs:148:20
[INFO] [stderr]     30:     0x55c01569d987 - std::rt::lang_start::h3adb45f98ca6f3fc
[INFO] [stderr]     31:     0x55c01569fcb5 - main
[INFO] [stderr]     32:     0x7f468d0e1d90 - <unknown>
[INFO] [stderr]     33:     0x7f468d0e1e40 - __libc_start_main
[INFO] [stderr]     34:     0x55c01569b935 - _start
[INFO] [stderr]     35:                0x0 - <unknown>
[INFO] [stderr] warning: build failed, waiting for other jobs to finish...
[INFO] [stdout] error[E0597]: `data` does not live long enough
[INFO] [stdout]     --> core/src/display_object/movie_clip.rs:1296:26
[INFO] [stdout]      |
[INFO] [stdout] 103  | impl<'gc> MovieClip<'gc> {
[INFO] [stdout]      |      --- lifetime `'gc` defined here
[INFO] [stdout] ...
[INFO] [stdout] 1288 |         let data = mc.static_data.swf.clone();
[INFO] [stdout]      |             ---- binding `data` declared here
[INFO] [stdout] ...
[INFO] [stdout] 1296 |         let mut reader = data.read_from(frame_pos);
[INFO] [stdout]      |                          ^^^^^^^^^^^^^^^^^^^^^^^^^
[INFO] [stdout]      |                          |
[INFO] [stdout]      |                          borrowed value does not live long enough
[INFO] [stdout]      |                          assignment requires that `data` is borrowed for `'gc`
[INFO] [stdout] ...
[INFO] [stdout] 1421 |     }
[INFO] [stdout]      |     - `data` dropped here while still borrowed
[INFO] [stdout] 
[INFO] [stdout] 
[INFO] [stdout] error: aborting due to previous error
[INFO] [stdout] 
[INFO] [stdout] 
[INFO] [stdout] For more information about this error, try `rustc --explain E0597`.
[INFO] [stdout] 
[INFO] [stderr] error: could not compile `ruffle_core` (lib) due to 2 previous errors
[INFO] running `Command { std: "docker" "inspect" "657c1eee91c4d3d6786f4926aaadda1e73bdc16273c98f9b1728137406771694", kill_on_drop: false }`
[INFO] running `Command { std: "docker" "rm" "-f" "657c1eee91c4d3d6786f4926aaadda1e73bdc16273c98f9b1728137406771694", kill_on_drop: false }`
[INFO] [stdout] 657c1eee91c4d3d6786f4926aaadda1e73bdc16273c98f9b1728137406771694
