[INFO] cloning repository https://github.com/overvenus/rngine
[INFO] running `Command { std: "git" "-c" "credential.helper=" "-c" "credential.helper=/workspace/cargo-home/bin/git-credential-null" "clone" "--bare" "https://github.com/overvenus/rngine" "/workspace/cache/git-repos/https%3A%2F%2Fgithub.com%2Fovervenus%2Frngine", kill_on_drop: false }`
[INFO] [stderr] Cloning into bare repository '/workspace/cache/git-repos/https%3A%2F%2Fgithub.com%2Fovervenus%2Frngine'...
[INFO] running `Command { std: "git" "rev-parse" "HEAD", kill_on_drop: false }`
[INFO] [stdout] 099483e3102813ad0bea396ca62ec3f54a2b2838
[INFO] documenting overvenus/rngine against beta-2023-04-20 for beta-1.70-rustdoc-1
[INFO] running `Command { std: "git" "clone" "/workspace/cache/git-repos/https%3A%2F%2Fgithub.com%2Fovervenus%2Frngine" "/workspace/builds/worker-0-tc2/source", kill_on_drop: false }`
[INFO] [stderr] Cloning into '/workspace/builds/worker-0-tc2/source'...
[INFO] [stderr] done.
[INFO] validating manifest of git repo https://github.com/overvenus/rngine on toolchain beta-2023-04-20
[INFO] running `Command { std: CARGO_HOME="/workspace/cargo-home" RUSTUP_HOME="/workspace/rustup-home" "/workspace/cargo-home/bin/cargo" "+beta-2023-04-20" "metadata" "--manifest-path" "Cargo.toml" "--no-deps", kill_on_drop: false }`
[INFO] started tweaking git repo https://github.com/overvenus/rngine
[INFO] finished tweaking git repo https://github.com/overvenus/rngine
[INFO] tweaked toml for git repo https://github.com/overvenus/rngine written to /workspace/builds/worker-0-tc2/source/Cargo.toml
[INFO] crate git repo https://github.com/overvenus/rngine already has a lockfile, it will not be regenerated
[INFO] running `Command { std: CARGO_HOME="/workspace/cargo-home" RUSTUP_HOME="/workspace/rustup-home" "/workspace/cargo-home/bin/cargo" "+beta-2023-04-20" "fetch" "--manifest-path" "Cargo.toml", kill_on_drop: false }`
[INFO] [stderr]     Updating crates.io index
[INFO] [stderr]  Downloading crates ...
[INFO] [stderr]   Downloaded blob v0.2.0
[INFO] [stderr]   Downloaded slog-stdlog v3.0.4-pre
[INFO] [stderr]   Downloaded raft v0.3.1
[INFO] [stderr]   Downloaded cmake v0.1.35
[INFO] [stderr]   Downloaded signal v0.6.0
[INFO] [stderr]   Downloaded grpcio v0.4.0
[INFO] [stderr]   Downloaded protobuf v2.0.5
[INFO] [stderr]   Downloaded grpcio-sys v0.4.0
[INFO] running `Command { std: "docker" "create" "-v" "/var/lib/crater-agent-workspace/builds/worker-0-tc2/target:/opt/rustwide/target:rw,Z" "-v" "/var/lib/crater-agent-workspace/builds/worker-0-tc2/source:/opt/rustwide/workdir:ro,Z" "-v" "/var/lib/crater-agent-workspace/cargo-home:/opt/rustwide/cargo-home:ro,Z" "-v" "/var/lib/crater-agent-workspace/rustup-home:/opt/rustwide/rustup-home:ro,Z" "-e" "SOURCE_DIR=/opt/rustwide/workdir" "-e" "CARGO_TARGET_DIR=/opt/rustwide/target" "-e" "CARGO_HOME=/opt/rustwide/cargo-home" "-e" "RUSTUP_HOME=/opt/rustwide/rustup-home" "-w" "/opt/rustwide/workdir" "-m" "1610612736" "--user" "0:0" "--network" "none" "ghcr.io/rust-lang/crates-build-env/linux@sha256:5ff2268d62e97bff2cde7d5815dd6ed5b47097566f13b8d0ca110b04b60e07ed" "/opt/rustwide/cargo-home/bin/cargo" "+beta-2023-04-20" "metadata" "--no-deps" "--format-version=1", kill_on_drop: false }`
[INFO] [stdout] c2001321d0a7eec2a9386862756500054fc9d01391e0ddfd15b50a8a3db086f0
[INFO] running `Command { std: "docker" "start" "-a" "c2001321d0a7eec2a9386862756500054fc9d01391e0ddfd15b50a8a3db086f0", kill_on_drop: false }`
[INFO] running `Command { std: "docker" "inspect" "c2001321d0a7eec2a9386862756500054fc9d01391e0ddfd15b50a8a3db086f0", kill_on_drop: false }`
[INFO] running `Command { std: "docker" "rm" "-f" "c2001321d0a7eec2a9386862756500054fc9d01391e0ddfd15b50a8a3db086f0", kill_on_drop: false }`
[INFO] [stdout] c2001321d0a7eec2a9386862756500054fc9d01391e0ddfd15b50a8a3db086f0
[INFO] running `Command { std: "docker" "create" "-v" "/var/lib/crater-agent-workspace/builds/worker-0-tc2/target:/opt/rustwide/target:rw,Z" "-v" "/var/lib/crater-agent-workspace/builds/worker-0-tc2/source:/opt/rustwide/workdir:ro,Z" "-v" "/var/lib/crater-agent-workspace/cargo-home:/opt/rustwide/cargo-home:ro,Z" "-v" "/var/lib/crater-agent-workspace/rustup-home:/opt/rustwide/rustup-home:ro,Z" "-e" "SOURCE_DIR=/opt/rustwide/workdir" "-e" "CARGO_TARGET_DIR=/opt/rustwide/target" "-e" "CARGO_INCREMENTAL=0" "-e" "RUST_BACKTRACE=full" "-e" "RUSTFLAGS=--cap-lints=warn" "-e" "RUSTDOCFLAGS=--cap-lints=warn" "-e" "CARGO_HOME=/opt/rustwide/cargo-home" "-e" "RUSTUP_HOME=/opt/rustwide/rustup-home" "-w" "/opt/rustwide/workdir" "-m" "1610612736" "--user" "0:0" "--network" "none" "ghcr.io/rust-lang/crates-build-env/linux@sha256:5ff2268d62e97bff2cde7d5815dd6ed5b47097566f13b8d0ca110b04b60e07ed" "/opt/rustwide/cargo-home/bin/cargo" "+beta-2023-04-20" "doc" "--frozen" "--no-deps" "--document-private-items" "--message-format=json", kill_on_drop: false }`
[INFO] [stdout] 22b860da394d8baffda658e73e7313616803a5c2cc6a65357ca412b3bcd5d506
[INFO] running `Command { std: "docker" "start" "-a" "22b860da394d8baffda658e73e7313616803a5c2cc6a65357ca412b3bcd5d506", kill_on_drop: false }`
[INFO] [stderr]    Compiling version_check v0.1.5
[INFO] [stderr]    Compiling cfg-if v0.1.6
[INFO] [stderr]    Compiling nodrop v0.1.12
[INFO] [stderr]    Compiling scopeguard v0.3.3
[INFO] [stderr]    Compiling memoffset v0.2.1
[INFO] [stderr]    Compiling libc v0.2.43
[INFO] [stderr]    Compiling rayon v1.0.2
[INFO] [stderr]    Compiling rayon-core v1.4.1
[INFO] [stderr]    Compiling either v1.5.0
[INFO] [stderr]    Compiling crossbeam-utils v0.2.2
[INFO] [stderr]    Compiling arrayvec v0.4.7
[INFO] [stderr]    Compiling serde v1.0.80
[INFO] [stderr]    Compiling winapi-build v0.1.1
[INFO] [stderr]    Compiling byteorder v1.2.6
[INFO] [stderr]    Compiling lazy_static v1.1.0
[INFO] [stderr]     Checking log v0.4.5
[INFO] [stderr]    Compiling glob v0.2.11
[INFO] [stderr]    Compiling slog v2.4.1
[INFO] [stderr]    Compiling num_cpus v1.8.0
[INFO] [stderr]    Compiling memchr v2.1.0
[INFO] [stderr]    Compiling base64 v0.5.2
[INFO] [stderr]    Compiling protobuf v2.0.5
[INFO] [stderr]    Compiling proc-macro2 v0.4.20
[INFO] [stderr]    Compiling num-traits v0.2.6
[INFO] [stderr]    Compiling crossbeam-epoch v0.3.1
[INFO] [stderr]     Checking thread_local v0.3.6
[INFO] [stderr]    Compiling dbghelp-sys v0.2.0
[INFO] [stderr]    Compiling num-integer v0.1.39
[INFO] [stderr]    Compiling crossbeam-deque v0.2.0
[INFO] [stderr]    Compiling unicode-xid v0.1.0
[INFO] [stderr]    Compiling build_const v0.2.1
[INFO] [stderr]     Checking quick-error v1.2.2
[INFO] [stderr]    Compiling crc v1.8.1
[INFO] [stderr]    Compiling kernel32-sys v0.2.2
[INFO] [stderr]     Checking ucd-util v0.1.1
[INFO] [stderr]     Checking bitflags v1.0.4
[INFO] [stderr]    Compiling regex v1.0.5
[INFO] [stderr]    Compiling nix v0.11.0
[INFO] [stderr]     Checking winapi v0.2.8
[INFO] [stderr]     Checking regex-syntax v0.6.2
[INFO] [stderr]    Compiling quote v0.6.8
[INFO] [stderr]     Checking aho-corasick v0.6.8
[INFO] [stderr]     Checking fxhash v0.2.1
[INFO] [stderr]     Checking atty v0.2.11
[INFO] [stderr]     Checking time v0.1.40
[INFO] [stderr]     Checking rand v0.4.3
[INFO] [stderr]     Checking futures v0.1.25
[INFO] [stderr]     Checking utf8-ranges v1.0.1
[INFO] [stderr]    Compiling backtrace v0.2.3
[INFO] [stderr]     Checking crossbeam v0.2.12
[INFO] [stderr]     Checking unicode-width v0.1.5
[INFO] [stderr]     Checking void v1.0.2
[INFO] [stderr]     Checking lazy_static v0.2.11
[INFO] [stderr]     Checking textwrap v0.10.0
[INFO] [stderr]    Compiling cc v1.0.25
[INFO] [stderr]     Checking slog-scope v4.0.1
[INFO] [stderr]     Checking chrono v0.4.6
[INFO] [stderr]     Checking raft v0.3.1
[INFO] [stderr]    Compiling syn v0.15.13
[INFO] [stderr]    Compiling cmake v0.1.35
[INFO] [stderr]     Checking humantime v1.1.1
[INFO] [stderr]    Compiling blob v0.2.0
[INFO] [stderr]     Checking term v0.5.1
[INFO] [stderr]     Checking isatty v0.1.9
[INFO] [stderr]     Checking log v0.3.9
[INFO] [stderr]     Checking ansi_term v0.11.0
[INFO] [stderr]    Compiling zstd-sys v1.4.6+zstd.1.3.7 (https://github.com/gyscos/zstd-rs.git#f53112ac)
[INFO] [stderr]    Compiling bzip2-sys v0.1.6 (https://github.com/alexcrichton/bzip2-rs.git#54aef435)
[INFO] [stderr]    Compiling lz4-sys v1.8.0 (https://github.com/busyjay/lz4-rs.git?branch=adjust-build#41509fea)
[INFO] [stderr]    Compiling libz-sys v1.0.18 (https://github.com/busyjay/libz-sys.git?branch=static-link#bb77b618)
[INFO] [stderr]    Compiling snappy-sys v0.1.0 (https://github.com/busyjay/rust-snappy.git?branch=static-link#be021783)
[INFO] [stderr]    Compiling grpcio-sys v0.4.0
[INFO] [stderr]    Compiling librocksdb_sys v0.1.0 (https://github.com/pingcap/rust-rocksdb.git#8e404290)
[INFO] [stderr]    Compiling backtrace-sys v0.1.24
[INFO] [stderr]     Checking termcolor v1.0.4
[INFO] [stderr]     Checking strsim v0.7.0
[INFO] [stderr]     Checking rustc-demangle v0.1.9
[INFO] [stderr]     Checking take_mut v0.2.2
[INFO] [stderr]     Checking vec_map v0.8.1
[INFO] [stderr]     Checking slog-async v2.3.0
[INFO] [stderr]     Checking toml v0.4.8
[INFO] [stderr]     Checking env_logger v0.5.13
[INFO] [stderr]     Checking clap v2.32.0
[INFO] [stderr]    Compiling serde_derive v1.0.80
[INFO] [stderr]     Checking signal v0.6.0
[INFO] [stderr]     Checking slog-term v2.4.0
[INFO] [stderr]     Checking slog-stdlog v3.0.4-pre
[INFO] [stderr]     Checking fs2 v0.4.3
[INFO] [stderr]     Checking rustc-serialize v0.3.24
[INFO] [stderr] error: failed to run custom build command for `grpcio-sys v0.4.0`
[INFO] [stderr] note: To improve backtraces for build dependencies, set the CARGO_PROFILE_DEV_BUILD_OVERRIDE_DEBUG=true environment variable to enable debug information generation.
[INFO] [stderr] 
[INFO] [stderr] Caused by:
[INFO] [stderr]   process didn't exit successfully: `/opt/rustwide/target/debug/build/grpcio-sys-fe844e107adb30e6/build-script-build` (exit status: 101)
[INFO] [stderr]   --- stdout
[INFO] [stderr]   cargo:rerun-if-changed=grpc_wrap.cc
[INFO] [stderr]   cargo:rerun-if-changed=grpc
[INFO] [stderr]   cargo:rerun-if-env-changed=GRPCIO_SYS_USE_PKG_CONFIG
[INFO] [stderr]   running: cd "/opt/rustwide/target/debug/build/grpcio-sys-745897e2f1e9f5bf/out/build" && CMAKE_PREFIX_PATH="" "cmake" "/opt/rustwide/cargo-home/registry/src/index.crates.io-6f17d22bba15001f/grpcio-sys-0.4.0/grpc" "-DgRPC_INSTALL=false" "-DgRPC_BUILD_CSHARP_EXT=false" "-DgRPC_BUILD_CODEGEN=false" "-DCMAKE_INSTALL_PREFIX=/opt/rustwide/target/debug/build/grpcio-sys-745897e2f1e9f5bf/out" "-DCMAKE_C_FLAGS= -ffunction-sections -fdata-sections -fPIC -m64" "-DCMAKE_C_COMPILER=/usr/bin/cc" "-DCMAKE_CXX_FLAGS= -ffunction-sections -fdata-sections -fPIC -m64" "-DCMAKE_CXX_COMPILER=/usr/bin/c++" "-DCMAKE_BUILD_TYPE=Debug"
[INFO] [stderr]   -- The C compiler identification is GNU 11.3.0
[INFO] [stderr]   -- The CXX compiler identification is GNU 11.3.0
[INFO] [stderr]   -- Detecting C compiler ABI info
[INFO] [stderr]   -- Detecting C compiler ABI info - done
[INFO] [stderr]   -- Check for working C compiler: /usr/bin/cc - skipped
[INFO] [stderr]   -- Detecting C compile features
[INFO] [stderr]   -- Detecting C compile features - done
[INFO] [stderr]   -- Detecting CXX compiler ABI info
[INFO] [stderr]   -- Detecting CXX compiler ABI info - done
[INFO] [stderr]   -- Check for working CXX compiler: /usr/bin/c++ - skipped
[INFO] [stderr]   -- Detecting CXX compile features
[INFO] [stderr]   -- Detecting CXX compile features - done
[INFO] [stderr]   -- Looking for sys/types.h
[INFO] [stderr]   -- Looking for sys/types.h - found
[INFO] [stderr]   -- Looking for stdint.h
[INFO] [stderr]   -- Looking for stdint.h - found
[INFO] [stderr]   -- Looking for stddef.h
[INFO] [stderr]   -- Looking for stddef.h - found
[INFO] [stderr]   -- Check size of off64_t
[INFO] [stderr]   -- Check size of off64_t - done
[INFO] [stderr]   -- Looking for fseeko
[INFO] [stderr]   -- Looking for fseeko - found
[INFO] [stderr]   -- Looking for unistd.h
[INFO] [stderr]   -- Looking for unistd.h - found
[INFO] [stderr]   -- Renaming
[INFO] [stderr]   --     /opt/rustwide/cargo-home/registry/src/index.crates.io-6f17d22bba15001f/grpcio-sys-0.4.0/grpc/third_party/zlib/zconf.h
[INFO] [stderr]   -- to 'zconf.h.included' because this file is included with zlib
[INFO] [stderr]   -- but CMake generates it automatically in the build directory.
[INFO] [stderr]   -- Looking for res_servicename in resolv
[INFO] [stderr]   -- Looking for res_servicename in resolv - not found
[INFO] [stderr]   -- Looking for gethostbyname in nsl
[INFO] [stderr]   -- Looking for gethostbyname in nsl - found
[INFO] [stderr]   -- Looking for gethostbyname in socket
[INFO] [stderr]   -- Looking for gethostbyname in socket - not found
[INFO] [stderr]   -- Looking for clock_gettime in rt
[INFO] [stderr]   -- Looking for clock_gettime in rt - found
[INFO] [stderr]   -- Looking for include file sys/socket.h
[INFO] [stderr]   -- Looking for include file sys/socket.h - found
[INFO] [stderr]   -- Looking for include file arpa/inet.h
[INFO] [stderr]   -- Looking for include file arpa/inet.h - found
[INFO] [stderr]   -- Looking for include file arpa/nameser_compat.h
[INFO] [stderr]   -- Looking for include file arpa/nameser_compat.h - found
[INFO] [stderr]   -- Looking for include file arpa/nameser.h
[INFO] [stderr]   -- Looking for include file arpa/nameser.h - found
[INFO] [stderr]   -- Looking for include file assert.h
[INFO] [stderr]   -- Looking for include file assert.h - found
[INFO] [stderr]   -- Looking for include file errno.h
[INFO] [stderr]   -- Looking for include file errno.h - found
[INFO] [stderr]   -- Looking for include file fcntl.h
[INFO] [stderr]   -- Looking for include file fcntl.h - found
[INFO] [stderr]   -- Looking for include file inttypes.h
[INFO] [stderr]   -- Looking for include file inttypes.h - found
[INFO] [stderr]   -- Looking for include file limits.h
[INFO] [stderr]   -- Looking for include file limits.h - found
[INFO] [stderr]   -- Looking for include file malloc.h
[INFO] [stderr]   -- Looking for include file malloc.h - found
[INFO] [stderr]   -- Looking for include file memory.h
[INFO] [stderr]   -- Looking for include file memory.h - found
[INFO] [stderr]   -- Looking for include file netdb.h
[INFO] [stderr]   -- Looking for include file netdb.h - found
[INFO] [stderr]   -- Looking for include file netinet/in.h
[INFO] [stderr]   -- Looking for include file netinet/in.h - found
[INFO] [stderr]   -- Looking for include file netinet/tcp.h
[INFO] [stderr]   -- Looking for include file netinet/tcp.h - found
[INFO] [stderr]   -- Looking for include file net/if.h
[INFO] [stderr]   -- Looking for include file net/if.h - found
[INFO] [stderr]   -- Looking for include file signal.h
[INFO] [stderr]   -- Looking for include file signal.h - found
[INFO] [stderr]   -- Looking for include file socket.h
[INFO] [stderr]   -- Looking for include file socket.h - not found
[INFO] [stderr]   -- Looking for include file stdbool.h
[INFO] [stderr]   -- Looking for include file stdbool.h - found
[INFO] [stderr]   -- Looking for include file stdlib.h
[INFO] [stderr]   -- Looking for include file stdlib.h - found
[INFO] [stderr]   -- Looking for include file strings.h
[INFO] [stderr]   -- Looking for include file strings.h - found
[INFO] [stderr]   -- Looking for include file string.h
[INFO] [stderr]   -- Looking for include file string.h - found
[INFO] [stderr]   -- Looking for include file stropts.h
[INFO] [stderr]   -- Looking for include file stropts.h - not found
[INFO] [stderr]   -- Looking for include file sys/ioctl.h
[INFO] [stderr]   -- Looking for include file sys/ioctl.h - found
[INFO] [stderr]   -- Looking for include file sys/param.h
[INFO] [stderr]   -- Looking for include file sys/param.h - found
[INFO] [stderr]   -- Looking for include file sys/select.h
[INFO] [stderr]   -- Looking for include file sys/select.h - found
[INFO] [stderr]   -- Looking for include file sys/stat.h
[INFO] [stderr]   -- Looking for include file sys/stat.h - found
[INFO] [stderr]   -- Looking for include file sys/time.h
[INFO] [stderr]   -- Looking for include file sys/time.h - found
[INFO] [stderr]   -- Looking for include file sys/uio.h
[INFO] [stderr]   -- Looking for include file sys/uio.h - found
[INFO] [stderr]   -- Looking for include file time.h
[INFO] [stderr]   -- Looking for include file time.h - found
[INFO] [stderr]   -- Looking for include file dlfcn.h
[INFO] [stderr]   -- Looking for include file dlfcn.h - found
[INFO] [stderr]   -- Looking for include file unistd.h
[INFO] [stderr]   -- Looking for include file unistd.h - found
[INFO] [stderr]   -- Looking for include files winsock2.h, windows.h
[INFO] [stderr]   -- Looking for include files winsock2.h, windows.h - not found
[INFO] [stderr]   -- Looking for 3 include files winsock2.h, ..., windows.h
[INFO] [stderr]   -- Looking for 3 include files winsock2.h, ..., windows.h - not found
[INFO] [stderr]   -- Looking for include files winsock.h, windows.h
[INFO] [stderr]   -- Looking for include files winsock.h, windows.h - not found
[INFO] [stderr]   -- Looking for include file windows.h
[INFO] [stderr]   -- Looking for include file windows.h - not found
[INFO] [stderr]   -- Performing Test HAVE_SOCKLEN_T
[INFO] [stderr]   -- Performing Test HAVE_SOCKLEN_T - Success
[INFO] [stderr]   -- Performing Test HAVE_TYPE_SOCKET
[INFO] [stderr]   -- Performing Test HAVE_TYPE_SOCKET - Failed
[INFO] [stderr]   -- Performing Test HAVE_BOOL_T
[INFO] [stderr]   -- Performing Test HAVE_BOOL_T - Success
[INFO] [stderr]   -- Performing Test HAVE_SSIZE_T
[INFO] [stderr]   -- Performing Test HAVE_SSIZE_T - Success
[INFO] [stderr]   -- Performing Test HAVE_LONGLONG
[INFO] [stderr]   -- Performing Test HAVE_LONGLONG - Success
[INFO] [stderr]   -- Performing Test HAVE_SIG_ATOMIC_T
[INFO] [stderr]   -- Performing Test HAVE_SIG_ATOMIC_T - Success
[INFO] [stderr]   -- Performing Test HAVE_STRUCT_ADDRINFO
[INFO] [stderr]   -- Performing Test HAVE_STRUCT_ADDRINFO - Success
[INFO] [stderr]   -- Performing Test HAVE_STRUCT_IN6_ADDR
[INFO] [stderr]   -- Performing Test HAVE_STRUCT_IN6_ADDR - Success
[INFO] [stderr]   -- Performing Test HAVE_STRUCT_SOCKADDR_IN6
[INFO] [stderr]   -- Performing Test HAVE_STRUCT_SOCKADDR_IN6 - Success
[INFO] [stderr]   -- Performing Test HAVE_STRUCT_SOCKADDR_STORAGE
[INFO] [stderr]   -- Performing Test HAVE_STRUCT_SOCKADDR_STORAGE - Success
[INFO] [stderr]   -- Performing Test HAVE_STRUCT_TIMEVAL
[INFO] [stderr]   -- Performing Test HAVE_STRUCT_TIMEVAL - Success
[INFO] [stderr]   -- Looking for AF_INET6
[INFO] [stderr]   -- Looking for AF_INET6 - found
[INFO] [stderr]   -- Looking for O_NONBLOCK
[INFO] [stderr]   -- Looking for O_NONBLOCK - found
[INFO] [stderr]   -- Looking for FIONBIO
[INFO] [stderr]   -- Looking for FIONBIO - found
[INFO] [stderr]   -- Looking for SIOCGIFADDR
[INFO] [stderr]   -- Looking for SIOCGIFADDR - found
[INFO] [stderr]   -- Looking for MSG_NOSIGNAL
[INFO] [stderr]   -- Looking for MSG_NOSIGNAL - found
[INFO] [stderr]   -- Looking for PF_INET6
[INFO] [stderr]   -- Looking for PF_INET6 - found
[INFO] [stderr]   -- Looking for SO_NONBLOCK
[INFO] [stderr]   -- Looking for SO_NONBLOCK - not found
[INFO] [stderr]   -- Looking for CLOCK_MONOTONIC
[INFO] [stderr]   -- Looking for CLOCK_MONOTONIC - found
[INFO] [stderr]   -- Performing Test HAVE_SOCKADDR_IN6_SIN6_SCOPE_ID
[INFO] [stderr]   -- Performing Test HAVE_SOCKADDR_IN6_SIN6_SCOPE_ID - Success
[INFO] [stderr]   -- Performing Test HAVE_LL
[INFO] [stderr]   -- Performing Test HAVE_LL - Success
[INFO] [stderr]   -- Looking for bitncmp
[INFO] [stderr]   -- Looking for bitncmp - not found
[INFO] [stderr]   -- Looking for closesocket
[INFO] [stderr]   -- Looking for closesocket - not found
[INFO] [stderr]   -- Looking for CloseSocket
[INFO] [stderr]   -- Looking for CloseSocket - not found
[INFO] [stderr]   -- Looking for connect
[INFO] [stderr]   -- Looking for connect - found
[INFO] [stderr]   -- Looking for fcntl
[INFO] [stderr]   -- Looking for fcntl - found
[INFO] [stderr]   -- Looking for freeaddrinfo
[INFO] [stderr]   -- Looking for freeaddrinfo - found
[INFO] [stderr]   -- Looking for getaddrinfo
[INFO] [stderr]   -- Looking for getaddrinfo - found
[INFO] [stderr]   -- Looking for getenv
[INFO] [stderr]   -- Looking for getenv - found
[INFO] [stderr]   -- Looking for gethostbyaddr
[INFO] [stderr]   -- Looking for gethostbyaddr - found
[INFO] [stderr]   -- Looking for gethostbyname
[INFO] [stderr]   -- Looking for gethostbyname - found
[INFO] [stderr]   -- Looking for gethostname
[INFO] [stderr]   -- Looking for gethostname - found
[INFO] [stderr]   -- Looking for getnameinfo
[INFO] [stderr]   -- Looking for getnameinfo - found
[INFO] [stderr]   -- Looking for getservbyport_r
[INFO] [stderr]   -- Looking for getservbyport_r - found
[INFO] [stderr]   -- Looking for gettimeofday
[INFO] [stderr]   -- Looking for gettimeofday - found
[INFO] [stderr]   -- Looking for if_indextoname
[INFO] [stderr]   -- Looking for if_indextoname - found
[INFO] [stderr]   -- Looking for inet_net_pton
[INFO] [stderr]   -- Looking for inet_net_pton - not found
[INFO] [stderr]   -- Looking for inet_ntop
[INFO] [stderr]   -- Looking for inet_ntop - found
[INFO] [stderr]   -- Looking for inet_pton
[INFO] [stderr]   -- Looking for inet_pton - found
[INFO] [stderr]   -- Looking for ioctl
[INFO] [stderr]   -- Looking for ioctl - found
[INFO] [stderr]   -- Looking for ioctlsocket
[INFO] [stderr]   -- Looking for ioctlsocket - not found
[INFO] [stderr]   -- Looking for IoctlSocket
[INFO] [stderr]   -- Looking for IoctlSocket - not found
[INFO] [stderr]   -- Looking for recv
[INFO] [stderr]   -- Looking for recv - found
[INFO] [stderr]   -- Looking for recvfrom
[INFO] [stderr]   -- Looking for recvfrom - found
[INFO] [stderr]   -- Looking for send
[INFO] [stderr]   -- Looking for send - found
[INFO] [stderr]   -- Looking for setsockopt
[INFO] [stderr]   -- Looking for setsockopt - found
[INFO] [stderr]   -- Looking for socket
[INFO] [stderr]   -- Looking for socket - found
[INFO] [stderr]   -- Looking for strcasecmp
[INFO] [stderr]   -- Looking for strcasecmp - found
[INFO] [stderr]   -- Looking for strcmpi
[INFO] [stderr]   -- Looking for strcmpi - not found
[INFO] [stderr]   -- Looking for strdup
[INFO] [stderr]   -- Looking for strdup - found
[INFO] [stderr]   -- Looking for stricmp
[INFO] [stderr]   -- Looking for stricmp - not found
[INFO] [stderr]   -- Looking for strncasecmp
[INFO] [stderr]   -- Looking for strncasecmp - found
[INFO] [stderr]   -- Looking for strncmpi
[INFO] [stderr]   -- Looking for strncmpi - not found
[INFO] [stderr]   -- Looking for strnicmp
[INFO] [stderr]   -- Looking for strnicmp - not found
[INFO] [stderr]   -- Looking for writev
[INFO] [stderr]   -- Looking for writev - found
[INFO] [stderr]   -- Found Perl: /usr/bin/perl (found version "5.34.0") 
[INFO] [stderr]   -- Configuring incomplete, errors occurred!
[INFO] [stderr]   See also "/opt/rustwide/target/debug/build/grpcio-sys-745897e2f1e9f5bf/out/build/CMakeFiles/CMakeOutput.log".
[INFO] [stderr]   See also "/opt/rustwide/target/debug/build/grpcio-sys-745897e2f1e9f5bf/out/build/CMakeFiles/CMakeError.log".
[INFO] [stderr] 
[INFO] [stderr]   --- stderr
[INFO] [stderr]   CMake Deprecation Warning at CMakeLists.txt:24 (cmake_minimum_required):
[INFO] [stderr]     Compatibility with CMake < 2.8.12 will be removed from a future version of
[INFO] [stderr]     CMake.
[INFO] [stderr] 
[INFO] [stderr]     Update the VERSION argument <min> value or use a ...<max> suffix to tell
[INFO] [stderr]     CMake that the project does not need compatibility with older versions.
[INFO] [stderr] 
[INFO] [stderr] 
[INFO] [stderr]   CMake Deprecation Warning at third_party/zlib/CMakeLists.txt:1 (cmake_minimum_required):
[INFO] [stderr]     Compatibility with CMake < 2.8.12 will be removed from a future version of
[INFO] [stderr]     CMake.
[INFO] [stderr] 
[INFO] [stderr]     Update the VERSION argument <min> value or use a ...<max> suffix to tell
[INFO] [stderr]     CMake that the project does not need compatibility with older versions.
[INFO] [stderr] 
[INFO] [stderr] 
[INFO] [stderr]   CMake Error at third_party/zlib/CMakeLists.txt:77 (file):
[INFO] [stderr]     file RENAME failed to rename
[INFO] [stderr] 
[INFO] [stderr]       /opt/rustwide/cargo-home/registry/src/index.crates.io-6f17d22bba15001f/grpcio-sys-0.4.0/grpc/third_party/zlib/zconf.h
[INFO] [stderr] 
[INFO] [stderr]     to
[INFO] [stderr] 
[INFO] [stderr]       /opt/rustwide/cargo-home/registry/src/index.crates.io-6f17d22bba15001f/grpcio-sys-0.4.0/grpc/third_party/zlib/zconf.h.included
[INFO] [stderr] 
[INFO] [stderr]     because: Read-only file system
[INFO] [stderr] 
[INFO] [stderr] 
[INFO] [stderr] 
[INFO] [stderr]   CMake Warning at cmake/protobuf.cmake:48 (message):
[INFO] [stderr]     gRPC_PROTOBUF_PROVIDER is "module" but PROTOBUF_ROOT_DIR is wrong
[INFO] [stderr]   Call Stack (most recent call first):
[INFO] [stderr]     CMakeLists.txt:118 (include)
[INFO] [stderr] 
[INFO] [stderr] 
[INFO] [stderr]   CMake Deprecation Warning at third_party/boringssl/CMakeLists.txt:1 (cmake_minimum_required):
[INFO] [stderr]     Compatibility with CMake < 2.8.12 will be removed from a future version of
[INFO] [stderr]     CMake.
[INFO] [stderr] 
[INFO] [stderr]     Update the VERSION argument <min> value or use a ...<max> suffix to tell
[INFO] [stderr]     CMake that the project does not need compatibility with older versions.
[INFO] [stderr] 
[INFO] [stderr] 
[INFO] [stderr]   CMake Warning at cmake/gflags.cmake:26 (message):
[INFO] [stderr]     gRPC_GFLAGS_PROVIDER is "module" but GFLAGS_ROOT_DIR is wrong
[INFO] [stderr]   Call Stack (most recent call first):
[INFO] [stderr]     CMakeLists.txt:120 (include)
[INFO] [stderr] 
[INFO] [stderr] 
[INFO] [stderr]   CMake Warning at cmake/benchmark.cmake:26 (message):
[INFO] [stderr]     gRPC_BENCHMARK_PROVIDER is "module" but BENCHMARK_ROOT_DIR is wrong
[INFO] [stderr]   Call Stack (most recent call first):
[INFO] [stderr]     CMakeLists.txt:121 (include)
[INFO] [stderr] 
[INFO] [stderr] 
[INFO] [stderr]   thread 'main' panicked at '
[INFO] [stderr]   command did not execute successfully, got: exit status: 1
[INFO] [stderr] 
[INFO] [stderr]   build script failed, must exit now', /opt/rustwide/cargo-home/registry/src/index.crates.io-6f17d22bba15001f/cmake-0.1.35/src/lib.rs:778:5
[INFO] [stderr]   stack backtrace:
[INFO] [stderr]      0:     0x55b9e7f693aa - std::backtrace_rs::backtrace::libunwind::trace::h2f05d0192276a8f6
[INFO] [stderr]                                  at /rustc/1b7dd2252b99671ce5d1cb9664c5f8636329436d/library/std/src/../../backtrace/src/backtrace/libunwind.rs:93:5
[INFO] [stderr]      1:     0x55b9e7f693aa - std::backtrace_rs::backtrace::trace_unsynchronized::hedc23dff7a1af150
[INFO] [stderr]                                  at /rustc/1b7dd2252b99671ce5d1cb9664c5f8636329436d/library/std/src/../../backtrace/src/backtrace/mod.rs:66:5
[INFO] [stderr]      2:     0x55b9e7f693aa - std::sys_common::backtrace::_print_fmt::h17541ef7592f3ce2
[INFO] [stderr]                                  at /rustc/1b7dd2252b99671ce5d1cb9664c5f8636329436d/library/std/src/sys_common/backtrace.rs:65:5
[INFO] [stderr]      3:     0x55b9e7f693aa - <std::sys_common::backtrace::_print::DisplayBacktrace as core::fmt::Display>::fmt::h20f75df5ab0c0792
[INFO] [stderr]                                  at /rustc/1b7dd2252b99671ce5d1cb9664c5f8636329436d/library/std/src/sys_common/backtrace.rs:44:22
[INFO] [stderr]      4:     0x55b9e7f8ac5f - core::fmt::write::h78109e6f466b3af6
[INFO] [stderr]                                  at /rustc/1b7dd2252b99671ce5d1cb9664c5f8636329436d/library/core/src/fmt/mod.rs:1254:17
[INFO] [stderr]      5:     0x55b9e7f65ce5 - std::io::Write::write_fmt::hc59e1b02dd273c8a
[INFO] [stderr]                                  at /rustc/1b7dd2252b99671ce5d1cb9664c5f8636329436d/library/std/src/io/mod.rs:1698:15
[INFO] [stderr]      6:     0x55b9e7f69175 - std::sys_common::backtrace::_print::h8dac57a9f8fbf9a5
[INFO] [stderr]                                  at /rustc/1b7dd2252b99671ce5d1cb9664c5f8636329436d/library/std/src/sys_common/backtrace.rs:47:5
[INFO] [stderr]      7:     0x55b9e7f69175 - std::sys_common::backtrace::print::hf9ecbf41d1aa712f
[INFO] [stderr]                                  at /rustc/1b7dd2252b99671ce5d1cb9664c5f8636329436d/library/std/src/sys_common/backtrace.rs:34:9
[INFO] [stderr]      8:     0x55b9e7f6aa3e - std::panicking::default_hook::{{closure}}::h04c07acfc84ca028
[INFO] [stderr]                                  at /rustc/1b7dd2252b99671ce5d1cb9664c5f8636329436d/library/std/src/panicking.rs:269:22
[INFO] [stderr]      9:     0x55b9e7f6a7e5 - std::panicking::default_hook::h01f6bb23e1eceb2c
[INFO] [stderr]                                  at /rustc/1b7dd2252b99671ce5d1cb9664c5f8636329436d/library/std/src/panicking.rs:288:9
[INFO] [stderr]     10:     0x55b9e7f6af9e - std::panicking::rust_panic_with_hook::h2bb3722bbaf2f6df
[INFO] [stderr]                                  at /rustc/1b7dd2252b99671ce5d1cb9664c5f8636329436d/library/std/src/panicking.rs:691:13
[INFO] [stderr]     11:     0x55b9e7f6ae99 - std::panicking::begin_panic_handler::{{closure}}::h91bc7f36a4be011b
[INFO] [stderr]                                  at /rustc/1b7dd2252b99671ce5d1cb9664c5f8636329436d/library/std/src/panicking.rs:582:13
[INFO] [stderr]     12:     0x55b9e7f69816 - std::sys_common::backtrace::__rust_end_short_backtrace::h8b3d3717114f9e59
[INFO] [stderr]                                  at /rustc/1b7dd2252b99671ce5d1cb9664c5f8636329436d/library/std/src/sys_common/backtrace.rs:150:18
[INFO] [stderr]     13:     0x55b9e7f6abf2 - rust_begin_unwind
[INFO] [stderr]                                  at /rustc/1b7dd2252b99671ce5d1cb9664c5f8636329436d/library/std/src/panicking.rs:578:5
[INFO] [stderr]     14:     0x55b9e7eb2a53 - core::panicking::panic_fmt::hfd368e3fbdabea26
[INFO] [stderr]                                  at /rustc/1b7dd2252b99671ce5d1cb9664c5f8636329436d/library/core/src/panicking.rs:67:14
[INFO] [stderr]     15:     0x55b9e7edba5f - cmake::fail::hd2d31a518f154f1d
[INFO] [stderr]     16:     0x55b9e7edb4c3 - cmake::run::h32966dedf515bac2
[INFO] [stderr]     17:     0x55b9e7ed7e87 - cmake::Config::build::h6b96bd6b323ab03d
[INFO] [stderr]     18:     0x55b9e7eb3b66 - build_script_build::build_grpc::hde01726799515a9d
[INFO] [stderr]     19:     0x55b9e7eb4c12 - build_script_build::main::h31bb08180129273c
[INFO] [stderr]     20:     0x55b9e7eb5dd3 - core::ops::function::FnOnce::call_once::h83ed3bd660153201
[INFO] [stderr]     21:     0x55b9e7eb62b6 - std::sys_common::backtrace::__rust_begin_short_backtrace::hff90d0f8bd98e843
[INFO] [stderr]     22:     0x55b9e7eb69d9 - std::rt::lang_start::{{closure}}::h4198e0e6bc59656c
[INFO] [stderr]     23:     0x55b9e7f61ede - core::ops::function::impls::<impl core::ops::function::FnOnce<A> for &F>::call_once::h2eb19b8ce4148df4
[INFO] [stderr]                                  at /rustc/1b7dd2252b99671ce5d1cb9664c5f8636329436d/library/core/src/ops/function.rs:287:13
[INFO] [stderr]     24:     0x55b9e7f61ede - std::panicking::try::do_call::h2e900feff5d504c5
[INFO] [stderr]                                  at /rustc/1b7dd2252b99671ce5d1cb9664c5f8636329436d/library/std/src/panicking.rs:485:40
[INFO] [stderr]     25:     0x55b9e7f61ede - std::panicking::try::h8854836cb85aa9f2
[INFO] [stderr]                                  at /rustc/1b7dd2252b99671ce5d1cb9664c5f8636329436d/library/std/src/panicking.rs:449:19
[INFO] [stderr]     26:     0x55b9e7f61ede - std::panic::catch_unwind::h706025dd4c48f64b
[INFO] [stderr]                                  at /rustc/1b7dd2252b99671ce5d1cb9664c5f8636329436d/library/std/src/panic.rs:140:14
[INFO] [stderr]     27:     0x55b9e7f61ede - std::rt::lang_start_internal::{{closure}}::h7be5b97f4a07a91a
[INFO] [stderr]                                  at /rustc/1b7dd2252b99671ce5d1cb9664c5f8636329436d/library/std/src/rt.rs:148:48
[INFO] [stderr]     28:     0x55b9e7f61ede - std::panicking::try::do_call::h59847e9d0a176965
[INFO] [stderr]                                  at /rustc/1b7dd2252b99671ce5d1cb9664c5f8636329436d/library/std/src/panicking.rs:485:40
[INFO] [stderr]     29:     0x55b9e7f61ede - std::panicking::try::h399a918ba8522823
[INFO] [stderr]                                  at /rustc/1b7dd2252b99671ce5d1cb9664c5f8636329436d/library/std/src/panicking.rs:449:19
[INFO] [stderr]     30:     0x55b9e7f61ede - std::panic::catch_unwind::hca7ca6c55b2a2e26
[INFO] [stderr]                                  at /rustc/1b7dd2252b99671ce5d1cb9664c5f8636329436d/library/std/src/panic.rs:140:14
[INFO] [stderr]     31:     0x55b9e7f61ede - std::rt::lang_start_internal::h2c807a81560459eb
[INFO] [stderr]                                  at /rustc/1b7dd2252b99671ce5d1cb9664c5f8636329436d/library/std/src/rt.rs:148:20
[INFO] [stderr]     32:     0x55b9e7eb69b7 - std::rt::lang_start::hb01abe9ce2bd3632
[INFO] [stderr]     33:     0x55b9e7eb50b5 - main
[INFO] [stderr]     34:     0x7fb86914ad90 - <unknown>
[INFO] [stderr]     35:     0x7fb86914ae40 - __libc_start_main
[INFO] [stderr]     36:     0x55b9e7eb30c5 - _start
[INFO] [stderr]     37:                0x0 - <unknown>
[INFO] [stderr] warning: build failed, waiting for other jobs to finish...
[INFO] [stderr] error: failed to run custom build command for `librocksdb_sys v0.1.0 (https://github.com/pingcap/rust-rocksdb.git#8e404290)`
[INFO] [stderr] note: To improve backtraces for build dependencies, set the CARGO_PROFILE_DEV_BUILD_OVERRIDE_DEBUG=true environment variable to enable debug information generation.
[INFO] [stderr] 
[INFO] [stderr] Caused by:
[INFO] [stderr]   process didn't exit successfully: `/opt/rustwide/target/debug/build/librocksdb_sys-56fb7bc9b949e91d/build-script-build` (exit status: 101)
[INFO] [stderr]   --- stdout
[INFO] [stderr]   ("CARGO", "/opt/rustwide/rustup-home/toolchains/beta-2023-04-20-x86_64-unknown-linux-gnu/bin/cargo")
[INFO] [stderr]   ("CARGO_CFG_PANIC", "unwind")
[INFO] [stderr]   ("CARGO_CFG_TARGET_ARCH", "x86_64")
[INFO] [stderr]   ("CARGO_CFG_TARGET_ENDIAN", "little")
[INFO] [stderr]   ("CARGO_CFG_TARGET_ENV", "gnu")
[INFO] [stderr]   ("CARGO_CFG_TARGET_FAMILY", "unix")
[INFO] [stderr]   ("CARGO_CFG_TARGET_FEATURE", "fxsr,sse,sse2")
[INFO] [stderr]   ("CARGO_CFG_TARGET_HAS_ATOMIC", "16,32,64,8,ptr")
[INFO] [stderr]   ("CARGO_CFG_TARGET_OS", "linux")
[INFO] [stderr]   ("CARGO_CFG_TARGET_POINTER_WIDTH", "64")
[INFO] [stderr]   ("CARGO_CFG_TARGET_VENDOR", "unknown")
[INFO] [stderr]   ("CARGO_CFG_UNIX", "")
[INFO] [stderr]   ("CARGO_ENCODED_RUSTFLAGS", "--cap-lints=warn")
[INFO] [stderr]   ("CARGO_FEATURE_DEFAULT", "1")
[INFO] [stderr]   ("CARGO_HOME", "/opt/rustwide/cargo-home")
[INFO] [stderr]   ("CARGO_INCREMENTAL", "0")
[INFO] [stderr]   ("CARGO_MAKEFLAGS", "-j --jobserver-fds=7,8 --jobserver-auth=7,8")
[INFO] [stderr]   ("CARGO_MANIFEST_DIR", "/opt/rustwide/cargo-home/git/checkouts/rust-rocksdb-82ef6e5337b3fbe6/8e40429/librocksdb_sys")
[INFO] [stderr]   ("CARGO_MANIFEST_LINKS", "rocksdb")
[INFO] [stderr]   ("CARGO_PKG_AUTHORS", "Jay Lee <busyjaylee@gmail.com>")
[INFO] [stderr]   ("CARGO_PKG_DESCRIPTION", "")
[INFO] [stderr]   ("CARGO_PKG_HOMEPAGE", "")
[INFO] [stderr]   ("CARGO_PKG_LICENSE", "")
[INFO] [stderr]   ("CARGO_PKG_LICENSE_FILE", "")
[INFO] [stderr]   ("CARGO_PKG_NAME", "librocksdb_sys")
[INFO] [stderr]   ("CARGO_PKG_README", "")
[INFO] [stderr]   ("CARGO_PKG_REPOSITORY", "")
[INFO] [stderr]   ("CARGO_PKG_RUST_VERSION", "")
[INFO] [stderr]   ("CARGO_PKG_VERSION", "0.1.0")
[INFO] [stderr]   ("CARGO_PKG_VERSION_MAJOR", "0")
[INFO] [stderr]   ("CARGO_PKG_VERSION_MINOR", "1")
[INFO] [stderr]   ("CARGO_PKG_VERSION_PATCH", "0")
[INFO] [stderr]   ("CARGO_PKG_VERSION_PRE", "")
[INFO] [stderr]   ("CARGO_TARGET_DIR", "/opt/rustwide/target")
[INFO] [stderr]   ("DEBUG", "true")
[INFO] [stderr]   ("DEP_BZIP2_ROOT", "/opt/rustwide/target/debug/build/bzip2-sys-2513c3b638f1309e/out")
[INFO] [stderr]   ("DEP_LZ4_ROOT", "/opt/rustwide/target/debug/build/lz4-sys-46781bbcf7974de1/out")
[INFO] [stderr]   ("DEP_SNAPPY_ROOT", "/opt/rustwide/target/debug/build/snappy-sys-a28dd8ae11a9c5e8/out/build")
[INFO] [stderr]   ("DEP_ZSTD_ROOT", "/opt/rustwide/target/debug/build/zstd-sys-17116bf597bda742/out")
[INFO] [stderr]   ("DEP_Z_INCLUDE", "/opt/rustwide/target/debug/build/libz-sys-49b420afb2f7c269/out/include")
[INFO] [stderr]   ("DEP_Z_ROOT", "/opt/rustwide/target/debug/build/libz-sys-49b420afb2f7c269/out")
[INFO] [stderr]   ("HOME", "/root")
[INFO] [stderr]   ("HOST", "x86_64-unknown-linux-gnu")
[INFO] [stderr]   ("HOSTNAME", "22b860da394d")
[INFO] [stderr]   ("LD_LIBRARY_PATH", "/opt/rustwide/target/debug/deps:/opt/rustwide/target/debug:/opt/rustwide/rustup-home/toolchains/beta-2023-04-20-x86_64-unknown-linux-gnu/lib/rustlib/x86_64-unknown-linux-gnu/lib:/opt/rustwide/rustup-home/toolchains/beta-2023-04-20-x86_64-unknown-linux-gnu/lib")
[INFO] [stderr]   ("NUM_JOBS", "8")
[INFO] [stderr]   ("OPT_LEVEL", "0")
[INFO] [stderr]   ("OUT_DIR", "/opt/rustwide/target/debug/build/librocksdb_sys-4fbd3cdbf4692744/out")
[INFO] [stderr]   ("PATH", "/opt/rustwide/cargo-home/bin:/usr/local/sbin:/usr/local/bin:/usr/sbin:/usr/bin:/sbin:/bin")
[INFO] [stderr]   ("PROFILE", "debug")
[INFO] [stderr]   ("RUSTC", "rustc")
[INFO] [stderr]   ("RUSTDOC", "rustdoc")
[INFO] [stderr]   ("RUSTDOCFLAGS", "--cap-lints=warn")
[INFO] [stderr]   ("RUSTUP_HOME", "/opt/rustwide/rustup-home")
[INFO] [stderr]   ("RUSTUP_TOOLCHAIN", "beta-2023-04-20-x86_64-unknown-linux-gnu")
[INFO] [stderr]   ("RUST_BACKTRACE", "full")
[INFO] [stderr]   ("RUST_RECURSION_COUNT", "1")
[INFO] [stderr]   ("SOURCE_DIR", "/opt/rustwide/workdir")
[INFO] [stderr]   ("SSL_CERT_DIR", "/usr/lib/ssl/certs")
[INFO] [stderr]   ("SSL_CERT_FILE", "/usr/lib/ssl/certs/ca-certificates.crt")
[INFO] [stderr]   ("TARGET", "x86_64-unknown-linux-gnu")
[INFO] [stderr]   running: cd "/opt/rustwide/target/debug/build/librocksdb_sys-4fbd3cdbf4692744/out/build" && CMAKE_PREFIX_PATH="/opt/rustwide/target/debug/build/libz-sys-49b420afb2f7c269/out:/opt/rustwide/target/debug/build/bzip2-sys-2513c3b638f1309e/out:/opt/rustwide/target/debug/build/lz4-sys-46781bbcf7974de1/out:/opt/rustwide/target/debug/build/zstd-sys-17116bf597bda742/out:/opt/rustwide/target/debug/build/snappy-sys-a28dd8ae11a9c5e8/out/build:" "cmake" "/opt/rustwide/cargo-home/git/checkouts/rust-rocksdb-82ef6e5337b3fbe6/8e40429/librocksdb_sys/rocksdb" "-DWITH_ZLIB=ON" "-DWITH_BZ2=ON" "-DWITH_LZ4=ON" "-DWITH_ZSTD=ON" "-DWITH_SNAPPY=ON" "-DCMAKE_INSTALL_PREFIX=/opt/rustwide/target/debug/build/librocksdb_sys-4fbd3cdbf4692744/out" "-DCMAKE_C_FLAGS= -ffunction-sections -fdata-sections -fPIC -m64" "-DCMAKE_C_COMPILER=/usr/bin/cc" "-DCMAKE_CXX_FLAGS= -ffunction-sections -fdata-sections -fPIC -m64" "-DCMAKE_CXX_COMPILER=/usr/bin/c++" "-DCMAKE_BUILD_TYPE=Debug"
[INFO] [stderr]   -- The C compiler identification is GNU 11.3.0
[INFO] [stderr]   -- The CXX compiler identification is GNU 11.3.0
[INFO] [stderr]   -- Detecting C compiler ABI info
[INFO] [stderr]   -- Detecting C compiler ABI info - done
[INFO] [stderr]   -- Check for working C compiler: /usr/bin/cc - skipped
[INFO] [stderr]   -- Detecting C compile features
[INFO] [stderr]   -- Detecting C compile features - done
[INFO] [stderr]   -- Detecting CXX compiler ABI info
[INFO] [stderr]   -- Detecting CXX compiler ABI info - done
[INFO] [stderr]   -- Check for working CXX compiler: /usr/bin/c++ - skipped
[INFO] [stderr]   -- Detecting CXX compile features
[INFO] [stderr]   -- Detecting CXX compile features - done
[INFO] [stderr]   -- The ASM compiler identification is GNU
[INFO] [stderr]   -- Found assembler: /usr/bin/cc
[INFO] [stderr]   -- Found snappy: /opt/rustwide/target/debug/build/snappy-sys-a28dd8ae11a9c5e8/out/build/libsnappy.a  
[INFO] [stderr]   -- Found zlib: /opt/rustwide/target/debug/build/libz-sys-49b420afb2f7c269/out/lib/libz.a  
[INFO] [stderr]   -- Found bzip2: /opt/rustwide/target/debug/build/bzip2-sys-2513c3b638f1309e/out/libbz2.a  
[INFO] [stderr]   -- Found lz4: /opt/rustwide/target/debug/build/lz4-sys-46781bbcf7974de1/out/liblz4.a  
[INFO] [stderr]   -- Found zstd: /opt/rustwide/target/debug/build/zstd-sys-17116bf597bda742/out/libzstd.a  
[INFO] [stderr]   -- Found Git: /usr/bin/git (found version "2.34.1") 
[INFO] [stderr]   -- Performing Test HAVE_SSE42
[INFO] [stderr]   -- Performing Test HAVE_SSE42 - Success
[INFO] [stderr]   -- Performing Test HAVE_THREAD_LOCAL
[INFO] [stderr]   -- Performing Test HAVE_THREAD_LOCAL - Success
[INFO] [stderr]   -- Enabling RTTI in Debug builds only (default)
[INFO] [stderr]   -- Performing Test HAVE_FALLOCATE
[INFO] [stderr]   -- Performing Test HAVE_FALLOCATE - Success
[INFO] [stderr]   -- Performing Test HAVE_SYNC_FILE_RANGE_WRITE
[INFO] [stderr]   -- Performing Test HAVE_SYNC_FILE_RANGE_WRITE - Success
[INFO] [stderr]   -- Performing Test HAVE_PTHREAD_MUTEX_ADAPTIVE_NP
[INFO] [stderr]   -- Performing Test HAVE_PTHREAD_MUTEX_ADAPTIVE_NP - Success
[INFO] [stderr]   -- Looking for malloc_usable_size
[INFO] [stderr]   -- Looking for malloc_usable_size - found
[INFO] [stderr]   -- Looking for sched_getcpu
[INFO] [stderr]   -- Looking for sched_getcpu - found
[INFO] [stderr]   -- Looking for pthread.h
[INFO] [stderr]   -- Looking for pthread.h - found
[INFO] [stderr]   -- Performing Test CMAKE_HAVE_LIBC_PTHREAD
[INFO] [stderr]   -- Performing Test CMAKE_HAVE_LIBC_PTHREAD - Success
[INFO] [stderr]   -- Found Threads: TRUE  
[INFO] [stderr]   -- JNI library is disabled
[INFO] [stderr]   -- Configuring done
[INFO] [stderr]   -- Generating done
[INFO] [stderr]   -- Build files have been written to: /opt/rustwide/target/debug/build/librocksdb_sys-4fbd3cdbf4692744/out/build
[INFO] [stderr]   running: cd "/opt/rustwide/target/debug/build/librocksdb_sys-4fbd3cdbf4692744/out/build" && MAKEFLAGS="-j --jobserver-fds=7,8 --jobserver-auth=7,8" "cmake" "--build" "." "--target" "rocksdb" "--config" "Debug" "--"
[INFO] [stderr]   [  0%] Building CXX object CMakeFiles/build_version.dir/build_version.cc.o
[INFO] [stderr]   [  0%] Built target build_version
[INFO] [stderr]   [  0%] Building CXX object CMakeFiles/rocksdb.dir/db/c.cc.o
[INFO] [stderr]   [  0%] Building CXX object CMakeFiles/rocksdb.dir/db/column_family.cc.o
[INFO] [stderr]   [  0%] Building CXX object CMakeFiles/rocksdb.dir/db/compacted_db_impl.cc.o
[INFO] [stderr]   [  0%] Building CXX object CMakeFiles/rocksdb.dir/db/builder.cc.o
[INFO] [stderr]   [  0%] Building CXX object CMakeFiles/rocksdb.dir/cache/clock_cache.cc.o
[INFO] [stderr]   [  0%] Building CXX object CMakeFiles/rocksdb.dir/cache/sharded_cache.cc.o
[INFO] [stderr]   [  0%] Building CXX object CMakeFiles/rocksdb.dir/cache/lru_cache.cc.o
[INFO] [stderr]   [  3%] Building CXX object CMakeFiles/rocksdb.dir/db/compaction.cc.o
[INFO] [stderr]   [  3%] Building CXX object CMakeFiles/rocksdb.dir/db/compaction_iterator.cc.o
[INFO] [stderr]   [  3%] Building CXX object CMakeFiles/rocksdb.dir/db/compaction_job.cc.o
[INFO] [stderr]   [  3%] Building CXX object CMakeFiles/rocksdb.dir/db/compaction_picker.cc.o
[INFO] [stderr] 
[INFO] [stderr]   --- stderr
[INFO] [stderr]   CMake Warning at CMakeLists.txt:75 (find_package):
[INFO] [stderr]     By not providing "Findgflags.cmake" in CMAKE_MODULE_PATH this project has
[INFO] [stderr]     asked CMake to find a package configuration file provided by "gflags", but
[INFO] [stderr]     CMake did not find one.
[INFO] [stderr] 
[INFO] [stderr]     Could not find a package configuration file provided by "gflags" with any
[INFO] [stderr]     of the following names:
[INFO] [stderr] 
[INFO] [stderr]       gflagsConfig.cmake
[INFO] [stderr]       gflags-config.cmake
[INFO] [stderr] 
[INFO] [stderr]     Add the installation prefix of "gflags" to CMAKE_PREFIX_PATH or set
[INFO] [stderr]     "gflags_DIR" to a directory containing one of the above files.  If "gflags"
[INFO] [stderr]     provides a separate development package or SDK, be sure it has been
[INFO] [stderr]     installed.
[INFO] [stderr] 
[INFO] [stderr] 
[INFO] [stderr]   In file included from /opt/rustwide/cargo-home/git/checkouts/rust-rocksdb-82ef6e5337b3fbe6/8e40429/librocksdb_sys/rocksdb/db/range_del_aggregator.h:17,
[INFO] [stderr]                    from /opt/rustwide/cargo-home/git/checkouts/rust-rocksdb-82ef6e5337b3fbe6/8e40429/librocksdb_sys/rocksdb/db/memtable.h:19,
[INFO] [stderr]                    from /opt/rustwide/cargo-home/git/checkouts/rust-rocksdb-82ef6e5337b3fbe6/8e40429/librocksdb_sys/rocksdb/db/memtable_list.h:17,
[INFO] [stderr]                    from /opt/rustwide/cargo-home/git/checkouts/rust-rocksdb-82ef6e5337b3fbe6/8e40429/librocksdb_sys/rocksdb/db/column_family.h:17,
[INFO] [stderr]                    from /opt/rustwide/cargo-home/git/checkouts/rust-rocksdb-82ef6e5337b3fbe6/8e40429/librocksdb_sys/rocksdb/db/column_family.cc:10:
[INFO] [stderr]   /opt/rustwide/cargo-home/git/checkouts/rust-rocksdb-82ef6e5337b3fbe6/8e40429/librocksdb_sys/rocksdb/db/version_edit.h: In constructor 'rocksdb::FdWithKeyRange::FdWithKeyRange(rocksdb::FileDescriptor, rocksdb::Slice, rocksdb::Slice, rocksdb::FileMetaData*)':
[INFO] [stderr]   /opt/rustwide/cargo-home/git/checkouts/rust-rocksdb-82ef6e5337b3fbe6/8e40429/librocksdb_sys/rocksdb/db/version_edit.h:169:9: error: implicitly-declared 'constexpr rocksdb::FileDescriptor::FileDescriptor(const rocksdb::FileDescriptor&)' is deprecated [-Werror=deprecated-copy]
[INFO] [stderr]     169 |       : fd(_fd),
[INFO] [stderr]         |         ^~~~~~~
[INFO] [stderr]   /opt/rustwide/cargo-home/git/checkouts/rust-rocksdb-82ef6e5337b3fbe6/8e40429/librocksdb_sys/rocksdb/db/version_edit.h:47:19: note: because 'rocksdb::FileDescriptor' has user-provided 'rocksdb::FileDescriptor& rocksdb::FileDescriptor::operator=(const rocksdb::FileDescriptor&)'
[INFO] [stderr]      47 |   FileDescriptor& operator=(const FileDescriptor& fd) {
[INFO] [stderr]         |                   ^~~~~~~~
[INFO] [stderr]   In file included from /opt/rustwide/cargo-home/git/checkouts/rust-rocksdb-82ef6e5337b3fbe6/8e40429/librocksdb_sys/rocksdb/db/range_del_aggregator.h:17,
[INFO] [stderr]                    from /opt/rustwide/cargo-home/git/checkouts/rust-rocksdb-82ef6e5337b3fbe6/8e40429/librocksdb_sys/rocksdb/db/memtable.h:19,
[INFO] [stderr]                    from /opt/rustwide/cargo-home/git/checkouts/rust-rocksdb-82ef6e5337b3fbe6/8e40429/librocksdb_sys/rocksdb/db/memtable_list.h:17,
[INFO] [stderr]                    from /opt/rustwide/cargo-home/git/checkouts/rust-rocksdb-82ef6e5337b3fbe6/8e40429/librocksdb_sys/rocksdb/db/column_family.h:17,
[INFO] [stderr]                    from /opt/rustwide/cargo-home/git/checkouts/rust-rocksdb-82ef6e5337b3fbe6/8e40429/librocksdb_sys/rocksdb/db/db_impl.h:22,
[INFO] [stderr]                    from /opt/rustwide/cargo-home/git/checkouts/rust-rocksdb-82ef6e5337b3fbe6/8e40429/librocksdb_sys/rocksdb/db/compacted_db_impl.h:8,
[INFO] [stderr]                    from /opt/rustwide/cargo-home/git/checkouts/rust-rocksdb-82ef6e5337b3fbe6/8e40429/librocksdb_sys/rocksdb/db/compacted_db_impl.cc:7:
[INFO] [stderr]   /opt/rustwide/cargo-home/git/checkouts/rust-rocksdb-82ef6e5337b3fbe6/8e40429/librocksdb_sys/rocksdb/db/version_edit.h: In constructor 'rocksdb::FdWithKeyRange::FdWithKeyRange(rocksdb::FileDescriptor, rocksdb::Slice, rocksdb::Slice, rocksdb::FileMetaData*)':
[INFO] [stderr]   /opt/rustwide/cargo-home/git/checkouts/rust-rocksdb-82ef6e5337b3fbe6/8e40429/librocksdb_sys/rocksdb/db/version_edit.h:169:9: error: implicitly-declared 'constexpr rocksdb::FileDescriptor::FileDescriptor(const rocksdb::FileDescriptor&)' is deprecated [-Werror=deprecated-copy]
[INFO] [stderr]     169 |       : fd(_fd),
[INFO] [stderr]         |         ^~~~~~~
[INFO] [stderr]   /opt/rustwide/cargo-home/git/checkouts/rust-rocksdb-82ef6e5337b3fbe6/8e40429/librocksdb_sys/rocksdb/db/version_edit.h:47:19: note: because 'rocksdb::FileDescriptor' has user-provided 'rocksdb::FileDescriptor& rocksdb::FileDescriptor::operator=(const rocksdb::FileDescriptor&)'
[INFO] [stderr]      47 |   FileDescriptor& operator=(const FileDescriptor& fd) {
[INFO] [stderr]         |                   ^~~~~~~~
[INFO] [stderr]   In file included from /opt/rustwide/cargo-home/git/checkouts/rust-rocksdb-82ef6e5337b3fbe6/8e40429/librocksdb_sys/rocksdb/db/range_del_aggregator.h:17,
[INFO] [stderr]                    from /opt/rustwide/cargo-home/git/checkouts/rust-rocksdb-82ef6e5337b3fbe6/8e40429/librocksdb_sys/rocksdb/db/memtable.h:19,
[INFO] [stderr]                    from /opt/rustwide/cargo-home/git/checkouts/rust-rocksdb-82ef6e5337b3fbe6/8e40429/librocksdb_sys/rocksdb/db/memtable_list.h:17,
[INFO] [stderr]                    from /opt/rustwide/cargo-home/git/checkouts/rust-rocksdb-82ef6e5337b3fbe6/8e40429/librocksdb_sys/rocksdb/db/column_family.h:17,
[INFO] [stderr]                    from /opt/rustwide/cargo-home/git/checkouts/rust-rocksdb-82ef6e5337b3fbe6/8e40429/librocksdb_sys/rocksdb/db/version_set.h:31,
[INFO] [stderr]                    from /opt/rustwide/cargo-home/git/checkouts/rust-rocksdb-82ef6e5337b3fbe6/8e40429/librocksdb_sys/rocksdb/db/compaction.h:11,
[INFO] [stderr]                    from /opt/rustwide/cargo-home/git/checkouts/rust-rocksdb-82ef6e5337b3fbe6/8e40429/librocksdb_sys/rocksdb/db/compaction_iterator.h:12,
[INFO] [stderr]                    from /opt/rustwide/cargo-home/git/checkouts/rust-rocksdb-82ef6e5337b3fbe6/8e40429/librocksdb_sys/rocksdb/db/builder.cc:16:
[INFO] [stderr]   /opt/rustwide/cargo-home/git/checkouts/rust-rocksdb-82ef6e5337b3fbe6/8e40429/librocksdb_sys/rocksdb/db/version_edit.h: In constructor 'rocksdb::FdWithKeyRange::FdWithKeyRange(rocksdb::FileDescriptor, rocksdb::Slice, rocksdb::Slice, rocksdb::FileMetaData*)':
[INFO] [stderr]   /opt/rustwide/cargo-home/git/checkouts/rust-rocksdb-82ef6e5337b3fbe6/8e40429/librocksdb_sys/rocksdb/db/version_edit.h:169:9: error: implicitly-declared 'constexpr rocksdb::FileDescriptor::FileDescriptor(const rocksdb::FileDescriptor&)' is deprecated [-Werror=deprecated-copy]
[INFO] [stderr]     169 |       : fd(_fd),
[INFO] [stderr]         |         ^~~~~~~
[INFO] [stderr]   /opt/rustwide/cargo-home/git/checkouts/rust-rocksdb-82ef6e5337b3fbe6/8e40429/librocksdb_sys/rocksdb/db/version_edit.h:47:19: note: because 'rocksdb::FileDescriptor' has user-provided 'rocksdb::FileDescriptor& rocksdb::FileDescriptor::operator=(const rocksdb::FileDescriptor&)'
[INFO] [stderr]      47 |   FileDescriptor& operator=(const FileDescriptor& fd) {
[INFO] [stderr]         |                   ^~~~~~~~
[INFO] [stderr]   In file included from /opt/rustwide/cargo-home/git/checkouts/rust-rocksdb-82ef6e5337b3fbe6/8e40429/librocksdb_sys/rocksdb/db/range_del_aggregator.h:17,
[INFO] [stderr]                    from /opt/rustwide/cargo-home/git/checkouts/rust-rocksdb-82ef6e5337b3fbe6/8e40429/librocksdb_sys/rocksdb/db/memtable.h:19,
[INFO] [stderr]                    from /opt/rustwide/cargo-home/git/checkouts/rust-rocksdb-82ef6e5337b3fbe6/8e40429/librocksdb_sys/rocksdb/db/memtable_list.h:17,
[INFO] [stderr]                    from /opt/rustwide/cargo-home/git/checkouts/rust-rocksdb-82ef6e5337b3fbe6/8e40429/librocksdb_sys/rocksdb/db/column_family.h:17,
[INFO] [stderr]                    from /opt/rustwide/cargo-home/git/checkouts/rust-rocksdb-82ef6e5337b3fbe6/8e40429/librocksdb_sys/rocksdb/db/version_set.h:31,
[INFO] [stderr]                    from /opt/rustwide/cargo-home/git/checkouts/rust-rocksdb-82ef6e5337b3fbe6/8e40429/librocksdb_sys/rocksdb/db/compaction.h:11,
[INFO] [stderr]                    from /opt/rustwide/cargo-home/git/checkouts/rust-rocksdb-82ef6e5337b3fbe6/8e40429/librocksdb_sys/rocksdb/db/compaction.cc:10:
[INFO] [stderr]   /opt/rustwide/cargo-home/git/checkouts/rust-rocksdb-82ef6e5337b3fbe6/8e40429/librocksdb_sys/rocksdb/db/version_edit.h: In constructor 'rocksdb::FdWithKeyRange::FdWithKeyRange(rocksdb::FileDescriptor, rocksdb::Slice, rocksdb::Slice, rocksdb::FileMetaData*)':
[INFO] [stderr]   /opt/rustwide/cargo-home/git/checkouts/rust-rocksdb-82ef6e5337b3fbe6/8e40429/librocksdb_sys/rocksdb/db/version_edit.h:169:9: error: implicitly-declared 'constexpr rocksdb::FileDescriptor::FileDescriptor(const rocksdb::FileDescriptor&)' is deprecated [-Werror=deprecated-copy]
[INFO] [stderr]     169 |       : fd(_fd),
[INFO] [stderr]         |         ^~~~~~~
[INFO] [stderr]   /opt/rustwide/cargo-home/git/checkouts/rust-rocksdb-82ef6e5337b3fbe6/8e40429/librocksdb_sys/rocksdb/db/version_edit.h:47:19: note: because 'rocksdb::FileDescriptor' has user-provided 'rocksdb::FileDescriptor& rocksdb::FileDescriptor::operator=(const rocksdb::FileDescriptor&)'
[INFO] [stderr]      47 |   FileDescriptor& operator=(const FileDescriptor& fd) {
[INFO] [stderr]         |                   ^~~~~~~~
[INFO] [stderr]   c++: fatal error: Killed signal terminated program cc1plus
[INFO] [stderr]   compilation terminated.
[INFO] [stderr]   gmake[3]: *** [CMakeFiles/rocksdb.dir/build.make:146: CMakeFiles/rocksdb.dir/db/column_family.cc.o] Error 1
[INFO] [stderr]   gmake[3]: *** Waiting for unfinished jobs....
[INFO] [stderr]   In file included from /opt/rustwide/cargo-home/git/checkouts/rust-rocksdb-82ef6e5337b3fbe6/8e40429/librocksdb_sys/rocksdb/db/range_del_aggregator.h:17,
[INFO] [stderr]                    from /opt/rustwide/cargo-home/git/checkouts/rust-rocksdb-82ef6e5337b3fbe6/8e40429/librocksdb_sys/rocksdb/db/memtable.h:19,
[INFO] [stderr]                    from /opt/rustwide/cargo-home/git/checkouts/rust-rocksdb-82ef6e5337b3fbe6/8e40429/librocksdb_sys/rocksdb/db/memtable_list.h:17,
[INFO] [stderr]                    from /opt/rustwide/cargo-home/git/checkouts/rust-rocksdb-82ef6e5337b3fbe6/8e40429/librocksdb_sys/rocksdb/db/column_family.h:17,
[INFO] [stderr]                    from /opt/rustwide/cargo-home/git/checkouts/rust-rocksdb-82ef6e5337b3fbe6/8e40429/librocksdb_sys/rocksdb/db/version_set.h:31,
[INFO] [stderr]                    from /opt/rustwide/cargo-home/git/checkouts/rust-rocksdb-82ef6e5337b3fbe6/8e40429/librocksdb_sys/rocksdb/db/compaction.h:11,
[INFO] [stderr]                    from /opt/rustwide/cargo-home/git/checkouts/rust-rocksdb-82ef6e5337b3fbe6/8e40429/librocksdb_sys/rocksdb/db/compaction_iterator.h:12,
[INFO] [stderr]                    from /opt/rustwide/cargo-home/git/checkouts/rust-rocksdb-82ef6e5337b3fbe6/8e40429/librocksdb_sys/rocksdb/db/compaction_iterator.cc:6:
[INFO] [stderr]   /opt/rustwide/cargo-home/git/checkouts/rust-rocksdb-82ef6e5337b3fbe6/8e40429/librocksdb_sys/rocksdb/db/version_edit.h: In constructor 'rocksdb::FdWithKeyRange::FdWithKeyRange(rocksdb::FileDescriptor, rocksdb::Slice, rocksdb::Slice, rocksdb::FileMetaData*)':
[INFO] [stderr]   /opt/rustwide/cargo-home/git/checkouts/rust-rocksdb-82ef6e5337b3fbe6/8e40429/librocksdb_sys/rocksdb/db/version_edit.h:169:9: error: implicitly-declared 'constexpr rocksdb::FileDescriptor::FileDescriptor(const rocksdb::FileDescriptor&)' is deprecated [-Werror=deprecated-copy]
[INFO] [stderr]     169 |       : fd(_fd),
[INFO] [stderr]         |         ^~~~~~~
[INFO] [stderr]   /opt/rustwide/cargo-home/git/checkouts/rust-rocksdb-82ef6e5337b3fbe6/8e40429/librocksdb_sys/rocksdb/db/version_edit.h:47:19: note: because 'rocksdb::FileDescriptor' has user-provided 'rocksdb::FileDescriptor& rocksdb::FileDescriptor::operator=(const rocksdb::FileDescriptor&)'
[INFO] [stderr]      47 |   FileDescriptor& operator=(const FileDescriptor& fd) {
[INFO] [stderr]         |                   ^~~~~~~~
[INFO] [stderr]   In file included from /opt/rustwide/cargo-home/git/checkouts/rust-rocksdb-82ef6e5337b3fbe6/8e40429/librocksdb_sys/rocksdb/db/range_del_aggregator.h:17,
[INFO] [stderr]                    from /opt/rustwide/cargo-home/git/checkouts/rust-rocksdb-82ef6e5337b3fbe6/8e40429/librocksdb_sys/rocksdb/db/memtable.h:19,
[INFO] [stderr]                    from /opt/rustwide/cargo-home/git/checkouts/rust-rocksdb-82ef6e5337b3fbe6/8e40429/librocksdb_sys/rocksdb/db/memtable_list.h:17,
[INFO] [stderr]                    from /opt/rustwide/cargo-home/git/checkouts/rust-rocksdb-82ef6e5337b3fbe6/8e40429/librocksdb_sys/rocksdb/db/column_family.h:17,
[INFO] [stderr]                    from /opt/rustwide/cargo-home/git/checkouts/rust-rocksdb-82ef6e5337b3fbe6/8e40429/librocksdb_sys/rocksdb/db/compaction_job.h:20,
[INFO] [stderr]                    from /opt/rustwide/cargo-home/git/checkouts/rust-rocksdb-82ef6e5337b3fbe6/8e40429/librocksdb_sys/rocksdb/db/compaction_job.cc:10:
[INFO] [stderr]   /opt/rustwide/cargo-home/git/checkouts/rust-rocksdb-82ef6e5337b3fbe6/8e40429/librocksdb_sys/rocksdb/db/version_edit.h: In constructor 'rocksdb::FdWithKeyRange::FdWithKeyRange(rocksdb::FileDescriptor, rocksdb::Slice, rocksdb::Slice, rocksdb::FileMetaData*)':
[INFO] [stderr]   /opt/rustwide/cargo-home/git/checkouts/rust-rocksdb-82ef6e5337b3fbe6/8e40429/librocksdb_sys/rocksdb/db/version_edit.h:169:9: error: implicitly-declared 'constexpr rocksdb::FileDescriptor::FileDescriptor(const rocksdb::FileDescriptor&)' is deprecated [-Werror=deprecated-copy]
[INFO] [stderr]     169 |       : fd(_fd),
[INFO] [stderr]         |         ^~~~~~~
[INFO] [stderr]   /opt/rustwide/cargo-home/git/checkouts/rust-rocksdb-82ef6e5337b3fbe6/8e40429/librocksdb_sys/rocksdb/db/version_edit.h:47:19: note: because 'rocksdb::FileDescriptor' has user-provided 'rocksdb::FileDescriptor& rocksdb::FileDescriptor::operator=(const rocksdb::FileDescriptor&)'
[INFO] [stderr]      47 |   FileDescriptor& operator=(const FileDescriptor& fd) {
[INFO] [stderr]         |                   ^~~~~~~~
[INFO] [stderr]   In file included from /opt/rustwide/cargo-home/git/checkouts/rust-rocksdb-82ef6e5337b3fbe6/8e40429/librocksdb_sys/rocksdb/db/range_del_aggregator.h:17,
[INFO] [stderr]                    from /opt/rustwide/cargo-home/git/checkouts/rust-rocksdb-82ef6e5337b3fbe6/8e40429/librocksdb_sys/rocksdb/db/memtable.h:19,
[INFO] [stderr]                    from /opt/rustwide/cargo-home/git/checkouts/rust-rocksdb-82ef6e5337b3fbe6/8e40429/librocksdb_sys/rocksdb/db/memtable_list.h:17,
[INFO] [stderr]                    from /opt/rustwide/cargo-home/git/checkouts/rust-rocksdb-82ef6e5337b3fbe6/8e40429/librocksdb_sys/rocksdb/db/column_family.h:17,
[INFO] [stderr]                    from /opt/rustwide/cargo-home/git/checkouts/rust-rocksdb-82ef6e5337b3fbe6/8e40429/librocksdb_sys/rocksdb/db/version_set.h:31,
[INFO] [stderr]                    from /opt/rustwide/cargo-home/git/checkouts/rust-rocksdb-82ef6e5337b3fbe6/8e40429/librocksdb_sys/rocksdb/db/compaction.h:11,
[INFO] [stderr]                    from /opt/rustwide/cargo-home/git/checkouts/rust-rocksdb-82ef6e5337b3fbe6/8e40429/librocksdb_sys/rocksdb/db/compaction_picker.h:18,
[INFO] [stderr]                    from /opt/rustwide/cargo-home/git/checkouts/rust-rocksdb-82ef6e5337b3fbe6/8e40429/librocksdb_sys/rocksdb/db/compaction_picker.cc:10:
[INFO] [stderr]   /opt/rustwide/cargo-home/git/checkouts/rust-rocksdb-82ef6e5337b3fbe6/8e40429/librocksdb_sys/rocksdb/db/version_edit.h: In constructor 'rocksdb::FdWithKeyRange::FdWithKeyRange(rocksdb::FileDescriptor, rocksdb::Slice, rocksdb::Slice, rocksdb::FileMetaData*)':
[INFO] [stderr]   /opt/rustwide/cargo-home/git/checkouts/rust-rocksdb-82ef6e5337b3fbe6/8e40429/librocksdb_sys/rocksdb/db/version_edit.h:169:9: error: implicitly-declared 'constexpr rocksdb::FileDescriptor::FileDescriptor(const rocksdb::FileDescriptor&)' is deprecated [-Werror=deprecated-copy]
[INFO] [stderr]     169 |       : fd(_fd),
[INFO] [stderr]         |         ^~~~~~~
[INFO] [stderr]   /opt/rustwide/cargo-home/git/checkouts/rust-rocksdb-82ef6e5337b3fbe6/8e40429/librocksdb_sys/rocksdb/db/version_edit.h:47:19: note: because 'rocksdb::FileDescriptor' has user-provided 'rocksdb::FileDescriptor& rocksdb::FileDescriptor::operator=(const rocksdb::FileDescriptor&)'
[INFO] [stderr]      47 |   FileDescriptor& operator=(const FileDescriptor& fd) {
[INFO] [stderr]         |                   ^~~~~~~~
[INFO] [stderr]   c++: fatal error: Killed signal terminated program cc1plus
[INFO] [stderr]   compilation terminated.
[INFO] [stderr]   gmake[3]: *** [CMakeFiles/rocksdb.dir/build.make:118: CMakeFiles/rocksdb.dir/db/builder.cc.o] Error 1
[INFO] [stderr]   /opt/rustwide/cargo-home/git/checkouts/rust-rocksdb-82ef6e5337b3fbe6/8e40429/librocksdb_sys/rocksdb/db/version_edit.h: In instantiation of 'constexpr std::pair<_T1, _T2>::pair(_U1&&, _U2&&) [with _U1 = int&; _U2 = rocksdb::FileMetaData; typename std::enable_if<(std::_PCC<true, _T1, _T2>::_MoveConstructiblePair<_U1, _U2>() && std::_PCC<true, _T1, _T2>::_ImplicitlyMoveConvertiblePair<_U1, _U2>()), bool>::type <anonymous> = true; _T1 = int; _T2 = rocksdb::FileMetaData]':
[INFO] [stderr]   /usr/include/c++/11/ext/new_allocator.h:162:4:   required from 'void __gnu_cxx::new_allocator<_Tp>::construct(_Up*, _Args&& ...) [with _Up = std::pair<int, rocksdb::FileMetaData>; _Args = {int&, rocksdb::FileMetaData}; _Tp = std::pair<int, rocksdb::FileMetaData>]'
[INFO] [stderr]   /usr/include/c++/11/bits/alloc_traits.h:516:17:   required from 'static void std::allocator_traits<std::allocator<_Tp1> >::construct(std::allocator_traits<std::allocator<_Tp1> >::allocator_type&, _Up*, _Args&& ...) [with _Up = std::pair<int, rocksdb::FileMetaData>; _Args = {int&, rocksdb::FileMetaData}; _Tp = std::pair<int, rocksdb::FileMetaData>; std::allocator_traits<std::allocator<_Tp1> >::allocator_type = std::allocator<std::pair<int, rocksdb::FileMetaData> >]'
[INFO] [stderr]   /usr/include/c++/11/bits/vector.tcc:115:30:   required from 'void std::vector<_Tp, _Alloc>::emplace_back(_Args&& ...) [with _Args = {int&, rocksdb::FileMetaData}; _Tp = std::pair<int, rocksdb::FileMetaData>; _Alloc = std::allocator<std::pair<int, rocksdb::FileMetaData> >]'
[INFO] [stderr]   /opt/rustwide/cargo-home/git/checkouts/rust-rocksdb-82ef6e5337b3fbe6/8e40429/librocksdb_sys/rocksdb/db/version_edit.h:242:28:   required from here
[INFO] [stderr]   /opt/rustwide/cargo-home/git/checkouts/rust-rocksdb-82ef6e5337b3fbe6/8e40429/librocksdb_sys/rocksdb/db/version_edit.h:76:8: error: implicitly-declared 'constexpr rocksdb::FileDescriptor::FileDescriptor(const rocksdb::FileDescriptor&)' is deprecated [-Werror=deprecated-copy]
[INFO] [stderr]      76 | struct FileMetaData {
[INFO] [stderr]         |        ^~~~~~~~~~~~
[INFO] [stderr]   /opt/rustwide/cargo-home/git/checkouts/rust-rocksdb-82ef6e5337b3fbe6/8e40429/librocksdb_sys/rocksdb/db/version_edit.h:47:19: note: because 'rocksdb::FileDescriptor' has user-provided 'rocksdb::FileDescriptor& rocksdb::FileDescriptor::operator=(const rocksdb::FileDescriptor&)'
[INFO] [stderr]      47 |   FileDescriptor& operator=(const FileDescriptor& fd) {
[INFO] [stderr]         |                   ^~~~~~~~
[INFO] [stderr]   In file included from /usr/include/c++/11/bits/stl_algobase.h:64,
[INFO] [stderr]                    from /usr/include/c++/11/deque:60,
[INFO] [stderr]                    from /opt/rustwide/cargo-home/git/checkouts/rust-rocksdb-82ef6e5337b3fbe6/8e40429/librocksdb_sys/rocksdb/db/version_set.h:22,
[INFO] [stderr]                    from /opt/rustwide/cargo-home/git/checkouts/rust-rocksdb-82ef6e5337b3fbe6/8e40429/librocksdb_sys/rocksdb/db/compaction.h:11,
[INFO] [stderr]                    from /opt/rustwide/cargo-home/git/checkouts/rust-rocksdb-82ef6e5337b3fbe6/8e40429/librocksdb_sys/rocksdb/db/compaction.cc:10:
[INFO] [stderr]   /usr/include/c++/11/bits/stl_pair.h:353:42: note: synthesized method 'rocksdb::FileMetaData::FileMetaData(rocksdb::FileMetaData&&)' first required here
[INFO] [stderr]     353 |         : first(std::forward<_U1>(__x)), second(std::forward<_U2>(__y)) { }
[INFO] [stderr]         |                                          ^~~~~~~~~~~~~~~~~~~~~~~~~~~~~~
[INFO] [stderr]   In file included from /opt/rustwide/cargo-home/git/checkouts/rust-rocksdb-82ef6e5337b3fbe6/8e40429/librocksdb_sys/rocksdb/db/range_del_aggregator.h:17,
[INFO] [stderr]                    from /opt/rustwide/cargo-home/git/checkouts/rust-rocksdb-82ef6e5337b3fbe6/8e40429/librocksdb_sys/rocksdb/db/memtable.h:19,
[INFO] [stderr]                    from /opt/rustwide/cargo-home/git/checkouts/rust-rocksdb-82ef6e5337b3fbe6/8e40429/librocksdb_sys/rocksdb/db/memtable_list.h:17,
[INFO] [stderr]                    from /opt/rustwide/cargo-home/git/checkouts/rust-rocksdb-82ef6e5337b3fbe6/8e40429/librocksdb_sys/rocksdb/db/column_family.h:17,
[INFO] [stderr]                    from /opt/rustwide/cargo-home/git/checkouts/rust-rocksdb-82ef6e5337b3fbe6/8e40429/librocksdb_sys/rocksdb/db/version_set.h:31,
[INFO] [stderr]                    from /opt/rustwide/cargo-home/git/checkouts/rust-rocksdb-82ef6e5337b3fbe6/8e40429/librocksdb_sys/rocksdb/db/compaction.h:11,
[INFO] [stderr]                    from /opt/rustwide/cargo-home/git/checkouts/rust-rocksdb-82ef6e5337b3fbe6/8e40429/librocksdb_sys/rocksdb/db/compaction.cc:10:
[INFO] [stderr]   /opt/rustwide/cargo-home/git/checkouts/rust-rocksdb-82ef6e5337b3fbe6/8e40429/librocksdb_sys/rocksdb/db/version_edit.h: In instantiation of 'constexpr std::pair<_T1, _T2>::pair(_U1&&, const _T2&) [with _U1 = int&; typename std::enable_if<std::_PCC<true, _T1, _T2>::_MoveCopyPair<true, _U1, _T2>(), bool>::type <anonymous> = true; _T1 = int; _T2 = rocksdb::FileMetaData]':
[INFO] [stderr]   /usr/include/c++/11/ext/new_allocator.h:162:4:   required from 'void __gnu_cxx::new_allocator<_Tp>::construct(_Up*, _Args&& ...) [with _Up = std::pair<int, rocksdb::FileMetaData>; _Args = {int&, const rocksdb::FileMetaData&}; _Tp = std::pair<int, rocksdb::FileMetaData>]'
[INFO] [stderr]   /usr/include/c++/11/bits/alloc_traits.h:516:17:   required from 'static void std::allocator_traits<std::allocator<_Tp1> >::construct(std::allocator_traits<std::allocator<_Tp1> >::allocator_type&, _Up*, _Args&& ...) [with _Up = std::pair<int, rocksdb::FileMetaData>; _Args = {int&, const rocksdb::FileMetaData&}; _Tp = std::pair<int, rocksdb::FileMetaData>; std::allocator_traits<std::allocator<_Tp1> >::allocator_type = std::allocator<std::pair<int, rocksdb::FileMetaData> >]'
[INFO] [stderr]   /usr/include/c++/11/bits/vector.tcc:115:30:   required from 'void std::vector<_Tp, _Alloc>::emplace_back(_Args&& ...) [with _Args = {int&, const rocksdb::FileMetaData&}; _Tp = std::pair<int, rocksdb::FileMetaData>; _Alloc = std::allocator<std::pair<int, rocksdb::FileMetaData> >]'
[INFO] [stderr]   /opt/rustwide/cargo-home/git/checkouts/rust-rocksdb-82ef6e5337b3fbe6/8e40429/librocksdb_sys/rocksdb/db/version_edit.h:247:28:   required from here
[INFO] [stderr]   /opt/rustwide/cargo-home/git/checkouts/rust-rocksdb-82ef6e5337b3fbe6/8e40429/librocksdb_sys/rocksdb/db/version_edit.h:76:8: error: implicitly-declared 'constexpr rocksdb::FileDescriptor::FileDescriptor(const rocksdb::FileDescriptor&)' is deprecated [-Werror=deprecated-copy]
[INFO] [stderr]      76 | struct FileMetaData {
[INFO] [stderr]         |        ^~~~~~~~~~~~
[INFO] [stderr]   /opt/rustwide/cargo-home/git/checkouts/rust-rocksdb-82ef6e5337b3fbe6/8e40429/librocksdb_sys/rocksdb/db/version_edit.h:47:19: note: because 'rocksdb::FileDescriptor' has user-provided 'rocksdb::FileDescriptor& rocksdb::FileDescriptor::operator=(const rocksdb::FileDescriptor&)'
[INFO] [stderr]      47 |   FileDescriptor& operator=(const FileDescriptor& fd) {
[INFO] [stderr]         |                   ^~~~~~~~
[INFO] [stderr]   In file included from /usr/include/c++/11/bits/stl_algobase.h:64,
[INFO] [stderr]                    from /usr/include/c++/11/deque:60,
[INFO] [stderr]                    from /opt/rustwide/cargo-home/git/checkouts/rust-rocksdb-82ef6e5337b3fbe6/8e40429/librocksdb_sys/rocksdb/db/version_set.h:22,
[INFO] [stderr]                    from /opt/rustwide/cargo-home/git/checkouts/rust-rocksdb-82ef6e5337b3fbe6/8e40429/librocksdb_sys/rocksdb/db/compaction.h:11,
[INFO] [stderr]                    from /opt/rustwide/cargo-home/git/checkouts/rust-rocksdb-82ef6e5337b3fbe6/8e40429/librocksdb_sys/rocksdb/db/compaction.cc:10:
[INFO] [stderr]   /usr/include/c++/11/bits/stl_pair.h:323:41: note: synthesized method 'rocksdb::FileMetaData::FileMetaData(const rocksdb::FileMetaData&)' first required here
[INFO] [stderr]     323 |        : first(std::forward<_U1>(__x)), second(__y) { }
[INFO] [stderr]         |                                         ^~~~~~~~~~~
[INFO] [stderr]   c++: fatal error: Killed signal terminated program cc1plus
[INFO] [stderr]   compilation terminated.
[INFO] [stderr]   gmake[3]: *** [CMakeFiles/rocksdb.dir/build.make:174: CMakeFiles/rocksdb.dir/db/compaction.cc.o] Error 1
[INFO] [stderr]   /opt/rustwide/cargo-home/git/checkouts/rust-rocksdb-82ef6e5337b3fbe6/8e40429/librocksdb_sys/rocksdb/db/version_edit.h: In instantiation of 'constexpr std::pair<_T1, _T2>::pair(_U1&&, _U2&&) [with _U1 = int&; _U2 = rocksdb::FileMetaData; typename std::enable_if<(std::_PCC<true, _T1, _T2>::_MoveConstructiblePair<_U1, _U2>() && std::_PCC<true, _T1, _T2>::_ImplicitlyMoveConvertiblePair<_U1, _U2>()), bool>::type <anonymous> = true; _T1 = int; _T2 = rocksdb::FileMetaData]':
[INFO] [stderr]   /usr/include/c++/11/ext/new_allocator.h:162:4:   required from 'void __gnu_cxx::new_allocator<_Tp>::construct(_Up*, _Args&& ...) [with _Up = std::pair<int, rocksdb::FileMetaData>; _Args = {int&, rocksdb::FileMetaData}; _Tp = std::pair<int, rocksdb::FileMetaData>]'
[INFO] [stderr]   /usr/include/c++/11/bits/alloc_traits.h:516:17:   required from 'static void std::allocator_traits<std::allocator<_Tp1> >::construct(std::allocator_traits<std::allocator<_Tp1> >::allocator_type&, _Up*, _Args&& ...) [with _Up = std::pair<int, rocksdb::FileMetaData>; _Args = {int&, rocksdb::FileMetaData}; _Tp = std::pair<int, rocksdb::FileMetaData>; std::allocator_traits<std::allocator<_Tp1> >::allocator_type = std::allocator<std::pair<int, rocksdb::FileMetaData> >]'
[INFO] [stderr]   /usr/include/c++/11/bits/vector.tcc:115:30:   required from 'void std::vector<_Tp, _Alloc>::emplace_back(_Args&& ...) [with _Args = {int&, rocksdb::FileMetaData}; _Tp = std::pair<int, rocksdb::FileMetaData>; _Alloc = std::allocator<std::pair<int, rocksdb::FileMetaData> >]'
[INFO] [stderr]   /opt/rustwide/cargo-home/git/checkouts/rust-rocksdb-82ef6e5337b3fbe6/8e40429/librocksdb_sys/rocksdb/db/version_edit.h:242:28:   required from here
[INFO] [stderr]   /opt/rustwide/cargo-home/git/checkouts/rust-rocksdb-82ef6e5337b3fbe6/8e40429/librocksdb_sys/rocksdb/db/version_edit.h:76:8: error: implicitly-declared 'constexpr rocksdb::FileDescriptor::FileDescriptor(const rocksdb::FileDescriptor&)' is deprecated [-Werror=deprecated-copy]
[INFO] [stderr]      76 | struct FileMetaData {
[INFO] [stderr]         |        ^~~~~~~~~~~~
[INFO] [stderr]   /opt/rustwide/cargo-home/git/checkouts/rust-rocksdb-82ef6e5337b3fbe6/8e40429/librocksdb_sys/rocksdb/db/version_edit.h:47:19: note: because 'rocksdb::FileDescriptor' has user-provided 'rocksdb::FileDescriptor& rocksdb::FileDescriptor::operator=(const rocksdb::FileDescriptor&)'
[INFO] [stderr]      47 |   FileDescriptor& operator=(const FileDescriptor& fd) {
[INFO] [stderr]         |                   ^~~~~~~~
[INFO] [stderr]   In file included from /usr/include/c++/11/utility:70,
[INFO] [stderr]                    from /usr/include/c++/11/algorithm:60,
[INFO] [stderr]                    from /opt/rustwide/cargo-home/git/checkouts/rust-rocksdb-82ef6e5337b3fbe6/8e40429/librocksdb_sys/rocksdb/db/compaction_iterator.h:7,
[INFO] [stderr]                    from /opt/rustwide/cargo-home/git/checkouts/rust-rocksdb-82ef6e5337b3fbe6/8e40429/librocksdb_sys/rocksdb/db/compaction_iterator.cc:6:
[INFO] [stderr]   /usr/include/c++/11/bits/stl_pair.h:353:42: note: synthesized method 'rocksdb::FileMetaData::FileMetaData(rocksdb::FileMetaData&&)' first required here
[INFO] [stderr]     353 |         : first(std::forward<_U1>(__x)), second(std::forward<_U2>(__y)) { }
[INFO] [stderr]         |                                          ^~~~~~~~~~~~~~~~~~~~~~~~~~~~~~
[INFO] [stderr]   In file included from /opt/rustwide/cargo-home/git/checkouts/rust-rocksdb-82ef6e5337b3fbe6/8e40429/librocksdb_sys/rocksdb/db/range_del_aggregator.h:17,
[INFO] [stderr]                    from /opt/rustwide/cargo-home/git/checkouts/rust-rocksdb-82ef6e5337b3fbe6/8e40429/librocksdb_sys/rocksdb/db/memtable.h:19,
[INFO] [stderr]                    from /opt/rustwide/cargo-home/git/checkouts/rust-rocksdb-82ef6e5337b3fbe6/8e40429/librocksdb_sys/rocksdb/db/memtable_list.h:17,
[INFO] [stderr]                    from /opt/rustwide/cargo-home/git/checkouts/rust-rocksdb-82ef6e5337b3fbe6/8e40429/librocksdb_sys/rocksdb/db/column_family.h:17,
[INFO] [stderr]                    from /opt/rustwide/cargo-home/git/checkouts/rust-rocksdb-82ef6e5337b3fbe6/8e40429/librocksdb_sys/rocksdb/db/version_set.h:31,
[INFO] [stderr]                    from /opt/rustwide/cargo-home/git/checkouts/rust-rocksdb-82ef6e5337b3fbe6/8e40429/librocksdb_sys/rocksdb/db/compaction.h:11,
[INFO] [stderr]                    from /opt/rustwide/cargo-home/git/checkouts/rust-rocksdb-82ef6e5337b3fbe6/8e40429/librocksdb_sys/rocksdb/db/compaction_iterator.h:12,
[INFO] [stderr]                    from /opt/rustwide/cargo-home/git/checkouts/rust-rocksdb-82ef6e5337b3fbe6/8e40429/librocksdb_sys/rocksdb/db/compaction_iterator.cc:6:
[INFO] [stderr]   /opt/rustwide/cargo-home/git/checkouts/rust-rocksdb-82ef6e5337b3fbe6/8e40429/librocksdb_sys/rocksdb/db/version_edit.h: In instantiation of 'constexpr std::pair<_T1, _T2>::pair(_U1&&, const _T2&) [with _U1 = int&; typename std::enable_if<std::_PCC<true, _T1, _T2>::_MoveCopyPair<true, _U1, _T2>(), bool>::type <anonymous> = true; _T1 = int; _T2 = rocksdb::FileMetaData]':
[INFO] [stderr]   /usr/include/c++/11/ext/new_allocator.h:162:4:   required from 'void __gnu_cxx::new_allocator<_Tp>::construct(_Up*, _Args&& ...) [with _Up = std::pair<int, rocksdb::FileMetaData>; _Args = {int&, const rocksdb::FileMetaData&}; _Tp = std::pair<int, rocksdb::FileMetaData>]'
[INFO] [stderr]   /usr/include/c++/11/bits/alloc_traits.h:516:17:   required from 'static void std::allocator_traits<std::allocator<_Tp1> >::construct(std::allocator_traits<std::allocator<_Tp1> >::allocator_type&, _Up*, _Args&& ...) [with _Up = std::pair<int, rocksdb::FileMetaData>; _Args = {int&, const rocksdb::FileMetaData&}; _Tp = std::pair<int, rocksdb::FileMetaData>; std::allocator_traits<std::allocator<_Tp1> >::allocator_type = std::allocator<std::pair<int, rocksdb::FileMetaData> >]'
[INFO] [stderr]   /usr/include/c++/11/bits/vector.tcc:115:30:   required from 'void std::vector<_Tp, _Alloc>::emplace_back(_Args&& ...) [with _Args = {int&, const rocksdb::FileMetaData&}; _Tp = std::pair<int, rocksdb::FileMetaData>; _Alloc = std::allocator<std::pair<int, rocksdb::FileMetaData> >]'
[INFO] [stderr]   /opt/rustwide/cargo-home/git/checkouts/rust-rocksdb-82ef6e5337b3fbe6/8e40429/librocksdb_sys/rocksdb/db/version_edit.h:247:28:   required from here
[INFO] [stderr]   /opt/rustwide/cargo-home/git/checkouts/rust-rocksdb-82ef6e5337b3fbe6/8e40429/librocksdb_sys/rocksdb/db/version_edit.h:76:8: error: implicitly-declared 'constexpr rocksdb::FileDescriptor::FileDescriptor(const rocksdb::FileDescriptor&)' is deprecated [-Werror=deprecated-copy]
[INFO] [stderr]      76 | struct FileMetaData {
[INFO] [stderr]         |        ^~~~~~~~~~~~
[INFO] [stderr]   /opt/rustwide/cargo-home/git/checkouts/rust-rocksdb-82ef6e5337b3fbe6/8e40429/librocksdb_sys/rocksdb/db/version_edit.h:47:19: note: because 'rocksdb::FileDescriptor' has user-provided 'rocksdb::FileDescriptor& rocksdb::FileDescriptor::operator=(const rocksdb::FileDescriptor&)'
[INFO] [stderr]      47 |   FileDescriptor& operator=(const FileDescriptor& fd) {
[INFO] [stderr]         |                   ^~~~~~~~
[INFO] [stderr]   In file included from /usr/include/c++/11/utility:70,
[INFO] [stderr]                    from /usr/include/c++/11/algorithm:60,
[INFO] [stderr]                    from /opt/rustwide/cargo-home/git/checkouts/rust-rocksdb-82ef6e5337b3fbe6/8e40429/librocksdb_sys/rocksdb/db/compaction_iterator.h:7,
[INFO] [stderr]                    from /opt/rustwide/cargo-home/git/checkouts/rust-rocksdb-82ef6e5337b3fbe6/8e40429/librocksdb_sys/rocksdb/db/compaction_iterator.cc:6:
[INFO] [stderr]   /usr/include/c++/11/bits/stl_pair.h:323:41: note: synthesized method 'rocksdb::FileMetaData::FileMetaData(const rocksdb::FileMetaData&)' first required here
[INFO] [stderr]     323 |        : first(std::forward<_U1>(__x)), second(__y) { }
[INFO] [stderr]         |                                         ^~~~~~~~~~~
[INFO] [stderr]   /opt/rustwide/cargo-home/git/checkouts/rust-rocksdb-82ef6e5337b3fbe6/8e40429/librocksdb_sys/rocksdb/db/version_edit.h: In instantiation of 'constexpr std::pair<_T1, _T2>::pair(_U1&&, _U2&&) [with _U1 = int&; _U2 = rocksdb::FileMetaData; typename std::enable_if<(std::_PCC<true, _T1, _T2>::_MoveConstructiblePair<_U1, _U2>() && std::_PCC<true, _T1, _T2>::_ImplicitlyMoveConvertiblePair<_U1, _U2>()), bool>::type <anonymous> = true; _T1 = int; _T2 = rocksdb::FileMetaData]':
[INFO] [stderr]   /usr/include/c++/11/ext/new_allocator.h:162:4:   required from 'void __gnu_cxx::new_allocator<_Tp>::construct(_Up*, _Args&& ...) [with _Up = std::pair<int, rocksdb::FileMetaData>; _Args = {int&, rocksdb::FileMetaData}; _Tp = std::pair<int, rocksdb::FileMetaData>]'
[INFO] [stderr]   /usr/include/c++/11/bits/alloc_traits.h:516:17:   required from 'static void std::allocator_traits<std::allocator<_Tp1> >::construct(std::allocator_traits<std::allocator<_Tp1> >::allocator_type&, _Up*, _Args&& ...) [with _Up = std::pair<int, rocksdb::FileMetaData>; _Args = {int&, rocksdb::FileMetaData}; _Tp = std::pair<int, rocksdb::FileMetaData>; std::allocator_traits<std::allocator<_Tp1> >::allocator_type = std::allocator<std::pair<int, rocksdb::FileMetaData> >]'
[INFO] [stderr]   /usr/include/c++/11/bits/vector.tcc:115:30:   required from 'void std::vector<_Tp, _Alloc>::emplace_back(_Args&& ...) [with _Args = {int&, rocksdb::FileMetaData}; _Tp = std::pair<int, rocksdb::FileMetaData>; _Alloc = std::allocator<std::pair<int, rocksdb::FileMetaData> >]'
[INFO] [stderr]   /opt/rustwide/cargo-home/git/checkouts/rust-rocksdb-82ef6e5337b3fbe6/8e40429/librocksdb_sys/rocksdb/db/version_edit.h:242:28:   required from here
[INFO] [stderr]   /opt/rustwide/cargo-home/git/checkouts/rust-rocksdb-82ef6e5337b3fbe6/8e40429/librocksdb_sys/rocksdb/db/version_edit.h:76:8: error: implicitly-declared 'constexpr rocksdb::FileDescriptor::FileDescriptor(const rocksdb::FileDescriptor&)' is deprecated [-Werror=deprecated-copy]
[INFO] [stderr]      76 | struct FileMetaData {
[INFO] [stderr]         |        ^~~~~~~~~~~~
[INFO] [stderr]   /opt/rustwide/cargo-home/git/checkouts/rust-rocksdb-82ef6e5337b3fbe6/8e40429/librocksdb_sys/rocksdb/db/version_edit.h:47:19: note: because 'rocksdb::FileDescriptor' has user-provided 'rocksdb::FileDescriptor& rocksdb::FileDescriptor::operator=(const rocksdb::FileDescriptor&)'
[INFO] [stderr]      47 |   FileDescriptor& operator=(const FileDescriptor& fd) {
[INFO] [stderr]         |                   ^~~~~~~~
[INFO] [stderr]   In file included from /usr/include/c++/11/bits/stl_algobase.h:64,
[INFO] [stderr]                    from /usr/include/c++/11/deque:60,
[INFO] [stderr]                    from /opt/rustwide/cargo-home/git/checkouts/rust-rocksdb-82ef6e5337b3fbe6/8e40429/librocksdb_sys/rocksdb/db/db_impl.h:12,
[INFO] [stderr]                    from /opt/rustwide/cargo-home/git/checkouts/rust-rocksdb-82ef6e5337b3fbe6/8e40429/librocksdb_sys/rocksdb/db/compacted_db_impl.h:8,
[INFO] [stderr]                    from /opt/rustwide/cargo-home/git/checkouts/rust-rocksdb-82ef6e5337b3fbe6/8e40429/librocksdb_sys/rocksdb/db/compacted_db_impl.cc:7:
[INFO] [stderr]   /usr/include/c++/11/bits/stl_pair.h:353:42: note: synthesized method 'rocksdb::FileMetaData::FileMetaData(rocksdb::FileMetaData&&)' first required here
[INFO] [stderr]     353 |         : first(std::forward<_U1>(__x)), second(std::forward<_U2>(__y)) { }
[INFO] [stderr]         |                                          ^~~~~~~~~~~~~~~~~~~~~~~~~~~~~~
[INFO] [stderr]   In file included from /opt/rustwide/cargo-home/git/checkouts/rust-rocksdb-82ef6e5337b3fbe6/8e40429/librocksdb_sys/rocksdb/db/range_del_aggregator.h:17,
[INFO] [stderr]                    from /opt/rustwide/cargo-home/git/checkouts/rust-rocksdb-82ef6e5337b3fbe6/8e40429/librocksdb_sys/rocksdb/db/memtable.h:19,
[INFO] [stderr]                    from /opt/rustwide/cargo-home/git/checkouts/rust-rocksdb-82ef6e5337b3fbe6/8e40429/librocksdb_sys/rocksdb/db/memtable_list.h:17,
[INFO] [stderr]                    from /opt/rustwide/cargo-home/git/checkouts/rust-rocksdb-82ef6e5337b3fbe6/8e40429/librocksdb_sys/rocksdb/db/column_family.h:17,
[INFO] [stderr]                    from /opt/rustwide/cargo-home/git/checkouts/rust-rocksdb-82ef6e5337b3fbe6/8e40429/librocksdb_sys/rocksdb/db/db_impl.h:22,
[INFO] [stderr]                    from /opt/rustwide/cargo-home/git/checkouts/rust-rocksdb-82ef6e5337b3fbe6/8e40429/librocksdb_sys/rocksdb/db/compacted_db_impl.h:8,
[INFO] [stderr]                    from /opt/rustwide/cargo-home/git/checkouts/rust-rocksdb-82ef6e5337b3fbe6/8e40429/librocksdb_sys/rocksdb/db/compacted_db_impl.cc:7:
[INFO] [stderr]   /opt/rustwide/cargo-home/git/checkouts/rust-rocksdb-82ef6e5337b3fbe6/8e40429/librocksdb_sys/rocksdb/db/version_edit.h: In instantiation of 'constexpr std::pair<_T1, _T2>::pair(_U1&&, const _T2&) [with _U1 = int&; typename std::enable_if<std::_PCC<true, _T1, _T2>::_MoveCopyPair<true, _U1, _T2>(), bool>::type <anonymous> = true; _T1 = int; _T2 = rocksdb::FileMetaData]':
[INFO] [stderr]   /usr/include/c++/11/ext/new_allocator.h:162:4:   required from 'void __gnu_cxx::new_allocator<_Tp>::construct(_Up*, _Args&& ...) [with _Up = std::pair<int, rocksdb::FileMetaData>; _Args = {int&, const rocksdb::FileMetaData&}; _Tp = std::pair<int, rocksdb::FileMetaData>]'
[INFO] [stderr]   /usr/include/c++/11/bits/alloc_traits.h:516:17:   required from 'static void std::allocator_traits<std::allocator<_Tp1> >::construct(std::allocator_traits<std::allocator<_Tp1> >::allocator_type&, _Up*, _Args&& ...) [with _Up = std::pair<int, rocksdb::FileMetaData>; _Args = {int&, const rocksdb::FileMetaData&}; _Tp = std::pair<int, rocksdb::FileMetaData>; std::allocator_traits<std::allocator<_Tp1> >::allocator_type = std::allocator<std::pair<int, rocksdb::FileMetaData> >]'
[INFO] [stderr]   /usr/include/c++/11/bits/vector.tcc:115:30:   required from 'void std::vector<_Tp, _Alloc>::emplace_back(_Args&& ...) [with _Args = {int&, const rocksdb::FileMetaData&}; _Tp = std::pair<int, rocksdb::FileMetaData>; _Alloc = std::allocator<std::pair<int, rocksdb::FileMetaData> >]'
[INFO] [stderr]   /opt/rustwide/cargo-home/git/checkouts/rust-rocksdb-82ef6e5337b3fbe6/8e40429/librocksdb_sys/rocksdb/db/version_edit.h:247:28:   required from here
[INFO] [stderr]   /opt/rustwide/cargo-home/git/checkouts/rust-rocksdb-82ef6e5337b3fbe6/8e40429/librocksdb_sys/rocksdb/db/version_edit.h:76:8: error: implicitly-declared 'constexpr rocksdb::FileDescriptor::FileDescriptor(const rocksdb::FileDescriptor&)' is deprecated [-Werror=deprecated-copy]
[INFO] [stderr]      76 | struct FileMetaData {
[INFO] [stderr]         |        ^~~~~~~~~~~~
[INFO] [stderr]   /opt/rustwide/cargo-home/git/checkouts/rust-rocksdb-82ef6e5337b3fbe6/8e40429/librocksdb_sys/rocksdb/db/version_edit.h:47:19: note: because 'rocksdb::FileDescriptor' has user-provided 'rocksdb::FileDescriptor& rocksdb::FileDescriptor::operator=(const rocksdb::FileDescriptor&)'
[INFO] [stderr]      47 |   FileDescriptor& operator=(const FileDescriptor& fd) {
[INFO] [stderr]         |                   ^~~~~~~~
[INFO] [stderr]   In file included from /usr/include/c++/11/bits/stl_algobase.h:64,
[INFO] [stderr]                    from /usr/include/c++/11/deque:60,
[INFO] [stderr]                    from /opt/rustwide/cargo-home/git/checkouts/rust-rocksdb-82ef6e5337b3fbe6/8e40429/librocksdb_sys/rocksdb/db/db_impl.h:12,
[INFO] [stderr]                    from /opt/rustwide/cargo-home/git/checkouts/rust-rocksdb-82ef6e5337b3fbe6/8e40429/librocksdb_sys/rocksdb/db/compacted_db_impl.h:8,
[INFO] [stderr]                    from /opt/rustwide/cargo-home/git/checkouts/rust-rocksdb-82ef6e5337b3fbe6/8e40429/librocksdb_sys/rocksdb/db/compacted_db_impl.cc:7:
[INFO] [stderr]   /usr/include/c++/11/bits/stl_pair.h:323:41: note: synthesized method 'rocksdb::FileMetaData::FileMetaData(const rocksdb::FileMetaData&)' first required here
[INFO] [stderr]     323 |        : first(std::forward<_U1>(__x)), second(__y) { }
[INFO] [stderr]         |                                         ^~~~~~~~~~~
[INFO] [stderr]   /opt/rustwide/cargo-home/git/checkouts/rust-rocksdb-82ef6e5337b3fbe6/8e40429/librocksdb_sys/rocksdb/db/version_edit.h: In instantiation of 'constexpr std::pair<_T1, _T2>::pair(_U1&&, _U2&&) [with _U1 = int&; _U2 = rocksdb::FileMetaData; typename std::enable_if<(std::_PCC<true, _T1, _T2>::_MoveConstructiblePair<_U1, _U2>() && std::_PCC<true, _T1, _T2>::_ImplicitlyMoveConvertiblePair<_U1, _U2>()), bool>::type <anonymous> = true; _T1 = int; _T2 = rocksdb::FileMetaData]':
[INFO] [stderr]   /usr/include/c++/11/ext/new_allocator.h:162:4:   required from 'void __gnu_cxx::new_allocator<_Tp>::construct(_Up*, _Args&& ...) [with _Up = std::pair<int, rocksdb::FileMetaData>; _Args = {int&, rocksdb::FileMetaData}; _Tp = std::pair<int, rocksdb::FileMetaData>]'
[INFO] [stderr]   /usr/include/c++/11/bits/alloc_traits.h:516:17:   required from 'static void std::allocator_traits<std::allocator<_Tp1> >::construct(std::allocator_traits<std::allocator<_Tp1> >::allocator_type&, _Up*, _Args&& ...) [with _Up = std::pair<int, rocksdb::FileMetaData>; _Args = {int&, rocksdb::FileMetaData}; _Tp = std::pair<int, rocksdb::FileMetaData>; std::allocator_traits<std::allocator<_Tp1> >::allocator_type = std::allocator<std::pair<int, rocksdb::FileMetaData> >]'
[INFO] [stderr]   /usr/include/c++/11/bits/vector.tcc:115:30:   required from 'void std::vector<_Tp, _Alloc>::emplace_back(_Args&& ...) [with _Args = {int&, rocksdb::FileMetaData}; _Tp = std::pair<int, rocksdb::FileMetaData>; _Alloc = std::allocator<std::pair<int, rocksdb::FileMetaData> >]'
[INFO] [stderr]   /opt/rustwide/cargo-home/git/checkouts/rust-rocksdb-82ef6e5337b3fbe6/8e40429/librocksdb_sys/rocksdb/db/version_edit.h:242:28:   required from here
[INFO] [stderr]   /opt/rustwide/cargo-home/git/checkouts/rust-rocksdb-82ef6e5337b3fbe6/8e40429/librocksdb_sys/rocksdb/db/version_edit.h:76:8: error: implicitly-declared 'constexpr rocksdb::FileDescriptor::FileDescriptor(const rocksdb::FileDescriptor&)' is deprecated [-Werror=deprecated-copy]
[INFO] [stderr]      76 | struct FileMetaData {
[INFO] [stderr]         |        ^~~~~~~~~~~~
[INFO] [stderr]   /opt/rustwide/cargo-home/git/checkouts/rust-rocksdb-82ef6e5337b3fbe6/8e40429/librocksdb_sys/rocksdb/db/version_edit.h:47:19: note: because 'rocksdb::FileDescriptor' has user-provided 'rocksdb::FileDescriptor& rocksdb::FileDescriptor::operator=(const rocksdb::FileDescriptor&)'
[INFO] [stderr]      47 |   FileDescriptor& operator=(const FileDescriptor& fd) {
[INFO] [stderr]         |                   ^~~~~~~~
[INFO] [stderr]   In file included from /usr/include/c++/11/bits/stl_algobase.h:64,
[INFO] [stderr]                    from /usr/include/c++/11/memory:63,
[INFO] [stderr]                    from /opt/rustwide/cargo-home/git/checkouts/rust-rocksdb-82ef6e5337b3fbe6/8e40429/librocksdb_sys/rocksdb/db/compaction_picker.h:12,
[INFO] [stderr]                    from /opt/rustwide/cargo-home/git/checkouts/rust-rocksdb-82ef6e5337b3fbe6/8e40429/librocksdb_sys/rocksdb/db/compaction_picker.cc:10:
[INFO] [stderr]   /usr/include/c++/11/bits/stl_pair.h:353:42: note: synthesized method 'rocksdb::FileMetaData::FileMetaData(rocksdb::FileMetaData&&)' first required here
[INFO] [stderr]     353 |         : first(std::forward<_U1>(__x)), second(std::forward<_U2>(__y)) { }
[INFO] [stderr]         |                                          ^~~~~~~~~~~~~~~~~~~~~~~~~~~~~~
[INFO] [stderr]   In file included from /opt/rustwide/cargo-home/git/checkouts/rust-rocksdb-82ef6e5337b3fbe6/8e40429/librocksdb_sys/rocksdb/db/range_del_aggregator.h:17,
[INFO] [stderr]                    from /opt/rustwide/cargo-home/git/checkouts/rust-rocksdb-82ef6e5337b3fbe6/8e40429/librocksdb_sys/rocksdb/db/memtable.h:19,
[INFO] [stderr]                    from /opt/rustwide/cargo-home/git/checkouts/rust-rocksdb-82ef6e5337b3fbe6/8e40429/librocksdb_sys/rocksdb/db/memtable_list.h:17,
[INFO] [stderr]                    from /opt/rustwide/cargo-home/git/checkouts/rust-rocksdb-82ef6e5337b3fbe6/8e40429/librocksdb_sys/rocksdb/db/column_family.h:17,
[INFO] [stderr]                    from /opt/rustwide/cargo-home/git/checkouts/rust-rocksdb-82ef6e5337b3fbe6/8e40429/librocksdb_sys/rocksdb/db/version_set.h:31,
[INFO] [stderr]                    from /opt/rustwide/cargo-home/git/checkouts/rust-rocksdb-82ef6e5337b3fbe6/8e40429/librocksdb_sys/rocksdb/db/compaction.h:11,
[INFO] [stderr]                    from /opt/rustwide/cargo-home/git/checkouts/rust-rocksdb-82ef6e5337b3fbe6/8e40429/librocksdb_sys/rocksdb/db/compaction_picker.h:18,
[INFO] [stderr]                    from /opt/rustwide/cargo-home/git/checkouts/rust-rocksdb-82ef6e5337b3fbe6/8e40429/librocksdb_sys/rocksdb/db/compaction_picker.cc:10:
[INFO] [stderr]   /opt/rustwide/cargo-home/git/checkouts/rust-rocksdb-82ef6e5337b3fbe6/8e40429/librocksdb_sys/rocksdb/db/version_edit.h: In instantiation of 'constexpr std::pair<_T1, _T2>::pair(_U1&&, const _T2&) [with _U1 = int&; typename std::enable_if<std::_PCC<true, _T1, _T2>::_MoveCopyPair<true, _U1, _T2>(), bool>::type <anonymous> = true; _T1 = int; _T2 = rocksdb::FileMetaData]':
[INFO] [stderr]   /usr/include/c++/11/ext/new_allocator.h:162:4:   required from 'void __gnu_cxx::new_allocator<_Tp>::construct(_Up*, _Args&& ...) [with _Up = std::pair<int, rocksdb::FileMetaData>; _Args = {int&, const rocksdb::FileMetaData&}; _Tp = std::pair<int, rocksdb::FileMetaData>]'
[INFO] [stderr]   /usr/include/c++/11/bits/alloc_traits.h:516:17:   required from 'static void std::allocator_traits<std::allocator<_Tp1> >::construct(std::allocator_traits<std::allocator<_Tp1> >::allocator_type&, _Up*, _Args&& ...) [with _Up = std::pair<int, rocksdb::FileMetaData>; _Args = {int&, const rocksdb::FileMetaData&}; _Tp = std::pair<int, rocksdb::FileMetaData>; std::allocator_traits<std::allocator<_Tp1> >::allocator_type = std::allocator<std::pair<int, rocksdb::FileMetaData> >]'
[INFO] [stderr]   /usr/include/c++/11/bits/vector.tcc:115:30:   required from 'void std::vector<_Tp, _Alloc>::emplace_back(_Args&& ...) [with _Args = {int&, const rocksdb::FileMetaData&}; _Tp = std::pair<int, rocksdb::FileMetaData>; _Alloc = std::allocator<std::pair<int, rocksdb::FileMetaData> >]'
[INFO] [stderr]   /opt/rustwide/cargo-home/git/checkouts/rust-rocksdb-82ef6e5337b3fbe6/8e40429/librocksdb_sys/rocksdb/db/version_edit.h:247:28:   required from here
[INFO] [stderr]   /opt/rustwide/cargo-home/git/checkouts/rust-rocksdb-82ef6e5337b3fbe6/8e40429/librocksdb_sys/rocksdb/db/version_edit.h:76:8: error: implicitly-declared 'constexpr rocksdb::FileDescriptor::FileDescriptor(const rocksdb::FileDescriptor&)' is deprecated [-Werror=deprecated-copy]
[INFO] [stderr]      76 | struct FileMetaData {
[INFO] [stderr]         |        ^~~~~~~~~~~~
[INFO] [stderr]   /opt/rustwide/cargo-home/git/checkouts/rust-rocksdb-82ef6e5337b3fbe6/8e40429/librocksdb_sys/rocksdb/db/version_edit.h:47:19: note: because 'rocksdb::FileDescriptor' has user-provided 'rocksdb::FileDescriptor& rocksdb::FileDescriptor::operator=(const rocksdb::FileDescriptor&)'
[INFO] [stderr]      47 |   FileDescriptor& operator=(const FileDescriptor& fd) {
[INFO] [stderr]         |                   ^~~~~~~~
[INFO] [stderr]   In file included from /usr/include/c++/11/bits/stl_algobase.h:64,
[INFO] [stderr]                    from /usr/include/c++/11/memory:63,
[INFO] [stderr]                    from /opt/rustwide/cargo-home/git/checkouts/rust-rocksdb-82ef6e5337b3fbe6/8e40429/librocksdb_sys/rocksdb/db/compaction_picker.h:12,
[INFO] [stderr]                    from /opt/rustwide/cargo-home/git/checkouts/rust-rocksdb-82ef6e5337b3fbe6/8e40429/librocksdb_sys/rocksdb/db/compaction_picker.cc:10:
[INFO] [stderr]   /usr/include/c++/11/bits/stl_pair.h:323:41: note: synthesized method 'rocksdb::FileMetaData::FileMetaData(const rocksdb::FileMetaData&)' first required here
[INFO] [stderr]     323 |        : first(std::forward<_U1>(__x)), second(__y) { }
[INFO] [stderr]         |                                         ^~~~~~~~~~~
[INFO] [stderr]   cc1plus: all warnings being treated as errors
[INFO] [stderr]   gmake[3]: *** [CMakeFiles/rocksdb.dir/build.make:188: CMakeFiles/rocksdb.dir/db/compaction_iterator.cc.o] Error 1
[INFO] [stderr]   cc1plus: all warnings being treated as errors
[INFO] [stderr]   gmake[3]: *** [CMakeFiles/rocksdb.dir/build.make:160: CMakeFiles/rocksdb.dir/db/compacted_db_impl.cc.o] Error 1
[INFO] [stderr]   cc1plus: all warnings being treated as errors
[INFO] [stderr]   gmake[3]: *** [CMakeFiles/rocksdb.dir/build.make:216: CMakeFiles/rocksdb.dir/db/compaction_picker.cc.o] Error 1
[INFO] [stderr]   /opt/rustwide/cargo-home/git/checkouts/rust-rocksdb-82ef6e5337b3fbe6/8e40429/librocksdb_sys/rocksdb/db/version_edit.h: In instantiation of 'void __gnu_cxx::new_allocator<_Tp>::construct(_Up*, _Args&& ...) [with _Up = rocksdb::CompactionJob::SubcompactionState::Output; _Args = {const rocksdb::CompactionJob::SubcompactionState::Output&}; _Tp = rocksdb::CompactionJob::SubcompactionState::Output]':
[INFO] [stderr]   /usr/include/c++/11/bits/alloc_traits.h:516:17:   required from 'static void std::allocator_traits<std::allocator<_Tp1> >::construct(std::allocator_traits<std::allocator<_Tp1> >::allocator_type&, _Up*, _Args&& ...) [with _Up = rocksdb::CompactionJob::SubcompactionState::Output; _Args = {const rocksdb::CompactionJob::SubcompactionState::Output&}; _Tp = rocksdb::CompactionJob::SubcompactionState::Output; std::allocator_traits<std::allocator<_Tp1> >::allocator_type = std::allocator<rocksdb::CompactionJob::SubcompactionState::Output>]'
[INFO] [stderr]   /usr/include/c++/11/bits/stl_vector.h:1192:30:   required from 'void std::vector<_Tp, _Alloc>::push_back(const value_type&) [with _Tp = rocksdb::CompactionJob::SubcompactionState::Output; _Alloc = std::allocator<rocksdb::CompactionJob::SubcompactionState::Output>; std::vector<_Tp, _Alloc>::value_type = rocksdb::CompactionJob::SubcompactionState::Output]'
[INFO] [stderr]   /opt/rustwide/cargo-home/git/checkouts/rust-rocksdb-82ef6e5337b3fbe6/8e40429/librocksdb_sys/rocksdb/db/compaction_job.cc:1461:33:   required from here
[INFO] [stderr]   /opt/rustwide/cargo-home/git/checkouts/rust-rocksdb-82ef6e5337b3fbe6/8e40429/librocksdb_sys/rocksdb/db/version_edit.h:76:8: error: implicitly-declared 'constexpr rocksdb::FileDescriptor::FileDescriptor(const rocksdb::FileDescriptor&)' is deprecated [-Werror=deprecated-copy]
[INFO] [stderr]      76 | struct FileMetaData {
[INFO] [stderr]         |        ^~~~~~~~~~~~
[INFO] [stderr]   /opt/rustwide/cargo-home/git/checkouts/rust-rocksdb-82ef6e5337b3fbe6/8e40429/librocksdb_sys/rocksdb/db/version_edit.h:47:19: note: because 'rocksdb::FileDescriptor' has user-provided 'rocksdb::FileDescriptor& rocksdb::FileDescriptor::operator=(const rocksdb::FileDescriptor&)'
[INFO] [stderr]      47 |   FileDescriptor& operator=(const FileDescriptor& fd) {
[INFO] [stderr]         |                   ^~~~~~~~
[INFO] [stderr]   /opt/rustwide/cargo-home/git/checkouts/rust-rocksdb-82ef6e5337b3fbe6/8e40429/librocksdb_sys/rocksdb/db/compaction_job.cc:121:10: note: synthesized method 'rocksdb::FileMetaData::FileMetaData(const rocksdb::FileMetaData&)' first required here
[INFO] [stderr]     121 |   struct Output {
[INFO] [stderr]         |          ^~~~~~
[INFO] [stderr]   In file included from /usr/include/x86_64-linux-gnu/c++/11/bits/c++allocator.h:33,
[INFO] [stderr]                    from /usr/include/c++/11/bits/allocator.h:46,
[INFO] [stderr]                    from /usr/include/c++/11/deque:64,
[INFO] [stderr]                    from /opt/rustwide/cargo-home/git/checkouts/rust-rocksdb-82ef6e5337b3fbe6/8e40429/librocksdb_sys/rocksdb/db/compaction_job.h:12,
[INFO] [stderr]                    from /opt/rustwide/cargo-home/git/checkouts/rust-rocksdb-82ef6e5337b3fbe6/8e40429/librocksdb_sys/rocksdb/db/compaction_job.cc:10:
[INFO] [stderr]   /usr/include/c++/11/ext/new_allocator.h:162:11: note: synthesized method 'rocksdb::CompactionJob::SubcompactionState::Output::Output(const rocksdb::CompactionJob::SubcompactionState::Output&)' first required here
[INFO] [stderr]     162 |         { ::new((void *)__p) _Up(std::forward<_Args>(__args)...); }
[INFO] [stderr]         |           ^~~~~~~~~~~~~~~~~~~~~~~~~~~~~~~~~~~~~~~~~~~~~~~~~~~~~~
[INFO] [stderr]   In file included from /opt/rustwide/cargo-home/git/checkouts/rust-rocksdb-82ef6e5337b3fbe6/8e40429/librocksdb_sys/rocksdb/db/range_del_aggregator.h:17,
[INFO] [stderr]                    from /opt/rustwide/cargo-home/git/checkouts/rust-rocksdb-82ef6e5337b3fbe6/8e40429/librocksdb_sys/rocksdb/db/memtable.h:19,
[INFO] [stderr]                    from /opt/rustwide/cargo-home/git/checkouts/rust-rocksdb-82ef6e5337b3fbe6/8e40429/librocksdb_sys/rocksdb/db/memtable_list.h:17,
[INFO] [stderr]                    from /opt/rustwide/cargo-home/git/checkouts/rust-rocksdb-82ef6e5337b3fbe6/8e40429/librocksdb_sys/rocksdb/db/column_family.h:17,
[INFO] [stderr]                    from /opt/rustwide/cargo-home/git/checkouts/rust-rocksdb-82ef6e5337b3fbe6/8e40429/librocksdb_sys/rocksdb/db/compaction_job.h:20,
[INFO] [stderr]                    from /opt/rustwide/cargo-home/git/checkouts/rust-rocksdb-82ef6e5337b3fbe6/8e40429/librocksdb_sys/rocksdb/db/compaction_job.cc:10:
[INFO] [stderr]   /opt/rustwide/cargo-home/git/checkouts/rust-rocksdb-82ef6e5337b3fbe6/8e40429/librocksdb_sys/rocksdb/db/version_edit.h: In instantiation of 'constexpr std::pair<_T1, _T2>::pair(_U1&&, _U2&&) [with _U1 = int&; _U2 = rocksdb::FileMetaData; typename std::enable_if<(std::_PCC<true, _T1, _T2>::_MoveConstructiblePair<_U1, _U2>() && std::_PCC<true, _T1, _T2>::_ImplicitlyMoveConvertiblePair<_U1, _U2>()), bool>::type <anonymous> = true; _T1 = int; _T2 = rocksdb::FileMetaData]':
[INFO] [stderr]   /usr/include/c++/11/ext/new_allocator.h:162:4:   required from 'void __gnu_cxx::new_allocator<_Tp>::construct(_Up*, _Args&& ...) [with _Up = std::pair<int, rocksdb::FileMetaData>; _Args = {int&, rocksdb::FileMetaData}; _Tp = std::pair<int, rocksdb::FileMetaData>]'
[INFO] [stderr]   /usr/include/c++/11/bits/alloc_traits.h:516:17:   required from 'static void std::allocator_traits<std::allocator<_Tp1> >::construct(std::allocator_traits<std::allocator<_Tp1> >::allocator_type&, _Up*, _Args&& ...) [with _Up = std::pair<int, rocksdb::FileMetaData>; _Args = {int&, rocksdb::FileMetaData}; _Tp = std::pair<int, rocksdb::FileMetaData>; std::allocator_traits<std::allocator<_Tp1> >::allocator_type = std::allocator<std::pair<int, rocksdb::FileMetaData> >]'
[INFO] [stderr]   /usr/include/c++/11/bits/vector.tcc:115:30:   required from 'void std::vector<_Tp, _Alloc>::emplace_back(_Args&& ...) [with _Args = {int&, rocksdb::FileMetaData}; _Tp = std::pair<int, rocksdb::FileMetaData>; _Alloc = std::allocator<std::pair<int, rocksdb::FileMetaData> >]'
[INFO] [stderr]   /opt/rustwide/cargo-home/git/checkouts/rust-rocksdb-82ef6e5337b3fbe6/8e40429/librocksdb_sys/rocksdb/db/version_edit.h:242:28:   required from here
[INFO] [stderr]   /opt/rustwide/cargo-home/git/checkouts/rust-rocksdb-82ef6e5337b3fbe6/8e40429/librocksdb_sys/rocksdb/db/version_edit.h:76:8: error: implicitly-declared 'constexpr rocksdb::FileDescriptor::FileDescriptor(const rocksdb::FileDescriptor&)' is deprecated [-Werror=deprecated-copy]
[INFO] [stderr]      76 | struct FileMetaData {
[INFO] [stderr]         |        ^~~~~~~~~~~~
[INFO] [stderr]   /opt/rustwide/cargo-home/git/checkouts/rust-rocksdb-82ef6e5337b3fbe6/8e40429/librocksdb_sys/rocksdb/db/version_edit.h:47:19: note: because 'rocksdb::FileDescriptor' has user-provided 'rocksdb::FileDescriptor& rocksdb::FileDescriptor::operator=(const rocksdb::FileDescriptor&)'
[INFO] [stderr]      47 |   FileDescriptor& operator=(const FileDescriptor& fd) {
[INFO] [stderr]         |                   ^~~~~~~~
[INFO] [stderr]   In file included from /usr/include/c++/11/bits/stl_algobase.h:64,
[INFO] [stderr]                    from /usr/include/c++/11/deque:60,
[INFO] [stderr]                    from /opt/rustwide/cargo-home/git/checkouts/rust-rocksdb-82ef6e5337b3fbe6/8e40429/librocksdb_sys/rocksdb/db/compaction_job.h:12,
[INFO] [stderr]                    from /opt/rustwide/cargo-home/git/checkouts/rust-rocksdb-82ef6e5337b3fbe6/8e40429/librocksdb_sys/rocksdb/db/compaction_job.cc:10:
[INFO] [stderr]   /usr/include/c++/11/bits/stl_pair.h:353:42: note: synthesized method 'rocksdb::FileMetaData::FileMetaData(rocksdb::FileMetaData&&)' first required here
[INFO] [stderr]     353 |         : first(std::forward<_U1>(__x)), second(std::forward<_U2>(__y)) { }
[INFO] [stderr]         |                                          ^~~~~~~~~~~~~~~~~~~~~~~~~~~~~~
[INFO] [stderr]   cc1plus: all warnings being treated as errors
[INFO] [stderr]   gmake[3]: *** [CMakeFiles/rocksdb.dir/build.make:202: CMakeFiles/rocksdb.dir/db/compaction_job.cc.o] Error 1
[INFO] [stderr]   gmake[2]: *** [CMakeFiles/Makefile2:485: CMakeFiles/rocksdb.dir/all] Error 2
[INFO] [stderr]   gmake[1]: *** [CMakeFiles/Makefile2:492: CMakeFiles/rocksdb.dir/rule] Error 2
[INFO] [stderr]   gmake: *** [Makefile:205: rocksdb] Error 2
[INFO] [stderr]   thread 'main' panicked at '
[INFO] [stderr]   command did not execute successfully, got: exit status: 2
[INFO] [stderr] 
[INFO] [stderr]   build script failed, must exit now', /opt/rustwide/cargo-home/registry/src/index.crates.io-6f17d22bba15001f/cmake-0.1.35/src/lib.rs:778:5
[INFO] [stderr]   stack backtrace:
[INFO] [stderr]      0:     0x557a5d5f58ea - std::backtrace_rs::backtrace::libunwind::trace::h2f05d0192276a8f6
[INFO] [stderr]                                  at /rustc/1b7dd2252b99671ce5d1cb9664c5f8636329436d/library/std/src/../../backtrace/src/backtrace/libunwind.rs:93:5
[INFO] [stderr]      1:     0x557a5d5f58ea - std::backtrace_rs::backtrace::trace_unsynchronized::hedc23dff7a1af150
[INFO] [stderr]                                  at /rustc/1b7dd2252b99671ce5d1cb9664c5f8636329436d/library/std/src/../../backtrace/src/backtrace/mod.rs:66:5
[INFO] [stderr]      2:     0x557a5d5f58ea - std::sys_common::backtrace::_print_fmt::h17541ef7592f3ce2
[INFO] [stderr]                                  at /rustc/1b7dd2252b99671ce5d1cb9664c5f8636329436d/library/std/src/sys_common/backtrace.rs:65:5
[INFO] [stderr]      3:     0x557a5d5f58ea - <std::sys_common::backtrace::_print::DisplayBacktrace as core::fmt::Display>::fmt::h20f75df5ab0c0792
[INFO] [stderr]                                  at /rustc/1b7dd2252b99671ce5d1cb9664c5f8636329436d/library/std/src/sys_common/backtrace.rs:44:22
[INFO] [stderr]      4:     0x557a5d616ecf - core::fmt::write::h78109e6f466b3af6
[INFO] [stderr]                                  at /rustc/1b7dd2252b99671ce5d1cb9664c5f8636329436d/library/core/src/fmt/mod.rs:1254:17
[INFO] [stderr]      5:     0x557a5d5f21c5 - std::io::Write::write_fmt::hc59e1b02dd273c8a
[INFO] [stderr]                                  at /rustc/1b7dd2252b99671ce5d1cb9664c5f8636329436d/library/std/src/io/mod.rs:1698:15
[INFO] [stderr]      6:     0x557a5d5f56b5 - std::sys_common::backtrace::_print::h8dac57a9f8fbf9a5
[INFO] [stderr]                                  at /rustc/1b7dd2252b99671ce5d1cb9664c5f8636329436d/library/std/src/sys_common/backtrace.rs:47:5
[INFO] [stderr]      7:     0x557a5d5f56b5 - std::sys_common::backtrace::print::hf9ecbf41d1aa712f
[INFO] [stderr]                                  at /rustc/1b7dd2252b99671ce5d1cb9664c5f8636329436d/library/std/src/sys_common/backtrace.rs:34:9
[INFO] [stderr]      8:     0x557a5d5f6f7e - std::panicking::default_hook::{{closure}}::h04c07acfc84ca028
[INFO] [stderr]                                  at /rustc/1b7dd2252b99671ce5d1cb9664c5f8636329436d/library/std/src/panicking.rs:269:22
[INFO] [stderr]      9:     0x557a5d5f6d25 - std::panicking::default_hook::h01f6bb23e1eceb2c
[INFO] [stderr]                                  at /rustc/1b7dd2252b99671ce5d1cb9664c5f8636329436d/library/std/src/panicking.rs:288:9
[INFO] [stderr]     10:     0x557a5d5f74de - std::panicking::rust_panic_with_hook::h2bb3722bbaf2f6df
[INFO] [stderr]                                  at /rustc/1b7dd2252b99671ce5d1cb9664c5f8636329436d/library/std/src/panicking.rs:691:13
[INFO] [stderr]     11:     0x557a5d5f73d9 - std::panicking::begin_panic_handler::{{closure}}::h91bc7f36a4be011b
[INFO] [stderr]                                  at /rustc/1b7dd2252b99671ce5d1cb9664c5f8636329436d/library/std/src/panicking.rs:582:13
[INFO] [stderr]     12:     0x557a5d5f5d56 - std::sys_common::backtrace::__rust_end_short_backtrace::h8b3d3717114f9e59
[INFO] [stderr]                                  at /rustc/1b7dd2252b99671ce5d1cb9664c5f8636329436d/library/std/src/sys_common/backtrace.rs:150:18
[INFO] [stderr]     13:     0x557a5d5f7132 - rust_begin_unwind
[INFO] [stderr]                                  at /rustc/1b7dd2252b99671ce5d1cb9664c5f8636329436d/library/std/src/panicking.rs:578:5
[INFO] [stderr]     14:     0x557a5d55d9c3 - core::panicking::panic_fmt::hfd368e3fbdabea26
[INFO] [stderr]                                  at /rustc/1b7dd2252b99671ce5d1cb9664c5f8636329436d/library/core/src/panicking.rs:67:14
[INFO] [stderr]     15:     0x557a5d567d8f - cmake::fail::hd2d31a518f154f1d
[INFO] [stderr]     16:     0x557a5d5677f3 - cmake::run::h32966dedf515bac2
[INFO] [stderr]     17:     0x557a5d564f3b - cmake::Config::build::h6b96bd6b323ab03d
[INFO] [stderr]     18:     0x557a5d55ed4a - build_script_build::build_rocksdb::had55911ae98a6cdb
[INFO] [stderr]     19:     0x557a5d55e116 - build_script_build::main::hf84c745ed43ad76f
[INFO] [stderr]     20:     0x557a5d55fa93 - core::ops::function::FnOnce::call_once::h3fb7667f2f54b214
[INFO] [stderr]     21:     0x557a5d5601e6 - std::sys_common::backtrace::__rust_begin_short_backtrace::ha10812f7028df1ff
[INFO] [stderr]     22:     0x557a5d55fed9 - std::rt::lang_start::{{closure}}::haee43ff27e396834
[INFO] [stderr]     23:     0x557a5d5ee1ee - core::ops::function::impls::<impl core::ops::function::FnOnce<A> for &F>::call_once::h2eb19b8ce4148df4
[INFO] [stderr]                                  at /rustc/1b7dd2252b99671ce5d1cb9664c5f8636329436d/library/core/src/ops/function.rs:287:13
[INFO] [stderr]     24:     0x557a5d5ee1ee - std::panicking::try::do_call::h2e900feff5d504c5
[INFO] [stderr]                                  at /rustc/1b7dd2252b99671ce5d1cb9664c5f8636329436d/library/std/src/panicking.rs:485:40
[INFO] [stderr]     25:     0x557a5d5ee1ee - std::panicking::try::h8854836cb85aa9f2
[INFO] [stderr]                                  at /rustc/1b7dd2252b99671ce5d1cb9664c5f8636329436d/library/std/src/panicking.rs:449:19
[INFO] [stderr]     26:     0x557a5d5ee1ee - std::panic::catch_unwind::h706025dd4c48f64b
[INFO] [stderr]                                  at /rustc/1b7dd2252b99671ce5d1cb9664c5f8636329436d/library/std/src/panic.rs:140:14
[INFO] [stderr]     27:     0x557a5d5ee1ee - std::rt::lang_start_internal::{{closure}}::h7be5b97f4a07a91a
[INFO] [stderr]                                  at /rustc/1b7dd2252b99671ce5d1cb9664c5f8636329436d/library/std/src/rt.rs:148:48
[INFO] [stderr]     28:     0x557a5d5ee1ee - std::panicking::try::do_call::h59847e9d0a176965
[INFO] [stderr]                                  at /rustc/1b7dd2252b99671ce5d1cb9664c5f8636329436d/library/std/src/panicking.rs:485:40
[INFO] [stderr]     29:     0x557a5d5ee1ee - std::panicking::try::h399a918ba8522823
[INFO] [stderr]                                  at /rustc/1b7dd2252b99671ce5d1cb9664c5f8636329436d/library/std/src/panicking.rs:449:19
[INFO] [stderr]     30:     0x557a5d5ee1ee - std::panic::catch_unwind::hca7ca6c55b2a2e26
[INFO] [stderr]                                  at /rustc/1b7dd2252b99671ce5d1cb9664c5f8636329436d/library/std/src/panic.rs:140:14
[INFO] [stderr]     31:     0x557a5d5ee1ee - std::rt::lang_start_internal::h2c807a81560459eb
[INFO] [stderr]                                  at /rustc/1b7dd2252b99671ce5d1cb9664c5f8636329436d/library/std/src/rt.rs:148:20
[INFO] [stderr]     32:     0x557a5d55feb7 - std::rt::lang_start::h4ce4d908e012569b
[INFO] [stderr]     33:     0x557a5d55f605 - main
[INFO] [stderr]     34:     0x7f86b627ad90 - <unknown>
[INFO] [stderr]     35:     0x7f86b627ae40 - __libc_start_main
[INFO] [stderr]     36:     0x557a5d55e035 - _start
[INFO] [stderr]     37:                0x0 - <unknown>
[INFO] running `Command { std: "docker" "inspect" "22b860da394d8baffda658e73e7313616803a5c2cc6a65357ca412b3bcd5d506", kill_on_drop: false }`
[INFO] running `Command { std: "docker" "rm" "-f" "22b860da394d8baffda658e73e7313616803a5c2cc6a65357ca412b3bcd5d506", kill_on_drop: false }`
[INFO] [stdout] 22b860da394d8baffda658e73e7313616803a5c2cc6a65357ca412b3bcd5d506
