[INFO] cloning repository https://github.com/origolab/origo
[INFO] running `Command { std: "git" "-c" "credential.helper=" "-c" "credential.helper=/workspace/cargo-home/bin/git-credential-null" "clone" "--bare" "https://github.com/origolab/origo" "/workspace/cache/git-repos/https%3A%2F%2Fgithub.com%2Forigolab%2Forigo", kill_on_drop: false }`
[INFO] [stderr] Cloning into bare repository '/workspace/cache/git-repos/https%3A%2F%2Fgithub.com%2Forigolab%2Forigo'...
[INFO] running `Command { std: "git" "rev-parse" "HEAD", kill_on_drop: false }`
[INFO] [stdout] 852400bfd5595d9bfa103b0ebf4c47165a3e01f9
[INFO] documenting origolab/origo against beta-2023-04-20 for beta-1.70-rustdoc-1
[INFO] running `Command { std: "git" "clone" "/workspace/cache/git-repos/https%3A%2F%2Fgithub.com%2Forigolab%2Forigo" "/workspace/builds/worker-2-tc2/source", kill_on_drop: false }`
[INFO] [stderr] Cloning into '/workspace/builds/worker-2-tc2/source'...
[INFO] [stderr] done.
[INFO] validating manifest of git repo https://github.com/origolab/origo on toolchain beta-2023-04-20
[INFO] running `Command { std: CARGO_HOME="/workspace/cargo-home" RUSTUP_HOME="/workspace/rustup-home" "/workspace/cargo-home/bin/cargo" "+beta-2023-04-20" "metadata" "--manifest-path" "Cargo.toml" "--no-deps", kill_on_drop: false }`
[INFO] started tweaking git repo https://github.com/origolab/origo
[INFO] finished tweaking git repo https://github.com/origolab/origo
[INFO] tweaked toml for git repo https://github.com/origolab/origo written to /workspace/builds/worker-2-tc2/source/Cargo.toml
[INFO] crate git repo https://github.com/origolab/origo already has a lockfile, it will not be regenerated
[INFO] running `Command { std: CARGO_HOME="/workspace/cargo-home" RUSTUP_HOME="/workspace/rustup-home" "/workspace/cargo-home/bin/cargo" "+beta-2023-04-20" "fetch" "--manifest-path" "Cargo.toml", kill_on_drop: false }`
[INFO] [stderr]     Updating crates.io index
[INFO] [stderr]  Downloading crates ...
[INFO] [stderr]   Downloaded jemallocator v0.1.9
[INFO] [stderr]   Downloaded block-cipher-trait v0.5.3
[INFO] [stderr]   Downloaded fpe v0.1.0
[INFO] [stderr]   Downloaded aesni v0.4.1
[INFO] [stderr]   Downloaded trie-db v0.11.0
[INFO] [stderr]   Downloaded crypto_api_chachapoly v0.1.8
[INFO] [stderr]   Downloaded pwasm-utils v0.6.1
[INFO] [stderr]   Downloaded tokio-rustls v0.9.0
[INFO] [stderr]   Downloaded rlp v0.2.4
[INFO] [stderr]   Downloaded pretty_assertions v0.1.2
[INFO] [stderr]   Downloaded tokio-retry v0.1.1
[INFO] [stderr]   Downloaded opaque-debug v0.1.1
[INFO] [stderr]   Downloaded memory-db v0.11.0
[INFO] [stderr]   Downloaded local-encoding v0.2.0
[INFO] [stderr]   Downloaded itertools-num v0.1.2
[INFO] [stderr]   Downloaded trace-time v0.1.1
[INFO] [stderr]   Downloaded home v0.3.3
[INFO] [stderr]   Downloaded jsonrpc-ws-server v10.0.1
[INFO] [stderr]   Downloaded combine v3.6.1
[INFO] [stderr]   Downloaded parity-tokio-ipc v0.1.0
[INFO] [stderr]   Downloaded lunarity-lexer v0.1.0
[INFO] [stderr]   Downloaded kvdb-rocksdb v0.1.4
[INFO] [stderr]   Downloaded jsonrpc-tcp-server v10.0.1
[INFO] [stderr]   Downloaded toolshed v0.4.0
[INFO] [stderr]   Downloaded siphasher v0.1.3
[INFO] [stderr]   Downloaded jsonrpc-core v10.0.1
[INFO] [stderr]   Downloaded jsonrpc-pubsub v10.0.1
[INFO] [stderr]   Downloaded rustls v0.15.1
[INFO] [stderr]   Downloaded parity-snappy-sys v0.1.2
[INFO] [stderr]   Downloaded directories v1.0.2
[INFO] [stderr]   Downloaded parity-wordlist v1.2.1
[INFO] [stderr]   Downloaded rlp v0.3.0
[INFO] [stderr]   Downloaded jsonrpc-ipc-server v10.0.1
[INFO] [stderr]   Downloaded integer-encoding v1.0.5
[INFO] [stderr]   Downloaded multibase v0.6.0
[INFO] [stderr]   Downloaded cid v0.3.0
[INFO] [stderr]   Downloaded skeptic v0.4.0
[INFO] [stderr]   Downloaded sha1 v0.5.0
[INFO] [stderr]   Downloaded multihash v0.8.0
[INFO] [stderr]   Downloaded stream-cipher v0.1.1
[INFO] [stderr]   Downloaded aes v0.2.0
[INFO] [stderr]   Downloaded parity-path v0.1.1
[INFO] [stderr]   Downloaded parity-snappy v0.1.0
[INFO] [stderr]   Downloaded edit-distance v2.0.1
[INFO] [stderr]   Downloaded ring v0.14.3
[INFO] [stderr]   Downloaded jni v0.11.0
[INFO] [stderr]   Downloaded crunchy v0.2.1
[INFO] [stderr]   Downloaded ethabi-contract v6.0.0
[INFO] [stderr]   Downloaded parity-crypto v0.3.0
[INFO] [stderr]   Downloaded fixed-hash v0.2.2
[INFO] [stderr]   Downloaded trie-standardmap v0.1.1
[INFO] [stderr]   Downloaded elastic-array v0.10.0
[INFO] [stderr]   Downloaded protobuf v1.7.4
[INFO] [stderr]   Downloaded parity-rocksdb-sys v0.5.5
[INFO] [stderr]   Downloaded base-x v0.2.3
[INFO] [stderr]   Downloaded transaction-pool v2.0.0
[INFO] [stderr]   Downloaded hyper-rustls v0.16.0
[INFO] [stderr]   Downloaded triehash v0.4.0
[INFO] [stderr]   Downloaded igd v0.7.0
[INFO] [stderr]   Downloaded jsonrpc-server-utils v10.0.1
[INFO] [stderr]   Downloaded jsonrpc-derive v10.0.2
[INFO] [stderr]   Downloaded jemalloc-sys v0.1.8
[INFO] [stderr]   Downloaded parity-daemonize v0.3.0
[INFO] [stderr]   Downloaded rpassword v1.0.2
[INFO] [stderr]   Downloaded parity-rocksdb v0.5.0
[INFO] [stderr]   Downloaded ethbloom v0.5.0
[INFO] [stderr]   Downloaded vergen v0.1.1
[INFO] [stderr]   Downloaded transient-hashmap v0.4.1
[INFO] [stderr]   Downloaded failsafe v0.3.0
[INFO] [stderr]   Downloaded ethabi v6.1.0
[INFO] [stderr]   Downloaded ethabi-derive v6.0.2
[INFO] [stderr]   Downloaded xmltree v0.7.0
[INFO] [stderr]   Downloaded plain_hasher v0.2.0
[INFO] [stderr]   Downloaded hash-db v0.11.0
[INFO] [stderr]   Downloaded nan-preserving-float v0.1.0
[INFO] [stderr]   Downloaded wasmi v0.3.0
[INFO] [stderr]   Downloaded crypto_api v0.2.2
[INFO] [stderr]   Downloaded aes-soft v0.2.0
[INFO] [stderr]   Downloaded kvdb v0.1.0
[INFO] [stderr]   Downloaded kvdb-memorydb v0.1.0
[INFO] [stderr]   Downloaded docopt v1.0.2
[INFO] [stderr]   Downloaded parity-bytes v0.1.0
[INFO] [stderr]   Downloaded jsonrpc-http-server v10.0.1
[INFO] running `Command { std: "docker" "create" "-v" "/var/lib/crater-agent-workspace/builds/worker-2-tc2/target:/opt/rustwide/target:rw,Z" "-v" "/var/lib/crater-agent-workspace/builds/worker-2-tc2/source:/opt/rustwide/workdir:ro,Z" "-v" "/var/lib/crater-agent-workspace/cargo-home:/opt/rustwide/cargo-home:ro,Z" "-v" "/var/lib/crater-agent-workspace/rustup-home:/opt/rustwide/rustup-home:ro,Z" "-e" "SOURCE_DIR=/opt/rustwide/workdir" "-e" "CARGO_TARGET_DIR=/opt/rustwide/target" "-e" "CARGO_HOME=/opt/rustwide/cargo-home" "-e" "RUSTUP_HOME=/opt/rustwide/rustup-home" "-w" "/opt/rustwide/workdir" "-m" "1610612736" "--user" "0:0" "--network" "none" "ghcr.io/rust-lang/crates-build-env/linux@sha256:5ff2268d62e97bff2cde7d5815dd6ed5b47097566f13b8d0ca110b04b60e07ed" "/opt/rustwide/cargo-home/bin/cargo" "+beta-2023-04-20" "metadata" "--no-deps" "--format-version=1", kill_on_drop: false }`
[INFO] [stdout] b1cdc4cc069158328c86d297a385781a8031067ffd4d3e97c6fe5fd9e0d27334
[INFO] running `Command { std: "docker" "start" "-a" "b1cdc4cc069158328c86d297a385781a8031067ffd4d3e97c6fe5fd9e0d27334", kill_on_drop: false }`
[INFO] running `Command { std: "docker" "inspect" "b1cdc4cc069158328c86d297a385781a8031067ffd4d3e97c6fe5fd9e0d27334", kill_on_drop: false }`
[INFO] running `Command { std: "docker" "rm" "-f" "b1cdc4cc069158328c86d297a385781a8031067ffd4d3e97c6fe5fd9e0d27334", kill_on_drop: false }`
[INFO] [stdout] b1cdc4cc069158328c86d297a385781a8031067ffd4d3e97c6fe5fd9e0d27334
[INFO] running `Command { std: "docker" "create" "-v" "/var/lib/crater-agent-workspace/builds/worker-2-tc2/target:/opt/rustwide/target:rw,Z" "-v" "/var/lib/crater-agent-workspace/builds/worker-2-tc2/source:/opt/rustwide/workdir:ro,Z" "-v" "/var/lib/crater-agent-workspace/cargo-home:/opt/rustwide/cargo-home:ro,Z" "-v" "/var/lib/crater-agent-workspace/rustup-home:/opt/rustwide/rustup-home:ro,Z" "-e" "SOURCE_DIR=/opt/rustwide/workdir" "-e" "CARGO_TARGET_DIR=/opt/rustwide/target" "-e" "CARGO_INCREMENTAL=0" "-e" "RUST_BACKTRACE=full" "-e" "RUSTFLAGS=--cap-lints=warn" "-e" "RUSTDOCFLAGS=--cap-lints=warn" "-e" "CARGO_HOME=/opt/rustwide/cargo-home" "-e" "RUSTUP_HOME=/opt/rustwide/rustup-home" "-w" "/opt/rustwide/workdir" "-m" "1610612736" "--user" "0:0" "--network" "none" "ghcr.io/rust-lang/crates-build-env/linux@sha256:5ff2268d62e97bff2cde7d5815dd6ed5b47097566f13b8d0ca110b04b60e07ed" "/opt/rustwide/cargo-home/bin/cargo" "+beta-2023-04-20" "doc" "--frozen" "--no-deps" "--document-private-items" "--message-format=json", kill_on_drop: false }`
[INFO] [stdout] 35ef90d66a10c04b138256fb3a828af68a3fc96e0da523f908566b15cbed827e
[INFO] running `Command { std: "docker" "start" "-a" "35ef90d66a10c04b138256fb3a828af68a3fc96e0da523f908566b15cbed827e", kill_on_drop: false }`
[INFO] [stderr]    Compiling libc v0.2.62
[INFO] [stderr]    Compiling proc-macro2 v0.4.20
[INFO] [stderr]    Compiling unicode-xid v0.1.0
[INFO] [stderr]    Compiling serde v1.0.89
[INFO] [stderr]     Checking cfg-if v0.1.5
[INFO] [stderr]     Checking byteorder v1.2.6
[INFO] [stderr]     Checking lazy_static v1.3.0
[INFO] [stderr]    Compiling semver-parser v0.7.0
[INFO] [stderr]     Checking rand_core v0.3.0
[INFO] [stderr]    Compiling cc v1.0.28
[INFO] [stderr]    Compiling heapsize v0.4.2 (https://github.com/cheme/heapsize.git?branch=ec-macfix#421df390)
[INFO] [stderr]     Checking scopeguard v0.3.3
[INFO] [stderr]     Checking futures v0.1.25
[INFO] [stderr]     Checking void v1.0.2
[INFO] [stderr]    Compiling crunchy v0.1.6
[INFO] [stderr]     Checking nodrop v0.1.12
[INFO] [stderr]     Checking log v0.4.6
[INFO] [stderr]     Checking stable_deref_trait v1.1.1
[INFO] [stderr]     Checking unreachable v1.0.0
[INFO] [stderr]    Compiling version_check v0.1.5
[INFO] [stderr]     Checking arrayvec v0.4.7
[INFO] [stderr]     Checking rustc-hex v1.0.0
[INFO] [stderr]     Checking rand_core v0.2.2
[INFO] [stderr]     Checking owning_ref v0.3.3
[INFO] [stderr]     Checking smallvec v0.6.5
[INFO] [stderr]    Compiling num-traits v0.2.6
[INFO] [stderr]     Checking rustc-hex v2.0.1
[INFO] [stderr]     Checking memoffset v0.2.1
[INFO] [stderr]    Compiling ryu v0.2.6
[INFO] [stderr]     Checking lock_api v0.1.4
[INFO] [stderr]     Checking crossbeam-utils v0.5.0
[INFO] [stderr]     Checking slab v0.4.1
[INFO] [stderr]    Compiling num-integer v0.1.39
[INFO] [stderr]     Checking itoa v0.4.3
[INFO] [stderr]     Checking lazycell v1.2.0
[INFO] [stderr]     Checking rand_hc v0.1.0
[INFO] [stderr]     Checking crossbeam-epoch v0.5.2
[INFO] [stderr]     Checking rand_xorshift v0.1.0
[INFO] [stderr]     Checking tiny-keccak v1.4.2
[INFO] [stderr]     Checking rand_isaac v0.1.1
[INFO] [stderr]    Compiling memchr v2.1.0
[INFO] [stderr]     Checking untrusted v0.6.2
[INFO] [stderr]    Compiling typenum v1.10.0
[INFO] [stderr]     Checking uint v0.4.1
[INFO] [stderr]     Checking parity-bytes v0.1.0
[INFO] [stderr]    Compiling num-bigint v0.2.2
[INFO] [stderr]     Checking crossbeam-deque v0.6.1
[INFO] [stderr]    Compiling gcc v0.3.55
[INFO] [stderr]     Checking ucd-util v0.1.1
[INFO] [stderr]     Checking fnv v1.0.6
[INFO] [stderr]    Compiling quote v0.6.8
[INFO] [stderr]     Checking either v1.5.0
[INFO] [stderr]     Checking elastic-array v0.10.0
[INFO] [stderr]     Checking thread_local v0.3.6
[INFO] [stderr]     Checking utf8-ranges v1.0.1
[INFO] [stderr]    Compiling ring v0.14.3
[INFO] [stderr]    Compiling backtrace-sys v0.1.24
[INFO] [stderr]    Compiling syn v0.15.26
[INFO] [stderr]     Checking rand v0.4.3
[INFO] [stderr]     Checking rand v0.5.5
[INFO] [stderr]     Checking num_cpus v1.10.0
[INFO] [stderr]     Checking iovec v0.1.2
[INFO] [stderr]     Checking net2 v0.2.33
[INFO] [stderr]     Checking tokio-executor v0.1.5
[INFO] [stderr]     Checking time v0.1.40
[INFO] [stderr]     Checking bytes v0.4.10
[INFO] [stderr]     Checking futures-cpupool v0.1.8
[INFO] [stderr]     Checking rustc-serialize v0.3.24
[INFO] [stderr]     Checking tokio-current-thread v0.1.3
[INFO] [stderr]     Checking mio v0.6.16
[INFO] [stderr]     Checking tokio-timer v0.2.7
[INFO] [stderr]     Checking byte-tools v0.2.0
[INFO] [stderr]    Compiling syn v0.14.9
[INFO] [stderr]     Checking tokio-io v0.1.9
[INFO] [stderr]     Checking aho-corasick v0.6.8
[INFO] [stderr]     Checking bit-vec v0.4.4
[INFO] [stderr]     Checking fixed-hash v0.2.2
[INFO] [stderr]     Checking rand v0.3.22
[INFO] [stderr]    Compiling regex v1.1.2
[INFO] [stderr]     Checking quick-error v1.2.2
[INFO] [stderr]    Compiling rust-crypto v0.2.36
[INFO] [stderr]    Compiling eth-secp256k1 v0.5.7 (https://github.com/paritytech/rust-secp256k1#ccc06e74)
[INFO] [stderr]     Checking constant_time_eq v0.1.3
[INFO] [stderr]     Checking mio-uds v0.6.7
[INFO] [stderr]     Checking hash-db v0.11.0
[INFO] [stderr]     Checking tokio-codec v0.1.1
[INFO] [stderr]     Checking rustc-demangle v0.1.9
[INFO] [stderr]     Checking tokio-threadpool v0.1.7
[INFO] [stderr]     Checking itertools v0.5.10
[INFO] [stderr]    Compiling unicase v2.2.0
[INFO] [stderr]     Checking opaque-debug v0.1.1
[INFO] [stderr]     Checking backtrace v0.3.9
[INFO] [stderr]     Checking generic-array v0.9.0
[INFO] [stderr]    Compiling httparse v1.3.3
[INFO] [stderr]     Checking blake2-rfc v0.2.18 (https://github.com/gtank/blake2-rfc?rev=7a5b5fc99ae483a0043db7547fb79a6fa44b88a9#7a5b5fc9)
[INFO] [stderr]     Checking regex-syntax v0.6.2
[INFO] [stderr]     Checking plain_hasher v0.2.0
[INFO] [stderr]    Compiling cmake v0.1.35
[INFO] [stderr]     Checking digest v0.7.6
[INFO] [stderr]     Checking block-cipher-trait v0.5.3
[INFO] [stderr]     Checking tokio-fs v0.1.3
[INFO] [stderr]     Checking edit-distance v2.0.1
[INFO] [stderr]     Checking crossbeam v0.3.2
[INFO] [stderr]     Checking memzero v0.1.0 (/opt/rustwide/workdir/util/memzero)
[INFO] [stderr]     Checking aes-soft v0.2.0
[INFO] [stderr]     Checking crypto_api v0.2.2
[INFO] [stderr]     Checking percent-encoding v1.0.1
[INFO] [stderr]     Checking parity-wordlist v1.2.1
[INFO] [stderr]     Checking aes v0.2.0
[INFO] [stderr]    Compiling parity-snappy-sys v0.1.2
[INFO] [stderr]     Checking crypto_api_chachapoly v0.1.8
[INFO] [stderr]     Checking chacha20-poly1305-aead v0.1.2 (https://github.com/gtank/chacha20-poly1305-aead?rev=aefc71f95e8bc43f2070e3c5b08130d9c86bbf4f#aefc71f9)
[INFO] [stderr]     Checking kvdb v0.1.0
[INFO] [stderr]     Checking hex v0.3.2
[INFO] [stderr]     Checking matches v0.1.8
[INFO] [stderr]     Checking unicode-normalization v0.1.7
[INFO] [stderr]     Checking unicode-bidi v0.3.4
[INFO] [stderr]    Compiling unicode-width v0.1.5
[INFO] [stderr]     Checking error-chain v0.12.0
[INFO] [stderr]     Checking directories v1.0.2
[INFO] [stderr]    Compiling getopts v0.2.18
[INFO] [stderr]     Checking indexmap v1.0.2
[INFO] [stderr]    Compiling remove_dir_all v0.5.1
[INFO] [stderr]     Checking http v0.1.15
[INFO] [stderr]    Compiling pulldown-cmark v0.0.3
[INFO] [stderr]     Checking string v0.1.1
[INFO] [stderr]    Compiling tempdir v0.3.7
[INFO] [stderr]     Checking fpe v0.1.0
[INFO] [stderr]     Checking try-lock v0.2.2
[INFO] [stderr]     Checking tokio-service v0.1.0
[INFO] [stderr]     Checking base64 v0.10.1
[INFO] [stderr]     Checking want v0.0.6
[INFO] [stderr]    Compiling failure_derive v0.1.3
[INFO] [stderr]     Checking unexpected v0.1.0 (/opt/rustwide/workdir/util/unexpected)
[INFO] [stderr]    Compiling skeptic v0.4.0
[INFO] [stderr]     Checking memory-db v0.11.0
[INFO] [stderr]     Checking chrono v0.4.6
[INFO] [stderr]    Compiling unicase v1.4.2
[INFO] [stderr]     Checking webpki v0.19.1
[INFO] [stderr]     Checking sct v0.5.0
[INFO] [stderr]    Compiling ff_derive v0.3.0 (/opt/rustwide/workdir/ct-lib/ff/ff_derive)
[INFO] [stderr]     Checking crossbeam-utils v0.2.2
[INFO] [stderr]     Checking xdg v2.1.0
[INFO] [stderr]    Compiling rayon-core v1.4.1
[INFO] [stderr]    Compiling local-encoding v0.2.0
[INFO] [stderr]    Compiling regex v0.2.11
[INFO] [stderr]     Checking rustls v0.15.1
[INFO] [stderr]     Checking crossbeam-epoch v0.3.1
[INFO] [stderr]     Checking app_dirs v1.2.1 (https://github.com/paritytech/app-dirs-rs#0b37f948)
[INFO] [stderr]     Checking webpki-roots v0.16.0
[INFO] [stderr]     Checking ct-logs v0.5.1
[INFO] [stderr]    Compiling parity-rocksdb-sys v0.5.5
[INFO] [stderr]     Checking regex-syntax v0.5.6
[INFO] [stderr]     Checking home v0.3.3
[INFO] [stderr]     Checking idna v0.1.5
[INFO] [stderr]     Checking timer v0.2.0
[INFO] [stderr]     Checking hamming v0.1.3
[INFO] [stderr]    Compiling unicode-segmentation v1.2.1
[INFO] [stderr]     Checking linked-hash-map v0.5.1
[INFO] [stderr]     Checking primal-bit v0.2.4
[INFO] [stderr]     Checking crossbeam-deque v0.2.0
[INFO] [stderr]     Checking bit-set v0.4.0
[INFO] [stderr]    Compiling rayon v1.0.2
[INFO] [stderr]     Checking ansi_term v0.10.2
[INFO] [stderr]     Checking primal-estimate v0.2.1
[INFO] [stderr]    Compiling heck v0.3.0
[INFO] [stderr]     Checking primal-sieve v0.2.9
[INFO] [stderr]     Checking lru-cache v0.1.2
[INFO] [stderr]    Compiling synstructure v0.10.1
[INFO] [stderr]     Checking h2 v0.1.12
[INFO] [stderr]     Checking primal-check v0.2.3
[INFO] [stderr]     Checking parity-wasm v0.31.3
[INFO] [stderr]     Checking globset v0.4.2
[INFO] [stderr]     Checking crossbeam-utils v0.6.2
[INFO] [stderr]     Checking ethabi-contract v6.0.0
[INFO] [stderr]    Compiling crunchy v0.2.1
[INFO] [stderr]     Checking url v1.7.1
[INFO] [stderr]    Compiling num-iter v0.1.37
[INFO] [stderr]     Checking crossbeam-epoch v0.6.1
[INFO] [stderr]     Checking primal v0.2.3
[INFO] [stderr]     Checking tokio-rustls v0.9.0
[INFO] [stderr]     Checking mime v0.3.12
[INFO] [stderr]    Compiling rust-crypto v0.2.36 (https://github.com/nikvolf/rust-crypto?branch=no-pad#4acc67cb)
[INFO] [stderr]     Checking fs-swap v0.2.4
[INFO] [stderr]     Checking parity-crypto v0.3.0
[INFO] [stderr]     Checking memmap v0.6.2
[INFO] [stderr]     Checking trace-time v0.1.1
[INFO] [stderr]     Checking log v0.3.9
[INFO] [stderr]     Checking interleaved-ordered v0.1.1
[INFO] [stderr]     Checking scoped-tls v0.1.2
[INFO] [stderr]     Checking bitflags v1.0.4
[INFO] [stderr]     Checking nan-preserving-float v0.1.0
[INFO] [stderr]     Checking memory_units v0.3.0
[INFO] [stderr]     Checking bech32 v0.6.0
[INFO] [stderr]     Checking transaction-pool v2.0.0
[INFO] [stderr]     Checking memory-cache v0.1.0 (/opt/rustwide/workdir/util/memory-cache)
[INFO] [stderr]     Checking num-bigint v0.1.44
[INFO] [stderr]     Checking num-traits v0.1.43
[INFO] [stderr]     Checking pwasm-utils v0.6.1
[INFO] [stderr]     Checking wasmi v0.3.0
[INFO] [stderr]     Checking crossbeam-deque v0.5.2
[INFO] [stderr]     Checking ff v0.4.0 (/opt/rustwide/workdir/ct-lib/ff)
[INFO] [stderr]     Checking siphasher v0.1.3
[INFO] [stderr]     Checking try-lock v0.1.0
[INFO] [stderr]     Checking time-utils v0.1.0 (/opt/rustwide/workdir/util/time-utils)
[INFO] [stderr]     Checking safemem v0.3.0
[INFO] [stdout] warning: anonymous parameters are deprecated and will be removed in the next edition
[INFO] [stdout]    --> ct-lib/ff/src/lib.rs:266:18
[INFO] [stdout]     |
[INFO] [stdout] 266 |     fn from_repr(Self::Repr) -> Result<Self, PrimeFieldDecodingError>;
[INFO] [stdout]     |                  ^^^^^^^^^^ help: try naming the parameter or explicitly ignoring it: `_: Self::Repr`
[INFO] [stdout]     |
[INFO] [stdout]     = warning: this is accepted in the current edition (Rust 2015) but is a hard error in Rust 2018!
[INFO] [stdout]     = note: for more information, see issue #41686 <https://github.com/rust-lang/rust/issues/41686>
[INFO] [stdout]     = note: `#[warn(anonymous_parameters)]` on by default
[INFO] [stdout] 
[INFO] [stdout] 
[INFO] [stderr]     Checking ipnetwork v0.12.8
[INFO] [stdout] warning: 1 warning emitted
[INFO] [stdout] 
[INFO] [stdout] 
[INFO] [stderr]    Compiling siphasher v0.2.3
[INFO] [stderr]     Checking slab v0.3.0
[INFO] [stderr]     Checking group v0.1.0 (/opt/rustwide/workdir/ct-lib/group)
[INFO] [stderr]     Checking macros v0.1.0 (/opt/rustwide/workdir/util/macros)
[INFO] [stderr]     Checking base64 v0.9.3
[INFO] [stderr]     Checking ethcore-bloom-journal v0.1.0 (/opt/rustwide/workdir/util/bloom)
[INFO] [stderr]     Checking want v0.0.4
[INFO] [stderr]     Checking bn v0.4.4 (https://github.com/paritytech/bn#2a71dbde)
[INFO] [stdout] warning: use of deprecated method `std::error::Error::description`: use the Display impl or to_string()
[INFO] [stdout]    --> ct-lib/group/src/lib.rs:193:39
[INFO] [stdout]     |
[INFO] [stdout] 193 |             _ => write!(f, "{}", self.description()),
[INFO] [stdout]     |                                       ^^^^^^^^^^^
[INFO] [stdout]     |
[INFO] [stdout]     = note: `#[warn(deprecated)]` on by default
[INFO] [stdout] 
[INFO] [stdout] 
[INFO] [stderr]    Compiling phf_shared v0.7.23
[INFO] [stdout] warning: 1 warning emitted
[INFO] [stdout] 
[INFO] [stdout] 
[INFO] [stderr]     Checking pairing v0.14.2 (/opt/rustwide/workdir/ct-lib/pairing)
[INFO] [stderr]     Checking xml-rs v0.7.0
[INFO] [stderr]     Checking relay v0.1.1
[INFO] [stderr]     Checking stats v0.1.0 (/opt/rustwide/workdir/util/stats)
[INFO] [stderr]     Checking language-tags v0.2.2
[INFO] [stderr]     Checking using_queue v0.1.0 (/opt/rustwide/workdir/miner/using-queue)
[INFO] [stdout] warning: anonymous parameters are deprecated and will be removed in the next edition
[INFO] [stdout]   --> ct-lib/pairing/src/lib.rs:91:29
[INFO] [stdout]    |
[INFO] [stdout] 91 |     fn final_exponentiation(&Self::Fqk) -> Option<Self::Fqk>;
[INFO] [stdout]    |                             ^^^^^^^^^^ help: try naming the parameter or explicitly ignoring it: `_: &Self::Fqk`
[INFO] [stdout]    |
[INFO] [stdout]    = warning: this is accepted in the current edition (Rust 2015) but is a hard error in Rust 2018!
[INFO] [stdout]    = note: for more information, see issue #41686 <https://github.com/rust-lang/rust/issues/41686>
[INFO] [stdout]    = note: `#[warn(anonymous_parameters)]` on by default
[INFO] [stdout] 
[INFO] [stdout] 
[INFO] [stderr]     Checking tokio-timer v0.1.2
[INFO] [stderr]     Checking parity-snappy v0.1.0
[INFO] [stderr]     Checking num v0.1.42
[INFO] [stderr]    Compiling libusb-sys v0.2.4 (https://github.com/paritytech/libusb-sys#1d33d984)
[INFO] [stderr]     Checking parity-path v0.1.1
[INFO] [stdout] warning: this method call resolves to `<&[T; N] as IntoIterator>::into_iter` (due to backwards compatibility), but will resolve to <[T; N] as IntoIterator>::into_iter in Rust 2021
[INFO] [stdout]    --> ct-lib/pairing/src/lib.rs:100:62
[INFO] [stdout]     |
[INFO] [stdout] 100 |             [(&(p.into().prepare()), &(q.into().prepare()))].into_iter(),
[INFO] [stdout]     |                                                              ^^^^^^^^^
[INFO] [stdout]     |
[INFO] [stdout]     = warning: this changes meaning in Rust 2021
[INFO] [stdout]     = note: for more information, see <https://doc.rust-lang.org/nightly/edition-guide/rust-2021/IntoIterator-for-arrays.html>
[INFO] [stdout]     = note: `#[warn(array_into_iter)]` on by default
[INFO] [stdout] help: use `.iter()` instead of `.into_iter()` to avoid ambiguity
[INFO] [stdout]     |
[INFO] [stdout] 100 |             [(&(p.into().prepare()), &(q.into().prepare()))].iter(),
[INFO] [stdout]     |                                                              ~~~~
[INFO] [stdout] help: or use `IntoIterator::into_iter(..)` instead of `.into_iter()` to explicitly iterate by value
[INFO] [stdout]     |
[INFO] [stdout] 100 |             IntoIterator::into_iter([(&(p.into().prepare()), &(q.into().prepare()))]),
[INFO] [stdout]     |             ++++++++++++++++++++++++                                                ~
[INFO] [stdout] 
[INFO] [stdout] 
[INFO] [stdout] warning: 2 warnings emitted
[INFO] [stdout] 
[INFO] [stdout] 
[INFO] [stderr]     Checking bellman v0.1.0 (/opt/rustwide/workdir/ct-lib/bellman)
[INFO] [stderr]     Checking xmltree v0.7.0
[INFO] [stderr]     Checking arrayref v0.3.5
[INFO] [stderr]    Compiling winapi v0.3.6
[INFO] [stdout] warning: trait objects without an explicit `dyn` are deprecated
[INFO] [stdout]    --> ct-lib/bellman/src/multiexp.rs:142:10
[INFO] [stdout]     |
[INFO] [stdout] 142 | ) -> Box<Future<Item=<G as CurveAffine>::Projective, Error=SynthesisError>>
[INFO] [stdout]     |          ^^^^^^^^^^^^^^^^^^^^^^^^^^^^^^^^^^^^^^^^^^^^^^^^^^^^^^^^^^^^^^^^^
[INFO] [stdout]     |
[INFO] [stdout]     = warning: this is accepted in the current edition (Rust 2015) but is a hard error in Rust 2021!
[INFO] [stdout]     = note: for more information, see <https://doc.rust-lang.org/nightly/edition-guide/rust-2021/warnings-promoted-to-error.html>
[INFO] [stdout]     = note: `#[warn(bare_trait_objects)]` on by default
[INFO] [stdout] help: use `dyn`
[INFO] [stdout]     |
[INFO] [stdout] 142 | ) -> Box<dyn Future<Item=<G as CurveAffine>::Projective, Error=SynthesisError>>
[INFO] [stdout]     |          +++
[INFO] [stdout] 
[INFO] [stdout] 
[INFO] [stdout] warning: trait objects without an explicit `dyn` are deprecated
[INFO] [stdout]    --> ct-lib/bellman/src/multiexp.rs:236:10
[INFO] [stdout]     |
[INFO] [stdout] 236 | ) -> Box<Future<Item=<G as CurveAffine>::Projective, Error=SynthesisError>>
[INFO] [stdout]     |          ^^^^^^^^^^^^^^^^^^^^^^^^^^^^^^^^^^^^^^^^^^^^^^^^^^^^^^^^^^^^^^^^^
[INFO] [stdout]     |
[INFO] [stdout]     = warning: this is accepted in the current edition (Rust 2015) but is a hard error in Rust 2021!
[INFO] [stdout]     = note: for more information, see <https://doc.rust-lang.org/nightly/edition-guide/rust-2021/warnings-promoted-to-error.html>
[INFO] [stdout] help: use `dyn`
[INFO] [stdout]     |
[INFO] [stdout] 236 | ) -> Box<dyn Future<Item=<G as CurveAffine>::Projective, Error=SynthesisError>>
[INFO] [stdout]     |          +++
[INFO] [stdout] 
[INFO] [stdout] 
[INFO] [stderr]     Checking slab v0.2.0
[INFO] [stderr]    Compiling bitflags v0.7.0
[INFO] [stderr]    Compiling protobuf v1.7.4
[INFO] [stderr]     Checking block-buffer v0.3.3
[INFO] [stderr]    Compiling vergen v0.1.1
[INFO] [stderr]    Compiling serde_derive v1.0.89
[INFO] [stdout] warning: use of deprecated method `std::error::Error::description`: use the Display impl or to_string()
[INFO] [stdout]    --> ct-lib/bellman/src/lib.rs:219:34
[INFO] [stdout]     |
[INFO] [stdout] 219 |             write!(f, "{}", self.description())
[INFO] [stdout]     |                                  ^^^^^^^^^^^
[INFO] [stdout]     |
[INFO] [stdout]     = note: `#[warn(deprecated)]` on by default
[INFO] [stdout] 
[INFO] [stdout] 
[INFO] [stderr]    Compiling rlp_derive v0.1.0 (/opt/rustwide/workdir/util/rlp-derive)
[INFO] [stderr]    Compiling phf_generator v0.7.23
[INFO] [stdout] warning: this method call resolves to `<&[T; N] as IntoIterator>::into_iter` (due to backwards compatibility), but will resolve to <[T; N] as IntoIterator>::into_iter in Rust 2021
[INFO] [stdout]   --> ct-lib/bellman/src/groth16/verifier.rs:61:11
[INFO] [stdout]    |
[INFO] [stdout] 61 |         ].into_iter())
[INFO] [stdout]    |           ^^^^^^^^^
[INFO] [stdout]    |
[INFO] [stdout]    = warning: this changes meaning in Rust 2021
[INFO] [stdout]    = note: for more information, see <https://doc.rust-lang.org/nightly/edition-guide/rust-2021/IntoIterator-for-arrays.html>
[INFO] [stdout]    = note: `#[warn(array_into_iter)]` on by default
[INFO] [stdout] help: use `.iter()` instead of `.into_iter()` to avoid ambiguity
[INFO] [stdout]    |
[INFO] [stdout] 61 |         ].iter())
[INFO] [stdout]    |           ~~~~
[INFO] [stdout] help: or use `IntoIterator::into_iter(..)` instead of `.into_iter()` to explicitly iterate by value
[INFO] [stdout]    |
[INFO] [stdout] 57 ~         &E::miller_loop(IntoIterator::into_iter([
[INFO] [stdout] 58 |             (&proof.a.prepare(), &proof.b.prepare()),
[INFO] [stdout] 59 |             (&acc.into_affine().prepare(), &pvk.neg_gamma_g2),
[INFO] [stdout] 60 |             (&proof.c.prepare(), &pvk.neg_delta_g2)
[INFO] [stdout] 61 ~         ]))
[INFO] [stdout]    |
[INFO] [stdout] 
[INFO] [stdout] 
[INFO] [stdout] warning: 4 warnings emitted
[INFO] [stdout] 
[INFO] [stdout] 
[INFO] [stderr]    Compiling phf_codegen v0.7.23
[INFO] [stderr]    Compiling hidapi v0.3.1 (https://github.com/paritytech/hidapi-rs#d4d32376)
[INFO] [stderr]     Checking fake-simd v0.1.2
[INFO] [stderr]    Compiling mime_guess v2.0.0-alpha.6
[INFO] [stderr]     Checking phf v0.7.23
[INFO] [stderr]     Checking sha2 v0.7.1
[INFO] [stderr]     Checking enum_primitive v0.1.1
[INFO] [stderr]     Checking socket2 v0.3.8
[INFO] [stderr]     Checking atty v0.2.11
[INFO] [stderr]     Checking fxhash v0.2.1
[INFO] [stderr]     Checking base-x v0.2.3
[INFO] [stderr]     Checking sha1 v0.5.0
[INFO] [stderr]     Checking mio-named-pipes v0.1.6
[INFO] [stdout] error[E0512]: cannot transmute between types of different sizes, or dependently-sized types
[INFO] [stdout]    --> /opt/rustwide/cargo-home/registry/src/index.crates.io-6f17d22bba15001f/socket2-0.3.8/src/sockaddr.rs:153:9
[INFO] [stdout]     |
[INFO] [stdout] 153 |         mem::transmute::<SocketAddrV4, sockaddr_in>(v4);
[INFO] [stdout]     |         ^^^^^^^^^^^^^^^^^^^^^^^^^^^^^^^^^^^^^^^^^^^
[INFO] [stdout]     |
[INFO] [stdout]     = note: source type: `SocketAddrV4` (48 bits)
[INFO] [stdout]     = note: target type: `sockaddr_in` (128 bits)
[INFO] [stdout] 
[INFO] [stdout] 
[INFO] [stderr]     Checking toolshed v0.4.0
[INFO] [stdout] error: aborting due to previous error
[INFO] [stdout] 
[INFO] [stdout] 
[INFO] [stdout] For more information about this error, try `rustc --explain E0512`.
[INFO] [stdout] 
[INFO] [stderr] error: could not compile `socket2` (lib) due to 2 previous errors
[INFO] [stderr] warning: build failed, waiting for other jobs to finish...
[INFO] [stderr] error: could not compile `rust-crypto` (lib)
[INFO] [stderr] 
[INFO] [stderr] Caused by:
[INFO] [stderr]   process didn't exit successfully: `rustc --crate-name crypto /opt/rustwide/cargo-home/git/checkouts/rust-crypto-789c598f8ee42492/4acc67c/src/lib.rs --error-format=json --json=diagnostic-rendered-ansi,artifacts,future-incompat --crate-type lib --emit=dep-info,metadata -C embed-bitcode=no -C debuginfo=2 -C metadata=d2f53a3cab3f77a6 -C extra-filename=-d2f53a3cab3f77a6 --out-dir /opt/rustwide/target/debug/deps -L dependency=/opt/rustwide/target/debug/deps --extern libc=/opt/rustwide/target/debug/deps/liblibc-9b2403a4d3140a4e.rmeta --extern rand=/opt/rustwide/target/debug/deps/librand-b6175e36f12985d6.rmeta --extern rustc_serialize=/opt/rustwide/target/debug/deps/librustc_serialize-133015b43c1c35be.rmeta --extern time=/opt/rustwide/target/debug/deps/libtime-e4e969abb5c570b9.rmeta --cap-lints allow --cap-lints=warn -L native=/opt/rustwide/target/debug/build/rust-crypto-0a8d7d627c8061d5/out -l static=_rust_crypto_helpers` (signal: 9, SIGKILL: kill)
[INFO] [stderr] error: could not compile `regex-syntax` (lib)
[INFO] [stderr] 
[INFO] [stderr] Caused by:
[INFO] [stderr]   process didn't exit successfully: `rustc --crate-name regex_syntax /opt/rustwide/cargo-home/registry/src/index.crates.io-6f17d22bba15001f/regex-syntax-0.6.2/src/lib.rs --error-format=json --json=diagnostic-rendered-ansi,artifacts,future-incompat --crate-type lib --emit=dep-info,metadata,link -C embed-bitcode=no -C metadata=ede2362933307aa5 -C extra-filename=-ede2362933307aa5 --out-dir /opt/rustwide/target/debug/deps -L dependency=/opt/rustwide/target/debug/deps --extern ucd_util=/opt/rustwide/target/debug/deps/libucd_util-c366c2844e409cf7.rmeta --cap-lints allow --cap-lints=warn` (signal: 9, SIGKILL: kill)
[INFO] [stderr] error: could not compile `serde_derive` (lib)
[INFO] [stderr] 
[INFO] [stderr] Caused by:
[INFO] [stderr]   process didn't exit successfully: `rustc --crate-name serde_derive /opt/rustwide/cargo-home/registry/src/index.crates.io-6f17d22bba15001f/serde_derive-1.0.89/src/lib.rs --error-format=json --json=diagnostic-rendered-ansi,artifacts,future-incompat --crate-type proc-macro --emit=dep-info,link -C prefer-dynamic -C embed-bitcode=no --cfg 'feature="default"' -C metadata=27b4f0c8ce110882 -C extra-filename=-27b4f0c8ce110882 --out-dir /opt/rustwide/target/debug/deps -L dependency=/opt/rustwide/target/debug/deps --extern proc_macro2=/opt/rustwide/target/debug/deps/libproc_macro2-42bfde1051bcc1b2.rlib --extern quote=/opt/rustwide/target/debug/deps/libquote-e86b343600f00545.rlib --extern syn=/opt/rustwide/target/debug/deps/libsyn-ba92f7a1e15a1233.rlib --extern proc_macro --cap-lints allow --cap-lints=warn` (signal: 9, SIGKILL: kill)
[INFO] [stderr] error: could not compile `protobuf` (lib)
[INFO] [stderr] 
[INFO] [stderr] Caused by:
[INFO] [stderr]   process didn't exit successfully: `rustc --crate-name protobuf /opt/rustwide/cargo-home/registry/src/index.crates.io-6f17d22bba15001f/protobuf-1.7.4/src/lib.rs --error-format=json --json=diagnostic-rendered-ansi,artifacts,future-incompat --crate-type lib --emit=dep-info,metadata -C embed-bitcode=no -C debuginfo=2 -C metadata=b6e3521957f2d18d -C extra-filename=-b6e3521957f2d18d --out-dir /opt/rustwide/target/debug/deps -L dependency=/opt/rustwide/target/debug/deps --cap-lints allow --cap-lints=warn` (signal: 9, SIGKILL: kill)
[INFO] [stderr] error: failed to run custom build command for `parity-rocksdb-sys v0.5.5`
[INFO] [stderr] note: To improve backtraces for build dependencies, set the CARGO_PROFILE_DEV_BUILD_OVERRIDE_DEBUG=true environment variable to enable debug information generation.
[INFO] [stderr] 
[INFO] [stderr] Caused by:
[INFO] [stderr]   process didn't exit successfully: `/opt/rustwide/target/debug/build/parity-rocksdb-sys-fcdef45d91dae549/build-script-build` (exit status: 101)
[INFO] [stderr]   --- stdout
[INFO] [stderr]   running: cd "/opt/rustwide/target/debug/build/parity-rocksdb-sys-b56a79fed3e7d6f0/out/build" && CMAKE_PREFIX_PATH="/opt/rustwide/target/debug/build/parity-snappy-sys-41200d4f42b0b32e/out:" "cmake" "/opt/rustwide/cargo-home/registry/src/index.crates.io-6f17d22bba15001f/parity-rocksdb-sys-0.5.5/rocksdb" "-DCMAKE_VERBOSE_MAKEFILE=ON" "-DWITH_SNAPPY=ON" "-DFAIL_ON_WARNINGS=OFF" "-DSNAPPY_INCLUDE_DIR=/opt/rustwide/target/debug/build/parity-snappy-sys-41200d4f42b0b32e/out/build" "-DSNAPPY_LIBRARIES=/dev/null" "-DPORTABLE=ON" "-DCMAKE_INSTALL_PREFIX=/opt/rustwide/target/debug/build/parity-rocksdb-sys-b56a79fed3e7d6f0/out" "-DCMAKE_C_FLAGS= -ffunction-sections -fdata-sections -fPIC -m64" "-DCMAKE_C_COMPILER=/usr/bin/cc" "-DCMAKE_CXX_FLAGS= -ffunction-sections -fdata-sections -fPIC -m64" "-DCMAKE_CXX_COMPILER=/usr/bin/c++" "-DCMAKE_BUILD_TYPE=Debug"
[INFO] [stderr]   -- The C compiler identification is GNU 11.3.0
[INFO] [stderr]   -- The CXX compiler identification is GNU 11.3.0
[INFO] [stderr]   -- Detecting C compiler ABI info
[INFO] [stderr]   -- Detecting C compiler ABI info - done
[INFO] [stderr]   -- Check for working C compiler: /usr/bin/cc - skipped
[INFO] [stderr]   -- Detecting C compile features
[INFO] [stderr]   -- Detecting C compile features - done
[INFO] [stderr]   -- Detecting CXX compiler ABI info
[INFO] [stderr]   -- Detecting CXX compiler ABI info - done
[INFO] [stderr]   -- Check for working CXX compiler: /usr/bin/c++ - skipped
[INFO] [stderr]   -- Detecting CXX compile features
[INFO] [stderr]   -- Detecting CXX compile features - done
[INFO] [stderr]   -- The ASM compiler identification is GNU
[INFO] [stderr]   -- Found assembler: /usr/bin/cc
[INFO] [stderr]   -- Found snappy: /dev/null  
[INFO] [stderr]   -- Found Git: /usr/bin/git (found version "2.34.1") 
[INFO] [stderr]   -- Enabling RTTI in Debug builds only (default)
[INFO] [stderr]   -- Looking for malloc_usable_size
[INFO] [stderr]   -- Looking for malloc_usable_size - found
[INFO] [stderr]   -- Looking for sched_getcpu
[INFO] [stderr]   -- Looking for sched_getcpu - found
[INFO] [stderr]   -- Looking for pthread.h
[INFO] [stderr]   -- Looking for pthread.h - found
[INFO] [stderr]   -- Performing Test CMAKE_HAVE_LIBC_PTHREAD
[INFO] [stderr]   -- Performing Test CMAKE_HAVE_LIBC_PTHREAD - Success
[INFO] [stderr]   -- Found Threads: TRUE  
[INFO] [stderr]   -- JNI library is disabled
[INFO] [stderr]   -- Configuring done
[INFO] [stderr]   -- Generating done
[INFO] [stderr]   -- Build files have been written to: /opt/rustwide/target/debug/build/parity-rocksdb-sys-b56a79fed3e7d6f0/out/build
[INFO] [stderr]   running: cd "/opt/rustwide/target/debug/build/parity-rocksdb-sys-b56a79fed3e7d6f0/out/build" && MAKEFLAGS="-j --jobserver-fds=7,8 --jobserver-auth=7,8" "cmake" "--build" "." "--target" "rocksdb" "--config" "Debug" "--"
[INFO] [stderr]   /usr/bin/cmake -S/opt/rustwide/cargo-home/registry/src/index.crates.io-6f17d22bba15001f/parity-rocksdb-sys-0.5.5/rocksdb -B/opt/rustwide/target/debug/build/parity-rocksdb-sys-b56a79fed3e7d6f0/out/build --check-build-system CMakeFiles/Makefile.cmake 0
[INFO] [stderr]   /usr/bin/gmake  -f CMakeFiles/Makefile2 rocksdb
[INFO] [stderr]   gmake[1]: Entering directory '/opt/rustwide/target/debug/build/parity-rocksdb-sys-b56a79fed3e7d6f0/out/build'
[INFO] [stderr]   /usr/bin/cmake -S/opt/rustwide/cargo-home/registry/src/index.crates.io-6f17d22bba15001f/parity-rocksdb-sys-0.5.5/rocksdb -B/opt/rustwide/target/debug/build/parity-rocksdb-sys-b56a79fed3e7d6f0/out/build --check-build-system CMakeFiles/Makefile.cmake 0
[INFO] [stderr]   /usr/bin/cmake -E cmake_progress_start /opt/rustwide/target/debug/build/parity-rocksdb-sys-b56a79fed3e7d6f0/out/build/CMakeFiles 29
[INFO] [stderr]   /usr/bin/gmake  -f CMakeFiles/Makefile2 CMakeFiles/rocksdb.dir/all
[INFO] [stderr]   gmake[2]: Entering directory '/opt/rustwide/target/debug/build/parity-rocksdb-sys-b56a79fed3e7d6f0/out/build'
[INFO] [stderr]   /usr/bin/gmake  -f CMakeFiles/build_version.dir/build.make CMakeFiles/build_version.dir/depend
[INFO] [stderr]   gmake[3]: Entering directory '/opt/rustwide/target/debug/build/parity-rocksdb-sys-b56a79fed3e7d6f0/out/build'
[INFO] [stderr]   cd /opt/rustwide/target/debug/build/parity-rocksdb-sys-b56a79fed3e7d6f0/out/build && /usr/bin/cmake -E cmake_depends "Unix Makefiles" /opt/rustwide/cargo-home/registry/src/index.crates.io-6f17d22bba15001f/parity-rocksdb-sys-0.5.5/rocksdb /opt/rustwide/cargo-home/registry/src/index.crates.io-6f17d22bba15001f/parity-rocksdb-sys-0.5.5/rocksdb /opt/rustwide/target/debug/build/parity-rocksdb-sys-b56a79fed3e7d6f0/out/build /opt/rustwide/target/debug/build/parity-rocksdb-sys-b56a79fed3e7d6f0/out/build /opt/rustwide/target/debug/build/parity-rocksdb-sys-b56a79fed3e7d6f0/out/build/CMakeFiles/build_version.dir/DependInfo.cmake --color=
[INFO] [stderr]   gmake[3]: Leaving directory '/opt/rustwide/target/debug/build/parity-rocksdb-sys-b56a79fed3e7d6f0/out/build'
[INFO] [stderr]   /usr/bin/gmake  -f CMakeFiles/build_version.dir/build.make CMakeFiles/build_version.dir/build
[INFO] [stderr]   gmake[3]: Entering directory '/opt/rustwide/target/debug/build/parity-rocksdb-sys-b56a79fed3e7d6f0/out/build'
[INFO] [stderr]   [  0%] Building CXX object CMakeFiles/build_version.dir/build_version.cc.o
[INFO] [stderr]   /usr/bin/c++ -DOS_LINUX -DROCKSDB_LIB_IO_POSIX -DROCKSDB_MALLOC_USABLE_SIZE -DROCKSDB_PLATFORM_POSIX -DROCKSDB_SCHED_GETCPU_PRESENT -DSNAPPY -I/opt/rustwide/target/debug/build/parity-snappy-sys-41200d4f42b0b32e/out/build -I/opt/rustwide/cargo-home/registry/src/index.crates.io-6f17d22bba15001f/parity-rocksdb-sys-0.5.5/rocksdb/util -I/opt/rustwide/cargo-home/registry/src/index.crates.io-6f17d22bba15001f/parity-rocksdb-sys-0.5.5/rocksdb -I/opt/rustwide/cargo-home/registry/src/index.crates.io-6f17d22bba15001f/parity-rocksdb-sys-0.5.5/rocksdb/include -isystem /opt/rustwide/cargo-home/registry/src/index.crates.io-6f17d22bba15001f/parity-rocksdb-sys-0.5.5/rocksdb/third-party/gtest-1.7.0/fused-src -ffunction-sections -fdata-sections -fPIC -m64 -W -Wextra -Wall -Wsign-compare -Wshadow -Wno-unused-parameter -Wno-unused-variable -Woverloaded-virtual -Wnon-virtual-dtor -Wno-missing-field-initializers -Wno-strict-aliasing -std=c++11 -fno-builtin-memcmp -g -DROCKSDB_USE_RTTI -MD -MT CMakeFiles/build_version.dir/build_version.cc.o -MF CMakeFiles/build_version.dir/build_version.cc.o.d -o CMakeFiles/build_version.dir/build_version.cc.o -c /opt/rustwide/target/debug/build/parity-rocksdb-sys-b56a79fed3e7d6f0/out/build/build_version.cc
[INFO] [stderr]   gmake[3]: Leaving directory '/opt/rustwide/target/debug/build/parity-rocksdb-sys-b56a79fed3e7d6f0/out/build'
[INFO] [stderr]   [  0%] Built target build_version
[INFO] [stderr]   /usr/bin/gmake  -f CMakeFiles/rocksdb.dir/build.make CMakeFiles/rocksdb.dir/depend
[INFO] [stderr]   gmake[3]: Entering directory '/opt/rustwide/target/debug/build/parity-rocksdb-sys-b56a79fed3e7d6f0/out/build'
[INFO] [stderr]   cd /opt/rustwide/target/debug/build/parity-rocksdb-sys-b56a79fed3e7d6f0/out/build && /usr/bin/cmake -E cmake_depends "Unix Makefiles" /opt/rustwide/cargo-home/registry/src/index.crates.io-6f17d22bba15001f/parity-rocksdb-sys-0.5.5/rocksdb /opt/rustwide/cargo-home/registry/src/index.crates.io-6f17d22bba15001f/parity-rocksdb-sys-0.5.5/rocksdb /opt/rustwide/target/debug/build/parity-rocksdb-sys-b56a79fed3e7d6f0/out/build /opt/rustwide/target/debug/build/parity-rocksdb-sys-b56a79fed3e7d6f0/out/build /opt/rustwide/target/debug/build/parity-rocksdb-sys-b56a79fed3e7d6f0/out/build/CMakeFiles/rocksdb.dir/DependInfo.cmake --color=
[INFO] [stderr]   gmake[3]: Leaving directory '/opt/rustwide/target/debug/build/parity-rocksdb-sys-b56a79fed3e7d6f0/out/build'
[INFO] [stderr]   /usr/bin/gmake  -f CMakeFiles/rocksdb.dir/build.make CMakeFiles/rocksdb.dir/build
[INFO] [stderr]   gmake[3]: Entering directory '/opt/rustwide/target/debug/build/parity-rocksdb-sys-b56a79fed3e7d6f0/out/build'
[INFO] [stderr]   [  0%] Building CXX object CMakeFiles/rocksdb.dir/cache/clock_cache.cc.o
[INFO] [stderr]   /usr/bin/c++ -DOS_LINUX -DROCKSDB_LIB_IO_POSIX -DROCKSDB_MALLOC_USABLE_SIZE -DROCKSDB_PLATFORM_POSIX -DROCKSDB_SCHED_GETCPU_PRESENT -DSNAPPY -I/opt/rustwide/target/debug/build/parity-snappy-sys-41200d4f42b0b32e/out/build -I/opt/rustwide/cargo-home/registry/src/index.crates.io-6f17d22bba15001f/parity-rocksdb-sys-0.5.5/rocksdb -I/opt/rustwide/cargo-home/registry/src/index.crates.io-6f17d22bba15001f/parity-rocksdb-sys-0.5.5/rocksdb/include -isystem /opt/rustwide/cargo-home/registry/src/index.crates.io-6f17d22bba15001f/parity-rocksdb-sys-0.5.5/rocksdb/third-party/gtest-1.7.0/fused-src -ffunction-sections -fdata-sections -fPIC -m64 -W -Wextra -Wall -Wsign-compare -Wshadow -Wno-unused-parameter -Wno-unused-variable -Woverloaded-virtual -Wnon-virtual-dtor -Wno-missing-field-initializers -Wno-strict-aliasing -std=c++11 -fno-builtin-memcmp -g -DROCKSDB_USE_RTTI -MD -MT CMakeFiles/rocksdb.dir/cache/clock_cache.cc.o -MF CMakeFiles/rocksdb.dir/cache/clock_cache.cc.o.d -o CMakeFiles/rocksdb.dir/cache/clock_cache.cc.o -c /opt/rustwide/cargo-home/registry/src/index.crates.io-6f17d22bba15001f/parity-rocksdb-sys-0.5.5/rocksdb/cache/clock_cache.cc
[INFO] [stderr]   [  0%] Building CXX object CMakeFiles/rocksdb.dir/cache/lru_cache.cc.o
[INFO] [stderr]   /usr/bin/c++ -DOS_LINUX -DROCKSDB_LIB_IO_POSIX -DROCKSDB_MALLOC_USABLE_SIZE -DROCKSDB_PLATFORM_POSIX -DROCKSDB_SCHED_GETCPU_PRESENT -DSNAPPY -I/opt/rustwide/target/debug/build/parity-snappy-sys-41200d4f42b0b32e/out/build -I/opt/rustwide/cargo-home/registry/src/index.crates.io-6f17d22bba15001f/parity-rocksdb-sys-0.5.5/rocksdb -I/opt/rustwide/cargo-home/registry/src/index.crates.io-6f17d22bba15001f/parity-rocksdb-sys-0.5.5/rocksdb/include -isystem /opt/rustwide/cargo-home/registry/src/index.crates.io-6f17d22bba15001f/parity-rocksdb-sys-0.5.5/rocksdb/third-party/gtest-1.7.0/fused-src -ffunction-sections -fdata-sections -fPIC -m64 -W -Wextra -Wall -Wsign-compare -Wshadow -Wno-unused-parameter -Wno-unused-variable -Woverloaded-virtual -Wnon-virtual-dtor -Wno-missing-field-initializers -Wno-strict-aliasing -std=c++11 -fno-builtin-memcmp -g -DROCKSDB_USE_RTTI -MD -MT CMakeFiles/rocksdb.dir/cache/lru_cache.cc.o -MF CMakeFiles/rocksdb.dir/cache/lru_cache.cc.o.d -o CMakeFiles/rocksdb.dir/cache/lru_cache.cc.o -c /opt/rustwide/cargo-home/registry/src/index.crates.io-6f17d22bba15001f/parity-rocksdb-sys-0.5.5/rocksdb/cache/lru_cache.cc
[INFO] [stderr]   [  0%] Building CXX object CMakeFiles/rocksdb.dir/cache/sharded_cache.cc.o
[INFO] [stderr]   /usr/bin/c++ -DOS_LINUX -DROCKSDB_LIB_IO_POSIX -DROCKSDB_MALLOC_USABLE_SIZE -DROCKSDB_PLATFORM_POSIX -DROCKSDB_SCHED_GETCPU_PRESENT -DSNAPPY -I/opt/rustwide/target/debug/build/parity-snappy-sys-41200d4f42b0b32e/out/build -I/opt/rustwide/cargo-home/registry/src/index.crates.io-6f17d22bba15001f/parity-rocksdb-sys-0.5.5/rocksdb -I/opt/rustwide/cargo-home/registry/src/index.crates.io-6f17d22bba15001f/parity-rocksdb-sys-0.5.5/rocksdb/include -isystem /opt/rustwide/cargo-home/registry/src/index.crates.io-6f17d22bba15001f/parity-rocksdb-sys-0.5.5/rocksdb/third-party/gtest-1.7.0/fused-src -ffunction-sections -fdata-sections -fPIC -m64 -W -Wextra -Wall -Wsign-compare -Wshadow -Wno-unused-parameter -Wno-unused-variable -Woverloaded-virtual -Wnon-virtual-dtor -Wno-missing-field-initializers -Wno-strict-aliasing -std=c++11 -fno-builtin-memcmp -g -DROCKSDB_USE_RTTI -MD -MT CMakeFiles/rocksdb.dir/cache/sharded_cache.cc.o -MF CMakeFiles/rocksdb.dir/cache/sharded_cache.cc.o.d -o CMakeFiles/rocksdb.dir/cache/sharded_cache.cc.o -c /opt/rustwide/cargo-home/registry/src/index.crates.io-6f17d22bba15001f/parity-rocksdb-sys-0.5.5/rocksdb/cache/sharded_cache.cc
[INFO] [stderr]   [  0%] Building CXX object CMakeFiles/rocksdb.dir/db/builder.cc.o
[INFO] [stderr]   /usr/bin/c++ -DOS_LINUX -DROCKSDB_LIB_IO_POSIX -DROCKSDB_MALLOC_USABLE_SIZE -DROCKSDB_PLATFORM_POSIX -DROCKSDB_SCHED_GETCPU_PRESENT -DSNAPPY -I/opt/rustwide/target/debug/build/parity-snappy-sys-41200d4f42b0b32e/out/build -I/opt/rustwide/cargo-home/registry/src/index.crates.io-6f17d22bba15001f/parity-rocksdb-sys-0.5.5/rocksdb -I/opt/rustwide/cargo-home/registry/src/index.crates.io-6f17d22bba15001f/parity-rocksdb-sys-0.5.5/rocksdb/include -isystem /opt/rustwide/cargo-home/registry/src/index.crates.io-6f17d22bba15001f/parity-rocksdb-sys-0.5.5/rocksdb/third-party/gtest-1.7.0/fused-src -ffunction-sections -fdata-sections -fPIC -m64 -W -Wextra -Wall -Wsign-compare -Wshadow -Wno-unused-parameter -Wno-unused-variable -Woverloaded-virtual -Wnon-virtual-dtor -Wno-missing-field-initializers -Wno-strict-aliasing -std=c++11 -fno-builtin-memcmp -g -DROCKSDB_USE_RTTI -MD -MT CMakeFiles/rocksdb.dir/db/builder.cc.o -MF CMakeFiles/rocksdb.dir/db/builder.cc.o.d -o CMakeFiles/rocksdb.dir/db/builder.cc.o -c /opt/rustwide/cargo-home/registry/src/index.crates.io-6f17d22bba15001f/parity-rocksdb-sys-0.5.5/rocksdb/db/builder.cc
[INFO] [stderr]   [  0%] Building CXX object CMakeFiles/rocksdb.dir/db/c.cc.o
[INFO] [stderr]   /usr/bin/c++ -DOS_LINUX -DROCKSDB_LIB_IO_POSIX -DROCKSDB_MALLOC_USABLE_SIZE -DROCKSDB_PLATFORM_POSIX -DROCKSDB_SCHED_GETCPU_PRESENT -DSNAPPY -I/opt/rustwide/target/debug/build/parity-snappy-sys-41200d4f42b0b32e/out/build -I/opt/rustwide/cargo-home/registry/src/index.crates.io-6f17d22bba15001f/parity-rocksdb-sys-0.5.5/rocksdb -I/opt/rustwide/cargo-home/registry/src/index.crates.io-6f17d22bba15001f/parity-rocksdb-sys-0.5.5/rocksdb/include -isystem /opt/rustwide/cargo-home/registry/src/index.crates.io-6f17d22bba15001f/parity-rocksdb-sys-0.5.5/rocksdb/third-party/gtest-1.7.0/fused-src -ffunction-sections -fdata-sections -fPIC -m64 -W -Wextra -Wall -Wsign-compare -Wshadow -Wno-unused-parameter -Wno-unused-variable -Woverloaded-virtual -Wnon-virtual-dtor -Wno-missing-field-initializers -Wno-strict-aliasing -std=c++11 -fno-builtin-memcmp -g -DROCKSDB_USE_RTTI -MD -MT CMakeFiles/rocksdb.dir/db/c.cc.o -MF CMakeFiles/rocksdb.dir/db/c.cc.o.d -o CMakeFiles/rocksdb.dir/db/c.cc.o -c /opt/rustwide/cargo-home/registry/src/index.crates.io-6f17d22bba15001f/parity-rocksdb-sys-0.5.5/rocksdb/db/c.cc
[INFO] [stderr]   [  0%] Building CXX object CMakeFiles/rocksdb.dir/db/column_family.cc.o
[INFO] [stderr]   [  3%] Building CXX object CMakeFiles/rocksdb.dir/db/compacted_db_impl.cc.o
[INFO] [stderr]   /usr/bin/c++ -DOS_LINUX -DROCKSDB_LIB_IO_POSIX -DROCKSDB_MALLOC_USABLE_SIZE -DROCKSDB_PLATFORM_POSIX -DROCKSDB_SCHED_GETCPU_PRESENT -DSNAPPY -I/opt/rustwide/target/debug/build/parity-snappy-sys-41200d4f42b0b32e/out/build -I/opt/rustwide/cargo-home/registry/src/index.crates.io-6f17d22bba15001f/parity-rocksdb-sys-0.5.5/rocksdb -I/opt/rustwide/cargo-home/registry/src/index.crates.io-6f17d22bba15001f/parity-rocksdb-sys-0.5.5/rocksdb/include -isystem /opt/rustwide/cargo-home/registry/src/index.crates.io-6f17d22bba15001f/parity-rocksdb-sys-0.5.5/rocksdb/third-party/gtest-1.7.0/fused-src -ffunction-sections -fdata-sections -fPIC -m64 -W -Wextra -Wall -Wsign-compare -Wshadow -Wno-unused-parameter -Wno-unused-variable -Woverloaded-virtual -Wnon-virtual-dtor -Wno-missing-field-initializers -Wno-strict-aliasing -std=c++11 -fno-builtin-memcmp -g -DROCKSDB_USE_RTTI -MD -MT CMakeFiles/rocksdb.dir/db/compacted_db_impl.cc.o -MF CMakeFiles/rocksdb.dir/db/compacted_db_impl.cc.o.d -o CMakeFiles/rocksdb.dir/db/compacted_db_impl.cc.o -c /opt/rustwide/cargo-home/registry/src/index.crates.io-6f17d22bba15001f/parity-rocksdb-sys-0.5.5/rocksdb/db/compacted_db_impl.cc
[INFO] [stderr]   /usr/bin/c++ -DOS_LINUX -DROCKSDB_LIB_IO_POSIX -DROCKSDB_MALLOC_USABLE_SIZE -DROCKSDB_PLATFORM_POSIX -DROCKSDB_SCHED_GETCPU_PRESENT -DSNAPPY -I/opt/rustwide/target/debug/build/parity-snappy-sys-41200d4f42b0b32e/out/build -I/opt/rustwide/cargo-home/registry/src/index.crates.io-6f17d22bba15001f/parity-rocksdb-sys-0.5.5/rocksdb -I/opt/rustwide/cargo-home/registry/src/index.crates.io-6f17d22bba15001f/parity-rocksdb-sys-0.5.5/rocksdb/include -isystem /opt/rustwide/cargo-home/registry/src/index.crates.io-6f17d22bba15001f/parity-rocksdb-sys-0.5.5/rocksdb/third-party/gtest-1.7.0/fused-src -ffunction-sections -fdata-sections -fPIC -m64 -W -Wextra -Wall -Wsign-compare -Wshadow -Wno-unused-parameter -Wno-unused-variable -Woverloaded-virtual -Wnon-virtual-dtor -Wno-missing-field-initializers -Wno-strict-aliasing -std=c++11 -fno-builtin-memcmp -g -DROCKSDB_USE_RTTI -MD -MT CMakeFiles/rocksdb.dir/db/column_family.cc.o -MF CMakeFiles/rocksdb.dir/db/column_family.cc.o.d -o CMakeFiles/rocksdb.dir/db/column_family.cc.o -c /opt/rustwide/cargo-home/registry/src/index.crates.io-6f17d22bba15001f/parity-rocksdb-sys-0.5.5/rocksdb/db/column_family.cc
[INFO] [stderr]   [  3%] Building CXX object CMakeFiles/rocksdb.dir/db/compaction.cc.o
[INFO] [stderr]   /usr/bin/c++ -DOS_LINUX -DROCKSDB_LIB_IO_POSIX -DROCKSDB_MALLOC_USABLE_SIZE -DROCKSDB_PLATFORM_POSIX -DROCKSDB_SCHED_GETCPU_PRESENT -DSNAPPY -I/opt/rustwide/target/debug/build/parity-snappy-sys-41200d4f42b0b32e/out/build -I/opt/rustwide/cargo-home/registry/src/index.crates.io-6f17d22bba15001f/parity-rocksdb-sys-0.5.5/rocksdb -I/opt/rustwide/cargo-home/registry/src/index.crates.io-6f17d22bba15001f/parity-rocksdb-sys-0.5.5/rocksdb/include -isystem /opt/rustwide/cargo-home/registry/src/index.crates.io-6f17d22bba15001f/parity-rocksdb-sys-0.5.5/rocksdb/third-party/gtest-1.7.0/fused-src -ffunction-sections -fdata-sections -fPIC -m64 -W -Wextra -Wall -Wsign-compare -Wshadow -Wno-unused-parameter -Wno-unused-variable -Woverloaded-virtual -Wnon-virtual-dtor -Wno-missing-field-initializers -Wno-strict-aliasing -std=c++11 -fno-builtin-memcmp -g -DROCKSDB_USE_RTTI -MD -MT CMakeFiles/rocksdb.dir/db/compaction.cc.o -MF CMakeFiles/rocksdb.dir/db/compaction.cc.o.d -o CMakeFiles/rocksdb.dir/db/compaction.cc.o -c /opt/rustwide/cargo-home/registry/src/index.crates.io-6f17d22bba15001f/parity-rocksdb-sys-0.5.5/rocksdb/db/compaction.cc
[INFO] [stderr]   [  3%] Building CXX object CMakeFiles/rocksdb.dir/db/compaction_iterator.cc.o
[INFO] [stderr]   /usr/bin/c++ -DOS_LINUX -DROCKSDB_LIB_IO_POSIX -DROCKSDB_MALLOC_USABLE_SIZE -DROCKSDB_PLATFORM_POSIX -DROCKSDB_SCHED_GETCPU_PRESENT -DSNAPPY -I/opt/rustwide/target/debug/build/parity-snappy-sys-41200d4f42b0b32e/out/build -I/opt/rustwide/cargo-home/registry/src/index.crates.io-6f17d22bba15001f/parity-rocksdb-sys-0.5.5/rocksdb -I/opt/rustwide/cargo-home/registry/src/index.crates.io-6f17d22bba15001f/parity-rocksdb-sys-0.5.5/rocksdb/include -isystem /opt/rustwide/cargo-home/registry/src/index.crates.io-6f17d22bba15001f/parity-rocksdb-sys-0.5.5/rocksdb/third-party/gtest-1.7.0/fused-src -ffunction-sections -fdata-sections -fPIC -m64 -W -Wextra -Wall -Wsign-compare -Wshadow -Wno-unused-parameter -Wno-unused-variable -Woverloaded-virtual -Wnon-virtual-dtor -Wno-missing-field-initializers -Wno-strict-aliasing -std=c++11 -fno-builtin-memcmp -g -DROCKSDB_USE_RTTI -MD -MT CMakeFiles/rocksdb.dir/db/compaction_iterator.cc.o -MF CMakeFiles/rocksdb.dir/db/compaction_iterator.cc.o.d -o CMakeFiles/rocksdb.dir/db/compaction_iterator.cc.o -c /opt/rustwide/cargo-home/registry/src/index.crates.io-6f17d22bba15001f/parity-rocksdb-sys-0.5.5/rocksdb/db/compaction_iterator.cc
[INFO] [stderr]   [  3%] Building CXX object CMakeFiles/rocksdb.dir/db/compaction_job.cc.o
[INFO] [stderr]   /usr/bin/c++ -DOS_LINUX -DROCKSDB_LIB_IO_POSIX -DROCKSDB_MALLOC_USABLE_SIZE -DROCKSDB_PLATFORM_POSIX -DROCKSDB_SCHED_GETCPU_PRESENT -DSNAPPY -I/opt/rustwide/target/debug/build/parity-snappy-sys-41200d4f42b0b32e/out/build -I/opt/rustwide/cargo-home/registry/src/index.crates.io-6f17d22bba15001f/parity-rocksdb-sys-0.5.5/rocksdb -I/opt/rustwide/cargo-home/registry/src/index.crates.io-6f17d22bba15001f/parity-rocksdb-sys-0.5.5/rocksdb/include -isystem /opt/rustwide/cargo-home/registry/src/index.crates.io-6f17d22bba15001f/parity-rocksdb-sys-0.5.5/rocksdb/third-party/gtest-1.7.0/fused-src -ffunction-sections -fdata-sections -fPIC -m64 -W -Wextra -Wall -Wsign-compare -Wshadow -Wno-unused-parameter -Wno-unused-variable -Woverloaded-virtual -Wnon-virtual-dtor -Wno-missing-field-initializers -Wno-strict-aliasing -std=c++11 -fno-builtin-memcmp -g -DROCKSDB_USE_RTTI -MD -MT CMakeFiles/rocksdb.dir/db/compaction_job.cc.o -MF CMakeFiles/rocksdb.dir/db/compaction_job.cc.o.d -o CMakeFiles/rocksdb.dir/db/compaction_job.cc.o -c /opt/rustwide/cargo-home/registry/src/index.crates.io-6f17d22bba15001f/parity-rocksdb-sys-0.5.5/rocksdb/db/compaction_job.cc
[INFO] [stderr]   [  3%] Building CXX object CMakeFiles/rocksdb.dir/db/compaction_picker.cc.o
[INFO] [stderr]   /usr/bin/c++ -DOS_LINUX -DROCKSDB_LIB_IO_POSIX -DROCKSDB_MALLOC_USABLE_SIZE -DROCKSDB_PLATFORM_POSIX -DROCKSDB_SCHED_GETCPU_PRESENT -DSNAPPY -I/opt/rustwide/target/debug/build/parity-snappy-sys-41200d4f42b0b32e/out/build -I/opt/rustwide/cargo-home/registry/src/index.crates.io-6f17d22bba15001f/parity-rocksdb-sys-0.5.5/rocksdb -I/opt/rustwide/cargo-home/registry/src/index.crates.io-6f17d22bba15001f/parity-rocksdb-sys-0.5.5/rocksdb/include -isystem /opt/rustwide/cargo-home/registry/src/index.crates.io-6f17d22bba15001f/parity-rocksdb-sys-0.5.5/rocksdb/third-party/gtest-1.7.0/fused-src -ffunction-sections -fdata-sections -fPIC -m64 -W -Wextra -Wall -Wsign-compare -Wshadow -Wno-unused-parameter -Wno-unused-variable -Woverloaded-virtual -Wnon-virtual-dtor -Wno-missing-field-initializers -Wno-strict-aliasing -std=c++11 -fno-builtin-memcmp -g -DROCKSDB_USE_RTTI -MD -MT CMakeFiles/rocksdb.dir/db/compaction_picker.cc.o -MF CMakeFiles/rocksdb.dir/db/compaction_picker.cc.o.d -o CMakeFiles/rocksdb.dir/db/compaction_picker.cc.o -c /opt/rustwide/cargo-home/registry/src/index.crates.io-6f17d22bba15001f/parity-rocksdb-sys-0.5.5/rocksdb/db/compaction_picker.cc
[INFO] [stderr]   [  3%] Building CXX object CMakeFiles/rocksdb.dir/db/compaction_picker_universal.cc.o
[INFO] [stderr]   /usr/bin/c++ -DOS_LINUX -DROCKSDB_LIB_IO_POSIX -DROCKSDB_MALLOC_USABLE_SIZE -DROCKSDB_PLATFORM_POSIX -DROCKSDB_SCHED_GETCPU_PRESENT -DSNAPPY -I/opt/rustwide/target/debug/build/parity-snappy-sys-41200d4f42b0b32e/out/build -I/opt/rustwide/cargo-home/registry/src/index.crates.io-6f17d22bba15001f/parity-rocksdb-sys-0.5.5/rocksdb -I/opt/rustwide/cargo-home/registry/src/index.crates.io-6f17d22bba15001f/parity-rocksdb-sys-0.5.5/rocksdb/include -isystem /opt/rustwide/cargo-home/registry/src/index.crates.io-6f17d22bba15001f/parity-rocksdb-sys-0.5.5/rocksdb/third-party/gtest-1.7.0/fused-src -ffunction-sections -fdata-sections -fPIC -m64 -W -Wextra -Wall -Wsign-compare -Wshadow -Wno-unused-parameter -Wno-unused-variable -Woverloaded-virtual -Wnon-virtual-dtor -Wno-missing-field-initializers -Wno-strict-aliasing -std=c++11 -fno-builtin-memcmp -g -DROCKSDB_USE_RTTI -MD -MT CMakeFiles/rocksdb.dir/db/compaction_picker_universal.cc.o -MF CMakeFiles/rocksdb.dir/db/compaction_picker_universal.cc.o.d -o CMakeFiles/rocksdb.dir/db/compaction_picker_universal.cc.o -c /opt/rustwide/cargo-home/registry/src/index.crates.io-6f17d22bba15001f/parity-rocksdb-sys-0.5.5/rocksdb/db/compaction_picker_universal.cc
[INFO] [stderr]   [  3%] Building CXX object CMakeFiles/rocksdb.dir/db/convenience.cc.o
[INFO] [stderr]   /usr/bin/c++ -DOS_LINUX -DROCKSDB_LIB_IO_POSIX -DROCKSDB_MALLOC_USABLE_SIZE -DROCKSDB_PLATFORM_POSIX -DROCKSDB_SCHED_GETCPU_PRESENT -DSNAPPY -I/opt/rustwide/target/debug/build/parity-snappy-sys-41200d4f42b0b32e/out/build -I/opt/rustwide/cargo-home/registry/src/index.crates.io-6f17d22bba15001f/parity-rocksdb-sys-0.5.5/rocksdb -I/opt/rustwide/cargo-home/registry/src/index.crates.io-6f17d22bba15001f/parity-rocksdb-sys-0.5.5/rocksdb/include -isystem /opt/rustwide/cargo-home/registry/src/index.crates.io-6f17d22bba15001f/parity-rocksdb-sys-0.5.5/rocksdb/third-party/gtest-1.7.0/fused-src -ffunction-sections -fdata-sections -fPIC -m64 -W -Wextra -Wall -Wsign-compare -Wshadow -Wno-unused-parameter -Wno-unused-variable -Woverloaded-virtual -Wnon-virtual-dtor -Wno-missing-field-initializers -Wno-strict-aliasing -std=c++11 -fno-builtin-memcmp -g -DROCKSDB_USE_RTTI -MD -MT CMakeFiles/rocksdb.dir/db/convenience.cc.o -MF CMakeFiles/rocksdb.dir/db/convenience.cc.o.d -o CMakeFiles/rocksdb.dir/db/convenience.cc.o -c /opt/rustwide/cargo-home/registry/src/index.crates.io-6f17d22bba15001f/parity-rocksdb-sys-0.5.5/rocksdb/db/convenience.cc
[INFO] [stderr]   [  3%] Building CXX object CMakeFiles/rocksdb.dir/db/db_filesnapshot.cc.o
[INFO] [stderr]   /usr/bin/c++ -DOS_LINUX -DROCKSDB_LIB_IO_POSIX -DROCKSDB_MALLOC_USABLE_SIZE -DROCKSDB_PLATFORM_POSIX -DROCKSDB_SCHED_GETCPU_PRESENT -DSNAPPY -I/opt/rustwide/target/debug/build/parity-snappy-sys-41200d4f42b0b32e/out/build -I/opt/rustwide/cargo-home/registry/src/index.crates.io-6f17d22bba15001f/parity-rocksdb-sys-0.5.5/rocksdb -I/opt/rustwide/cargo-home/registry/src/index.crates.io-6f17d22bba15001f/parity-rocksdb-sys-0.5.5/rocksdb/include -isystem /opt/rustwide/cargo-home/registry/src/index.crates.io-6f17d22bba15001f/parity-rocksdb-sys-0.5.5/rocksdb/third-party/gtest-1.7.0/fused-src -ffunction-sections -fdata-sections -fPIC -m64 -W -Wextra -Wall -Wsign-compare -Wshadow -Wno-unused-parameter -Wno-unused-variable -Woverloaded-virtual -Wnon-virtual-dtor -Wno-missing-field-initializers -Wno-strict-aliasing -std=c++11 -fno-builtin-memcmp -g -DROCKSDB_USE_RTTI -MD -MT CMakeFiles/rocksdb.dir/db/db_filesnapshot.cc.o -MF CMakeFiles/rocksdb.dir/db/db_filesnapshot.cc.o.d -o CMakeFiles/rocksdb.dir/db/db_filesnapshot.cc.o -c /opt/rustwide/cargo-home/registry/src/index.crates.io-6f17d22bba15001f/parity-rocksdb-sys-0.5.5/rocksdb/db/db_filesnapshot.cc
[INFO] [stderr]   [  6%] Building CXX object CMakeFiles/rocksdb.dir/db/db_impl.cc.o
[INFO] [stderr]   /usr/bin/c++ -DOS_LINUX -DROCKSDB_LIB_IO_POSIX -DROCKSDB_MALLOC_USABLE_SIZE -DROCKSDB_PLATFORM_POSIX -DROCKSDB_SCHED_GETCPU_PRESENT -DSNAPPY -I/opt/rustwide/target/debug/build/parity-snappy-sys-41200d4f42b0b32e/out/build -I/opt/rustwide/cargo-home/registry/src/index.crates.io-6f17d22bba15001f/parity-rocksdb-sys-0.5.5/rocksdb -I/opt/rustwide/cargo-home/registry/src/index.crates.io-6f17d22bba15001f/parity-rocksdb-sys-0.5.5/rocksdb/include -isystem /opt/rustwide/cargo-home/registry/src/index.crates.io-6f17d22bba15001f/parity-rocksdb-sys-0.5.5/rocksdb/third-party/gtest-1.7.0/fused-src -ffunction-sections -fdata-sections -fPIC -m64 -W -Wextra -Wall -Wsign-compare -Wshadow -Wno-unused-parameter -Wno-unused-variable -Woverloaded-virtual -Wnon-virtual-dtor -Wno-missing-field-initializers -Wno-strict-aliasing -std=c++11 -fno-builtin-memcmp -g -DROCKSDB_USE_RTTI -MD -MT CMakeFiles/rocksdb.dir/db/db_impl.cc.o -MF CMakeFiles/rocksdb.dir/db/db_impl.cc.o.d -o CMakeFiles/rocksdb.dir/db/db_impl.cc.o -c /opt/rustwide/cargo-home/registry/src/index.crates.io-6f17d22bba15001f/parity-rocksdb-sys-0.5.5/rocksdb/db/db_impl.cc
[INFO] [stderr]   [  6%] Building CXX object CMakeFiles/rocksdb.dir/db/db_impl_write.cc.o
[INFO] [stderr]   /usr/bin/c++ -DOS_LINUX -DROCKSDB_LIB_IO_POSIX -DROCKSDB_MALLOC_USABLE_SIZE -DROCKSDB_PLATFORM_POSIX -DROCKSDB_SCHED_GETCPU_PRESENT -DSNAPPY -I/opt/rustwide/target/debug/build/parity-snappy-sys-41200d4f42b0b32e/out/build -I/opt/rustwide/cargo-home/registry/src/index.crates.io-6f17d22bba15001f/parity-rocksdb-sys-0.5.5/rocksdb -I/opt/rustwide/cargo-home/registry/src/index.crates.io-6f17d22bba15001f/parity-rocksdb-sys-0.5.5/rocksdb/include -isystem /opt/rustwide/cargo-home/registry/src/index.crates.io-6f17d22bba15001f/parity-rocksdb-sys-0.5.5/rocksdb/third-party/gtest-1.7.0/fused-src -ffunction-sections -fdata-sections -fPIC -m64 -W -Wextra -Wall -Wsign-compare -Wshadow -Wno-unused-parameter -Wno-unused-variable -Woverloaded-virtual -Wnon-virtual-dtor -Wno-missing-field-initializers -Wno-strict-aliasing -std=c++11 -fno-builtin-memcmp -g -DROCKSDB_USE_RTTI -MD -MT CMakeFiles/rocksdb.dir/db/db_impl_write.cc.o -MF CMakeFiles/rocksdb.dir/db/db_impl_write.cc.o.d -o CMakeFiles/rocksdb.dir/db/db_impl_write.cc.o -c /opt/rustwide/cargo-home/registry/src/index.crates.io-6f17d22bba15001f/parity-rocksdb-sys-0.5.5/rocksdb/db/db_impl_write.cc
[INFO] [stderr]   [  6%] Building CXX object CMakeFiles/rocksdb.dir/db/db_impl_compaction_flush.cc.o
[INFO] [stderr]   /usr/bin/c++ -DOS_LINUX -DROCKSDB_LIB_IO_POSIX -DROCKSDB_MALLOC_USABLE_SIZE -DROCKSDB_PLATFORM_POSIX -DROCKSDB_SCHED_GETCPU_PRESENT -DSNAPPY -I/opt/rustwide/target/debug/build/parity-snappy-sys-41200d4f42b0b32e/out/build -I/opt/rustwide/cargo-home/registry/src/index.crates.io-6f17d22bba15001f/parity-rocksdb-sys-0.5.5/rocksdb -I/opt/rustwide/cargo-home/registry/src/index.crates.io-6f17d22bba15001f/parity-rocksdb-sys-0.5.5/rocksdb/include -isystem /opt/rustwide/cargo-home/registry/src/index.crates.io-6f17d22bba15001f/parity-rocksdb-sys-0.5.5/rocksdb/third-party/gtest-1.7.0/fused-src -ffunction-sections -fdata-sections -fPIC -m64 -W -Wextra -Wall -Wsign-compare -Wshadow -Wno-unused-parameter -Wno-unused-variable -Woverloaded-virtual -Wnon-virtual-dtor -Wno-missing-field-initializers -Wno-strict-aliasing -std=c++11 -fno-builtin-memcmp -g -DROCKSDB_USE_RTTI -MD -MT CMakeFiles/rocksdb.dir/db/db_impl_compaction_flush.cc.o -MF CMakeFiles/rocksdb.dir/db/db_impl_compaction_flush.cc.o.d -o CMakeFiles/rocksdb.dir/db/db_impl_compaction_flush.cc.o -c /opt/rustwide/cargo-home/registry/src/index.crates.io-6f17d22bba15001f/parity-rocksdb-sys-0.5.5/rocksdb/db/db_impl_compaction_flush.cc
[INFO] [stderr]   [  6%] Building CXX object CMakeFiles/rocksdb.dir/db/db_impl_files.cc.o
[INFO] [stderr]   /usr/bin/c++ -DOS_LINUX -DROCKSDB_LIB_IO_POSIX -DROCKSDB_MALLOC_USABLE_SIZE -DROCKSDB_PLATFORM_POSIX -DROCKSDB_SCHED_GETCPU_PRESENT -DSNAPPY -I/opt/rustwide/target/debug/build/parity-snappy-sys-41200d4f42b0b32e/out/build -I/opt/rustwide/cargo-home/registry/src/index.crates.io-6f17d22bba15001f/parity-rocksdb-sys-0.5.5/rocksdb -I/opt/rustwide/cargo-home/registry/src/index.crates.io-6f17d22bba15001f/parity-rocksdb-sys-0.5.5/rocksdb/include -isystem /opt/rustwide/cargo-home/registry/src/index.crates.io-6f17d22bba15001f/parity-rocksdb-sys-0.5.5/rocksdb/third-party/gtest-1.7.0/fused-src -ffunction-sections -fdata-sections -fPIC -m64 -W -Wextra -Wall -Wsign-compare -Wshadow -Wno-unused-parameter -Wno-unused-variable -Woverloaded-virtual -Wnon-virtual-dtor -Wno-missing-field-initializers -Wno-strict-aliasing -std=c++11 -fno-builtin-memcmp -g -DROCKSDB_USE_RTTI -MD -MT CMakeFiles/rocksdb.dir/db/db_impl_files.cc.o -MF CMakeFiles/rocksdb.dir/db/db_impl_files.cc.o.d -o CMakeFiles/rocksdb.dir/db/db_impl_files.cc.o -c /opt/rustwide/cargo-home/registry/src/index.crates.io-6f17d22bba15001f/parity-rocksdb-sys-0.5.5/rocksdb/db/db_impl_files.cc
[INFO] [stderr]   [  6%] Building CXX object CMakeFiles/rocksdb.dir/db/db_impl_open.cc.o
[INFO] [stderr]   /usr/bin/c++ -DOS_LINUX -DROCKSDB_LIB_IO_POSIX -DROCKSDB_MALLOC_USABLE_SIZE -DROCKSDB_PLATFORM_POSIX -DROCKSDB_SCHED_GETCPU_PRESENT -DSNAPPY -I/opt/rustwide/target/debug/build/parity-snappy-sys-41200d4f42b0b32e/out/build -I/opt/rustwide/cargo-home/registry/src/index.crates.io-6f17d22bba15001f/parity-rocksdb-sys-0.5.5/rocksdb -I/opt/rustwide/cargo-home/registry/src/index.crates.io-6f17d22bba15001f/parity-rocksdb-sys-0.5.5/rocksdb/include -isystem /opt/rustwide/cargo-home/registry/src/index.crates.io-6f17d22bba15001f/parity-rocksdb-sys-0.5.5/rocksdb/third-party/gtest-1.7.0/fused-src -ffunction-sections -fdata-sections -fPIC -m64 -W -Wextra -Wall -Wsign-compare -Wshadow -Wno-unused-parameter -Wno-unused-variable -Woverloaded-virtual -Wnon-virtual-dtor -Wno-missing-field-initializers -Wno-strict-aliasing -std=c++11 -fno-builtin-memcmp -g -DROCKSDB_USE_RTTI -MD -MT CMakeFiles/rocksdb.dir/db/db_impl_open.cc.o -MF CMakeFiles/rocksdb.dir/db/db_impl_open.cc.o.d -o CMakeFiles/rocksdb.dir/db/db_impl_open.cc.o -c /opt/rustwide/cargo-home/registry/src/index.crates.io-6f17d22bba15001f/parity-rocksdb-sys-0.5.5/rocksdb/db/db_impl_open.cc
[INFO] [stderr]   gmake[3]: Leaving directory '/opt/rustwide/target/debug/build/parity-rocksdb-sys-b56a79fed3e7d6f0/out/build'
[INFO] [stderr]   gmake[2]: Leaving directory '/opt/rustwide/target/debug/build/parity-rocksdb-sys-b56a79fed3e7d6f0/out/build'
[INFO] [stderr]   gmake[1]: Leaving directory '/opt/rustwide/target/debug/build/parity-rocksdb-sys-b56a79fed3e7d6f0/out/build'
[INFO] [stderr] 
[INFO] [stderr]   --- stderr
[INFO] [stderr]   CMake Warning at CMakeLists.txt:74 (find_package):
[INFO] [stderr]     By not providing "Findgflags.cmake" in CMAKE_MODULE_PATH this project has
[INFO] [stderr]     asked CMake to find a package configuration file provided by "gflags", but
[INFO] [stderr]     CMake did not find one.
[INFO] [stderr] 
[INFO] [stderr]     Could not find a package configuration file provided by "gflags" with any
[INFO] [stderr]     of the following names:
[INFO] [stderr] 
[INFO] [stderr]       gflagsConfig.cmake
[INFO] [stderr]       gflags-config.cmake
[INFO] [stderr] 
[INFO] [stderr]     Add the installation prefix of "gflags" to CMAKE_PREFIX_PATH or set
[INFO] [stderr]     "gflags_DIR" to a directory containing one of the above files.  If "gflags"
[INFO] [stderr]     provides a separate development package or SDK, be sure it has been
[INFO] [stderr]     installed.
[INFO] [stderr] 
[INFO] [stderr] 
[INFO] [stderr]   In file included from /opt/rustwide/cargo-home/registry/src/index.crates.io-6f17d22bba15001f/parity-rocksdb-sys-0.5.5/rocksdb/db/range_del_aggregator.h:16,
[INFO] [stderr]                    from /opt/rustwide/cargo-home/registry/src/index.crates.io-6f17d22bba15001f/parity-rocksdb-sys-0.5.5/rocksdb/db/memtable.h:19,
[INFO] [stderr]                    from /opt/rustwide/cargo-home/registry/src/index.crates.io-6f17d22bba15001f/parity-rocksdb-sys-0.5.5/rocksdb/db/memtable_list.h:17,
[INFO] [stderr]                    from /opt/rustwide/cargo-home/registry/src/index.crates.io-6f17d22bba15001f/parity-rocksdb-sys-0.5.5/rocksdb/db/column_family.h:17,
[INFO] [stderr]                    from /opt/rustwide/cargo-home/registry/src/index.crates.io-6f17d22bba15001f/parity-rocksdb-sys-0.5.5/rocksdb/db/db_impl.h:22,
[INFO] [stderr]                    from /opt/rustwide/cargo-home/registry/src/index.crates.io-6f17d22bba15001f/parity-rocksdb-sys-0.5.5/rocksdb/db/compacted_db_impl.h:8,
[INFO] [stderr]                    from /opt/rustwide/cargo-home/registry/src/index.crates.io-6f17d22bba15001f/parity-rocksdb-sys-0.5.5/rocksdb/db/compacted_db_impl.cc:7:
[INFO] [stderr]   /opt/rustwide/cargo-home/registry/src/index.crates.io-6f17d22bba15001f/parity-rocksdb-sys-0.5.5/rocksdb/db/version_edit.h: In constructor 'rocksdb::FdWithKeyRange::FdWithKeyRange(rocksdb::FileDescriptor, rocksdb::Slice, rocksdb::Slice, rocksdb::FileMetaData*)':
[INFO] [stderr]   /opt/rustwide/cargo-home/registry/src/index.crates.io-6f17d22bba15001f/parity-rocksdb-sys-0.5.5/rocksdb/db/version_edit.h:154:9: warning: implicitly-declared 'constexpr rocksdb::FileDescriptor::FileDescriptor(const rocksdb::FileDescriptor&)' is deprecated [-Wdeprecated-copy]
[INFO] [stderr]     154 |       : fd(_fd),
[INFO] [stderr]         |         ^~~~~~~
[INFO] [stderr]   /opt/rustwide/cargo-home/registry/src/index.crates.io-6f17d22bba15001f/parity-rocksdb-sys-0.5.5/rocksdb/db/version_edit.h:47:19: note: because 'rocksdb::FileDescriptor' has user-provided 'rocksdb::FileDescriptor& rocksdb::FileDescriptor::operator=(const rocksdb::FileDescriptor&)'
[INFO] [stderr]      47 |   FileDescriptor& operator=(const FileDescriptor& fd) {
[INFO] [stderr]         |                   ^~~~~~~~
[INFO] [stderr]   In file included from /opt/rustwide/cargo-home/registry/src/index.crates.io-6f17d22bba15001f/parity-rocksdb-sys-0.5.5/rocksdb/db/range_del_aggregator.h:16,
[INFO] [stderr]                    from /opt/rustwide/cargo-home/registry/src/index.crates.io-6f17d22bba15001f/parity-rocksdb-sys-0.5.5/rocksdb/db/memtable.h:19,
[INFO] [stderr]                    from /opt/rustwide/cargo-home/registry/src/index.crates.io-6f17d22bba15001f/parity-rocksdb-sys-0.5.5/rocksdb/db/memtable_list.h:17,
[INFO] [stderr]                    from /opt/rustwide/cargo-home/registry/src/index.crates.io-6f17d22bba15001f/parity-rocksdb-sys-0.5.5/rocksdb/db/column_family.h:17,
[INFO] [stderr]                    from /opt/rustwide/cargo-home/registry/src/index.crates.io-6f17d22bba15001f/parity-rocksdb-sys-0.5.5/rocksdb/db/column_family.cc:10:
[INFO] [stderr]   /opt/rustwide/cargo-home/registry/src/index.crates.io-6f17d22bba15001f/parity-rocksdb-sys-0.5.5/rocksdb/db/version_edit.h: In constructor 'rocksdb::FdWithKeyRange::FdWithKeyRange(rocksdb::FileDescriptor, rocksdb::Slice, rocksdb::Slice, rocksdb::FileMetaData*)':
[INFO] [stderr]   /opt/rustwide/cargo-home/registry/src/index.crates.io-6f17d22bba15001f/parity-rocksdb-sys-0.5.5/rocksdb/db/version_edit.h:154:9: warning: implicitly-declared 'constexpr rocksdb::FileDescriptor::FileDescriptor(const rocksdb::FileDescriptor&)' is deprecated [-Wdeprecated-copy]
[INFO] [stderr]     154 |       : fd(_fd),
[INFO] [stderr]         |         ^~~~~~~
[INFO] [stderr]   /opt/rustwide/cargo-home/registry/src/index.crates.io-6f17d22bba15001f/parity-rocksdb-sys-0.5.5/rocksdb/db/version_edit.h:47:19: note: because 'rocksdb::FileDescriptor' has user-provided 'rocksdb::FileDescriptor& rocksdb::FileDescriptor::operator=(const rocksdb::FileDescriptor&)'
[INFO] [stderr]      47 |   FileDescriptor& operator=(const FileDescriptor& fd) {
[INFO] [stderr]         |                   ^~~~~~~~
[INFO] [stderr]   In file included from /opt/rustwide/cargo-home/registry/src/index.crates.io-6f17d22bba15001f/parity-rocksdb-sys-0.5.5/rocksdb/db/range_del_aggregator.h:16,
[INFO] [stderr]                    from /opt/rustwide/cargo-home/registry/src/index.crates.io-6f17d22bba15001f/parity-rocksdb-sys-0.5.5/rocksdb/db/memtable.h:19,
[INFO] [stderr]                    from /opt/rustwide/cargo-home/registry/src/index.crates.io-6f17d22bba15001f/parity-rocksdb-sys-0.5.5/rocksdb/db/memtable_list.h:17,
[INFO] [stderr]                    from /opt/rustwide/cargo-home/registry/src/index.crates.io-6f17d22bba15001f/parity-rocksdb-sys-0.5.5/rocksdb/db/column_family.h:17,
[INFO] [stderr]                    from /opt/rustwide/cargo-home/registry/src/index.crates.io-6f17d22bba15001f/parity-rocksdb-sys-0.5.5/rocksdb/db/version_set.h:31,
[INFO] [stderr]                    from /opt/rustwide/cargo-home/registry/src/index.crates.io-6f17d22bba15001f/parity-rocksdb-sys-0.5.5/rocksdb/db/compaction.h:11,
[INFO] [stderr]                    from /opt/rustwide/cargo-home/registry/src/index.crates.io-6f17d22bba15001f/parity-rocksdb-sys-0.5.5/rocksdb/db/compaction_iterator.h:12,
[INFO] [stderr]                    from /opt/rustwide/cargo-home/registry/src/index.crates.io-6f17d22bba15001f/parity-rocksdb-sys-0.5.5/rocksdb/db/builder.cc:16:
[INFO] [stderr]   /opt/rustwide/cargo-home/registry/src/index.crates.io-6f17d22bba15001f/parity-rocksdb-sys-0.5.5/rocksdb/db/version_edit.h: In constructor 'rocksdb::FdWithKeyRange::FdWithKeyRange(rocksdb::FileDescriptor, rocksdb::Slice, rocksdb::Slice, rocksdb::FileMetaData*)':
[INFO] [stderr]   /opt/rustwide/cargo-home/registry/src/index.crates.io-6f17d22bba15001f/parity-rocksdb-sys-0.5.5/rocksdb/db/version_edit.h:154:9: warning: implicitly-declared 'constexpr rocksdb::FileDescriptor::FileDescriptor(const rocksdb::FileDescriptor&)' is deprecated [-Wdeprecated-copy]
[INFO] [stderr]     154 |       : fd(_fd),
[INFO] [stderr]         |         ^~~~~~~
[INFO] [stderr]   /opt/rustwide/cargo-home/registry/src/index.crates.io-6f17d22bba15001f/parity-rocksdb-sys-0.5.5/rocksdb/db/version_edit.h:47:19: note: because 'rocksdb::FileDescriptor' has user-provided 'rocksdb::FileDescriptor& rocksdb::FileDescriptor::operator=(const rocksdb::FileDescriptor&)'
[INFO] [stderr]      47 |   FileDescriptor& operator=(const FileDescriptor& fd) {
[INFO] [stderr]         |                   ^~~~~~~~
[INFO] [stderr]   In file included from /opt/rustwide/cargo-home/registry/src/index.crates.io-6f17d22bba15001f/parity-rocksdb-sys-0.5.5/rocksdb/db/range_del_aggregator.h:16,
[INFO] [stderr]                    from /opt/rustwide/cargo-home/registry/src/index.crates.io-6f17d22bba15001f/parity-rocksdb-sys-0.5.5/rocksdb/db/memtable.h:19,
[INFO] [stderr]                    from /opt/rustwide/cargo-home/registry/src/index.crates.io-6f17d22bba15001f/parity-rocksdb-sys-0.5.5/rocksdb/db/memtable_list.h:17,
[INFO] [stderr]                    from /opt/rustwide/cargo-home/registry/src/index.crates.io-6f17d22bba15001f/parity-rocksdb-sys-0.5.5/rocksdb/db/column_family.h:17,
[INFO] [stderr]                    from /opt/rustwide/cargo-home/registry/src/index.crates.io-6f17d22bba15001f/parity-rocksdb-sys-0.5.5/rocksdb/db/version_set.h:31,
[INFO] [stderr]                    from /opt/rustwide/cargo-home/registry/src/index.crates.io-6f17d22bba15001f/parity-rocksdb-sys-0.5.5/rocksdb/db/compaction.h:11,
[INFO] [stderr]                    from /opt/rustwide/cargo-home/registry/src/index.crates.io-6f17d22bba15001f/parity-rocksdb-sys-0.5.5/rocksdb/db/compaction_iterator.h:12,
[INFO] [stderr]                    from /opt/rustwide/cargo-home/registry/src/index.crates.io-6f17d22bba15001f/parity-rocksdb-sys-0.5.5/rocksdb/db/compaction_iterator.cc:6:
[INFO] [stderr]   /opt/rustwide/cargo-home/registry/src/index.crates.io-6f17d22bba15001f/parity-rocksdb-sys-0.5.5/rocksdb/db/version_edit.h: In constructor 'rocksdb::FdWithKeyRange::FdWithKeyRange(rocksdb::FileDescriptor, rocksdb::Slice, rocksdb::Slice, rocksdb::FileMetaData*)':
[INFO] [stderr]   /opt/rustwide/cargo-home/registry/src/index.crates.io-6f17d22bba15001f/parity-rocksdb-sys-0.5.5/rocksdb/db/version_edit.h:154:9: warning: implicitly-declared 'constexpr rocksdb::FileDescriptor::FileDescriptor(const rocksdb::FileDescriptor&)' is deprecated [-Wdeprecated-copy]
[INFO] [stderr]     154 |       : fd(_fd),
[INFO] [stderr]         |         ^~~~~~~
[INFO] [stderr]   /opt/rustwide/cargo-home/registry/src/index.crates.io-6f17d22bba15001f/parity-rocksdb-sys-0.5.5/rocksdb/db/version_edit.h:47:19: note: because 'rocksdb::FileDescriptor' has user-provided 'rocksdb::FileDescriptor& rocksdb::FileDescriptor::operator=(const rocksdb::FileDescriptor&)'
[INFO] [stderr]      47 |   FileDescriptor& operator=(const FileDescriptor& fd) {
[INFO] [stderr]         |                   ^~~~~~~~
[INFO] [stderr]   In file included from /opt/rustwide/cargo-home/registry/src/index.crates.io-6f17d22bba15001f/parity-rocksdb-sys-0.5.5/rocksdb/db/range_del_aggregator.h:16,
[INFO] [stderr]                    from /opt/rustwide/cargo-home/registry/src/index.crates.io-6f17d22bba15001f/parity-rocksdb-sys-0.5.5/rocksdb/db/memtable.h:19,
[INFO] [stderr]                    from /opt/rustwide/cargo-home/registry/src/index.crates.io-6f17d22bba15001f/parity-rocksdb-sys-0.5.5/rocksdb/db/memtable_list.h:17,
[INFO] [stderr]                    from /opt/rustwide/cargo-home/registry/src/index.crates.io-6f17d22bba15001f/parity-rocksdb-sys-0.5.5/rocksdb/db/column_family.h:17,
[INFO] [stderr]                    from /opt/rustwide/cargo-home/registry/src/index.crates.io-6f17d22bba15001f/parity-rocksdb-sys-0.5.5/rocksdb/db/version_set.h:31,
[INFO] [stderr]                    from /opt/rustwide/cargo-home/registry/src/index.crates.io-6f17d22bba15001f/parity-rocksdb-sys-0.5.5/rocksdb/db/compaction.h:11,
[INFO] [stderr]                    from /opt/rustwide/cargo-home/registry/src/index.crates.io-6f17d22bba15001f/parity-rocksdb-sys-0.5.5/rocksdb/db/compaction.cc:10:
[INFO] [stderr]   /opt/rustwide/cargo-home/registry/src/index.crates.io-6f17d22bba15001f/parity-rocksdb-sys-0.5.5/rocksdb/db/version_edit.h: In constructor 'rocksdb::FdWithKeyRange::FdWithKeyRange(rocksdb::FileDescriptor, rocksdb::Slice, rocksdb::Slice, rocksdb::FileMetaData*)':
[INFO] [stderr]   /opt/rustwide/cargo-home/registry/src/index.crates.io-6f17d22bba15001f/parity-rocksdb-sys-0.5.5/rocksdb/db/version_edit.h:154:9: warning: implicitly-declared 'constexpr rocksdb::FileDescriptor::FileDescriptor(const rocksdb::FileDescriptor&)' is deprecated [-Wdeprecated-copy]
[INFO] [stderr]     154 |       : fd(_fd),
[INFO] [stderr]         |         ^~~~~~~
[INFO] [stderr]   /opt/rustwide/cargo-home/registry/src/index.crates.io-6f17d22bba15001f/parity-rocksdb-sys-0.5.5/rocksdb/db/version_edit.h:47:19: note: because 'rocksdb::FileDescriptor' has user-provided 'rocksdb::FileDescriptor& rocksdb::FileDescriptor::operator=(const rocksdb::FileDescriptor&)'
[INFO] [stderr]      47 |   FileDescriptor& operator=(const FileDescriptor& fd) {
[INFO] [stderr]         |                   ^~~~~~~~
[INFO] [stderr]   c++: fatal error: Killed signal terminated program cc1plus
[INFO] [stderr]   compilation terminated.
[INFO] [stderr]   gmake[3]: *** [CMakeFiles/rocksdb.dir/build.make:163: CMakeFiles/rocksdb.dir/db/compacted_db_impl.cc.o] Error 1
[INFO] [stderr]   gmake[3]: *** Waiting for unfinished jobs....
[INFO] [stderr]   In file included from /opt/rustwide/cargo-home/registry/src/index.crates.io-6f17d22bba15001f/parity-rocksdb-sys-0.5.5/rocksdb/db/range_del_aggregator.h:16,
[INFO] [stderr]                    from /opt/rustwide/cargo-home/registry/src/index.crates.io-6f17d22bba15001f/parity-rocksdb-sys-0.5.5/rocksdb/db/memtable.h:19,
[INFO] [stderr]                    from /opt/rustwide/cargo-home/registry/src/index.crates.io-6f17d22bba15001f/parity-rocksdb-sys-0.5.5/rocksdb/db/memtable_list.h:17,
[INFO] [stderr]                    from /opt/rustwide/cargo-home/registry/src/index.crates.io-6f17d22bba15001f/parity-rocksdb-sys-0.5.5/rocksdb/db/column_family.h:17,
[INFO] [stderr]                    from /opt/rustwide/cargo-home/registry/src/index.crates.io-6f17d22bba15001f/parity-rocksdb-sys-0.5.5/rocksdb/db/compaction_job.h:20,
[INFO] [stderr]                    from /opt/rustwide/cargo-home/registry/src/index.crates.io-6f17d22bba15001f/parity-rocksdb-sys-0.5.5/rocksdb/db/compaction_job.cc:10:
[INFO] [stderr]   /opt/rustwide/cargo-home/registry/src/index.crates.io-6f17d22bba15001f/parity-rocksdb-sys-0.5.5/rocksdb/db/version_edit.h: In constructor 'rocksdb::FdWithKeyRange::FdWithKeyRange(rocksdb::FileDescriptor, rocksdb::Slice, rocksdb::Slice, rocksdb::FileMetaData*)':
[INFO] [stderr]   /opt/rustwide/cargo-home/registry/src/index.crates.io-6f17d22bba15001f/parity-rocksdb-sys-0.5.5/rocksdb/db/version_edit.h:154:9: warning: implicitly-declared 'constexpr rocksdb::FileDescriptor::FileDescriptor(const rocksdb::FileDescriptor&)' is deprecated [-Wdeprecated-copy]
[INFO] [stderr]     154 |       : fd(_fd),
[INFO] [stderr]         |         ^~~~~~~
[INFO] [stderr]   /opt/rustwide/cargo-home/registry/src/index.crates.io-6f17d22bba15001f/parity-rocksdb-sys-0.5.5/rocksdb/db/version_edit.h:47:19: note: because 'rocksdb::FileDescriptor' has user-provided 'rocksdb::FileDescriptor& rocksdb::FileDescriptor::operator=(const rocksdb::FileDescriptor&)'
[INFO] [stderr]      47 |   FileDescriptor& operator=(const FileDescriptor& fd) {
[INFO] [stderr]         |                   ^~~~~~~~
[INFO] [stderr]   c++: fatal error: Killed signal terminated program cc1plus
[INFO] [stderr]   compilation terminated.
[INFO] [stderr]   gmake[3]: *** [CMakeFiles/rocksdb.dir/build.make:121: CMakeFiles/rocksdb.dir/db/builder.cc.o] Error 1
[INFO] [stderr]   c++: fatal error: Killed signal terminated program cc1plus
[INFO] [stderr]   compilation terminated.
[INFO] [stderr]   gmake[3]: *** [CMakeFiles/rocksdb.dir/build.make:149: CMakeFiles/rocksdb.dir/db/column_family.cc.o] Error 1
[INFO] [stderr]   c++: fatal error: Killed signal terminated program cc1plus
[INFO] [stderr]   compilation terminated.
[INFO] [stderr]   gmake[3]: *** [CMakeFiles/rocksdb.dir/build.make:177: CMakeFiles/rocksdb.dir/db/compaction.cc.o] Error 1
[INFO] [stderr]   In file included from /opt/rustwide/cargo-home/registry/src/index.crates.io-6f17d22bba15001f/parity-rocksdb-sys-0.5.5/rocksdb/db/range_del_aggregator.h:16,
[INFO] [stderr]                    from /opt/rustwide/cargo-home/registry/src/index.crates.io-6f17d22bba15001f/parity-rocksdb-sys-0.5.5/rocksdb/db/memtable.h:19,
[INFO] [stderr]                    from /opt/rustwide/cargo-home/registry/src/index.crates.io-6f17d22bba15001f/parity-rocksdb-sys-0.5.5/rocksdb/db/memtable_list.h:17,
[INFO] [stderr]                    from /opt/rustwide/cargo-home/registry/src/index.crates.io-6f17d22bba15001f/parity-rocksdb-sys-0.5.5/rocksdb/db/column_family.h:17,
[INFO] [stderr]                    from /opt/rustwide/cargo-home/registry/src/index.crates.io-6f17d22bba15001f/parity-rocksdb-sys-0.5.5/rocksdb/db/version_set.h:31,
[INFO] [stderr]                    from /opt/rustwide/cargo-home/registry/src/index.crates.io-6f17d22bba15001f/parity-rocksdb-sys-0.5.5/rocksdb/db/compaction.h:11,
[INFO] [stderr]                    from /opt/rustwide/cargo-home/registry/src/index.crates.io-6f17d22bba15001f/parity-rocksdb-sys-0.5.5/rocksdb/db/compaction_picker.h:18,
[INFO] [stderr]                    from /opt/rustwide/cargo-home/registry/src/index.crates.io-6f17d22bba15001f/parity-rocksdb-sys-0.5.5/rocksdb/db/compaction_picker_universal.h:13,
[INFO] [stderr]                    from /opt/rustwide/cargo-home/registry/src/index.crates.io-6f17d22bba15001f/parity-rocksdb-sys-0.5.5/rocksdb/db/compaction_picker_universal.cc:10:
[INFO] [stderr]   /opt/rustwide/cargo-home/registry/src/index.crates.io-6f17d22bba15001f/parity-rocksdb-sys-0.5.5/rocksdb/db/version_edit.h: In constructor 'rocksdb::FdWithKeyRange::FdWithKeyRange(rocksdb::FileDescriptor, rocksdb::Slice, rocksdb::Slice, rocksdb::FileMetaData*)':
[INFO] [stderr]   /opt/rustwide/cargo-home/registry/src/index.crates.io-6f17d22bba15001f/parity-rocksdb-sys-0.5.5/rocksdb/db/version_edit.h:154:9: warning: implicitly-declared 'constexpr rocksdb::FileDescriptor::FileDescriptor(const rocksdb::FileDescriptor&)' is deprecated [-Wdeprecated-copy]
[INFO] [stderr]     154 |       : fd(_fd),
[INFO] [stderr]         |         ^~~~~~~
[INFO] [stderr]   /opt/rustwide/cargo-home/registry/src/index.crates.io-6f17d22bba15001f/parity-rocksdb-sys-0.5.5/rocksdb/db/version_edit.h:47:19: note: because 'rocksdb::FileDescriptor' has user-provided 'rocksdb::FileDescriptor& rocksdb::FileDescriptor::operator=(const rocksdb::FileDescriptor&)'
[INFO] [stderr]      47 |   FileDescriptor& operator=(const FileDescriptor& fd) {
[INFO] [stderr]         |                   ^~~~~~~~
[INFO] [stderr]   In file included from /opt/rustwide/cargo-home/registry/src/index.crates.io-6f17d22bba15001f/parity-rocksdb-sys-0.5.5/rocksdb/db/range_del_aggregator.h:16,
[INFO] [stderr]                    from /opt/rustwide/cargo-home/registry/src/index.crates.io-6f17d22bba15001f/parity-rocksdb-sys-0.5.5/rocksdb/db/memtable.h:19,
[INFO] [stderr]                    from /opt/rustwide/cargo-home/registry/src/index.crates.io-6f17d22bba15001f/parity-rocksdb-sys-0.5.5/rocksdb/db/memtable_list.h:17,
[INFO] [stderr]                    from /opt/rustwide/cargo-home/registry/src/index.crates.io-6f17d22bba15001f/parity-rocksdb-sys-0.5.5/rocksdb/db/column_family.h:17,
[INFO] [stderr]                    from /opt/rustwide/cargo-home/registry/src/index.crates.io-6f17d22bba15001f/parity-rocksdb-sys-0.5.5/rocksdb/db/version_set.h:31,
[INFO] [stderr]                    from /opt/rustwide/cargo-home/registry/src/index.crates.io-6f17d22bba15001f/parity-rocksdb-sys-0.5.5/rocksdb/db/compaction.h:11,
[INFO] [stderr]                    from /opt/rustwide/cargo-home/registry/src/index.crates.io-6f17d22bba15001f/parity-rocksdb-sys-0.5.5/rocksdb/db/compaction_picker.h:18,
[INFO] [stderr]                    from /opt/rustwide/cargo-home/registry/src/index.crates.io-6f17d22bba15001f/parity-rocksdb-sys-0.5.5/rocksdb/db/compaction_picker.cc:10:
[INFO] [stderr]   /opt/rustwide/cargo-home/registry/src/index.crates.io-6f17d22bba15001f/parity-rocksdb-sys-0.5.5/rocksdb/db/version_edit.h: In constructor 'rocksdb::FdWithKeyRange::FdWithKeyRange(rocksdb::FileDescriptor, rocksdb::Slice, rocksdb::Slice, rocksdb::FileMetaData*)':
[INFO] [stderr]   /opt/rustwide/cargo-home/registry/src/index.crates.io-6f17d22bba15001f/parity-rocksdb-sys-0.5.5/rocksdb/db/version_edit.h:154:9: warning: implicitly-declared 'constexpr rocksdb::FileDescriptor::FileDescriptor(const rocksdb::FileDescriptor&)' is deprecated [-Wdeprecated-copy]
[INFO] [stderr]     154 |       : fd(_fd),
[INFO] [stderr]         |         ^~~~~~~
[INFO] [stderr]   /opt/rustwide/cargo-home/registry/src/index.crates.io-6f17d22bba15001f/parity-rocksdb-sys-0.5.5/rocksdb/db/version_edit.h:47:19: note: because 'rocksdb::FileDescriptor' has user-provided 'rocksdb::FileDescriptor& rocksdb::FileDescriptor::operator=(const rocksdb::FileDescriptor&)'
[INFO] [stderr]      47 |   FileDescriptor& operator=(const FileDescriptor& fd) {
[INFO] [stderr]         |                   ^~~~~~~~
[INFO] [stderr]   c++: fatal error: Killed signal terminated program cc1plus
[INFO] [stderr]   compilation terminated.
[INFO] [stderr]   gmake[3]: *** [CMakeFiles/rocksdb.dir/build.make:205: CMakeFiles/rocksdb.dir/db/compaction_job.cc.o] Error 1
[INFO] [stderr]   c++: fatal error: Killed signal terminated program cc1plus
[INFO] [stderr]   compilation terminated.
[INFO] [stderr]   gmake[3]: *** [CMakeFiles/rocksdb.dir/build.make:191: CMakeFiles/rocksdb.dir/db/compaction_iterator.cc.o] Error 1
[INFO] [stderr]   In file included from /opt/rustwide/cargo-home/registry/src/index.crates.io-6f17d22bba15001f/parity-rocksdb-sys-0.5.5/rocksdb/db/range_del_aggregator.h:16,
[INFO] [stderr]                    from /opt/rustwide/cargo-home/registry/src/index.crates.io-6f17d22bba15001f/parity-rocksdb-sys-0.5.5/rocksdb/db/memtable.h:19,
[INFO] [stderr]                    from /opt/rustwide/cargo-home/registry/src/index.crates.io-6f17d22bba15001f/parity-rocksdb-sys-0.5.5/rocksdb/db/memtable_list.h:17,
[INFO] [stderr]                    from /opt/rustwide/cargo-home/registry/src/index.crates.io-6f17d22bba15001f/parity-rocksdb-sys-0.5.5/rocksdb/db/column_family.h:17,
[INFO] [stderr]                    from /opt/rustwide/cargo-home/registry/src/index.crates.io-6f17d22bba15001f/parity-rocksdb-sys-0.5.5/rocksdb/db/db_impl.h:22,
[INFO] [stderr]                    from /opt/rustwide/cargo-home/registry/src/index.crates.io-6f17d22bba15001f/parity-rocksdb-sys-0.5.5/rocksdb/db/convenience.cc:11:
[INFO] [stderr]   /opt/rustwide/cargo-home/registry/src/index.crates.io-6f17d22bba15001f/parity-rocksdb-sys-0.5.5/rocksdb/db/version_edit.h: In constructor 'rocksdb::FdWithKeyRange::FdWithKeyRange(rocksdb::FileDescriptor, rocksdb::Slice, rocksdb::Slice, rocksdb::FileMetaData*)':
[INFO] [stderr]   /opt/rustwide/cargo-home/registry/src/index.crates.io-6f17d22bba15001f/parity-rocksdb-sys-0.5.5/rocksdb/db/version_edit.h:154:9: warning: implicitly-declared 'constexpr rocksdb::FileDescriptor::FileDescriptor(const rocksdb::FileDescriptor&)' is deprecated [-Wdeprecated-copy]
[INFO] [stderr]     154 |       : fd(_fd),
[INFO] [stderr]         |         ^~~~~~~
[INFO] [stderr]   /opt/rustwide/cargo-home/registry/src/index.crates.io-6f17d22bba15001f/parity-rocksdb-sys-0.5.5/rocksdb/db/version_edit.h:47:19: note: because 'rocksdb::FileDescriptor' has user-provided 'rocksdb::FileDescriptor& rocksdb::FileDescriptor::operator=(const rocksdb::FileDescriptor&)'
[INFO] [stderr]      47 |   FileDescriptor& operator=(const FileDescriptor& fd) {
[INFO] [stderr]         |                   ^~~~~~~~
[INFO] [stderr]   In file included from /opt/rustwide/cargo-home/registry/src/index.crates.io-6f17d22bba15001f/parity-rocksdb-sys-0.5.5/rocksdb/db/range_del_aggregator.h:16,
[INFO] [stderr]                    from /opt/rustwide/cargo-home/registry/src/index.crates.io-6f17d22bba15001f/parity-rocksdb-sys-0.5.5/rocksdb/db/memtable.h:19,
[INFO] [stderr]                    from /opt/rustwide/cargo-home/registry/src/index.crates.io-6f17d22bba15001f/parity-rocksdb-sys-0.5.5/rocksdb/db/memtable_list.h:17,
[INFO] [stderr]                    from /opt/rustwide/cargo-home/registry/src/index.crates.io-6f17d22bba15001f/parity-rocksdb-sys-0.5.5/rocksdb/db/column_family.h:17,
[INFO] [stderr]                    from /opt/rustwide/cargo-home/registry/src/index.crates.io-6f17d22bba15001f/parity-rocksdb-sys-0.5.5/rocksdb/db/db_impl.h:22,
[INFO] [stderr]                    from /opt/rustwide/cargo-home/registry/src/index.crates.io-6f17d22bba15001f/parity-rocksdb-sys-0.5.5/rocksdb/db/db_filesnapshot.cc:17:
[INFO] [stderr]   /opt/rustwide/cargo-home/registry/src/index.crates.io-6f17d22bba15001f/parity-rocksdb-sys-0.5.5/rocksdb/db/version_edit.h: In constructor 'rocksdb::FdWithKeyRange::FdWithKeyRange(rocksdb::FileDescriptor, rocksdb::Slice, rocksdb::Slice, rocksdb::FileMetaData*)':
[INFO] [stderr]   /opt/rustwide/cargo-home/registry/src/index.crates.io-6f17d22bba15001f/parity-rocksdb-sys-0.5.5/rocksdb/db/version_edit.h:154:9: warning: implicitly-declared 'constexpr rocksdb::FileDescriptor::FileDescriptor(const rocksdb::FileDescriptor&)' is deprecated [-Wdeprecated-copy]
[INFO] [stderr]     154 |       : fd(_fd),
[INFO] [stderr]         |         ^~~~~~~
[INFO] [stderr]   /opt/rustwide/cargo-home/registry/src/index.crates.io-6f17d22bba15001f/parity-rocksdb-sys-0.5.5/rocksdb/db/version_edit.h:47:19: note: because 'rocksdb::FileDescriptor' has user-provided 'rocksdb::FileDescriptor& rocksdb::FileDescriptor::operator=(const rocksdb::FileDescriptor&)'
[INFO] [stderr]      47 |   FileDescriptor& operator=(const FileDescriptor& fd) {
[INFO] [stderr]         |                   ^~~~~~~~
[INFO] [stderr]   c++: fatal error: Killed signal terminated program cc1plus
[INFO] [stderr]   compilation terminated.
[INFO] [stderr]   gmake[3]: *** [CMakeFiles/rocksdb.dir/build.make:233: CMakeFiles/rocksdb.dir/db/compaction_picker_universal.cc.o] Error 1
[INFO] [stderr]   In file included from /opt/rustwide/cargo-home/registry/src/index.crates.io-6f17d22bba15001f/parity-rocksdb-sys-0.5.5/rocksdb/db/range_del_aggregator.h:16,
[INFO] [stderr]                    from /opt/rustwide/cargo-home/registry/src/index.crates.io-6f17d22bba15001f/parity-rocksdb-sys-0.5.5/rocksdb/db/memtable.h:19,
[INFO] [stderr]                    from /opt/rustwide/cargo-home/registry/src/index.crates.io-6f17d22bba15001f/parity-rocksdb-sys-0.5.5/rocksdb/db/memtable_list.h:17,
[INFO] [stderr]                    from /opt/rustwide/cargo-home/registry/src/index.crates.io-6f17d22bba15001f/parity-rocksdb-sys-0.5.5/rocksdb/db/column_family.h:17,
[INFO] [stderr]                    from /opt/rustwide/cargo-home/registry/src/index.crates.io-6f17d22bba15001f/parity-rocksdb-sys-0.5.5/rocksdb/db/db_impl.h:22,
[INFO] [stderr]                    from /opt/rustwide/cargo-home/registry/src/index.crates.io-6f17d22bba15001f/parity-rocksdb-sys-0.5.5/rocksdb/db/db_impl_compaction_flush.cc:9:
[INFO] [stderr]   /opt/rustwide/cargo-home/registry/src/index.crates.io-6f17d22bba15001f/parity-rocksdb-sys-0.5.5/rocksdb/db/version_edit.h: In constructor 'rocksdb::FdWithKeyRange::FdWithKeyRange(rocksdb::FileDescriptor, rocksdb::Slice, rocksdb::Slice, rocksdb::FileMetaData*)':
[INFO] [stderr]   /opt/rustwide/cargo-home/registry/src/index.crates.io-6f17d22bba15001f/parity-rocksdb-sys-0.5.5/rocksdb/db/version_edit.h:154:9: warning: implicitly-declared 'constexpr rocksdb::FileDescriptor::FileDescriptor(const rocksdb::FileDescriptor&)' is deprecated [-Wdeprecated-copy]
[INFO] [stderr]     154 |       : fd(_fd),
[INFO] [stderr]         |         ^~~~~~~
[INFO] [stderr]   /opt/rustwide/cargo-home/registry/src/index.crates.io-6f17d22bba15001f/parity-rocksdb-sys-0.5.5/rocksdb/db/version_edit.h:47:19: note: because 'rocksdb::FileDescriptor' has user-provided 'rocksdb::FileDescriptor& rocksdb::FileDescriptor::operator=(const rocksdb::FileDescriptor&)'
[INFO] [stderr]      47 |   FileDescriptor& operator=(const FileDescriptor& fd) {
[INFO] [stderr]         |                   ^~~~~~~~
[INFO] [stderr]   In file included from /opt/rustwide/cargo-home/registry/src/index.crates.io-6f17d22bba15001f/parity-rocksdb-sys-0.5.5/rocksdb/db/range_del_aggregator.h:16,
[INFO] [stderr]                    from /opt/rustwide/cargo-home/registry/src/index.crates.io-6f17d22bba15001f/parity-rocksdb-sys-0.5.5/rocksdb/db/memtable.h:19,
[INFO] [stderr]                    from /opt/rustwide/cargo-home/registry/src/index.crates.io-6f17d22bba15001f/parity-rocksdb-sys-0.5.5/rocksdb/db/memtable_list.h:17,
[INFO] [stderr]                    from /opt/rustwide/cargo-home/registry/src/index.crates.io-6f17d22bba15001f/parity-rocksdb-sys-0.5.5/rocksdb/db/column_family.h:17,
[INFO] [stderr]                    from /opt/rustwide/cargo-home/registry/src/index.crates.io-6f17d22bba15001f/parity-rocksdb-sys-0.5.5/rocksdb/db/db_impl.h:22,
[INFO] [stderr]                    from /opt/rustwide/cargo-home/registry/src/index.crates.io-6f17d22bba15001f/parity-rocksdb-sys-0.5.5/rocksdb/db/db_impl_files.cc:9:
[INFO] [stderr]   /opt/rustwide/cargo-home/registry/src/index.crates.io-6f17d22bba15001f/parity-rocksdb-sys-0.5.5/rocksdb/db/version_edit.h: In constructor 'rocksdb::FdWithKeyRange::FdWithKeyRange(rocksdb::FileDescriptor, rocksdb::Slice, rocksdb::Slice, rocksdb::FileMetaData*)':
[INFO] [stderr]   /opt/rustwide/cargo-home/registry/src/index.crates.io-6f17d22bba15001f/parity-rocksdb-sys-0.5.5/rocksdb/db/version_edit.h:154:9: warning: implicitly-declared 'constexpr rocksdb::FileDescriptor::FileDescriptor(const rocksdb::FileDescriptor&)' is deprecated [-Wdeprecated-copy]
[INFO] [stderr]     154 |       : fd(_fd),
[INFO] [stderr]         |         ^~~~~~~
[INFO] [stderr]   /opt/rustwide/cargo-home/registry/src/index.crates.io-6f17d22bba15001f/parity-rocksdb-sys-0.5.5/rocksdb/db/version_edit.h:47:19: note: because 'rocksdb::FileDescriptor' has user-provided 'rocksdb::FileDescriptor& rocksdb::FileDescriptor::operator=(const rocksdb::FileDescriptor&)'
[INFO] [stderr]      47 |   FileDescriptor& operator=(const FileDescriptor& fd) {
[INFO] [stderr]         |                   ^~~~~~~~
[INFO] [stderr]   c++: fatal error: Killed signal terminated program cc1plus
[INFO] [stderr]   compilation terminated.
[INFO] [stderr]   gmake[3]: *** [CMakeFiles/rocksdb.dir/build.make:219: CMakeFiles/rocksdb.dir/db/compaction_picker.cc.o] Error 1
[INFO] [stderr]   In file included from /opt/rustwide/cargo-home/registry/src/index.crates.io-6f17d22bba15001f/parity-rocksdb-sys-0.5.5/rocksdb/db/range_del_aggregator.h:16,
[INFO] [stderr]                    from /opt/rustwide/cargo-home/registry/src/index.crates.io-6f17d22bba15001f/parity-rocksdb-sys-0.5.5/rocksdb/db/memtable.h:19,
[INFO] [stderr]                    from /opt/rustwide/cargo-home/registry/src/index.crates.io-6f17d22bba15001f/parity-rocksdb-sys-0.5.5/rocksdb/db/memtable_list.h:17,
[INFO] [stderr]                    from /opt/rustwide/cargo-home/registry/src/index.crates.io-6f17d22bba15001f/parity-rocksdb-sys-0.5.5/rocksdb/db/column_family.h:17,
[INFO] [stderr]                    from /opt/rustwide/cargo-home/registry/src/index.crates.io-6f17d22bba15001f/parity-rocksdb-sys-0.5.5/rocksdb/db/db_impl.h:22,
[INFO] [stderr]                    from /opt/rustwide/cargo-home/registry/src/index.crates.io-6f17d22bba15001f/parity-rocksdb-sys-0.5.5/rocksdb/db/db_impl_write.cc:9:
[INFO] [stderr]   /opt/rustwide/cargo-home/registry/src/index.crates.io-6f17d22bba15001f/parity-rocksdb-sys-0.5.5/rocksdb/db/version_edit.h: In constructor 'rocksdb::FdWithKeyRange::FdWithKeyRange(rocksdb::FileDescriptor, rocksdb::Slice, rocksdb::Slice, rocksdb::FileMetaData*)':
[INFO] [stderr]   /opt/rustwide/cargo-home/registry/src/index.crates.io-6f17d22bba15001f/parity-rocksdb-sys-0.5.5/rocksdb/db/version_edit.h:154:9: warning: implicitly-declared 'constexpr rocksdb::FileDescriptor::FileDescriptor(const rocksdb::FileDescriptor&)' is deprecated [-Wdeprecated-copy]
[INFO] [stderr]     154 |       : fd(_fd),
[INFO] [stderr]         |         ^~~~~~~
[INFO] [stderr]   /opt/rustwide/cargo-home/registry/src/index.crates.io-6f17d22bba15001f/parity-rocksdb-sys-0.5.5/rocksdb/db/version_edit.h:47:19: note: because 'rocksdb::FileDescriptor' has user-provided 'rocksdb::FileDescriptor& rocksdb::FileDescriptor::operator=(const rocksdb::FileDescriptor&)'
[INFO] [stderr]      47 |   FileDescriptor& operator=(const FileDescriptor& fd) {
[INFO] [stderr]         |                   ^~~~~~~~
[INFO] [stderr]   In file included from /opt/rustwide/cargo-home/registry/src/index.crates.io-6f17d22bba15001f/parity-rocksdb-sys-0.5.5/rocksdb/db/range_del_aggregator.h:16,
[INFO] [stderr]                    from /opt/rustwide/cargo-home/registry/src/index.crates.io-6f17d22bba15001f/parity-rocksdb-sys-0.5.5/rocksdb/db/memtable.h:19,
[INFO] [stderr]                    from /opt/rustwide/cargo-home/registry/src/index.crates.io-6f17d22bba15001f/parity-rocksdb-sys-0.5.5/rocksdb/db/memtable_list.h:17,
[INFO] [stderr]                    from /opt/rustwide/cargo-home/registry/src/index.crates.io-6f17d22bba15001f/parity-rocksdb-sys-0.5.5/rocksdb/db/column_family.h:17,
[INFO] [stderr]                    from /opt/rustwide/cargo-home/registry/src/index.crates.io-6f17d22bba15001f/parity-rocksdb-sys-0.5.5/rocksdb/db/db_impl.h:22,
[INFO] [stderr]                    from /opt/rustwide/cargo-home/registry/src/index.crates.io-6f17d22bba15001f/parity-rocksdb-sys-0.5.5/rocksdb/db/db_impl_open.cc:9:
[INFO] [stderr]   /opt/rustwide/cargo-home/registry/src/index.crates.io-6f17d22bba15001f/parity-rocksdb-sys-0.5.5/rocksdb/db/version_edit.h: In constructor 'rocksdb::FdWithKeyRange::FdWithKeyRange(rocksdb::FileDescriptor, rocksdb::Slice, rocksdb::Slice, rocksdb::FileMetaData*)':
[INFO] [stderr]   /opt/rustwide/cargo-home/registry/src/index.crates.io-6f17d22bba15001f/parity-rocksdb-sys-0.5.5/rocksdb/db/version_edit.h:154:9: warning: implicitly-declared 'constexpr rocksdb::FileDescriptor::FileDescriptor(const rocksdb::FileDescriptor&)' is deprecated [-Wdeprecated-copy]
[INFO] [stderr]     154 |       : fd(_fd),
[INFO] [stderr]         |         ^~~~~~~
[INFO] [stderr]   /opt/rustwide/cargo-home/registry/src/index.crates.io-6f17d22bba15001f/parity-rocksdb-sys-0.5.5/rocksdb/db/version_edit.h:47:19: note: because 'rocksdb::FileDescriptor' has user-provided 'rocksdb::FileDescriptor& rocksdb::FileDescriptor::operator=(const rocksdb::FileDescriptor&)'
[INFO] [stderr]      47 |   FileDescriptor& operator=(const FileDescriptor& fd) {
[INFO] [stderr]         |                   ^~~~~~~~
[INFO] [stderr]   In file included from /opt/rustwide/cargo-home/registry/src/index.crates.io-6f17d22bba15001f/parity-rocksdb-sys-0.5.5/rocksdb/db/range_del_aggregator.h:16,
[INFO] [stderr]                    from /opt/rustwide/cargo-home/registry/src/index.crates.io-6f17d22bba15001f/parity-rocksdb-sys-0.5.5/rocksdb/db/memtable.h:19,
[INFO] [stderr]                    from /opt/rustwide/cargo-home/registry/src/index.crates.io-6f17d22bba15001f/parity-rocksdb-sys-0.5.5/rocksdb/db/memtable_list.h:17,
[INFO] [stderr]                    from /opt/rustwide/cargo-home/registry/src/index.crates.io-6f17d22bba15001f/parity-rocksdb-sys-0.5.5/rocksdb/db/column_family.h:17,
[INFO] [stderr]                    from /opt/rustwide/cargo-home/registry/src/index.crates.io-6f17d22bba15001f/parity-rocksdb-sys-0.5.5/rocksdb/db/db_impl.h:22,
[INFO] [stderr]                    from /opt/rustwide/cargo-home/registry/src/index.crates.io-6f17d22bba15001f/parity-rocksdb-sys-0.5.5/rocksdb/db/db_impl.cc:9:
[INFO] [stderr]   /opt/rustwide/cargo-home/registry/src/index.crates.io-6f17d22bba15001f/parity-rocksdb-sys-0.5.5/rocksdb/db/version_edit.h: In constructor 'rocksdb::FdWithKeyRange::FdWithKeyRange(rocksdb::FileDescriptor, rocksdb::Slice, rocksdb::Slice, rocksdb::FileMetaData*)':
[INFO] [stderr]   /opt/rustwide/cargo-home/registry/src/index.crates.io-6f17d22bba15001f/parity-rocksdb-sys-0.5.5/rocksdb/db/version_edit.h:154:9: warning: implicitly-declared 'constexpr rocksdb::FileDescriptor::FileDescriptor(const rocksdb::FileDescriptor&)' is deprecated [-Wdeprecated-copy]
[INFO] [stderr]     154 |       : fd(_fd),
[INFO] [stderr]         |         ^~~~~~~
[INFO] [stderr]   /opt/rustwide/cargo-home/registry/src/index.crates.io-6f17d22bba15001f/parity-rocksdb-sys-0.5.5/rocksdb/db/version_edit.h:47:19: note: because 'rocksdb::FileDescriptor' has user-provided 'rocksdb::FileDescriptor& rocksdb::FileDescriptor::operator=(const rocksdb::FileDescriptor&)'
[INFO] [stderr]      47 |   FileDescriptor& operator=(const FileDescriptor& fd) {
[INFO] [stderr]         |                   ^~~~~~~~
[INFO] [stderr]   c++: fatal error: Killed signal terminated program cc1plus
[INFO] [stderr]   compilation terminated.
[INFO] [stderr]   gmake[3]: *** [CMakeFiles/rocksdb.dir/build.make:261: CMakeFiles/rocksdb.dir/db/db_filesnapshot.cc.o] Error 1
[INFO] [stderr]   c++: fatal error: Killed signal terminated program cc1plus
[INFO] [stderr]   compilation terminated.
[INFO] [stderr]   gmake[3]: *** [CMakeFiles/rocksdb.dir/build.make:247: CMakeFiles/rocksdb.dir/db/convenience.cc.o] Error 1
[INFO] [stderr]   c++: fatal error: Killed signal terminated program cc1plus
[INFO] [stderr]   compilation terminated.
[INFO] [stderr]   gmake[3]: *** [CMakeFiles/rocksdb.dir/build.make:303: CMakeFiles/rocksdb.dir/db/db_impl_compaction_flush.cc.o] Error 1
[INFO] [stderr]   /opt/rustwide/cargo-home/registry/src/index.crates.io-6f17d22bba15001f/parity-rocksdb-sys-0.5.5/rocksdb/db/version_edit.h: In instantiation of 'constexpr std::pair<_T1, _T2>::pair(_U1&&, _U2&&) [with _U1 = int&; _U2 = rocksdb::FileMetaData; typename std::enable_if<(std::_PCC<true, _T1, _T2>::_MoveConstructiblePair<_U1, _U2>() && std::_PCC<true, _T1, _T2>::_ImplicitlyMoveConvertiblePair<_U1, _U2>()), bool>::type <anonymous> = true; _T1 = int; _T2 = rocksdb::FileMetaData]':
[INFO] [stderr]   /usr/include/c++/11/ext/new_allocator.h:162:4:   required from 'void __gnu_cxx::new_allocator<_Tp>::construct(_Up*, _Args&& ...) [with _Up = std::pair<int, rocksdb::FileMetaData>; _Args = {int&, rocksdb::FileMetaData}; _Tp = std::pair<int, rocksdb::FileMetaData>]'
[INFO] [stderr]   /usr/include/c++/11/bits/alloc_traits.h:516:17:   required from 'static void std::allocator_traits<std::allocator<_Tp1> >::construct(std::allocator_traits<std::allocator<_Tp1> >::allocator_type&, _Up*, _Args&& ...) [with _Up = std::pair<int, rocksdb::FileMetaData>; _Args = {int&, rocksdb::FileMetaData}; _Tp = std::pair<int, rocksdb::FileMetaData>; std::allocator_traits<std::allocator<_Tp1> >::allocator_type = std::allocator<std::pair<int, rocksdb::FileMetaData> >]'
[INFO] [stderr]   /usr/include/c++/11/bits/vector.tcc:115:30:   required from 'void std::vector<_Tp, _Alloc>::emplace_back(_Args&& ...) [with _Args = {int&, rocksdb::FileMetaData}; _Tp = std::pair<int, rocksdb::FileMetaData>; _Alloc = std::allocator<std::pair<int, rocksdb::FileMetaData> >]'
[INFO] [stderr]   /opt/rustwide/cargo-home/registry/src/index.crates.io-6f17d22bba15001f/parity-rocksdb-sys-0.5.5/rocksdb/db/version_edit.h:227:28:   required from here
[INFO] [stderr]   /opt/rustwide/cargo-home/registry/src/index.crates.io-6f17d22bba15001f/parity-rocksdb-sys-0.5.5/rocksdb/db/version_edit.h:76:8: warning: implicitly-declared 'constexpr rocksdb::FileDescriptor::FileDescriptor(const rocksdb::FileDescriptor&)' is deprecated [-Wdeprecated-copy]
[INFO] [stderr]      76 | struct FileMetaData {
[INFO] [stderr]         |        ^~~~~~~~~~~~
[INFO] [stderr]   /opt/rustwide/cargo-home/registry/src/index.crates.io-6f17d22bba15001f/parity-rocksdb-sys-0.5.5/rocksdb/db/version_edit.h:47:19: note: because 'rocksdb::FileDescriptor' has user-provided 'rocksdb::FileDescriptor& rocksdb::FileDescriptor::operator=(const rocksdb::FileDescriptor&)'
[INFO] [stderr]      47 |   FileDescriptor& operator=(const FileDescriptor& fd) {
[INFO] [stderr]         |                   ^~~~~~~~
[INFO] [stderr]   In file included from /usr/include/c++/11/bits/stl_algobase.h:64,
[INFO] [stderr]                    from /usr/include/c++/11/deque:60,
[INFO] [stderr]                    from /opt/rustwide/cargo-home/registry/src/index.crates.io-6f17d22bba15001f/parity-rocksdb-sys-0.5.5/rocksdb/db/db_impl.h:12,
[INFO] [stderr]                    from /opt/rustwide/cargo-home/registry/src/index.crates.io-6f17d22bba15001f/parity-rocksdb-sys-0.5.5/rocksdb/db/db_impl_files.cc:9:
[INFO] [stderr]   /usr/include/c++/11/bits/stl_pair.h:353:42: note: synthesized method 'rocksdb::FileMetaData::FileMetaData(rocksdb::FileMetaData&&)' first required here
[INFO] [stderr]     353 |         : first(std::forward<_U1>(__x)), second(std::forward<_U2>(__y)) { }
[INFO] [stderr]         |                                          ^~~~~~~~~~~~~~~~~~~~~~~~~~~~~~
[INFO] [stderr]   In file included from /opt/rustwide/cargo-home/registry/src/index.crates.io-6f17d22bba15001f/parity-rocksdb-sys-0.5.5/rocksdb/db/range_del_aggregator.h:16,
[INFO] [stderr]                    from /opt/rustwide/cargo-home/registry/src/index.crates.io-6f17d22bba15001f/parity-rocksdb-sys-0.5.5/rocksdb/db/memtable.h:19,
[INFO] [stderr]                    from /opt/rustwide/cargo-home/registry/src/index.crates.io-6f17d22bba15001f/parity-rocksdb-sys-0.5.5/rocksdb/db/memtable_list.h:17,
[INFO] [stderr]                    from /opt/rustwide/cargo-home/registry/src/index.crates.io-6f17d22bba15001f/parity-rocksdb-sys-0.5.5/rocksdb/db/column_family.h:17,
[INFO] [stderr]                    from /opt/rustwide/cargo-home/registry/src/index.crates.io-6f17d22bba15001f/parity-rocksdb-sys-0.5.5/rocksdb/db/db_impl.h:22,
[INFO] [stderr]                    from /opt/rustwide/cargo-home/registry/src/index.crates.io-6f17d22bba15001f/parity-rocksdb-sys-0.5.5/rocksdb/db/db_impl_files.cc:9:
[INFO] [stderr]   /opt/rustwide/cargo-home/registry/src/index.crates.io-6f17d22bba15001f/parity-rocksdb-sys-0.5.5/rocksdb/db/version_edit.h: In instantiation of 'constexpr std::pair<_T1, _T2>::pair(_U1&&, const _T2&) [with _U1 = int&; typename std::enable_if<std::_PCC<true, _T1, _T2>::_MoveCopyPair<true, _U1, _T2>(), bool>::type <anonymous> = true; _T1 = int; _T2 = rocksdb::FileMetaData]':
[INFO] [stderr]   /usr/include/c++/11/ext/new_allocator.h:162:4:   required from 'void __gnu_cxx::new_allocator<_Tp>::construct(_Up*, _Args&& ...) [with _Up = std::pair<int, rocksdb::FileMetaData>; _Args = {int&, const rocksdb::FileMetaData&}; _Tp = std::pair<int, rocksdb::FileMetaData>]'
[INFO] [stderr]   /usr/include/c++/11/bits/alloc_traits.h:516:17:   required from 'static void std::allocator_traits<std::allocator<_Tp1> >::construct(std::allocator_traits<std::allocator<_Tp1> >::allocator_type&, _Up*, _Args&& ...) [with _Up = std::pair<int, rocksdb::FileMetaData>; _Args = {int&, const rocksdb::FileMetaData&}; _Tp = std::pair<int, rocksdb::FileMetaData>; std::allocator_traits<std::allocator<_Tp1> >::allocator_type = std::allocator<std::pair<int, rocksdb::FileMetaData> >]'
[INFO] [stderr]   /usr/include/c++/11/bits/vector.tcc:115:30:   required from 'void std::vector<_Tp, _Alloc>::emplace_back(_Args&& ...) [with _Args = {int&, const rocksdb::FileMetaData&}; _Tp = std::pair<int, rocksdb::FileMetaData>; _Alloc = std::allocator<std::pair<int, rocksdb::FileMetaData> >]'
[INFO] [stderr]   /opt/rustwide/cargo-home/registry/src/index.crates.io-6f17d22bba15001f/parity-rocksdb-sys-0.5.5/rocksdb/db/version_edit.h:232:28:   required from here
[INFO] [stderr]   /opt/rustwide/cargo-home/registry/src/index.crates.io-6f17d22bba15001f/parity-rocksdb-sys-0.5.5/rocksdb/db/version_edit.h:76:8: warning: implicitly-declared 'constexpr rocksdb::FileDescriptor::FileDescriptor(const rocksdb::FileDescriptor&)' is deprecated [-Wdeprecated-copy]
[INFO] [stderr]      76 | struct FileMetaData {
[INFO] [stderr]         |        ^~~~~~~~~~~~
[INFO] [stderr]   /opt/rustwide/cargo-home/registry/src/index.crates.io-6f17d22bba15001f/parity-rocksdb-sys-0.5.5/rocksdb/db/version_edit.h:47:19: note: because 'rocksdb::FileDescriptor' has user-provided 'rocksdb::FileDescriptor& rocksdb::FileDescriptor::operator=(const rocksdb::FileDescriptor&)'
[INFO] [stderr]      47 |   FileDescriptor& operator=(const FileDescriptor& fd) {
[INFO] [stderr]         |                   ^~~~~~~~
[INFO] [stderr]   In file included from /usr/include/c++/11/bits/stl_algobase.h:64,
[INFO] [stderr]                    from /usr/include/c++/11/deque:60,
[INFO] [stderr]                    from /opt/rustwide/cargo-home/registry/src/index.crates.io-6f17d22bba15001f/parity-rocksdb-sys-0.5.5/rocksdb/db/db_impl.h:12,
[INFO] [stderr]                    from /opt/rustwide/cargo-home/registry/src/index.crates.io-6f17d22bba15001f/parity-rocksdb-sys-0.5.5/rocksdb/db/db_impl_files.cc:9:
[INFO] [stderr]   /usr/include/c++/11/bits/stl_pair.h:323:41: note: synthesized method 'rocksdb::FileMetaData::FileMetaData(const rocksdb::FileMetaData&)' first required here
[INFO] [stderr]     323 |        : first(std::forward<_U1>(__x)), second(__y) { }
[INFO] [stderr]         |                                         ^~~~~~~~~~~
[INFO] [stderr]   /opt/rustwide/cargo-home/registry/src/index.crates.io-6f17d22bba15001f/parity-rocksdb-sys-0.5.5/rocksdb/db/version_edit.h: In instantiation of 'constexpr std::pair<_T1, _T2>::pair(_U1&&, _U2&&) [with _U1 = int&; _U2 = rocksdb::FileMetaData; typename std::enable_if<(std::_PCC<true, _T1, _T2>::_MoveConstructiblePair<_U1, _U2>() && std::_PCC<true, _T1, _T2>::_ImplicitlyMoveConvertiblePair<_U1, _U2>()), bool>::type <anonymous> = true; _T1 = int; _T2 = rocksdb::FileMetaData]':
[INFO] [stderr]   /usr/include/c++/11/ext/new_allocator.h:162:4:   required from 'void __gnu_cxx::new_allocator<_Tp>::construct(_Up*, _Args&& ...) [with _Up = std::pair<int, rocksdb::FileMetaData>; _Args = {int&, rocksdb::FileMetaData}; _Tp = std::pair<int, rocksdb::FileMetaData>]'
[INFO] [stderr]   /usr/include/c++/11/bits/alloc_traits.h:516:17:   required from 'static void std::allocator_traits<std::allocator<_Tp1> >::construct(std::allocator_traits<std::allocator<_Tp1> >::allocator_type&, _Up*, _Args&& ...) [with _Up = std::pair<int, rocksdb::FileMetaData>; _Args = {int&, rocksdb::FileMetaData}; _Tp = std::pair<int, rocksdb::FileMetaData>; std::allocator_traits<std::allocator<_Tp1> >::allocator_type = std::allocator<std::pair<int, rocksdb::FileMetaData> >]'
[INFO] [stderr]   /usr/include/c++/11/bits/vector.tcc:115:30:   required from 'void std::vector<_Tp, _Alloc>::emplace_back(_Args&& ...) [with _Args = {int&, rocksdb::FileMetaData}; _Tp = std::pair<int, rocksdb::FileMetaData>; _Alloc = std::allocator<std::pair<int, rocksdb::FileMetaData> >]'
[INFO] [stderr]   /opt/rustwide/cargo-home/registry/src/index.crates.io-6f17d22bba15001f/parity-rocksdb-sys-0.5.5/rocksdb/db/version_edit.h:227:28:   required from here
[INFO] [stderr]   /opt/rustwide/cargo-home/registry/src/index.crates.io-6f17d22bba15001f/parity-rocksdb-sys-0.5.5/rocksdb/db/version_edit.h:76:8: warning: implicitly-declared 'constexpr rocksdb::FileDescriptor::FileDescriptor(const rocksdb::FileDescriptor&)' is deprecated [-Wdeprecated-copy]
[INFO] [stderr]      76 | struct FileMetaData {
[INFO] [stderr]         |        ^~~~~~~~~~~~
[INFO] [stderr]   /opt/rustwide/cargo-home/registry/src/index.crates.io-6f17d22bba15001f/parity-rocksdb-sys-0.5.5/rocksdb/db/version_edit.h:47:19: note: because 'rocksdb::FileDescriptor' has user-provided 'rocksdb::FileDescriptor& rocksdb::FileDescriptor::operator=(const rocksdb::FileDescriptor&)'
[INFO] [stderr]      47 |   FileDescriptor& operator=(const FileDescriptor& fd) {
[INFO] [stderr]         |                   ^~~~~~~~
[INFO] [stderr]   In file included from /usr/include/c++/11/bits/stl_algobase.h:64,
[INFO] [stderr]                    from /usr/include/c++/11/deque:60,
[INFO] [stderr]                    from /opt/rustwide/cargo-home/registry/src/index.crates.io-6f17d22bba15001f/parity-rocksdb-sys-0.5.5/rocksdb/db/db_impl.h:12,
[INFO] [stderr]                    from /opt/rustwide/cargo-home/registry/src/index.crates.io-6f17d22bba15001f/parity-rocksdb-sys-0.5.5/rocksdb/db/db_impl_write.cc:9:
[INFO] [stderr]   /usr/include/c++/11/bits/stl_pair.h:353:42: note: synthesized method 'rocksdb::FileMetaData::FileMetaData(rocksdb::FileMetaData&&)' first required here
[INFO] [stderr]     353 |         : first(std::forward<_U1>(__x)), second(std::forward<_U2>(__y)) { }
[INFO] [stderr]         |                                          ^~~~~~~~~~~~~~~~~~~~~~~~~~~~~~
[INFO] [stderr]   In file included from /opt/rustwide/cargo-home/registry/src/index.crates.io-6f17d22bba15001f/parity-rocksdb-sys-0.5.5/rocksdb/db/range_del_aggregator.h:16,
[INFO] [stderr]                    from /opt/rustwide/cargo-home/registry/src/index.crates.io-6f17d22bba15001f/parity-rocksdb-sys-0.5.5/rocksdb/db/memtable.h:19,
[INFO] [stderr]                    from /opt/rustwide/cargo-home/registry/src/index.crates.io-6f17d22bba15001f/parity-rocksdb-sys-0.5.5/rocksdb/db/memtable_list.h:17,
[INFO] [stderr]                    from /opt/rustwide/cargo-home/registry/src/index.crates.io-6f17d22bba15001f/parity-rocksdb-sys-0.5.5/rocksdb/db/column_family.h:17,
[INFO] [stderr]                    from /opt/rustwide/cargo-home/registry/src/index.crates.io-6f17d22bba15001f/parity-rocksdb-sys-0.5.5/rocksdb/db/db_impl.h:22,
[INFO] [stderr]                    from /opt/rustwide/cargo-home/registry/src/index.crates.io-6f17d22bba15001f/parity-rocksdb-sys-0.5.5/rocksdb/db/db_impl_write.cc:9:
[INFO] [stderr]   /opt/rustwide/cargo-home/registry/src/index.crates.io-6f17d22bba15001f/parity-rocksdb-sys-0.5.5/rocksdb/db/version_edit.h: In instantiation of 'constexpr std::pair<_T1, _T2>::pair(_U1&&, const _T2&) [with _U1 = int&; typename std::enable_if<std::_PCC<true, _T1, _T2>::_MoveCopyPair<true, _U1, _T2>(), bool>::type <anonymous> = true; _T1 = int; _T2 = rocksdb::FileMetaData]':
[INFO] [stderr]   /usr/include/c++/11/ext/new_allocator.h:162:4:   required from 'void __gnu_cxx::new_allocator<_Tp>::construct(_Up*, _Args&& ...) [with _Up = std::pair<int, rocksdb::FileMetaData>; _Args = {int&, const rocksdb::FileMetaData&}; _Tp = std::pair<int, rocksdb::FileMetaData>]'
[INFO] [stderr]   /usr/include/c++/11/bits/alloc_traits.h:516:17:   required from 'static void std::allocator_traits<std::allocator<_Tp1> >::construct(std::allocator_traits<std::allocator<_Tp1> >::allocator_type&, _Up*, _Args&& ...) [with _Up = std::pair<int, rocksdb::FileMetaData>; _Args = {int&, const rocksdb::FileMetaData&}; _Tp = std::pair<int, rocksdb::FileMetaData>; std::allocator_traits<std::allocator<_Tp1> >::allocator_type = std::allocator<std::pair<int, rocksdb::FileMetaData> >]'
[INFO] [stderr]   /usr/include/c++/11/bits/vector.tcc:115:30:   required from 'void std::vector<_Tp, _Alloc>::emplace_back(_Args&& ...) [with _Args = {int&, const rocksdb::FileMetaData&}; _Tp = std::pair<int, rocksdb::FileMetaData>; _Alloc = std::allocator<std::pair<int, rocksdb::FileMetaData> >]'
[INFO] [stderr]   /opt/rustwide/cargo-home/registry/src/index.crates.io-6f17d22bba15001f/parity-rocksdb-sys-0.5.5/rocksdb/db/version_edit.h:232:28:   required from here
[INFO] [stderr]   /opt/rustwide/cargo-home/registry/src/index.crates.io-6f17d22bba15001f/parity-rocksdb-sys-0.5.5/rocksdb/db/version_edit.h:76:8: warning: implicitly-declared 'constexpr rocksdb::FileDescriptor::FileDescriptor(const rocksdb::FileDescriptor&)' is deprecated [-Wdeprecated-copy]
[INFO] [stderr]      76 | struct FileMetaData {
[INFO] [stderr]         |        ^~~~~~~~~~~~
[INFO] [stderr]   /opt/rustwide/cargo-home/registry/src/index.crates.io-6f17d22bba15001f/parity-rocksdb-sys-0.5.5/rocksdb/db/version_edit.h:47:19: note: because 'rocksdb::FileDescriptor' has user-provided 'rocksdb::FileDescriptor& rocksdb::FileDescriptor::operator=(const rocksdb::FileDescriptor&)'
[INFO] [stderr]      47 |   FileDescriptor& operator=(const FileDescriptor& fd) {
[INFO] [stderr]         |                   ^~~~~~~~
[INFO] [stderr]   In file included from /usr/include/c++/11/bits/stl_algobase.h:64,
[INFO] [stderr]                    from /usr/include/c++/11/deque:60,
[INFO] [stderr]                    from /opt/rustwide/cargo-home/registry/src/index.crates.io-6f17d22bba15001f/parity-rocksdb-sys-0.5.5/rocksdb/db/db_impl.h:12,
[INFO] [stderr]                    from /opt/rustwide/cargo-home/registry/src/index.crates.io-6f17d22bba15001f/parity-rocksdb-sys-0.5.5/rocksdb/db/db_impl_write.cc:9:
[INFO] [stderr]   /usr/include/c++/11/bits/stl_pair.h:323:41: note: synthesized method 'rocksdb::FileMetaData::FileMetaData(const rocksdb::FileMetaData&)' first required here
[INFO] [stderr]     323 |        : first(std::forward<_U1>(__x)), second(__y) { }
[INFO] [stderr]         |                                         ^~~~~~~~~~~
[INFO] [stderr]   /opt/rustwide/cargo-home/registry/src/index.crates.io-6f17d22bba15001f/parity-rocksdb-sys-0.5.5/rocksdb/db/version_edit.h: In instantiation of 'constexpr std::pair<_T1, _T2>::pair(_U1&&, _U2&&) [with _U1 = int&; _U2 = rocksdb::FileMetaData; typename std::enable_if<(std::_PCC<true, _T1, _T2>::_MoveConstructiblePair<_U1, _U2>() && std::_PCC<true, _T1, _T2>::_ImplicitlyMoveConvertiblePair<_U1, _U2>()), bool>::type <anonymous> = true; _T1 = int; _T2 = rocksdb::FileMetaData]':
[INFO] [stderr]   /usr/include/c++/11/ext/new_allocator.h:162:4:   required from 'void __gnu_cxx::new_allocator<_Tp>::construct(_Up*, _Args&& ...) [with _Up = std::pair<int, rocksdb::FileMetaData>; _Args = {int&, rocksdb::FileMetaData}; _Tp = std::pair<int, rocksdb::FileMetaData>]'
[INFO] [stderr]   /usr/include/c++/11/bits/alloc_traits.h:516:17:   required from 'static void std::allocator_traits<std::allocator<_Tp1> >::construct(std::allocator_traits<std::allocator<_Tp1> >::allocator_type&, _Up*, _Args&& ...) [with _Up = std::pair<int, rocksdb::FileMetaData>; _Args = {int&, rocksdb::FileMetaData}; _Tp = std::pair<int, rocksdb::FileMetaData>; std::allocator_traits<std::allocator<_Tp1> >::allocator_type = std::allocator<std::pair<int, rocksdb::FileMetaData> >]'
[INFO] [stderr]   /usr/include/c++/11/bits/vector.tcc:115:30:   required from 'void std::vector<_Tp, _Alloc>::emplace_back(_Args&& ...) [with _Args = {int&, rocksdb::FileMetaData}; _Tp = std::pair<int, rocksdb::FileMetaData>; _Alloc = std::allocator<std::pair<int, rocksdb::FileMetaData> >]'
[INFO] [stderr]   /opt/rustwide/cargo-home/registry/src/index.crates.io-6f17d22bba15001f/parity-rocksdb-sys-0.5.5/rocksdb/db/version_edit.h:227:28:   required from here
[INFO] [stderr]   /opt/rustwide/cargo-home/registry/src/index.crates.io-6f17d22bba15001f/parity-rocksdb-sys-0.5.5/rocksdb/db/version_edit.h:76:8: warning: implicitly-declared 'constexpr rocksdb::FileDescriptor::FileDescriptor(const rocksdb::FileDescriptor&)' is deprecated [-Wdeprecated-copy]
[INFO] [stderr]      76 | struct FileMetaData {
[INFO] [stderr]         |        ^~~~~~~~~~~~
[INFO] [stderr]   /opt/rustwide/cargo-home/registry/src/index.crates.io-6f17d22bba15001f/parity-rocksdb-sys-0.5.5/rocksdb/db/version_edit.h:47:19: note: because 'rocksdb::FileDescriptor' has user-provided 'rocksdb::FileDescriptor& rocksdb::FileDescriptor::operator=(const rocksdb::FileDescriptor&)'
[INFO] [stderr]      47 |   FileDescriptor& operator=(const FileDescriptor& fd) {
[INFO] [stderr]         |                   ^~~~~~~~
[INFO] [stderr]   In file included from /usr/include/c++/11/bits/stl_algobase.h:64,
[INFO] [stderr]                    from /usr/include/c++/11/deque:60,
[INFO] [stderr]                    from /opt/rustwide/cargo-home/registry/src/index.crates.io-6f17d22bba15001f/parity-rocksdb-sys-0.5.5/rocksdb/db/db_impl.h:12,
[INFO] [stderr]                    from /opt/rustwide/cargo-home/registry/src/index.crates.io-6f17d22bba15001f/parity-rocksdb-sys-0.5.5/rocksdb/db/db_impl_open.cc:9:
[INFO] [stderr]   /usr/include/c++/11/bits/stl_pair.h:353:42: note: synthesized method 'rocksdb::FileMetaData::FileMetaData(rocksdb::FileMetaData&&)' first required here
[INFO] [stderr]     353 |         : first(std::forward<_U1>(__x)), second(std::forward<_U2>(__y)) { }
[INFO] [stderr]         |                                          ^~~~~~~~~~~~~~~~~~~~~~~~~~~~~~
[INFO] [stderr]   In file included from /opt/rustwide/cargo-home/registry/src/index.crates.io-6f17d22bba15001f/parity-rocksdb-sys-0.5.5/rocksdb/db/range_del_aggregator.h:16,
[INFO] [stderr]                    from /opt/rustwide/cargo-home/registry/src/index.crates.io-6f17d22bba15001f/parity-rocksdb-sys-0.5.5/rocksdb/db/memtable.h:19,
[INFO] [stderr]                    from /opt/rustwide/cargo-home/registry/src/index.crates.io-6f17d22bba15001f/parity-rocksdb-sys-0.5.5/rocksdb/db/memtable_list.h:17,
[INFO] [stderr]                    from /opt/rustwide/cargo-home/registry/src/index.crates.io-6f17d22bba15001f/parity-rocksdb-sys-0.5.5/rocksdb/db/column_family.h:17,
[INFO] [stderr]                    from /opt/rustwide/cargo-home/registry/src/index.crates.io-6f17d22bba15001f/parity-rocksdb-sys-0.5.5/rocksdb/db/db_impl.h:22,
[INFO] [stderr]                    from /opt/rustwide/cargo-home/registry/src/index.crates.io-6f17d22bba15001f/parity-rocksdb-sys-0.5.5/rocksdb/db/db_impl_open.cc:9:
[INFO] [stderr]   /opt/rustwide/cargo-home/registry/src/index.crates.io-6f17d22bba15001f/parity-rocksdb-sys-0.5.5/rocksdb/db/version_edit.h: In instantiation of 'constexpr std::pair<_T1, _T2>::pair(_U1&&, const _T2&) [with _U1 = int&; typename std::enable_if<std::_PCC<true, _T1, _T2>::_MoveCopyPair<true, _U1, _T2>(), bool>::type <anonymous> = true; _T1 = int; _T2 = rocksdb::FileMetaData]':
[INFO] [stderr]   /usr/include/c++/11/ext/new_allocator.h:162:4:   required from 'void __gnu_cxx::new_allocator<_Tp>::construct(_Up*, _Args&& ...) [with _Up = std::pair<int, rocksdb::FileMetaData>; _Args = {int&, const rocksdb::FileMetaData&}; _Tp = std::pair<int, rocksdb::FileMetaData>]'
[INFO] [stderr]   /usr/include/c++/11/bits/alloc_traits.h:516:17:   required from 'static void std::allocator_traits<std::allocator<_Tp1> >::construct(std::allocator_traits<std::allocator<_Tp1> >::allocator_type&, _Up*, _Args&& ...) [with _Up = std::pair<int, rocksdb::FileMetaData>; _Args = {int&, const rocksdb::FileMetaData&}; _Tp = std::pair<int, rocksdb::FileMetaData>; std::allocator_traits<std::allocator<_Tp1> >::allocator_type = std::allocator<std::pair<int, rocksdb::FileMetaData> >]'
[INFO] [stderr]   /usr/include/c++/11/bits/vector.tcc:115:30:   required from 'void std::vector<_Tp, _Alloc>::emplace_back(_Args&& ...) [with _Args = {int&, const rocksdb::FileMetaData&}; _Tp = std::pair<int, rocksdb::FileMetaData>; _Alloc = std::allocator<std::pair<int, rocksdb::FileMetaData> >]'
[INFO] [stderr]   /opt/rustwide/cargo-home/registry/src/index.crates.io-6f17d22bba15001f/parity-rocksdb-sys-0.5.5/rocksdb/db/version_edit.h:232:28:   required from here
[INFO] [stderr]   /opt/rustwide/cargo-home/registry/src/index.crates.io-6f17d22bba15001f/parity-rocksdb-sys-0.5.5/rocksdb/db/version_edit.h:76:8: warning: implicitly-declared 'constexpr rocksdb::FileDescriptor::FileDescriptor(const rocksdb::FileDescriptor&)' is deprecated [-Wdeprecated-copy]
[INFO] [stderr]      76 | struct FileMetaData {
[INFO] [stderr]         |        ^~~~~~~~~~~~
[INFO] [stderr]   /opt/rustwide/cargo-home/registry/src/index.crates.io-6f17d22bba15001f/parity-rocksdb-sys-0.5.5/rocksdb/db/version_edit.h:47:19: note: because 'rocksdb::FileDescriptor' has user-provided 'rocksdb::FileDescriptor& rocksdb::FileDescriptor::operator=(const rocksdb::FileDescriptor&)'
[INFO] [stderr]      47 |   FileDescriptor& operator=(const FileDescriptor& fd) {
[INFO] [stderr]         |                   ^~~~~~~~
[INFO] [stderr]   In file included from /usr/include/c++/11/bits/stl_algobase.h:64,
[INFO] [stderr]                    from /usr/include/c++/11/deque:60,
[INFO] [stderr]                    from /opt/rustwide/cargo-home/registry/src/index.crates.io-6f17d22bba15001f/parity-rocksdb-sys-0.5.5/rocksdb/db/db_impl.h:12,
[INFO] [stderr]                    from /opt/rustwide/cargo-home/registry/src/index.crates.io-6f17d22bba15001f/parity-rocksdb-sys-0.5.5/rocksdb/db/db_impl_open.cc:9:
[INFO] [stderr]   /usr/include/c++/11/bits/stl_pair.h:323:41: note: synthesized method 'rocksdb::FileMetaData::FileMetaData(const rocksdb::FileMetaData&)' first required here
[INFO] [stderr]     323 |        : first(std::forward<_U1>(__x)), second(__y) { }
[INFO] [stderr]         |                                         ^~~~~~~~~~~
[INFO] [stderr]   /opt/rustwide/cargo-home/registry/src/index.crates.io-6f17d22bba15001f/parity-rocksdb-sys-0.5.5/rocksdb/db/version_edit.h: In instantiation of 'constexpr std::pair<_T1, _T2>::pair(_U1&&, _U2&&) [with _U1 = int&; _U2 = rocksdb::FileMetaData; typename std::enable_if<(std::_PCC<true, _T1, _T2>::_MoveConstructiblePair<_U1, _U2>() && std::_PCC<true, _T1, _T2>::_ImplicitlyMoveConvertiblePair<_U1, _U2>()), bool>::type <anonymous> = true; _T1 = int; _T2 = rocksdb::FileMetaData]':
[INFO] [stderr]   /usr/include/c++/11/ext/new_allocator.h:162:4:   required from 'void __gnu_cxx::new_allocator<_Tp>::construct(_Up*, _Args&& ...) [with _Up = std::pair<int, rocksdb::FileMetaData>; _Args = {int&, rocksdb::FileMetaData}; _Tp = std::pair<int, rocksdb::FileMetaData>]'
[INFO] [stderr]   /usr/include/c++/11/bits/alloc_traits.h:516:17:   required from 'static void std::allocator_traits<std::allocator<_Tp1> >::construct(std::allocator_traits<std::allocator<_Tp1> >::allocator_type&, _Up*, _Args&& ...) [with _Up = std::pair<int, rocksdb::FileMetaData>; _Args = {int&, rocksdb::FileMetaData}; _Tp = std::pair<int, rocksdb::FileMetaData>; std::allocator_traits<std::allocator<_Tp1> >::allocator_type = std::allocator<std::pair<int, rocksdb::FileMetaData> >]'
[INFO] [stderr]   /usr/include/c++/11/bits/vector.tcc:115:30:   required from 'void std::vector<_Tp, _Alloc>::emplace_back(_Args&& ...) [with _Args = {int&, rocksdb::FileMetaData}; _Tp = std::pair<int, rocksdb::FileMetaData>; _Alloc = std::allocator<std::pair<int, rocksdb::FileMetaData> >]'
[INFO] [stderr]   /opt/rustwide/cargo-home/registry/src/index.crates.io-6f17d22bba15001f/parity-rocksdb-sys-0.5.5/rocksdb/db/version_edit.h:227:28:   required from here
[INFO] [stderr]   /opt/rustwide/cargo-home/registry/src/index.crates.io-6f17d22bba15001f/parity-rocksdb-sys-0.5.5/rocksdb/db/version_edit.h:76:8: warning: implicitly-declared 'constexpr rocksdb::FileDescriptor::FileDescriptor(const rocksdb::FileDescriptor&)' is deprecated [-Wdeprecated-copy]
[INFO] [stderr]      76 | struct FileMetaData {
[INFO] [stderr]         |        ^~~~~~~~~~~~
[INFO] [stderr]   /opt/rustwide/cargo-home/registry/src/index.crates.io-6f17d22bba15001f/parity-rocksdb-sys-0.5.5/rocksdb/db/version_edit.h:47:19: note: because 'rocksdb::FileDescriptor' has user-provided 'rocksdb::FileDescriptor& rocksdb::FileDescriptor::operator=(const rocksdb::FileDescriptor&)'
[INFO] [stderr]      47 |   FileDescriptor& operator=(const FileDescriptor& fd) {
[INFO] [stderr]         |                   ^~~~~~~~
[INFO] [stderr]   In file included from /usr/include/c++/11/bits/stl_algobase.h:64,
[INFO] [stderr]                    from /usr/include/c++/11/deque:60,
[INFO] [stderr]                    from /opt/rustwide/cargo-home/registry/src/index.crates.io-6f17d22bba15001f/parity-rocksdb-sys-0.5.5/rocksdb/db/db_impl.h:12,
[INFO] [stderr]                    from /opt/rustwide/cargo-home/registry/src/index.crates.io-6f17d22bba15001f/parity-rocksdb-sys-0.5.5/rocksdb/db/db_impl.cc:9:
[INFO] [stderr]   /usr/include/c++/11/bits/stl_pair.h:353:42: note: synthesized method 'rocksdb::FileMetaData::FileMetaData(rocksdb::FileMetaData&&)' first required here
[INFO] [stderr]     353 |         : first(std::forward<_U1>(__x)), second(std::forward<_U2>(__y)) { }
[INFO] [stderr]         |                                          ^~~~~~~~~~~~~~~~~~~~~~~~~~~~~~
[INFO] [stderr]   In file included from /opt/rustwide/cargo-home/registry/src/index.crates.io-6f17d22bba15001f/parity-rocksdb-sys-0.5.5/rocksdb/db/range_del_aggregator.h:16,
[INFO] [stderr]                    from /opt/rustwide/cargo-home/registry/src/index.crates.io-6f17d22bba15001f/parity-rocksdb-sys-0.5.5/rocksdb/db/memtable.h:19,
[INFO] [stderr]                    from /opt/rustwide/cargo-home/registry/src/index.crates.io-6f17d22bba15001f/parity-rocksdb-sys-0.5.5/rocksdb/db/memtable_list.h:17,
[INFO] [stderr]                    from /opt/rustwide/cargo-home/registry/src/index.crates.io-6f17d22bba15001f/parity-rocksdb-sys-0.5.5/rocksdb/db/column_family.h:17,
[INFO] [stderr]                    from /opt/rustwide/cargo-home/registry/src/index.crates.io-6f17d22bba15001f/parity-rocksdb-sys-0.5.5/rocksdb/db/db_impl.h:22,
[INFO] [stderr]                    from /opt/rustwide/cargo-home/registry/src/index.crates.io-6f17d22bba15001f/parity-rocksdb-sys-0.5.5/rocksdb/db/db_impl.cc:9:
[INFO] [stderr]   /opt/rustwide/cargo-home/registry/src/index.crates.io-6f17d22bba15001f/parity-rocksdb-sys-0.5.5/rocksdb/db/version_edit.h: In instantiation of 'constexpr std::pair<_T1, _T2>::pair(_U1&&, const _T2&) [with _U1 = int&; typename std::enable_if<std::_PCC<true, _T1, _T2>::_MoveCopyPair<true, _U1, _T2>(), bool>::type <anonymous> = true; _T1 = int; _T2 = rocksdb::FileMetaData]':
[INFO] [stderr]   /usr/include/c++/11/ext/new_allocator.h:162:4:   required from 'void __gnu_cxx::new_allocator<_Tp>::construct(_Up*, _Args&& ...) [with _Up = std::pair<int, rocksdb::FileMetaData>; _Args = {int&, const rocksdb::FileMetaData&}; _Tp = std::pair<int, rocksdb::FileMetaData>]'
[INFO] [stderr]   /usr/include/c++/11/bits/alloc_traits.h:516:17:   required from 'static void std::allocator_traits<std::allocator<_Tp1> >::construct(std::allocator_traits<std::allocator<_Tp1> >::allocator_type&, _Up*, _Args&& ...) [with _Up = std::pair<int, rocksdb::FileMetaData>; _Args = {int&, const rocksdb::FileMetaData&}; _Tp = std::pair<int, rocksdb::FileMetaData>; std::allocator_traits<std::allocator<_Tp1> >::allocator_type = std::allocator<std::pair<int, rocksdb::FileMetaData> >]'
[INFO] [stderr]   /usr/include/c++/11/bits/vector.tcc:115:30:   required from 'void std::vector<_Tp, _Alloc>::emplace_back(_Args&& ...) [with _Args = {int&, const rocksdb::FileMetaData&}; _Tp = std::pair<int, rocksdb::FileMetaData>; _Alloc = std::allocator<std::pair<int, rocksdb::FileMetaData> >]'
[INFO] [stderr]   /opt/rustwide/cargo-home/registry/src/index.crates.io-6f17d22bba15001f/parity-rocksdb-sys-0.5.5/rocksdb/db/version_edit.h:232:28:   required from here
[INFO] [stderr]   /opt/rustwide/cargo-home/registry/src/index.crates.io-6f17d22bba15001f/parity-rocksdb-sys-0.5.5/rocksdb/db/version_edit.h:76:8: warning: implicitly-declared 'constexpr rocksdb::FileDescriptor::FileDescriptor(const rocksdb::FileDescriptor&)' is deprecated [-Wdeprecated-copy]
[INFO] [stderr]      76 | struct FileMetaData {
[INFO] [stderr]         |        ^~~~~~~~~~~~
[INFO] [stderr]   /opt/rustwide/cargo-home/registry/src/index.crates.io-6f17d22bba15001f/parity-rocksdb-sys-0.5.5/rocksdb/db/version_edit.h:47:19: note: because 'rocksdb::FileDescriptor' has user-provided 'rocksdb::FileDescriptor& rocksdb::FileDescriptor::operator=(const rocksdb::FileDescriptor&)'
[INFO] [stderr]      47 |   FileDescriptor& operator=(const FileDescriptor& fd) {
[INFO] [stderr]         |                   ^~~~~~~~
[INFO] [stderr]   In file included from /usr/include/c++/11/bits/stl_algobase.h:64,
[INFO] [stderr]                    from /usr/include/c++/11/deque:60,
[INFO] [stderr]                    from /opt/rustwide/cargo-home/registry/src/index.crates.io-6f17d22bba15001f/parity-rocksdb-sys-0.5.5/rocksdb/db/db_impl.h:12,
[INFO] [stderr]                    from /opt/rustwide/cargo-home/registry/src/index.crates.io-6f17d22bba15001f/parity-rocksdb-sys-0.5.5/rocksdb/db/db_impl.cc:9:
[INFO] [stderr]   /usr/include/c++/11/bits/stl_pair.h:323:41: note: synthesized method 'rocksdb::FileMetaData::FileMetaData(const rocksdb::FileMetaData&)' first required here
[INFO] [stderr]     323 |        : first(std::forward<_U1>(__x)), second(__y) { }
[INFO] [stderr]         |                                         ^~~~~~~~~~~
[INFO] [stderr]   gmake[2]: *** [CMakeFiles/Makefile2:484: CMakeFiles/rocksdb.dir/all] Error 2
[INFO] [stderr]   gmake[1]: *** [CMakeFiles/Makefile2:491: CMakeFiles/rocksdb.dir/rule] Error 2
[INFO] [stderr]   gmake: *** [Makefile:208: rocksdb] Error 2
[INFO] [stderr]   thread 'main' panicked at '
[INFO] [stderr]   command did not execute successfully, got: exit status: 2
[INFO] [stderr] 
[INFO] [stderr]   build script failed, must exit now', /opt/rustwide/cargo-home/registry/src/index.crates.io-6f17d22bba15001f/cmake-0.1.35/src/lib.rs:778:5
[INFO] [stderr]   stack backtrace:
[INFO] [stderr]      0:     0x5621e0fa687a - std::backtrace_rs::backtrace::libunwind::trace::h2f05d0192276a8f6
[INFO] [stderr]                                  at /rustc/1b7dd2252b99671ce5d1cb9664c5f8636329436d/library/std/src/../../backtrace/src/backtrace/libunwind.rs:93:5
[INFO] [stderr]      1:     0x5621e0fa687a - std::backtrace_rs::backtrace::trace_unsynchronized::hedc23dff7a1af150
[INFO] [stderr]                                  at /rustc/1b7dd2252b99671ce5d1cb9664c5f8636329436d/library/std/src/../../backtrace/src/backtrace/mod.rs:66:5
[INFO] [stderr]      2:     0x5621e0fa687a - std::sys_common::backtrace::_print_fmt::h17541ef7592f3ce2
[INFO] [stderr]                                  at /rustc/1b7dd2252b99671ce5d1cb9664c5f8636329436d/library/std/src/sys_common/backtrace.rs:65:5
[INFO] [stderr]      3:     0x5621e0fa687a - <std::sys_common::backtrace::_print::DisplayBacktrace as core::fmt::Display>::fmt::h20f75df5ab0c0792
[INFO] [stderr]                                  at /rustc/1b7dd2252b99671ce5d1cb9664c5f8636329436d/library/std/src/sys_common/backtrace.rs:44:22
[INFO] [stderr]      4:     0x5621e0fc69ef - core::fmt::write::h78109e6f466b3af6
[INFO] [stderr]                                  at /rustc/1b7dd2252b99671ce5d1cb9664c5f8636329436d/library/core/src/fmt/mod.rs:1254:17
[INFO] [stderr]      5:     0x5621e0fa3995 - std::io::Write::write_fmt::hc59e1b02dd273c8a
[INFO] [stderr]                                  at /rustc/1b7dd2252b99671ce5d1cb9664c5f8636329436d/library/std/src/io/mod.rs:1698:15
[INFO] [stderr]      6:     0x5621e0fa6645 - std::sys_common::backtrace::_print::h8dac57a9f8fbf9a5
[INFO] [stderr]                                  at /rustc/1b7dd2252b99671ce5d1cb9664c5f8636329436d/library/std/src/sys_common/backtrace.rs:47:5
[INFO] [stderr]      7:     0x5621e0fa6645 - std::sys_common::backtrace::print::hf9ecbf41d1aa712f
[INFO] [stderr]                                  at /rustc/1b7dd2252b99671ce5d1cb9664c5f8636329436d/library/std/src/sys_common/backtrace.rs:34:9
[INFO] [stderr]      8:     0x5621e0fa7dee - std::panicking::default_hook::{{closure}}::h04c07acfc84ca028
[INFO] [stderr]                                  at /rustc/1b7dd2252b99671ce5d1cb9664c5f8636329436d/library/std/src/panicking.rs:269:22
[INFO] [stderr]      9:     0x5621e0fa7b95 - std::panicking::default_hook::h01f6bb23e1eceb2c
[INFO] [stderr]                                  at /rustc/1b7dd2252b99671ce5d1cb9664c5f8636329436d/library/std/src/panicking.rs:288:9
[INFO] [stderr]     10:     0x5621e0fa834e - std::panicking::rust_panic_with_hook::h2bb3722bbaf2f6df
[INFO] [stderr]                                  at /rustc/1b7dd2252b99671ce5d1cb9664c5f8636329436d/library/std/src/panicking.rs:691:13
[INFO] [stderr]     11:     0x5621e0fa8249 - std::panicking::begin_panic_handler::{{closure}}::h91bc7f36a4be011b
[INFO] [stderr]                                  at /rustc/1b7dd2252b99671ce5d1cb9664c5f8636329436d/library/std/src/panicking.rs:582:13
[INFO] [stderr]     12:     0x5621e0fa6ce6 - std::sys_common::backtrace::__rust_end_short_backtrace::h8b3d3717114f9e59
[INFO] [stderr]                                  at /rustc/1b7dd2252b99671ce5d1cb9664c5f8636329436d/library/std/src/sys_common/backtrace.rs:150:18
[INFO] [stderr]     13:     0x5621e0fa7fa2 - rust_begin_unwind
[INFO] [stderr]                                  at /rustc/1b7dd2252b99671ce5d1cb9664c5f8636329436d/library/std/src/panicking.rs:578:5
[INFO] [stderr]     14:     0x5621e0f47783 - core::panicking::panic_fmt::hfd368e3fbdabea26
[INFO] [stderr]                                  at /rustc/1b7dd2252b99671ce5d1cb9664c5f8636329436d/library/core/src/panicking.rs:67:14
[INFO] [stderr]     15:     0x5621e0f5076f - cmake::fail::h77276ed683141de0
[INFO] [stderr]     16:     0x5621e0f501d3 - cmake::run::h7281ccc502b24ce2
[INFO] [stderr]     17:     0x5621e0f4d91b - cmake::Config::build::hc4d90a346163a178
[INFO] [stderr]     18:     0x5621e0f48776 - build_script_build::main::h43d721c8bac05d92
[INFO] [stderr]     19:     0x5621e0f49ac3 - core::ops::function::FnOnce::call_once::h4a58df883c2d96c2
[INFO] [stderr]     20:     0x5621e0f49a76 - std::sys_common::backtrace::__rust_begin_short_backtrace::h7c2fd60872a7a392
[INFO] [stderr]     21:     0x5621e0f4a039 - std::rt::lang_start::{{closure}}::h3881c2e3393e3925
[INFO] [stderr]     22:     0x5621e0fa007e - core::ops::function::impls::<impl core::ops::function::FnOnce<A> for &F>::call_once::h2eb19b8ce4148df4
[INFO] [stderr]                                  at /rustc/1b7dd2252b99671ce5d1cb9664c5f8636329436d/library/core/src/ops/function.rs:287:13
[INFO] [stderr]     23:     0x5621e0fa007e - std::panicking::try::do_call::h2e900feff5d504c5
[INFO] [stderr]                                  at /rustc/1b7dd2252b99671ce5d1cb9664c5f8636329436d/library/std/src/panicking.rs:485:40
[INFO] [stderr]     24:     0x5621e0fa007e - std::panicking::try::h8854836cb85aa9f2
[INFO] [stderr]                                  at /rustc/1b7dd2252b99671ce5d1cb9664c5f8636329436d/library/std/src/panicking.rs:449:19
[INFO] [stderr]     25:     0x5621e0fa007e - std::panic::catch_unwind::h706025dd4c48f64b
[INFO] [stderr]                                  at /rustc/1b7dd2252b99671ce5d1cb9664c5f8636329436d/library/std/src/panic.rs:140:14
[INFO] [stderr]     26:     0x5621e0fa007e - std::rt::lang_start_internal::{{closure}}::h7be5b97f4a07a91a
[INFO] [stderr]                                  at /rustc/1b7dd2252b99671ce5d1cb9664c5f8636329436d/library/std/src/rt.rs:148:48
[INFO] [stderr]     27:     0x5621e0fa007e - std::panicking::try::do_call::h59847e9d0a176965
[INFO] [stderr]                                  at /rustc/1b7dd2252b99671ce5d1cb9664c5f8636329436d/library/std/src/panicking.rs:485:40
[INFO] [stderr]     28:     0x5621e0fa007e - std::panicking::try::h399a918ba8522823
[INFO] [stderr]                                  at /rustc/1b7dd2252b99671ce5d1cb9664c5f8636329436d/library/std/src/panicking.rs:449:19
[INFO] [stderr]     29:     0x5621e0fa007e - std::panic::catch_unwind::hca7ca6c55b2a2e26
[INFO] [stderr]                                  at /rustc/1b7dd2252b99671ce5d1cb9664c5f8636329436d/library/std/src/panic.rs:140:14
[INFO] [stderr]     30:     0x5621e0fa007e - std::rt::lang_start_internal::h2c807a81560459eb
[INFO] [stderr]                                  at /rustc/1b7dd2252b99671ce5d1cb9664c5f8636329436d/library/std/src/rt.rs:148:20
[INFO] [stderr]     31:     0x5621e0f4a017 - std::rt::lang_start::h2040a58e46569326
[INFO] [stderr]     32:     0x5621e0f48fd5 - main
[INFO] [stderr]     33:     0x7fde6138ad90 - <unknown>
[INFO] [stderr]     34:     0x7fde6138ae40 - __libc_start_main
[INFO] [stderr]     35:     0x5621e0f47cb5 - _start
[INFO] [stderr]     36:                0x0 - <unknown>
[INFO] running `Command { std: "docker" "inspect" "35ef90d66a10c04b138256fb3a828af68a3fc96e0da523f908566b15cbed827e", kill_on_drop: false }`
[INFO] running `Command { std: "docker" "rm" "-f" "35ef90d66a10c04b138256fb3a828af68a3fc96e0da523f908566b15cbed827e", kill_on_drop: false }`
[INFO] [stdout] 35ef90d66a10c04b138256fb3a828af68a3fc96e0da523f908566b15cbed827e
