[INFO] cloning repository https://github.com/oleksiikovalenko/Solana-metaboss
[INFO] running `Command { std: "git" "-c" "credential.helper=" "-c" "credential.helper=/workspace/cargo-home/bin/git-credential-null" "clone" "--bare" "https://github.com/oleksiikovalenko/Solana-metaboss" "/workspace/cache/git-repos/https%3A%2F%2Fgithub.com%2Foleksiikovalenko%2FSolana-metaboss", kill_on_drop: false }`
[INFO] [stderr] Cloning into bare repository '/workspace/cache/git-repos/https%3A%2F%2Fgithub.com%2Foleksiikovalenko%2FSolana-metaboss'...
[INFO] running `Command { std: "git" "rev-parse" "HEAD", kill_on_drop: false }`
[INFO] [stdout] f1eb87448ca987f4d4b841db360e55ae612d2d14
[INFO] documenting oleksiikovalenko/Solana-metaboss against 1.69.0 for beta-1.70-rustdoc-1
[INFO] running `Command { std: "git" "clone" "/workspace/cache/git-repos/https%3A%2F%2Fgithub.com%2Foleksiikovalenko%2FSolana-metaboss" "/workspace/builds/worker-1-tc1/source", kill_on_drop: false }`
[INFO] [stderr] Cloning into '/workspace/builds/worker-1-tc1/source'...
[INFO] [stderr] done.
[INFO] validating manifest of git repo https://github.com/oleksiikovalenko/Solana-metaboss on toolchain 1.69.0
[INFO] running `Command { std: CARGO_HOME="/workspace/cargo-home" RUSTUP_HOME="/workspace/rustup-home" "/workspace/cargo-home/bin/cargo" "+1.69.0" "metadata" "--manifest-path" "Cargo.toml" "--no-deps", kill_on_drop: false }`
[INFO] started tweaking git repo https://github.com/oleksiikovalenko/Solana-metaboss
[INFO] finished tweaking git repo https://github.com/oleksiikovalenko/Solana-metaboss
[INFO] tweaked toml for git repo https://github.com/oleksiikovalenko/Solana-metaboss written to /workspace/builds/worker-1-tc1/source/Cargo.toml
[INFO] crate git repo https://github.com/oleksiikovalenko/Solana-metaboss already has a lockfile, it will not be regenerated
[INFO] running `Command { std: CARGO_HOME="/workspace/cargo-home" RUSTUP_HOME="/workspace/rustup-home" "/workspace/cargo-home/bin/cargo" "+1.69.0" "fetch" "--manifest-path" "Cargo.toml", kill_on_drop: false }`
[INFO] [stderr]  Downloading crates ...
[INFO] [stderr]   Downloaded solana-faucet v1.9.5
[INFO] [stderr]   Downloaded solana-clap-utils v1.9.5
[INFO] [stderr]   Downloaded solana-remote-wallet v1.9.5
[INFO] [stderr]   Downloaded solana-cli-config v1.9.5
[INFO] [stderr]   Downloaded solana-perf v1.9.5
[INFO] [stderr]   Downloaded sol-did v0.2.0
[INFO] [stderr]   Downloaded termtree v0.2.1
[INFO] [stderr]   Downloaded anchor-spl v0.19.0
[INFO] [stderr]   Downloaded solana-account-decoder v1.9.5
[INFO] [stderr]   Downloaded assert_cmd v2.0.2
[INFO] [stderr]   Downloaded solana-client v1.9.5
[INFO] [stderr]   Downloaded retry v1.3.0
[INFO] [stderr]   Downloaded solana-net-utils v1.9.5
[INFO] [stderr]   Downloaded predicates v2.0.3
[INFO] [stderr]   Downloaded solana-transaction-status v1.9.5
[INFO] [stderr]   Downloaded mpl-token-metadata v1.2.5
[INFO] [stderr]   Downloaded hidapi v1.3.2
[INFO] [stderr]   Downloaded mpl-candy-machine v2.0.1
[INFO] [stderr]   Downloaded solana-version v1.9.5
[INFO] [stderr]   Downloaded anchor-client v0.19.0
[INFO] [stderr]   Downloaded solana-gateway v0.1.1
[INFO] [stderr]   Downloaded ratelimit v0.4.4
[INFO] running `Command { std: "docker" "create" "-v" "/var/lib/crater-agent-workspace/builds/worker-1-tc1/target:/opt/rustwide/target:rw,Z" "-v" "/var/lib/crater-agent-workspace/builds/worker-1-tc1/source:/opt/rustwide/workdir:ro,Z" "-v" "/var/lib/crater-agent-workspace/cargo-home:/opt/rustwide/cargo-home:ro,Z" "-v" "/var/lib/crater-agent-workspace/rustup-home:/opt/rustwide/rustup-home:ro,Z" "-e" "SOURCE_DIR=/opt/rustwide/workdir" "-e" "CARGO_TARGET_DIR=/opt/rustwide/target" "-e" "CARGO_HOME=/opt/rustwide/cargo-home" "-e" "RUSTUP_HOME=/opt/rustwide/rustup-home" "-w" "/opt/rustwide/workdir" "-m" "1610612736" "--user" "0:0" "--network" "none" "ghcr.io/rust-lang/crates-build-env/linux@sha256:5ff2268d62e97bff2cde7d5815dd6ed5b47097566f13b8d0ca110b04b60e07ed" "/opt/rustwide/cargo-home/bin/cargo" "+1.69.0" "metadata" "--no-deps" "--format-version=1", kill_on_drop: false }`
[INFO] [stdout] 08770aaa11a3c5c9b4bef47402b639a9cab5652a7ef4d2b8452b81be0b1d462c
[INFO] running `Command { std: "docker" "start" "-a" "08770aaa11a3c5c9b4bef47402b639a9cab5652a7ef4d2b8452b81be0b1d462c", kill_on_drop: false }`
[INFO] running `Command { std: "docker" "inspect" "08770aaa11a3c5c9b4bef47402b639a9cab5652a7ef4d2b8452b81be0b1d462c", kill_on_drop: false }`
[INFO] running `Command { std: "docker" "rm" "-f" "08770aaa11a3c5c9b4bef47402b639a9cab5652a7ef4d2b8452b81be0b1d462c", kill_on_drop: false }`
[INFO] [stdout] 08770aaa11a3c5c9b4bef47402b639a9cab5652a7ef4d2b8452b81be0b1d462c
[INFO] running `Command { std: "docker" "create" "-v" "/var/lib/crater-agent-workspace/builds/worker-1-tc1/target:/opt/rustwide/target:rw,Z" "-v" "/var/lib/crater-agent-workspace/builds/worker-1-tc1/source:/opt/rustwide/workdir:ro,Z" "-v" "/var/lib/crater-agent-workspace/cargo-home:/opt/rustwide/cargo-home:ro,Z" "-v" "/var/lib/crater-agent-workspace/rustup-home:/opt/rustwide/rustup-home:ro,Z" "-e" "SOURCE_DIR=/opt/rustwide/workdir" "-e" "CARGO_TARGET_DIR=/opt/rustwide/target" "-e" "CARGO_INCREMENTAL=0" "-e" "RUST_BACKTRACE=full" "-e" "RUSTFLAGS=--cap-lints=warn" "-e" "RUSTDOCFLAGS=--cap-lints=warn" "-e" "CARGO_HOME=/opt/rustwide/cargo-home" "-e" "RUSTUP_HOME=/opt/rustwide/rustup-home" "-w" "/opt/rustwide/workdir" "-m" "1610612736" "--user" "0:0" "--network" "none" "ghcr.io/rust-lang/crates-build-env/linux@sha256:5ff2268d62e97bff2cde7d5815dd6ed5b47097566f13b8d0ca110b04b60e07ed" "/opt/rustwide/cargo-home/bin/cargo" "+1.69.0" "doc" "--frozen" "--no-deps" "--document-private-items" "--message-format=json", kill_on_drop: false }`
[INFO] [stdout] 603adb3bd25bce6cb128a947104cea1e02899b3a3f1c3614f4dab2ac4e89c2c3
[INFO] running `Command { std: "docker" "start" "-a" "603adb3bd25bce6cb128a947104cea1e02899b3a3f1c3614f4dab2ac4e89c2c3", kill_on_drop: false }`
[INFO] [stderr]    Compiling proc-macro2 v1.0.29
[INFO] [stderr]    Compiling syn v1.0.80
[INFO] [stderr]    Compiling libc v0.2.116
[INFO] [stderr]    Compiling version_check v0.9.3
[INFO] [stderr]    Compiling serde_derive v1.0.136
[INFO] [stderr]    Compiling typenum v1.14.0
[INFO] [stderr]    Compiling serde v1.0.136
[INFO] [stderr]    Compiling generic-array v0.14.4
[INFO] [stderr]    Compiling semver v1.0.4
[INFO] [stderr]     Checking once_cell v1.8.0
[INFO] [stderr]     Checking subtle v2.4.1
[INFO] [stderr]    Compiling ahash v0.7.6
[INFO] [stderr]    Compiling quote v1.0.10
[INFO] [stderr]    Compiling jobserver v0.1.24
[INFO] [stderr]    Compiling rustc_version v0.4.0
[INFO] [stderr]    Compiling cc v1.0.71
[INFO] [stderr]     Checking ppv-lite86 v0.2.10
[INFO] [stderr]    Compiling getrandom v0.1.16
[INFO] [stderr]    Compiling crunchy v0.2.2
[INFO] [stderr]     Checking block-padding v0.2.1
[INFO] [stderr]     Checking getrandom v0.2.3
[INFO] [stderr]     Checking opaque-debug v0.3.0
[INFO] [stderr]     Checking cpufeatures v0.2.1
[INFO] [stderr]    Compiling serde_json v1.0.78
[INFO] [stderr]    Compiling wasm-bindgen-shared v0.2.78
[INFO] [stderr]    Compiling digest v0.9.0
[INFO] [stderr]     Checking rand_core v0.5.1
[INFO] [stderr]     Checking hashbrown v0.11.2
[INFO] [stderr]     Checking atty v0.2.14
[INFO] [stderr]    Compiling libsecp256k1-core v0.2.2
[INFO] [stderr]    Compiling num-traits v0.2.14
[INFO] [stderr]    Compiling rustversion v1.0.5
[INFO] [stderr]     Checking rand_chacha v0.2.2
[INFO] [stderr]    Compiling lazy_static v1.4.0
[INFO] [stderr]    Compiling feature-probe v0.1.1
[INFO] [stderr]     Checking rand v0.7.3
[INFO] [stderr]    Compiling bumpalo v3.7.1
[INFO] [stderr]     Checking byteorder v1.4.3
[INFO] [stderr]    Compiling solana-frozen-abi-macro v1.9.5
[INFO] [stderr]    Compiling bv v0.11.1
[INFO] [stderr]     Checking humantime v2.1.0
[INFO] [stderr]     Checking env_logger v0.9.0
[INFO] [stderr]    Compiling blake3 v1.3.1
[INFO] [stderr]    Compiling libsecp256k1-gen-genmult v0.2.1
[INFO] [stderr]    Compiling libsecp256k1-gen-ecmult v0.2.1
[INFO] [stderr]    Compiling solana-frozen-abi v1.9.5
[INFO] [stderr]    Compiling wasm-bindgen v0.2.78
[INFO] [stderr]    Compiling bs58 v0.4.0
[INFO] [stderr]    Compiling libsecp256k1 v0.6.0
[INFO] [stderr]     Checking solana-logger v1.9.5
[INFO] [stderr]     Checking memmap2 v0.5.2
[INFO] [stderr]    Compiling solana-program v1.9.5
[INFO] [stderr]     Checking base64 v0.12.3
[INFO] [stderr]     Checking constant_time_eq v0.1.5
[INFO] [stderr]     Checking keccak v0.1.0
[INFO] [stderr]     Checking itertools v0.10.1
[INFO] [stderr]    Compiling miniz_oxide v0.4.4
[INFO] [stderr]    Compiling pkg-config v0.3.20
[INFO] [stderr]     Checking num_cpus v1.13.0
[INFO] [stderr]    Compiling backtrace v0.3.61
[INFO] [stderr]     Checking gimli v0.25.0
[INFO] [stderr]     Checking pin-project-lite v0.2.7
[INFO] [stderr]    Compiling failure_derive v0.1.8
[INFO] [stderr]     Checking object v0.26.2
[INFO] [stderr]     Checking rustc-demangle v0.1.21
[INFO] [stderr]     Checking signature v1.3.1
[INFO] [stderr]     Checking ed25519 v1.2.0
[INFO] [stderr]     Checking instant v0.1.11
[INFO] [stderr]    Compiling futures-core v0.3.17
[INFO] [stderr]     Checking num-integer v0.1.44
[INFO] [stderr]     Checking parking_lot_core v0.8.5
[INFO] [stderr]     Checking time v0.1.43
[INFO] [stderr]    Compiling solana-sdk v1.9.5
[INFO] [stderr]     Checking parking_lot v0.11.2
[INFO] [stderr]     Checking qstring v0.7.2
[INFO] [stderr]     Checking uriparse v0.6.3
[INFO] [stderr]    Compiling futures-macro v0.3.17
[INFO] [stderr]    Compiling tokio v1.12.0
[INFO] [stderr]     Checking futures-sink v0.3.17
[INFO] [stderr]     Checking assert_matches v1.5.0
[INFO] [stderr]    Compiling futures-task v0.3.17
[INFO] [stderr]    Compiling futures-channel v0.3.17
[INFO] [stderr]    Compiling synstructure v0.12.5
[INFO] [stderr]    Compiling wasm-bindgen-backend v0.2.78
[INFO] [stderr]    Compiling borsh-schema-derive-internal v0.9.3
[INFO] [stderr]    Compiling borsh-derive-internal v0.9.3
[INFO] [stderr]     Checking addr2line v0.16.0
[INFO] [stderr]    Compiling ring v0.16.20
[INFO] [stderr]     Checking signal-hook-registry v1.4.0
[INFO] [stderr]     Checking mio v0.7.13
[INFO] [stderr]    Compiling futures-util v0.3.17
[INFO] [stderr]    Compiling anyhow v1.0.44
[INFO] [stderr]    Compiling openssl-sys v0.9.67
[INFO] [stderr]    Compiling indexmap v1.7.0
[INFO] [stderr]    Compiling wasm-bindgen-macro-support v0.2.78
[INFO] [stderr]     Checking spin v0.5.2
[INFO] [stderr]     Checking slab v0.4.4
[INFO] [stderr]     Checking untrusted v0.7.1
[INFO] [stderr]     Checking futures-io v0.3.17
[INFO] [stderr]     Checking tinyvec v1.5.0
[INFO] [stderr]    Compiling memoffset v0.6.4
[INFO] [stderr]     Checking http v0.2.5
[INFO] [stderr]    Compiling crossbeam-utils v0.8.5
[INFO] [stderr]    Compiling openssl v0.10.33
[INFO] [stderr]     Checking tracing v0.1.29
[INFO] [stderr]     Checking socket2 v0.4.2
[INFO] [stderr]    Compiling proc-macro2-diagnostics v0.9.1
[INFO] [stderr]     Checking unicode-normalization v0.1.19
[INFO] [stderr]    Compiling crossbeam-epoch v0.9.5
[INFO] [stderr]    Compiling native-tls v0.2.8
[INFO] [stderr]     Checking want v0.3.0
[INFO] [stderr]    Compiling block-buffer v0.9.0
[INFO] [stderr]    Compiling ryu v1.0.5
[INFO] [stderr]    Compiling solana-program-runtime v1.9.5
[INFO] [stderr]    Compiling itoa v1.0.1
[INFO] [stderr]     Checking httpdate v1.0.1
[INFO] [stderr]    Compiling yansi v0.5.0
[INFO] [stderr]     Checking openssl-probe v0.1.4
[INFO] [stderr]    Compiling sha2 v0.9.8
[INFO] [stderr]     Checking idna v0.2.3
[INFO] [stderr]     Checking http-body v0.4.3
[INFO] [stderr]    Compiling thiserror-impl v1.0.30
[INFO] [stderr]    Compiling zeroize_derive v1.2.0
[INFO] [stdout] error[E0425]: cannot find function, tuple struct or tuple variant `ERR_put_error` in crate `ffi`
[INFO] [stdout]    --> /opt/rustwide/cargo-home/registry/src/github.com-1ecc6299db9ec823/openssl-0.10.33/src/error.rs:143:18
[INFO] [stdout]     |
[INFO] [stdout] 143 |             ffi::ERR_put_error(
[INFO] [stdout]     |                  ^^^^^^^^^^^^^ help: a function with a similar name exists: `ERR_get_error`
[INFO] [stdout]     |
[INFO] [stdout]    ::: /opt/rustwide/cargo-home/registry/src/github.com-1ecc6299db9ec823/openssl-sys-0.9.67/src/err.rs:95:5
[INFO] [stdout]     |
[INFO] [stdout] 95  |     pub fn ERR_get_error() -> c_ulong;
[INFO] [stdout]     |     --------------------------------- similarly named function `ERR_get_error` defined here
[INFO] [stdout] 
[INFO] [stdout] 
[INFO] [stdout] error[E0425]: cannot find function, tuple struct or tuple variant `FIPS_mode_set` in crate `ffi`
[INFO] [stdout]   --> /opt/rustwide/cargo-home/registry/src/github.com-1ecc6299db9ec823/openssl-0.10.33/src/fips.rs:14:23
[INFO] [stdout]    |
[INFO] [stdout] 14 |     unsafe { cvt(ffi::FIPS_mode_set(enabled as _)).map(|_| ()) }
[INFO] [stdout]    |                       ^^^^^^^^^^^^^ not found in `ffi`
[INFO] [stdout] 
[INFO] [stdout] 
[INFO] [stdout] error[E0425]: cannot find function, tuple struct or tuple variant `FIPS_mode` in crate `ffi`
[INFO] [stdout]   --> /opt/rustwide/cargo-home/registry/src/github.com-1ecc6299db9ec823/openssl-0.10.33/src/fips.rs:21:19
[INFO] [stdout]    |
[INFO] [stdout] 21 |     unsafe { ffi::FIPS_mode() != 0 }
[INFO] [stdout]    |                   ^^^^^^^^^ not found in `ffi`
[INFO] [stdout] 
[INFO] [stdout] 
[INFO] [stderr]    Compiling wasm-bindgen-macro v0.2.78
[INFO] [stdout] error[E0425]: cannot find function, tuple struct or tuple variant `SSL_get_peer_certificate` in crate `ffi`
[INFO] [stdout]     --> /opt/rustwide/cargo-home/registry/src/github.com-1ecc6299db9ec823/openssl-0.10.33/src/ssl/mod.rs:2684:28
[INFO] [stdout]      |
[INFO] [stdout] 2684 |             let ptr = ffi::SSL_get_peer_certificate(self.as_ptr());
[INFO] [stdout]      |                            ^^^^^^^^^^^^^^^^^^^^^^^^ help: a function with a similar name exists: `SSL_get1_peer_certificate`
[INFO] [stdout]      |
[INFO] [stdout]     ::: /opt/rustwide/cargo-home/registry/src/github.com-1ecc6299db9ec823/openssl-sys-0.9.67/src/ssl.rs:1022:5
[INFO] [stdout]      |
[INFO] [stdout] 1022 |     pub fn SSL_get1_peer_certificate(ssl: *const SSL) -> *mut X509;
[INFO] [stdout]      |     -------------------------------------------------------------- similarly named function `SSL_get1_peer_certificate` defined here
[INFO] [stdout] 
[INFO] [stdout] 
[INFO] [stderr]    Compiling bytemuck_derive v1.0.1
[INFO] [stderr]    Compiling solana-sdk-macro v1.9.5
[INFO] [stderr]    Compiling num-derive v0.3.3
[INFO] [stderr]     Checking zeroize v1.4.2
[INFO] [stdout] error: aborting due to 4 previous errors
[INFO] [stdout] 
[INFO] [stdout] 
[INFO] [stdout] For more information about this error, try `rustc --explain E0425`.
[INFO] [stdout] 
[INFO] [stderr] error: could not compile `openssl` due to 5 previous errors
[INFO] [stderr] warning: build failed, waiting for other jobs to finish...
[INFO] running `Command { std: "docker" "inspect" "603adb3bd25bce6cb128a947104cea1e02899b3a3f1c3614f4dab2ac4e89c2c3", kill_on_drop: false }`
[INFO] running `Command { std: "docker" "rm" "-f" "603adb3bd25bce6cb128a947104cea1e02899b3a3f1c3614f4dab2ac4e89c2c3", kill_on_drop: false }`
[INFO] [stdout] 603adb3bd25bce6cb128a947104cea1e02899b3a3f1c3614f4dab2ac4e89c2c3
