[INFO] cloning repository https://github.com/nxnfufunezn/RstyOS
[INFO] running `Command { std: "git" "-c" "credential.helper=" "-c" "credential.helper=/workspace/cargo-home/bin/git-credential-null" "clone" "--bare" "https://github.com/nxnfufunezn/RstyOS" "/workspace/cache/git-repos/https%3A%2F%2Fgithub.com%2Fnxnfufunezn%2FRstyOS", kill_on_drop: false }`
[INFO] [stderr] Cloning into bare repository '/workspace/cache/git-repos/https%3A%2F%2Fgithub.com%2Fnxnfufunezn%2FRstyOS'...
[INFO] running `Command { std: "git" "rev-parse" "HEAD", kill_on_drop: false }`
[INFO] [stdout] 626b6ad4ec2ce30b6eaa33b982a1d532c88c7161
[INFO] documenting nxnfufunezn/RstyOS against 1.69.0 for beta-1.70-rustdoc-1
[INFO] running `Command { std: "git" "clone" "/workspace/cache/git-repos/https%3A%2F%2Fgithub.com%2Fnxnfufunezn%2FRstyOS" "/workspace/builds/worker-6-tc1/source", kill_on_drop: false }`
[INFO] [stderr] Cloning into '/workspace/builds/worker-6-tc1/source'...
[INFO] [stderr] done.
[INFO] validating manifest of git repo https://github.com/nxnfufunezn/RstyOS on toolchain 1.69.0
[INFO] running `Command { std: CARGO_HOME="/workspace/cargo-home" RUSTUP_HOME="/workspace/rustup-home" "/workspace/cargo-home/bin/cargo" "+1.69.0" "metadata" "--manifest-path" "Cargo.toml" "--no-deps", kill_on_drop: false }`
[INFO] started tweaking git repo https://github.com/nxnfufunezn/RstyOS
[INFO] finished tweaking git repo https://github.com/nxnfufunezn/RstyOS
[INFO] tweaked toml for git repo https://github.com/nxnfufunezn/RstyOS written to /workspace/builds/worker-6-tc1/source/Cargo.toml
[INFO] crate git repo https://github.com/nxnfufunezn/RstyOS already has a lockfile, it will not be regenerated
[INFO] running `Command { std: CARGO_HOME="/workspace/cargo-home" RUSTUP_HOME="/workspace/rustup-home" "/workspace/cargo-home/bin/cargo" "+1.69.0" "fetch" "--manifest-path" "Cargo.toml", kill_on_drop: false }`
[INFO] [stderr]  Downloading crates ...
[INFO] [stderr]   Downloaded spin v0.3.5
[INFO] [stderr]   Downloaded spin v0.4.2
[INFO] [stderr]   Downloaded linked_list_allocator v0.2.2
[INFO] [stderr]   Downloaded once v0.2.1
[INFO] [stderr]   Downloaded bit_field v0.1.0
[INFO] [stderr]   Downloaded x86 v0.7.0
[INFO] [stderr]   Downloaded rlibc v0.1.5
[INFO] [stderr]   Downloaded raw-cpuid v2.0.1
[INFO] running `Command { std: "docker" "create" "-v" "/var/lib/crater-agent-workspace/builds/worker-6-tc1/target:/opt/rustwide/target:rw,Z" "-v" "/var/lib/crater-agent-workspace/builds/worker-6-tc1/source:/opt/rustwide/workdir:ro,Z" "-v" "/var/lib/crater-agent-workspace/cargo-home:/opt/rustwide/cargo-home:ro,Z" "-v" "/var/lib/crater-agent-workspace/rustup-home:/opt/rustwide/rustup-home:ro,Z" "-e" "SOURCE_DIR=/opt/rustwide/workdir" "-e" "CARGO_TARGET_DIR=/opt/rustwide/target" "-e" "CARGO_HOME=/opt/rustwide/cargo-home" "-e" "RUSTUP_HOME=/opt/rustwide/rustup-home" "-w" "/opt/rustwide/workdir" "-m" "1610612736" "--user" "0:0" "--network" "none" "ghcr.io/rust-lang/crates-build-env/linux@sha256:5ff2268d62e97bff2cde7d5815dd6ed5b47097566f13b8d0ca110b04b60e07ed" "/opt/rustwide/cargo-home/bin/cargo" "+1.69.0" "metadata" "--no-deps" "--format-version=1", kill_on_drop: false }`
[INFO] [stdout] ff9c6aa33c37a23b958d2c1772fe52ce5ef399528f7fa359e06e4b41424de697
[INFO] running `Command { std: "docker" "start" "-a" "ff9c6aa33c37a23b958d2c1772fe52ce5ef399528f7fa359e06e4b41424de697", kill_on_drop: false }`
[INFO] running `Command { std: "docker" "inspect" "ff9c6aa33c37a23b958d2c1772fe52ce5ef399528f7fa359e06e4b41424de697", kill_on_drop: false }`
[INFO] running `Command { std: "docker" "rm" "-f" "ff9c6aa33c37a23b958d2c1772fe52ce5ef399528f7fa359e06e4b41424de697", kill_on_drop: false }`
[INFO] [stdout] ff9c6aa33c37a23b958d2c1772fe52ce5ef399528f7fa359e06e4b41424de697
[INFO] running `Command { std: "docker" "create" "-v" "/var/lib/crater-agent-workspace/builds/worker-6-tc1/target:/opt/rustwide/target:rw,Z" "-v" "/var/lib/crater-agent-workspace/builds/worker-6-tc1/source:/opt/rustwide/workdir:ro,Z" "-v" "/var/lib/crater-agent-workspace/cargo-home:/opt/rustwide/cargo-home:ro,Z" "-v" "/var/lib/crater-agent-workspace/rustup-home:/opt/rustwide/rustup-home:ro,Z" "-e" "SOURCE_DIR=/opt/rustwide/workdir" "-e" "CARGO_TARGET_DIR=/opt/rustwide/target" "-e" "CARGO_INCREMENTAL=0" "-e" "RUST_BACKTRACE=full" "-e" "RUSTFLAGS=--cap-lints=warn" "-e" "RUSTDOCFLAGS=--cap-lints=warn" "-e" "CARGO_HOME=/opt/rustwide/cargo-home" "-e" "RUSTUP_HOME=/opt/rustwide/rustup-home" "-w" "/opt/rustwide/workdir" "-m" "1610612736" "--user" "0:0" "--network" "none" "ghcr.io/rust-lang/crates-build-env/linux@sha256:5ff2268d62e97bff2cde7d5815dd6ed5b47097566f13b8d0ca110b04b60e07ed" "/opt/rustwide/cargo-home/bin/cargo" "+1.69.0" "doc" "--frozen" "--no-deps" "--document-private-items" "--message-format=json", kill_on_drop: false }`
[INFO] [stdout] a2e08e70d433a5b28da0a034e07cef7b66e84b47b0e37a05536f3aacb55e916f
[INFO] running `Command { std: "docker" "start" "-a" "a2e08e70d433a5b28da0a034e07cef7b66e84b47b0e37a05536f3aacb55e916f", kill_on_drop: false }`
[INFO] [stderr]    Compiling x86 v0.7.0
[INFO] [stderr]     Checking spin v0.4.2
[INFO] [stderr]     Checking bitflags v0.4.0
[INFO] [stderr]     Checking raw-cpuid v2.0.1
[INFO] [stderr]     Checking spin v0.3.5
[INFO] [stderr]     Checking linked_list_allocator v0.2.2
[INFO] [stderr]     Checking rlibc v0.1.5
[INFO] [stderr]     Checking bit_field v0.1.0
[INFO] [stdout] error[E0557]: feature has been removed
[INFO] [stdout]  --> /opt/rustwide/cargo-home/registry/src/github.com-1ecc6299db9ec823/spin-0.4.2/src/lib.rs:8:43
[INFO] [stdout]   |
[INFO] [stdout] 8 | #![cfg_attr(feature = "const_fn", feature(const_fn))]
[INFO] [stdout]   |                                           ^^^^^^^^ feature has been removed
[INFO] [stdout]   |
[INFO] [stdout]   = note: split into finer-grained feature gates
[INFO] [stdout] 
[INFO] [stdout] 
[INFO] [stdout] error[E0557]: feature has been removed
[INFO] [stdout]  --> /opt/rustwide/cargo-home/registry/src/github.com-1ecc6299db9ec823/spin-0.3.5/src/lib.rs:6:12
[INFO] [stdout]   |
[INFO] [stdout] 6 | #![feature(const_fn, asm)]
[INFO] [stdout]   |            ^^^^^^^^ feature has been removed
[INFO] [stdout]   |
[INFO] [stdout]   = note: split into finer-grained feature gates
[INFO] [stdout] 
[INFO] [stdout] 
[INFO] [stdout] error[E0557]: feature has been removed
[INFO] [stdout]  --> /opt/rustwide/cargo-home/registry/src/github.com-1ecc6299db9ec823/linked_list_allocator-0.2.2/src/lib.rs:2:12
[INFO] [stdout]   |
[INFO] [stdout] 2 | #![feature(const_fn)]
[INFO] [stdout]   |            ^^^^^^^^ feature has been removed
[INFO] [stdout]   |
[INFO] [stdout]   = note: split into finer-grained feature gates
[INFO] [stdout] 
[INFO] [stdout] 
[INFO] [stderr]     Checking multiboot2 v0.1.0 (https://github.com/phil-opp/multiboot2-elf64#3fc61675)
[INFO] [stdout] error[E0658]: use of unstable library feature 'ptr_internals': use `NonNull` instead and consider `PhantomData<T>` (if you also use `#[may_dangle]`), `Send`, and/or `Sync`
[INFO] [stdout]  --> /opt/rustwide/cargo-home/registry/src/github.com-1ecc6299db9ec823/linked_list_allocator-0.2.2/src/hole.rs:1:5
[INFO] [stdout]   |
[INFO] [stdout] 1 | use core::ptr::Unique;
[INFO] [stdout]   |     ^^^^^^^^^^^^^^^^^
[INFO] [stdout] 
[INFO] [stdout] 
[INFO] [stderr]     Checking bitflags v0.7.0
[INFO] [stdout] error[E0658]: use of unstable library feature 'ptr_internals': use `NonNull` instead and consider `PhantomData<T>` (if you also use `#[may_dangle]`), `Send`, and/or `Sync`
[INFO] [stdout]   --> /opt/rustwide/cargo-home/registry/src/github.com-1ecc6299db9ec823/linked_list_allocator-0.2.2/src/hole.rs:88:18
[INFO] [stdout]    |
[INFO] [stdout] 88 |     next: Option<Unique<Hole>>,
[INFO] [stdout]    |                  ^^^^^^^^^^^^
[INFO] [stdout] 
[INFO] [stdout] 
[INFO] [stdout] error[E0658]: use of unstable library feature 'ptr_internals': use `NonNull` instead and consider `PhantomData<T>` (if you also use `#[may_dangle]`), `Send`, and/or `Sync`
[INFO] [stdout]    --> /opt/rustwide/cargo-home/registry/src/github.com-1ecc6299db9ec823/linked_list_allocator-0.2.2/src/hole.rs:282:43
[INFO] [stdout]     |
[INFO] [stdout] 282 |                 hole.next = Some(unsafe { Unique::new(ptr) });
[INFO] [stdout]     |                                           ^^^^^^
[INFO] [stdout] 
[INFO] [stdout] 
[INFO] [stdout] error[E0658]: use of unstable library feature 'ptr_internals': use `NonNull` instead and consider `PhantomData<T>` (if you also use `#[may_dangle]`), `Send`, and/or `Sync`
[INFO] [stdout]   --> /opt/rustwide/cargo-home/registry/src/github.com-1ecc6299db9ec823/linked_list_allocator-0.2.2/src/hole.rs:38:28
[INFO] [stdout]    |
[INFO] [stdout] 38 |                 next: Some(Unique::new(ptr)),
[INFO] [stdout]    |                            ^^^^^^
[INFO] [stdout] 
[INFO] [stdout] 
[INFO] [stdout] error[E0554]: `#![feature]` may not be used on the stable release channel
[INFO] [stdout]  --> /opt/rustwide/cargo-home/registry/src/github.com-1ecc6299db9ec823/linked_list_allocator-0.2.2/src/lib.rs:1:12
[INFO] [stdout]   |
[INFO] [stdout] 1 | #![feature(unique)]
[INFO] [stdout]   |            ^^^^^^
[INFO] [stdout] 
[INFO] [stdout] 
[INFO] [stdout] error[E0635]: unknown feature `unique`
[INFO] [stdout]  --> /opt/rustwide/cargo-home/registry/src/github.com-1ecc6299db9ec823/linked_list_allocator-0.2.2/src/lib.rs:1:12
[INFO] [stdout]   |
[INFO] [stdout] 1 | #![feature(unique)]
[INFO] [stdout]   |            ^^^^^^
[INFO] [stdout] 
[INFO] [stdout] 
[INFO] [stdout] error[E0658]: use of unstable library feature 'ptr_internals'
[INFO] [stdout]   --> /opt/rustwide/cargo-home/registry/src/github.com-1ecc6299db9ec823/linked_list_allocator-0.2.2/src/hole.rs:38:28
[INFO] [stdout]    |
[INFO] [stdout] 38 |                 next: Some(Unique::new(ptr)),
[INFO] [stdout]    |                            ^^^^^^^^^^^
[INFO] [stdout] 
[INFO] [stdout] 
[INFO] [stdout] error: cannot find macro `asm` in this scope
[INFO] [stdout]  --> /opt/rustwide/cargo-home/registry/src/github.com-1ecc6299db9ec823/spin-0.4.2/src/util.rs:8:14
[INFO] [stdout]   |
[INFO] [stdout] 8 |     unsafe { asm!("pause" :::: "volatile"); }
[INFO] [stdout]   |              ^^^
[INFO] [stdout]   |
[INFO] [stdout]   = help: consider importing this macro:
[INFO] [stdout]           core::arch::asm
[INFO] [stdout] 
[INFO] [stdout] 
[INFO] [stdout] error: cannot find macro `asm` in this scope
[INFO] [stdout]    --> /opt/rustwide/cargo-home/registry/src/github.com-1ecc6299db9ec823/spin-0.3.5/src/mutex.rs:102:14
[INFO] [stdout]     |
[INFO] [stdout] 102 |     unsafe { asm!("pause" :::: "volatile"); }
[INFO] [stdout]     |              ^^^
[INFO] [stdout]     |
[INFO] [stdout]     = help: consider importing this macro:
[INFO] [stdout]             core::arch::asm
[INFO] [stdout] 
[INFO] [stdout] 
[INFO] [stdout] error[E0554]: `#![feature]` may not be used on the stable release channel
[INFO] [stdout]  --> /opt/rustwide/cargo-home/registry/src/github.com-1ecc6299db9ec823/spin-0.4.2/src/lib.rs:6:38
[INFO] [stdout]   |
[INFO] [stdout] 6 | #![cfg_attr(feature = "asm", feature(asm))]
[INFO] [stdout]   |                                      ^^^
[INFO] [stdout] 
[INFO] [stdout] 
[INFO] [stdout] error[E0554]: `#![feature]` may not be used on the stable release channel
[INFO] [stdout]  --> /opt/rustwide/cargo-home/registry/src/github.com-1ecc6299db9ec823/spin-0.4.2/src/lib.rs:7:50
[INFO] [stdout]   |
[INFO] [stdout] 7 | #![cfg_attr(feature = "core_intrinsics", feature(core_intrinsics))]
[INFO] [stdout]   |                                                  ^^^^^^^^^^^^^^^
[INFO] [stdout] 
[INFO] [stdout] 
[INFO] [stdout] error[E0554]: `#![feature]` may not be used on the stable release channel
[INFO] [stdout]  --> /opt/rustwide/cargo-home/registry/src/github.com-1ecc6299db9ec823/spin-0.3.5/src/lib.rs:6:22
[INFO] [stdout]   |
[INFO] [stdout] 6 | #![feature(const_fn, asm)]
[INFO] [stdout]   |                      ^^^
[INFO] [stdout] 
[INFO] [stdout] 
[INFO] [stdout] error[E0308]: mismatched types
[INFO] [stdout]   --> /opt/rustwide/cargo-home/registry/src/github.com-1ecc6299db9ec823/linked_list_allocator-0.2.2/src/hole.rs:38:28
[INFO] [stdout]    |
[INFO] [stdout] 38 |                 next: Some(Unique::new(ptr)),
[INFO] [stdout]    |                       ---- ^^^^^^^^^^^^^^^^ expected `Unique<Hole>`, found `Option<Unique<Hole>>`
[INFO] [stdout]    |                       |
[INFO] [stdout]    |                       arguments to this enum variant are incorrect
[INFO] [stdout]    |
[INFO] [stdout]    = note: expected struct `Unique<_>`
[INFO] [stdout]                 found enum `Option<Unique<_>>`
[INFO] [stdout] help: the type constructed contains `Option<Unique<Hole>>` due to the type of the argument passed
[INFO] [stdout]   --> /opt/rustwide/cargo-home/registry/src/github.com-1ecc6299db9ec823/linked_list_allocator-0.2.2/src/hole.rs:38:23
[INFO] [stdout]    |
[INFO] [stdout] 38 |                 next: Some(Unique::new(ptr)),
[INFO] [stdout]    |                       ^^^^^----------------^
[INFO] [stdout]    |                            |
[INFO] [stdout]    |                            this argument influences the type of `Some`
[INFO] [stdout] note: tuple variant defined here
[INFO] [stdout]   --> /rustc/84c898d65adf2f39a5a98507f1fe0ce10a2b8dbc/library/core/src/option.rs:571:5
[INFO] [stdout] 
[INFO] [stdout] 
[INFO] [stdout] error: cannot find macro `asm` in this scope
[INFO] [stdout]   --> /opt/rustwide/cargo-home/registry/src/github.com-1ecc6299db9ec823/raw-cpuid-2.0.1/src/lib.rs:46:9
[INFO] [stdout]    |
[INFO] [stdout] 46 |         asm!("movl $0, %eax" : : "{eax}" (eax) : "eax");
[INFO] [stdout]    |         ^^^
[INFO] [stdout]    |
[INFO] [stdout]    = help: consider importing this macro:
[INFO] [stdout]            core::arch::asm
[INFO] [stdout] 
[INFO] [stdout] 
[INFO] [stdout] error: cannot find macro `asm` in this scope
[INFO] [stdout]   --> /opt/rustwide/cargo-home/registry/src/github.com-1ecc6299db9ec823/raw-cpuid-2.0.1/src/lib.rs:47:9
[INFO] [stdout]    |
[INFO] [stdout] 47 |         asm!("movl $0, %ecx" : : "{ecx}" (ecx) : "ecx");
[INFO] [stdout]    |         ^^^
[INFO] [stdout]    |
[INFO] [stdout]    = help: consider importing this macro:
[INFO] [stdout]            core::arch::asm
[INFO] [stdout] 
[INFO] [stdout] 
[INFO] [stdout] error: cannot find macro `asm` in this scope
[INFO] [stdout]   --> /opt/rustwide/cargo-home/registry/src/github.com-1ecc6299db9ec823/raw-cpuid-2.0.1/src/lib.rs:48:9
[INFO] [stdout]    |
[INFO] [stdout] 48 |         asm!("cpuid" : "={eax}"(res.eax) "={ebx}"(res.ebx)
[INFO] [stdout]    |         ^^^
[INFO] [stdout]    |
[INFO] [stdout]    = help: consider importing this macro:
[INFO] [stdout]            core::arch::asm
[INFO] [stdout] 
[INFO] [stdout] 
[INFO] [stdout] error[E0599]: no method named `get_mut` found for mutable reference `&mut Unique<Hole>` in the current scope
[INFO] [stdout]    --> /opt/rustwide/cargo-home/registry/src/github.com-1ecc6299db9ec823/linked_list_allocator-0.2.2/src/hole.rs:108:46
[INFO] [stdout]     |
[INFO] [stdout] 108 |         unsafe { self.next.as_mut().unwrap().get_mut() }
[INFO] [stdout]     |                                              ^^^^^^^ method not found in `&mut Unique<Hole>`
[INFO] [stdout] 
[INFO] [stdout] 
[INFO] [stdout] error: cannot find macro `asm` in this scope
[INFO] [stdout]   --> /opt/rustwide/cargo-home/registry/src/github.com-1ecc6299db9ec823/raw-cpuid-2.0.1/src/lib.rs:63:9
[INFO] [stdout]    |
[INFO] [stdout] 63 |         asm!("movl $0, %eax" : : "{eax}" (eax) : "eax");
[INFO] [stdout]    |         ^^^
[INFO] [stdout]    |
[INFO] [stdout]    = help: consider importing this macro:
[INFO] [stdout]            core::arch::asm
[INFO] [stdout] 
[INFO] [stdout] 
[INFO] [stdout] error: cannot find macro `asm` in this scope
[INFO] [stdout]   --> /opt/rustwide/cargo-home/registry/src/github.com-1ecc6299db9ec823/raw-cpuid-2.0.1/src/lib.rs:64:9
[INFO] [stdout]    |
[INFO] [stdout] 64 |         asm!("cpuid" : "={eax}"(res.eax) "={ebx}"(res.ebx)
[INFO] [stdout]    |         ^^^
[INFO] [stdout]    |
[INFO] [stdout]    = help: consider importing this macro:
[INFO] [stdout]            core::arch::asm
[INFO] [stdout] 
[INFO] [stdout] 
[INFO] [stdout] error[E0557]: feature has been removed
[INFO] [stdout]  --> /opt/rustwide/cargo-home/registry/src/github.com-1ecc6299db9ec823/bit_field-0.1.0/src/lib.rs:2:12
[INFO] [stdout]   |
[INFO] [stdout] 2 | #![feature(const_fn)]
[INFO] [stdout]   |            ^^^^^^^^ feature has been removed
[INFO] [stdout]   |
[INFO] [stdout]   = note: split into finer-grained feature gates
[INFO] [stdout] 
[INFO] [stdout] 
[INFO] [stdout] error: aborting due to 4 previous errors
[INFO] [stdout] 
[INFO] [stdout] 
[INFO] [stdout] Some errors have detailed explanations: E0554, E0557.
[INFO] [stdout] 
[INFO] [stdout] For more information about an error, try `rustc --explain E0554`.
[INFO] [stdout] 
[INFO] [stdout] error: aborting due to 3 previous errors
[INFO] [stdout] 
[INFO] [stdout] 
[INFO] [stdout] Some errors have detailed explanations: E0554, E0557.
[INFO] [stdout] 
[INFO] [stdout] For more information about an error, try `rustc --explain E0554`.
[INFO] [stdout] 
[INFO] [stdout] error[E0599]: no method named `get` found for mutable reference `&mut Unique<Hole>` in the current scope
[INFO] [stdout]    --> /opt/rustwide/cargo-home/registry/src/github.com-1ecc6299db9ec823/linked_list_allocator-0.2.2/src/hole.rs:189:41
[INFO] [stdout]     |
[INFO] [stdout] 189 |             split_hole(unsafe { current.get() }.info(), size, align)
[INFO] [stdout]     |                                         ^^^ method not found in `&mut Unique<Hole>`
[INFO] [stdout] 
[INFO] [stdout] 
[INFO] [stderr] error: could not compile `spin` due to 5 previous errors
[INFO] [stderr] warning: build failed, waiting for other jobs to finish...
[INFO] [stdout] error[E0599]: no method named `get` found for reference `&Unique<Hole>` in the current scope
[INFO] [stdout]    --> /opt/rustwide/cargo-home/registry/src/github.com-1ecc6299db9ec823/linked_list_allocator-0.2.2/src/hole.rs:230:74
[INFO] [stdout]     |
[INFO] [stdout] 230 |         let next_hole_info = hole.next.as_ref().map(|next| unsafe { next.get().info() });
[INFO] [stdout]     |                                                                          ^^^ method not found in `&Unique<Hole>`
[INFO] [stdout] 
[INFO] [stdout] 
[INFO] [stderr] error: could not compile `spin` due to 4 previous errors
[INFO] [stdout] error[E0554]: `#![feature]` may not be used on the stable release channel
[INFO] [stdout]  --> /opt/rustwide/cargo-home/registry/src/github.com-1ecc6299db9ec823/raw-cpuid-2.0.1/src/lib.rs:1:1
[INFO] [stdout]   |
[INFO] [stdout] 1 | #![feature(prelude_import, asm)]
[INFO] [stdout]   | ^^^^^^^^^^^^^^^^^^^^^^^^^^^^^^^^
[INFO] [stdout] 
[INFO] [stdout] 
[INFO] [stdout] error[E0658]: use of unstable library feature 'ptr_internals'
[INFO] [stdout]    --> /opt/rustwide/cargo-home/registry/src/github.com-1ecc6299db9ec823/linked_list_allocator-0.2.2/src/hole.rs:282:43
[INFO] [stdout]     |
[INFO] [stdout] 282 |                 hole.next = Some(unsafe { Unique::new(ptr) });
[INFO] [stdout]     |                                           ^^^^^^^^^^^
[INFO] [stdout] 
[INFO] [stdout] 
[INFO] [stdout] error[E0308]: mismatched types
[INFO] [stdout]    --> /opt/rustwide/cargo-home/registry/src/github.com-1ecc6299db9ec823/linked_list_allocator-0.2.2/src/hole.rs:282:43
[INFO] [stdout]     |
[INFO] [stdout] 282 |                 hole.next = Some(unsafe { Unique::new(ptr) });
[INFO] [stdout]     |                                           ^^^^^^^^^^^^^^^^ expected `Unique<Hole>`, found `Option<Unique<Hole>>`
[INFO] [stdout]     |
[INFO] [stdout]     = note: expected struct `Unique<_>`
[INFO] [stdout]                  found enum `Option<Unique<_>>`
[INFO] [stdout] 
[INFO] [stdout] 
[INFO] [stdout] error[E0432]: unresolved imports `core::num::Zero`, `core::num::One`
[INFO] [stdout]   --> /opt/rustwide/cargo-home/registry/src/github.com-1ecc6299db9ec823/bit_field-0.1.0/src/lib.rs:72:17
[INFO] [stdout]    |
[INFO] [stdout] 72 | use core::num::{Zero, One};
[INFO] [stdout]    |                 ^^^^  ^^^ no `One` in `num`
[INFO] [stdout]    |                 |
[INFO] [stdout]    |                 no `Zero` in `num`
[INFO] [stdout]    |
[INFO] [stdout]    = help: consider importing one of these items instead:
[INFO] [stdout]            core::num::FpCategory::Zero
[INFO] [stdout]            core::num::IntErrorKind::Zero
[INFO] [stdout]            core::num::flt2dec::FullDecoded::Zero
[INFO] [stdout]            core::num::fmt::Part::Zero
[INFO] [stdout] 
[INFO] [stdout] 
[INFO] [stdout] error: aborting due to 14 previous errors
[INFO] [stdout] 
[INFO] [stdout] 
[INFO] [stdout] Some errors have detailed explanations: E0308, E0554, E0557, E0599, E0635, E0658.
[INFO] [stdout] 
[INFO] [stdout] For more information about an error, try `rustc --explain E0308`.
[INFO] [stdout] 
[INFO] [stdout] error[E0554]: `#![feature]` may not be used on the stable release channel
[INFO] [stdout]  --> /opt/rustwide/cargo-home/registry/src/github.com-1ecc6299db9ec823/bit_field-0.1.0/src/lib.rs:1:12
[INFO] [stdout]   |
[INFO] [stdout] 1 | #![feature(zero_one)]
[INFO] [stdout]   |            ^^^^^^^^
[INFO] [stdout] 
[INFO] [stdout] 
[INFO] [stdout] error[E0635]: unknown feature `zero_one`
[INFO] [stdout]  --> /opt/rustwide/cargo-home/registry/src/github.com-1ecc6299db9ec823/bit_field-0.1.0/src/lib.rs:1:12
[INFO] [stdout]   |
[INFO] [stdout] 1 | #![feature(zero_one)]
[INFO] [stdout]   |            ^^^^^^^^
[INFO] [stdout] 
[INFO] [stdout] 
[INFO] [stderr] error: could not compile `linked_list_allocator` due to 15 previous errors
[INFO] [stdout] error: aborting due to 4 previous errors
[INFO] [stdout] 
[INFO] [stdout] 
[INFO] [stdout] Some errors have detailed explanations: E0432, E0554, E0557, E0635.
[INFO] [stdout] 
[INFO] [stdout] For more information about an error, try `rustc --explain E0432`.
[INFO] [stdout] 
[INFO] [stdout] error[E0554]: `#![feature]` may not be used on the stable release channel
[INFO] [stdout]  --> /opt/rustwide/cargo-home/registry/src/github.com-1ecc6299db9ec823/raw-cpuid-2.0.1/src/lib.rs:1:28
[INFO] [stdout]   |
[INFO] [stdout] 1 | #![feature(prelude_import, asm)]
[INFO] [stdout]   |                            ^^^
[INFO] [stdout] 
[INFO] [stdout] 
[INFO] [stderr] error: could not compile `bit_field` due to 5 previous errors
[INFO] [stdout] error[E0507]: cannot move out of `self.first_section` which is behind a shared reference
[INFO] [stdout]   --> /opt/rustwide/cargo-home/git/checkouts/multiboot2-elf64-6756f3ebae0d561c/3fc6167/src/elf_sections.rs:10:5
[INFO] [stdout]    |
[INFO] [stdout] 2  | #[derive(Debug)]
[INFO] [stdout]    |          ----- in this derive macro expansion
[INFO] [stdout] ...
[INFO] [stdout] 10 |     first_section: ElfSection,
[INFO] [stdout]    |     ^^^^^^^^^^^^^^^^^^^^^^^^^ move occurs because `self.first_section` has type `ElfSection`, which does not implement the `Copy` trait
[INFO] [stdout]    |
[INFO] [stdout]    = note: this error originates in the derive macro `Debug` (in Nightly builds, run with -Z macro-backtrace for more info)
[INFO] [stdout] 
[INFO] [stdout] 
[INFO] [stdout] error[E0793]: reference to packed field is unaligned
[INFO] [stdout]   --> /opt/rustwide/cargo-home/git/checkouts/multiboot2-elf64-6756f3ebae0d561c/3fc6167/src/elf_sections.rs:16:30
[INFO] [stdout]    |
[INFO] [stdout] 16 |             current_section: &self.first_section,
[INFO] [stdout]    |                              ^^^^^^^^^^^^^^^^^^^
[INFO] [stdout]    |
[INFO] [stdout]    = note: fields of packed structs are not properly aligned, and creating a misaligned reference is undefined behavior (even if that reference is never dereferenced)
[INFO] [stdout]    = help: copy the field contents to a local variable, or replace the reference with a raw pointer and use `read_unaligned`/`write_unaligned` (loads and stores via `*p` must be properly aligned even when using raw pointers)
[INFO] [stdout] 
[INFO] [stdout] 
[INFO] [stdout] error: aborting due to 2 previous errors
[INFO] [stdout] 
[INFO] [stdout] 
[INFO] [stdout] Some errors have detailed explanations: E0507, E0793.
[INFO] [stdout] 
[INFO] [stdout] For more information about an error, try `rustc --explain E0507`.
[INFO] [stdout] 
[INFO] [stderr] error: could not compile `multiboot2` due to 3 previous errors
[INFO] [stdout] error: aborting due to 7 previous errors
[INFO] [stdout] 
[INFO] [stdout] 
[INFO] [stdout] For more information about this error, try `rustc --explain E0554`.
[INFO] [stdout] 
[INFO] [stderr] error: could not compile `raw-cpuid` due to 8 previous errors
[INFO] running `Command { std: "docker" "inspect" "a2e08e70d433a5b28da0a034e07cef7b66e84b47b0e37a05536f3aacb55e916f", kill_on_drop: false }`
[INFO] running `Command { std: "docker" "rm" "-f" "a2e08e70d433a5b28da0a034e07cef7b66e84b47b0e37a05536f3aacb55e916f", kill_on_drop: false }`
[INFO] [stdout] a2e08e70d433a5b28da0a034e07cef7b66e84b47b0e37a05536f3aacb55e916f
