[INFO] cloning repository https://github.com/nwoeanhinnogaehr/synthizer
[INFO] running `Command { std: "git" "-c" "credential.helper=" "-c" "credential.helper=/workspace/cargo-home/bin/git-credential-null" "clone" "--bare" "https://github.com/nwoeanhinnogaehr/synthizer" "/workspace/cache/git-repos/https%3A%2F%2Fgithub.com%2Fnwoeanhinnogaehr%2Fsynthizer", kill_on_drop: false }`
[INFO] [stderr] Cloning into bare repository '/workspace/cache/git-repos/https%3A%2F%2Fgithub.com%2Fnwoeanhinnogaehr%2Fsynthizer'...
[INFO] running `Command { std: "git" "rev-parse" "HEAD", kill_on_drop: false }`
[INFO] [stdout] 9b10813084276f2b24e083226a09830071bcb88c
[INFO] documenting nwoeanhinnogaehr/synthizer against 1.69.0 for beta-1.70-rustdoc-1
[INFO] running `Command { std: "git" "clone" "/workspace/cache/git-repos/https%3A%2F%2Fgithub.com%2Fnwoeanhinnogaehr%2Fsynthizer" "/workspace/builds/worker-1-tc1/source", kill_on_drop: false }`
[INFO] [stderr] Cloning into '/workspace/builds/worker-1-tc1/source'...
[INFO] [stderr] done.
[INFO] validating manifest of git repo https://github.com/nwoeanhinnogaehr/synthizer on toolchain 1.69.0
[INFO] running `Command { std: CARGO_HOME="/workspace/cargo-home" RUSTUP_HOME="/workspace/rustup-home" "/workspace/cargo-home/bin/cargo" "+1.69.0" "metadata" "--manifest-path" "Cargo.toml" "--no-deps", kill_on_drop: false }`
[INFO] started tweaking git repo https://github.com/nwoeanhinnogaehr/synthizer
[INFO] finished tweaking git repo https://github.com/nwoeanhinnogaehr/synthizer
[INFO] tweaked toml for git repo https://github.com/nwoeanhinnogaehr/synthizer written to /workspace/builds/worker-1-tc1/source/Cargo.toml
[INFO] crate git repo https://github.com/nwoeanhinnogaehr/synthizer already has a lockfile, it will not be regenerated
[INFO] running `Command { std: CARGO_HOME="/workspace/cargo-home" RUSTUP_HOME="/workspace/rustup-home" "/workspace/cargo-home/bin/cargo" "+1.69.0" "fetch" "--manifest-path" "Cargo.toml", kill_on_drop: false }`
[INFO] [stderr]     Updating git repository `https://github.com/nwoeanhinnogaehr/llvm-rs`
[INFO] [stderr]  Downloading crates ...
[INFO] [stderr]   Downloaded regex-syntax v0.2.1
[INFO] [stderr]   Downloaded winapi v0.2.2
[INFO] [stderr]   Downloaded regex_macros v0.1.21
[INFO] [stderr]   Downloaded llvm-sys v0.2.0
[INFO] [stderr]   Downloaded unicode-normalization v0.1.1
[INFO] [stderr]   Downloaded docopt v0.6.72
[INFO] [stderr]   Downloaded bit-vec v0.4.1
[INFO] [stderr]   Downloaded portaudio v0.4.17
[INFO] [stderr]   Downloaded gcc v0.3.13
[INFO] [stderr]   Downloaded memchr v0.1.6
[INFO] [stderr]   Downloaded aho-corasick v0.3.2
[INFO] [stderr]   Downloaded vec_map v0.3.0
[INFO] [stderr]   Downloaded regex v0.1.41
[INFO] [stderr]   Downloaded sound_stream v0.4.3
[INFO] [stderr]   Downloaded sample v0.1.3
[INFO] [stderr]   Downloaded time v0.1.32
[INFO] [stderr]   Downloaded cbox v0.2.2
[INFO] [stderr]   Downloaded hound v1.0.0
[INFO] [stderr]   Downloaded docopt_macros v0.6.72
[INFO] [stderr]   Downloaded clippy v0.0.13
[INFO] running `Command { std: "docker" "create" "-v" "/var/lib/crater-agent-workspace/builds/worker-1-tc1/target:/opt/rustwide/target:rw,Z" "-v" "/var/lib/crater-agent-workspace/builds/worker-1-tc1/source:/opt/rustwide/workdir:ro,Z" "-v" "/var/lib/crater-agent-workspace/cargo-home:/opt/rustwide/cargo-home:ro,Z" "-v" "/var/lib/crater-agent-workspace/rustup-home:/opt/rustwide/rustup-home:ro,Z" "-e" "SOURCE_DIR=/opt/rustwide/workdir" "-e" "CARGO_TARGET_DIR=/opt/rustwide/target" "-e" "CARGO_HOME=/opt/rustwide/cargo-home" "-e" "RUSTUP_HOME=/opt/rustwide/rustup-home" "-w" "/opt/rustwide/workdir" "-m" "1610612736" "--user" "0:0" "--network" "none" "ghcr.io/rust-lang/crates-build-env/linux@sha256:5ff2268d62e97bff2cde7d5815dd6ed5b47097566f13b8d0ca110b04b60e07ed" "/opt/rustwide/cargo-home/bin/cargo" "+1.69.0" "metadata" "--no-deps" "--format-version=1", kill_on_drop: false }`
[INFO] [stdout] 5707cd710167b2e43fb194a94566e0ff3b18deb1df9cfd7d3b03284e434e775e
[INFO] running `Command { std: "docker" "start" "-a" "5707cd710167b2e43fb194a94566e0ff3b18deb1df9cfd7d3b03284e434e775e", kill_on_drop: false }`
[INFO] running `Command { std: "docker" "inspect" "5707cd710167b2e43fb194a94566e0ff3b18deb1df9cfd7d3b03284e434e775e", kill_on_drop: false }`
[INFO] running `Command { std: "docker" "rm" "-f" "5707cd710167b2e43fb194a94566e0ff3b18deb1df9cfd7d3b03284e434e775e", kill_on_drop: false }`
[INFO] [stdout] 5707cd710167b2e43fb194a94566e0ff3b18deb1df9cfd7d3b03284e434e775e
[INFO] running `Command { std: "docker" "create" "-v" "/var/lib/crater-agent-workspace/builds/worker-1-tc1/target:/opt/rustwide/target:rw,Z" "-v" "/var/lib/crater-agent-workspace/builds/worker-1-tc1/source:/opt/rustwide/workdir:ro,Z" "-v" "/var/lib/crater-agent-workspace/cargo-home:/opt/rustwide/cargo-home:ro,Z" "-v" "/var/lib/crater-agent-workspace/rustup-home:/opt/rustwide/rustup-home:ro,Z" "-e" "SOURCE_DIR=/opt/rustwide/workdir" "-e" "CARGO_TARGET_DIR=/opt/rustwide/target" "-e" "CARGO_INCREMENTAL=0" "-e" "RUST_BACKTRACE=full" "-e" "RUSTFLAGS=--cap-lints=warn" "-e" "RUSTDOCFLAGS=--cap-lints=warn" "-e" "CARGO_HOME=/opt/rustwide/cargo-home" "-e" "RUSTUP_HOME=/opt/rustwide/rustup-home" "-w" "/opt/rustwide/workdir" "-m" "1610612736" "--user" "0:0" "--network" "none" "ghcr.io/rust-lang/crates-build-env/linux@sha256:5ff2268d62e97bff2cde7d5815dd6ed5b47097566f13b8d0ca110b04b60e07ed" "/opt/rustwide/cargo-home/bin/cargo" "+1.69.0" "doc" "--frozen" "--no-deps" "--document-private-items" "--message-format=json", kill_on_drop: false }`
[INFO] [stdout] 4ad52327c8e61acce593eb0fd5d768626062946c95a554e68d141d7b91c3c795
[INFO] running `Command { std: "docker" "start" "-a" "4ad52327c8e61acce593eb0fd5d768626062946c95a554e68d141d7b91c3c795", kill_on_drop: false }`
[INFO] [stderr]     Checking libc v0.1.10
[INFO] [stderr]    Compiling gcc v0.3.13
[INFO] [stderr]    Compiling regex-syntax v0.2.1
[INFO] [stderr]    Compiling pkg-config v0.3.5
[INFO] [stderr]     Checking bitflags v0.3.2
[INFO] [stderr]    Compiling kernel32-sys v0.1.4
[INFO] [stderr]     Checking winapi v0.2.2
[INFO] [stderr]    Compiling strsim v0.3.0
[INFO] [stderr]    Compiling rustc-serialize v0.3.16
[INFO] [stderr]    Compiling memchr v0.1.6
[INFO] [stdout] error[E0642]: patterns aren't allowed in functions without bodies
[INFO] [stdout]    --> /opt/rustwide/cargo-home/registry/src/github.com-1ecc6299db9ec823/rustc-serialize-0.3.16/src/serialize.rs:145:45
[INFO] [stdout]     |
[INFO] [stdout] 145 | ...                   &f_name: &str,
[INFO] [stdout]     |                       ^^^^^^^ pattern not allowed in function without body
[INFO] [stdout] 
[INFO] [stdout] 
[INFO] [stderr]    Compiling aho-corasick v0.3.2
[INFO] [stderr]     Checking num v0.1.27
[INFO] [stderr]    Compiling portaudio v0.4.17
[INFO] [stderr]    Compiling llvm-sys v0.2.0
[INFO] [stderr]     Checking time v0.1.32
[INFO] [stderr]    Compiling regex v0.1.41
[INFO] [stdout] error[E0554]: `#![feature]` may not be used on the stable release channel
[INFO] [stdout]    --> /opt/rustwide/cargo-home/registry/src/github.com-1ecc6299db9ec823/regex-0.1.41/src/lib.rs:394:42
[INFO] [stdout]     |
[INFO] [stdout] 394 | #![cfg_attr(feature = "pattern", feature(pattern))]
[INFO] [stdout]     |                                          ^^^^^^^
[INFO] [stdout] 
[INFO] [stdout] 
[INFO] [stderr]     Checking cbox v0.2.2
[INFO] [stderr] error: failed to run custom build command for `portaudio v0.4.17`
[INFO] [stderr] note: To improve backtraces for build dependencies, set the CARGO_PROFILE_DEV_BUILD_OVERRIDE_DEBUG=true environment variable to enable debug information generation.
[INFO] [stderr] 
[INFO] [stderr] Caused by:
[INFO] [stderr]   process didn't exit successfully: `/opt/rustwide/target/debug/build/portaudio-67dbba49cab44cc5/build-script-build` (exit status: 101)
[INFO] [stderr]   --- stderr
[INFO] [stderr]   thread 'main' panicked at 'No such file or directory (os error 2)', /opt/rustwide/cargo-home/registry/src/github.com-1ecc6299db9ec823/portaudio-0.4.17/build.rs:83:23
[INFO] [stderr]   stack backtrace:
[INFO] [stderr]      0:     0x558ff8dd961a - std::backtrace_rs::backtrace::libunwind::trace::ha9053a9a07ca49cb
[INFO] [stderr]                                  at /rustc/84c898d65adf2f39a5a98507f1fe0ce10a2b8dbc/library/std/src/../../backtrace/src/backtrace/libunwind.rs:93:5
[INFO] [stderr]      1:     0x558ff8dd961a - std::backtrace_rs::backtrace::trace_unsynchronized::h9c2852a457ad564e
[INFO] [stderr]                                  at /rustc/84c898d65adf2f39a5a98507f1fe0ce10a2b8dbc/library/std/src/../../backtrace/src/backtrace/mod.rs:66:5
[INFO] [stderr]      2:     0x558ff8dd961a - std::sys_common::backtrace::_print_fmt::h457936fbfaa0070f
[INFO] [stderr]                                  at /rustc/84c898d65adf2f39a5a98507f1fe0ce10a2b8dbc/library/std/src/sys_common/backtrace.rs:65:5
[INFO] [stderr]      3:     0x558ff8dd961a - <std::sys_common::backtrace::_print::DisplayBacktrace as core::fmt::Display>::fmt::h5779d7bf7f70cb0c
[INFO] [stderr]                                  at /rustc/84c898d65adf2f39a5a98507f1fe0ce10a2b8dbc/library/std/src/sys_common/backtrace.rs:44:22
[INFO] [stderr]      4:     0x558ff8df7ebe - core::fmt::write::h5a4baaff1bcd3eb5
[INFO] [stderr]                                  at /rustc/84c898d65adf2f39a5a98507f1fe0ce10a2b8dbc/library/core/src/fmt/mod.rs:1232:17
[INFO] [stderr]      5:     0x558ff8dd6fa5 - std::io::Write::write_fmt::h4bc1f301cb9e9cce
[INFO] [stderr]                                  at /rustc/84c898d65adf2f39a5a98507f1fe0ce10a2b8dbc/library/std/src/io/mod.rs:1684:15
[INFO] [stderr]      6:     0x558ff8dd93e5 - std::sys_common::backtrace::_print::h5fcdc36060f177e8
[INFO] [stderr]                                  at /rustc/84c898d65adf2f39a5a98507f1fe0ce10a2b8dbc/library/std/src/sys_common/backtrace.rs:47:5
[INFO] [stderr]      7:     0x558ff8dd93e5 - std::sys_common::backtrace::print::h54ca9458b876c8bf
[INFO] [stderr]                                  at /rustc/84c898d65adf2f39a5a98507f1fe0ce10a2b8dbc/library/std/src/sys_common/backtrace.rs:34:9
[INFO] [stderr]      8:     0x558ff8ddac5f - std::panicking::default_hook::{{closure}}::hbe471161c7664ed6
[INFO] [stderr]                                  at /rustc/84c898d65adf2f39a5a98507f1fe0ce10a2b8dbc/library/std/src/panicking.rs:271:22
[INFO] [stderr]      9:     0x558ff8dda99b - std::panicking::default_hook::ha3500da57aa4ac4f
[INFO] [stderr]                                  at /rustc/84c898d65adf2f39a5a98507f1fe0ce10a2b8dbc/library/std/src/panicking.rs:290:9
[INFO] [stderr]     10:     0x558ff8ddb208 - std::panicking::rust_panic_with_hook::h50c09d000dc561d2
[INFO] [stderr]                                  at /rustc/84c898d65adf2f39a5a98507f1fe0ce10a2b8dbc/library/std/src/panicking.rs:692:13
[INFO] [stderr]     11:     0x558ff8ddb109 - std::panicking::begin_panic_handler::{{closure}}::h9e2b2176e00e0d9c
[INFO] [stderr]                                  at /rustc/84c898d65adf2f39a5a98507f1fe0ce10a2b8dbc/library/std/src/panicking.rs:583:13
[INFO] [stderr]     12:     0x558ff8dd9a86 - std::sys_common::backtrace::__rust_end_short_backtrace::h5739b8e512c09d02
[INFO] [stderr]                                  at /rustc/84c898d65adf2f39a5a98507f1fe0ce10a2b8dbc/library/std/src/sys_common/backtrace.rs:150:18
[INFO] [stderr]     13:     0x558ff8ddae12 - rust_begin_unwind
[INFO] [stderr]                                  at /rustc/84c898d65adf2f39a5a98507f1fe0ce10a2b8dbc/library/std/src/panicking.rs:579:5
[INFO] [stderr]     14:     0x558ff8daa3d3 - core::panicking::panic_fmt::hf33a1475b4dc5c3e
[INFO] [stderr]                                  at /rustc/84c898d65adf2f39a5a98507f1fe0ce10a2b8dbc/library/core/src/panicking.rs:64:14
[INFO] [stderr]     15:     0x558ff8dac169 - core::panicking::panic_display::hf5f877ecfc38cf3f
[INFO] [stderr]     16:     0x558ff8daac3d - build_script_build::unix_platform::build::hf820a9a201db3d21
[INFO] [stderr]     17:     0x558ff8dabd16 - build_script_build::platform::build::hb8e53ad4e89de43d
[INFO] [stderr]     18:     0x558ff8dabb25 - build_script_build::build::hdd2d007011a06f82
[INFO] [stderr]     19:     0x558ff8dab8e0 - build_script_build::main::hf356d92900111cbb
[INFO] [stderr]     20:     0x558ff8dac1c3 - core::ops::function::FnOnce::call_once::hcfeb34a4bc99a21b
[INFO] [stderr]     21:     0x558ff8dab6b9 - std::sys_common::backtrace::__rust_begin_short_backtrace::h8e992317da6b666a
[INFO] [stderr]     22:     0x558ff8dac0d9 - std::rt::lang_start::{{closure}}::h47dc974f83e26345
[INFO] [stderr]     23:     0x558ff8dd42ac - core::ops::function::impls::<impl core::ops::function::FnOnce<A> for &F>::call_once::hd6efcd3bec896f2c
[INFO] [stderr]                                  at /rustc/84c898d65adf2f39a5a98507f1fe0ce10a2b8dbc/library/core/src/ops/function.rs:287:13
[INFO] [stderr]     24:     0x558ff8dd42ac - std::panicking::try::do_call::hce04e543bb1f4cbb
[INFO] [stderr]                                  at /rustc/84c898d65adf2f39a5a98507f1fe0ce10a2b8dbc/library/std/src/panicking.rs:487:40
[INFO] [stderr]     25:     0x558ff8dd42ac - std::panicking::try::h3342dd4e1f680968
[INFO] [stderr]                                  at /rustc/84c898d65adf2f39a5a98507f1fe0ce10a2b8dbc/library/std/src/panicking.rs:451:19
[INFO] [stderr]     26:     0x558ff8dd42ac - std::panic::catch_unwind::h148ce1e59ac0cee7
[INFO] [stderr]                                  at /rustc/84c898d65adf2f39a5a98507f1fe0ce10a2b8dbc/library/std/src/panic.rs:140:14
[INFO] [stderr]     27:     0x558ff8dd42ac - std::rt::lang_start_internal::{{closure}}::h25f9dda2057a67fe
[INFO] [stderr]                                  at /rustc/84c898d65adf2f39a5a98507f1fe0ce10a2b8dbc/library/std/src/rt.rs:148:48
[INFO] [stderr]     28:     0x558ff8dd42ac - std::panicking::try::do_call::h7caaaeaf9401650b
[INFO] [stderr]                                  at /rustc/84c898d65adf2f39a5a98507f1fe0ce10a2b8dbc/library/std/src/panicking.rs:487:40
[INFO] [stderr]     29:     0x558ff8dd42ac - std::panicking::try::he7d15285746cbbc2
[INFO] [stderr]                                  at /rustc/84c898d65adf2f39a5a98507f1fe0ce10a2b8dbc/library/std/src/panicking.rs:451:19
[INFO] [stderr]     30:     0x558ff8dd42ac - std::panic::catch_unwind::h89fb4f50c0301fe0
[INFO] [stderr]                                  at /rustc/84c898d65adf2f39a5a98507f1fe0ce10a2b8dbc/library/std/src/panic.rs:140:14
[INFO] [stderr]     31:     0x558ff8dd42ac - std::rt::lang_start_internal::h078acd489417d3c1
[INFO] [stderr]                                  at /rustc/84c898d65adf2f39a5a98507f1fe0ce10a2b8dbc/library/std/src/rt.rs:148:20
[INFO] [stderr]     32:     0x558ff8dac0b7 - std::rt::lang_start::h00374b8074c44d64
[INFO] [stderr]     33:     0x558ff8dabb85 - main
[INFO] [stderr]     34:     0x7f597d9c0d90 - <unknown>
[INFO] [stderr]     35:     0x7f597d9c0e40 - __libc_start_main
[INFO] [stderr]     36:     0x558ff8daa905 - _start
[INFO] [stderr]     37:                0x0 - <unknown>
[INFO] [stderr] warning: build failed, waiting for other jobs to finish...
[INFO] [stdout] error: aborting due to previous error
[INFO] [stdout] 
[INFO] [stdout] 
[INFO] [stdout] For more information about this error, try `rustc --explain E0554`.
[INFO] [stdout] 
[INFO] [stderr] error: could not compile `regex` due to 2 previous errors
[INFO] [stdout] error[E0309]: the parameter type `T` may not live long enough
[INFO] [stdout]    --> /opt/rustwide/cargo-home/registry/src/github.com-1ecc6299db9ec823/cbox-0.2.2/src/lib.rs:203:82
[INFO] [stdout]     |
[INFO] [stdout] 203 | impl<'a, T> PartialEq<T> for CBox<T> where T:DisposeRef+PartialEq, *mut T::RefTo:Into<&'a T> {
[INFO] [stdout]     |                                                                                  ^^^^^^^^^^^ ...so that the reference type `&'a T` does not outlive the data it points at
[INFO] [stdout]     |
[INFO] [stdout] help: consider adding an explicit lifetime bound...
[INFO] [stdout]     |
[INFO] [stdout] 203 | impl<'a, T> PartialEq<T> for CBox<T> where T:DisposeRef+PartialEq + 'a, *mut T::RefTo:Into<&'a T> {
[INFO] [stdout]     |                                                                   ++++
[INFO] [stdout] 
[INFO] [stdout] 
[INFO] [stdout] error: aborting due to previous error
[INFO] [stdout] 
[INFO] [stdout] 
[INFO] [stdout] For more information about this error, try `rustc --explain E0309`.
[INFO] [stdout] 
[INFO] [stderr] error: could not compile `cbox` due to 2 previous errors
[INFO] [stdout] error: aborting due to previous error
[INFO] [stdout] 
[INFO] [stdout] 
[INFO] [stdout] For more information about this error, try `rustc --explain E0642`.
[INFO] [stdout] 
[INFO] [stderr] error: could not compile `rustc-serialize` due to 2 previous errors; 1 warning emitted
[INFO] running `Command { std: "docker" "inspect" "4ad52327c8e61acce593eb0fd5d768626062946c95a554e68d141d7b91c3c795", kill_on_drop: false }`
[INFO] running `Command { std: "docker" "rm" "-f" "4ad52327c8e61acce593eb0fd5d768626062946c95a554e68d141d7b91c3c795", kill_on_drop: false }`
[INFO] [stdout] 4ad52327c8e61acce593eb0fd5d768626062946c95a554e68d141d7b91c3c795
