[INFO] cloning repository https://github.com/nuts/scale_server_rust
[INFO] running `Command { std: "git" "-c" "credential.helper=" "-c" "credential.helper=/workspace/cargo-home/bin/git-credential-null" "clone" "--bare" "https://github.com/nuts/scale_server_rust" "/workspace/cache/git-repos/https%3A%2F%2Fgithub.com%2Fnuts%2Fscale_server_rust", kill_on_drop: false }`
[INFO] [stderr] Cloning into bare repository '/workspace/cache/git-repos/https%3A%2F%2Fgithub.com%2Fnuts%2Fscale_server_rust'...
[INFO] running `Command { std: "git" "rev-parse" "HEAD", kill_on_drop: false }`
[INFO] [stdout] acc37275442877fc69ab9aa802d11f4054828600
[INFO] documenting nuts/scale_server_rust against 1.69.0 for beta-1.70-rustdoc-1
[INFO] running `Command { std: "git" "clone" "/workspace/cache/git-repos/https%3A%2F%2Fgithub.com%2Fnuts%2Fscale_server_rust" "/workspace/builds/worker-1-tc1/source", kill_on_drop: false }`
[INFO] [stderr] Cloning into '/workspace/builds/worker-1-tc1/source'...
[INFO] [stderr] done.
[INFO] validating manifest of git repo https://github.com/nuts/scale_server_rust on toolchain 1.69.0
[INFO] running `Command { std: CARGO_HOME="/workspace/cargo-home" RUSTUP_HOME="/workspace/rustup-home" "/workspace/cargo-home/bin/cargo" "+1.69.0" "metadata" "--manifest-path" "Cargo.toml" "--no-deps", kill_on_drop: false }`
[INFO] started tweaking git repo https://github.com/nuts/scale_server_rust
[INFO] finished tweaking git repo https://github.com/nuts/scale_server_rust
[INFO] tweaked toml for git repo https://github.com/nuts/scale_server_rust written to /workspace/builds/worker-1-tc1/source/Cargo.toml
[INFO] crate git repo https://github.com/nuts/scale_server_rust already has a lockfile, it will not be regenerated
[INFO] running `Command { std: CARGO_HOME="/workspace/cargo-home" RUSTUP_HOME="/workspace/rustup-home" "/workspace/cargo-home/bin/cargo" "+1.69.0" "fetch" "--manifest-path" "Cargo.toml", kill_on_drop: false }`
[INFO] [stderr]  Downloading crates ...
[INFO] [stderr]   Downloaded rustc_version v0.1.4
[INFO] [stderr]   Downloaded url v0.5.2
[INFO] [stderr]   Downloaded openssl-sys-extras v0.7.4
[INFO] [stderr]   Downloaded openssl v0.7.4
[INFO] [stderr]   Downloaded openssl-sys v0.7.4
[INFO] [stderr]   Downloaded env_logger v0.3.2
[INFO] [stderr]   Downloaded websocket v0.14.0
[INFO] [stderr]   Downloaded unicase v1.1.1
[INFO] [stderr]   Downloaded httparse v1.1.1
[INFO] [stderr]   Downloaded regex v0.1.47
[INFO] [stderr]   Downloaded net2 v0.2.20
[INFO] [stderr]   Downloaded hyper v0.7.2
[INFO] running `Command { std: "docker" "create" "-v" "/var/lib/crater-agent-workspace/builds/worker-1-tc1/target:/opt/rustwide/target:rw,Z" "-v" "/var/lib/crater-agent-workspace/builds/worker-1-tc1/source:/opt/rustwide/workdir:ro,Z" "-v" "/var/lib/crater-agent-workspace/cargo-home:/opt/rustwide/cargo-home:ro,Z" "-v" "/var/lib/crater-agent-workspace/rustup-home:/opt/rustwide/rustup-home:ro,Z" "-e" "SOURCE_DIR=/opt/rustwide/workdir" "-e" "CARGO_TARGET_DIR=/opt/rustwide/target" "-e" "CARGO_HOME=/opt/rustwide/cargo-home" "-e" "RUSTUP_HOME=/opt/rustwide/rustup-home" "-w" "/opt/rustwide/workdir" "-m" "1610612736" "--user" "0:0" "--network" "none" "ghcr.io/rust-lang/crates-build-env/linux@sha256:5ff2268d62e97bff2cde7d5815dd6ed5b47097566f13b8d0ca110b04b60e07ed" "/opt/rustwide/cargo-home/bin/cargo" "+1.69.0" "metadata" "--no-deps" "--format-version=1", kill_on_drop: false }`
[INFO] [stdout] 7c771b049850225dcf6e09ba7d658eb76602d6b78e29350a82d6186ab7ab3dc2
[INFO] running `Command { std: "docker" "start" "-a" "7c771b049850225dcf6e09ba7d658eb76602d6b78e29350a82d6186ab7ab3dc2", kill_on_drop: false }`
[INFO] running `Command { std: "docker" "inspect" "7c771b049850225dcf6e09ba7d658eb76602d6b78e29350a82d6186ab7ab3dc2", kill_on_drop: false }`
[INFO] running `Command { std: "docker" "rm" "-f" "7c771b049850225dcf6e09ba7d658eb76602d6b78e29350a82d6186ab7ab3dc2", kill_on_drop: false }`
[INFO] [stdout] 7c771b049850225dcf6e09ba7d658eb76602d6b78e29350a82d6186ab7ab3dc2
[INFO] running `Command { std: "docker" "create" "-v" "/var/lib/crater-agent-workspace/builds/worker-1-tc1/target:/opt/rustwide/target:rw,Z" "-v" "/var/lib/crater-agent-workspace/builds/worker-1-tc1/source:/opt/rustwide/workdir:ro,Z" "-v" "/var/lib/crater-agent-workspace/cargo-home:/opt/rustwide/cargo-home:ro,Z" "-v" "/var/lib/crater-agent-workspace/rustup-home:/opt/rustwide/rustup-home:ro,Z" "-e" "SOURCE_DIR=/opt/rustwide/workdir" "-e" "CARGO_TARGET_DIR=/opt/rustwide/target" "-e" "CARGO_INCREMENTAL=0" "-e" "RUST_BACKTRACE=full" "-e" "RUSTFLAGS=--cap-lints=warn" "-e" "RUSTDOCFLAGS=--cap-lints=warn" "-e" "CARGO_HOME=/opt/rustwide/cargo-home" "-e" "RUSTUP_HOME=/opt/rustwide/rustup-home" "-w" "/opt/rustwide/workdir" "-m" "1610612736" "--user" "0:0" "--network" "none" "ghcr.io/rust-lang/crates-build-env/linux@sha256:5ff2268d62e97bff2cde7d5815dd6ed5b47097566f13b8d0ca110b04b60e07ed" "/opt/rustwide/cargo-home/bin/cargo" "+1.69.0" "doc" "--frozen" "--no-deps" "--document-private-items" "--message-format=json", kill_on_drop: false }`
[INFO] [stdout] b930811d0c827d9e5a2f884961eb4bffdcfb3dd1b754e022d1bf289c0443214d
[INFO] running `Command { std: "docker" "start" "-a" "b930811d0c827d9e5a2f884961eb4bffdcfb3dd1b754e022d1bf289c0443214d", kill_on_drop: false }`
[INFO] [stderr]     Blocking waiting for file lock on package cache
[INFO] [stderr]     Checking libc v0.2.4
[INFO] [stderr]    Compiling winapi-build v0.1.1
[INFO] [stderr]     Checking winapi v0.2.5
[INFO] [stderr]    Compiling pkg-config v0.3.6
[INFO] [stderr]     Checking rustc-serialize v0.3.16
[INFO] [stderr]    Compiling gcc v0.3.21
[INFO] [stderr]    Compiling semver v0.1.20
[INFO] [stderr]     Checking lazy_static v0.1.15
[INFO] [stderr]     Checking matches v0.1.2
[INFO] [stderr]     Checking bitflags v0.3.3
[INFO] [stderr]     Checking regex-syntax v0.2.2
[INFO] [stderr]     Checking cfg-if v0.1.0
[INFO] [stderr]     Checking httparse v1.1.1
[INFO] [stderr]     Checking typeable v0.1.2
[INFO] [stderr]     Checking traitobject v0.0.1
[INFO] [stderr]     Checking language-tags v0.2.0
[INFO] [stderr]     Checking byteorder v0.4.2
[INFO] [stderr]     Checking strsim v0.3.0
[INFO] [stdout] error[E0642]: patterns aren't allowed in functions without bodies
[INFO] [stdout]    --> /opt/rustwide/cargo-home/registry/src/github.com-1ecc6299db9ec823/rustc-serialize-0.3.16/src/serialize.rs:145:45
[INFO] [stdout]     |
[INFO] [stdout] 145 | ...                   &f_name: &str,
[INFO] [stdout]     |                       ^^^^^^^ pattern not allowed in function without body
[INFO] [stdout] 
[INFO] [stdout] 
[INFO] [stderr]    Compiling advapi32-sys v0.1.2
[INFO] [stderr]    Compiling kernel32-sys v0.2.1
[INFO] [stderr]    Compiling ws2_32-sys v0.2.1
[INFO] [stderr]     Checking log v0.3.5
[INFO] [stderr]     Checking memchr v0.1.7
[INFO] [stderr]    Compiling rustc_version v0.1.4
[INFO] [stderr]    Compiling openssl-sys v0.7.4
[INFO] [stderr]     Checking aho-corasick v0.4.0
[INFO] [stderr]     Checking hpack v0.2.0
[INFO] [stderr]    Compiling openssl-sys-extras v0.7.4
[INFO] [stderr]    Compiling openssl v0.7.4
[INFO] [stderr]    Compiling unicase v1.1.1
[INFO] [stderr]     Checking time v0.1.34
[INFO] [stderr]     Checking num_cpus v0.2.10
[INFO] [stderr]     Checking net2 v0.2.20
[INFO] [stderr]     Checking rand v0.3.13
[INFO] [stderr]     Checking solicit v0.4.4
[INFO] [stderr]     Checking regex v0.1.47
[INFO] [stderr] error: failed to run custom build command for `unicase v1.1.1`
[INFO] [stderr] note: To improve backtraces for build dependencies, set the CARGO_PROFILE_DEV_BUILD_OVERRIDE_DEBUG=true environment variable to enable debug information generation.
[INFO] [stderr] 
[INFO] [stderr] Caused by:
[INFO] [stderr]   process didn't exit successfully: `/opt/rustwide/target/debug/build/unicase-fd3d381f2605c06f/build-script-build` (exit status: 101)
[INFO] [stderr]   --- stderr
[INFO] [stderr]   thread 'main' panicked at 'unexpected -vV format', /opt/rustwide/cargo-home/registry/src/github.com-1ecc6299db9ec823/rustc_version-0.1.4/src/lib.rs:115:5
[INFO] [stderr]   stack backtrace:
[INFO] [stderr]      0:     0x55ae6eda122a - std::backtrace_rs::backtrace::libunwind::trace::ha9053a9a07ca49cb
[INFO] [stderr]                                  at /rustc/84c898d65adf2f39a5a98507f1fe0ce10a2b8dbc/library/std/src/../../backtrace/src/backtrace/libunwind.rs:93:5
[INFO] [stderr]      1:     0x55ae6eda122a - std::backtrace_rs::backtrace::trace_unsynchronized::h9c2852a457ad564e
[INFO] [stderr]                                  at /rustc/84c898d65adf2f39a5a98507f1fe0ce10a2b8dbc/library/std/src/../../backtrace/src/backtrace/mod.rs:66:5
[INFO] [stderr]      2:     0x55ae6eda122a - std::sys_common::backtrace::_print_fmt::h457936fbfaa0070f
[INFO] [stderr]                                  at /rustc/84c898d65adf2f39a5a98507f1fe0ce10a2b8dbc/library/std/src/sys_common/backtrace.rs:65:5
[INFO] [stderr]      3:     0x55ae6eda122a - <std::sys_common::backtrace::_print::DisplayBacktrace as core::fmt::Display>::fmt::h5779d7bf7f70cb0c
[INFO] [stderr]                                  at /rustc/84c898d65adf2f39a5a98507f1fe0ce10a2b8dbc/library/std/src/sys_common/backtrace.rs:44:22
[INFO] [stderr]      4:     0x55ae6edbe33e - core::fmt::write::h5a4baaff1bcd3eb5
[INFO] [stderr]                                  at /rustc/84c898d65adf2f39a5a98507f1fe0ce10a2b8dbc/library/core/src/fmt/mod.rs:1232:17
[INFO] [stderr]      5:     0x55ae6ed9ef05 - std::io::Write::write_fmt::h4bc1f301cb9e9cce
[INFO] [stderr]                                  at /rustc/84c898d65adf2f39a5a98507f1fe0ce10a2b8dbc/library/std/src/io/mod.rs:1684:15
[INFO] [stderr]      6:     0x55ae6eda0ff5 - std::sys_common::backtrace::_print::h5fcdc36060f177e8
[INFO] [stderr]                                  at /rustc/84c898d65adf2f39a5a98507f1fe0ce10a2b8dbc/library/std/src/sys_common/backtrace.rs:47:5
[INFO] [stderr]      7:     0x55ae6eda0ff5 - std::sys_common::backtrace::print::h54ca9458b876c8bf
[INFO] [stderr]                                  at /rustc/84c898d65adf2f39a5a98507f1fe0ce10a2b8dbc/library/std/src/sys_common/backtrace.rs:34:9
[INFO] [stderr]      8:     0x55ae6eda264f - std::panicking::default_hook::{{closure}}::hbe471161c7664ed6
[INFO] [stderr]                                  at /rustc/84c898d65adf2f39a5a98507f1fe0ce10a2b8dbc/library/std/src/panicking.rs:271:22
[INFO] [stderr]      9:     0x55ae6eda238b - std::panicking::default_hook::ha3500da57aa4ac4f
[INFO] [stderr]                                  at /rustc/84c898d65adf2f39a5a98507f1fe0ce10a2b8dbc/library/std/src/panicking.rs:290:9
[INFO] [stderr]     10:     0x55ae6eda2bf8 - std::panicking::rust_panic_with_hook::h50c09d000dc561d2
[INFO] [stderr]                                  at /rustc/84c898d65adf2f39a5a98507f1fe0ce10a2b8dbc/library/std/src/panicking.rs:692:13
[INFO] [stderr]     11:     0x55ae6ed73c8a - std::panicking::begin_panic::{{closure}}::h089844e741a9777b
[INFO] [stderr]     12:     0x55ae6ed73b8a - std::sys_common::backtrace::__rust_end_short_backtrace::h9cacbc0d8bedafee
[INFO] [stderr]     13:     0x55ae6ed73be3 - std::panicking::begin_panic::h15751e142eaa7902
[INFO] [stderr]     14:     0x55ae6ed731b3 - rustc_version::version_meta_for::heb16bba65fe7bcdf
[INFO] [stderr]     15:     0x55ae6ed72f5a - rustc_version::version_meta::h935b6fb6127d3f96
[INFO] [stderr]     16:     0x55ae6ed72c03 - rustc_version::version::h4579c86c10c00014
[INFO] [stderr]     17:     0x55ae6ed73ac8 - rustc_version::version_matches::h8046e1d351149f0d
[INFO] [stderr]     18:     0x55ae6ed72a46 - build_script_build::main::hdff4945d05ad2f53
[INFO] [stderr]     19:     0x55ae6ed72a13 - core::ops::function::FnOnce::call_once::hb3fed23832763fe8
[INFO] [stderr]     20:     0x55ae6ed72949 - std::sys_common::backtrace::__rust_begin_short_backtrace::h5329c6c9ed3bf3e0
[INFO] [stderr]     21:     0x55ae6ed729a9 - std::rt::lang_start::{{closure}}::h829c6d7c502f1202
[INFO] [stderr]     22:     0x55ae6ed9c2bc - core::ops::function::impls::<impl core::ops::function::FnOnce<A> for &F>::call_once::hd6efcd3bec896f2c
[INFO] [stderr]                                  at /rustc/84c898d65adf2f39a5a98507f1fe0ce10a2b8dbc/library/core/src/ops/function.rs:287:13
[INFO] [stderr]     23:     0x55ae6ed9c2bc - std::panicking::try::do_call::hce04e543bb1f4cbb
[INFO] [stderr]                                  at /rustc/84c898d65adf2f39a5a98507f1fe0ce10a2b8dbc/library/std/src/panicking.rs:487:40
[INFO] [stderr]     24:     0x55ae6ed9c2bc - std::panicking::try::h3342dd4e1f680968
[INFO] [stderr]                                  at /rustc/84c898d65adf2f39a5a98507f1fe0ce10a2b8dbc/library/std/src/panicking.rs:451:19
[INFO] [stderr]     25:     0x55ae6ed9c2bc - std::panic::catch_unwind::h148ce1e59ac0cee7
[INFO] [stderr]                                  at /rustc/84c898d65adf2f39a5a98507f1fe0ce10a2b8dbc/library/std/src/panic.rs:140:14
[INFO] [stderr]     26:     0x55ae6ed9c2bc - std::rt::lang_start_internal::{{closure}}::h25f9dda2057a67fe
[INFO] [stderr]                                  at /rustc/84c898d65adf2f39a5a98507f1fe0ce10a2b8dbc/library/std/src/rt.rs:148:48
[INFO] [stderr]     27:     0x55ae6ed9c2bc - std::panicking::try::do_call::h7caaaeaf9401650b
[INFO] [stderr]                                  at /rustc/84c898d65adf2f39a5a98507f1fe0ce10a2b8dbc/library/std/src/panicking.rs:487:40
[INFO] [stderr]     28:     0x55ae6ed9c2bc - std::panicking::try::he7d15285746cbbc2
[INFO] [stderr]                                  at /rustc/84c898d65adf2f39a5a98507f1fe0ce10a2b8dbc/library/std/src/panicking.rs:451:19
[INFO] [stderr]     29:     0x55ae6ed9c2bc - std::panic::catch_unwind::h89fb4f50c0301fe0
[INFO] [stderr]                                  at /rustc/84c898d65adf2f39a5a98507f1fe0ce10a2b8dbc/library/std/src/panic.rs:140:14
[INFO] [stderr]     30:     0x55ae6ed9c2bc - std::rt::lang_start_internal::h078acd489417d3c1
[INFO] [stderr]                                  at /rustc/84c898d65adf2f39a5a98507f1fe0ce10a2b8dbc/library/std/src/rt.rs:148:20
[INFO] [stderr]     31:     0x55ae6ed72987 - std::rt::lang_start::h03e31b0dd042839a
[INFO] [stderr]     32:     0x55ae6ed72a95 - main
[INFO] [stderr]     33:     0x7f2986f17d90 - <unknown>
[INFO] [stderr]     34:     0x7f2986f17e40 - __libc_start_main
[INFO] [stderr]     35:     0x55ae6ed72875 - _start
[INFO] [stderr]     36:                0x0 - <unknown>
[INFO] [stderr] warning: build failed, waiting for other jobs to finish...
[INFO] [stderr] error: failed to run custom build command for `openssl-sys-extras v0.7.4`
[INFO] [stderr] note: To improve backtraces for build dependencies, set the CARGO_PROFILE_DEV_BUILD_OVERRIDE_DEBUG=true environment variable to enable debug information generation.
[INFO] [stderr] 
[INFO] [stderr] Caused by:
[INFO] [stderr]   process didn't exit successfully: `/opt/rustwide/target/debug/build/openssl-sys-extras-73d351a1cd0ab1a3/build-script-build` (exit status: 101)
[INFO] [stderr]   --- stdout
[INFO] [stderr]   TARGET = Some("x86_64-unknown-linux-gnu")
[INFO] [stderr]   OPT_LEVEL = Some("0")
[INFO] [stderr]   PROFILE = Some("debug")
[INFO] [stderr]   TARGET = Some("x86_64-unknown-linux-gnu")
[INFO] [stderr]   debug=true opt-level=0
[INFO] [stderr]   HOST = Some("x86_64-unknown-linux-gnu")
[INFO] [stderr]   TARGET = Some("x86_64-unknown-linux-gnu")
[INFO] [stderr]   TARGET = Some("x86_64-unknown-linux-gnu")
[INFO] [stderr]   HOST = Some("x86_64-unknown-linux-gnu")
[INFO] [stderr]   CC_x86_64-unknown-linux-gnu = None
[INFO] [stderr]   CC_x86_64_unknown_linux_gnu = None
[INFO] [stderr]   HOST_CC = None
[INFO] [stderr]   CC = None
[INFO] [stderr]   HOST = Some("x86_64-unknown-linux-gnu")
[INFO] [stderr]   TARGET = Some("x86_64-unknown-linux-gnu")
[INFO] [stderr]   HOST = Some("x86_64-unknown-linux-gnu")
[INFO] [stderr]   CFLAGS_x86_64-unknown-linux-gnu = None
[INFO] [stderr]   CFLAGS_x86_64_unknown_linux_gnu = None
[INFO] [stderr]   HOST_CFLAGS = None
[INFO] [stderr]   CFLAGS = None
[INFO] [stderr]   running: "cc" "-O0" "-ffunction-sections" "-fdata-sections" "-g" "-m64" "-fPIC" "-o" "/opt/rustwide/target/debug/build/openssl-sys-extras-498e963949687f85/out/src/openssl_shim.o" "-c" "src/openssl_shim.c"
[INFO] [stderr]   ExitStatus(unix_wait_status(256))
[INFO] [stderr] 
[INFO] [stderr] 
[INFO] [stderr]   command did not execute successfully, got: exit status: 1
[INFO] [stderr] 
[INFO] [stderr] 
[INFO] [stderr] 
[INFO] [stderr]   --- stderr
[INFO] [stderr]   src/openssl_shim.c: In function 'HMAC_Init_ex_shim':
[INFO] [stderr]   src/openssl_shim.c:68:5: warning: 'HMAC_Init_ex' is deprecated: Since OpenSSL 3.0 [-Wdeprecated-declarations]
[INFO] [stderr]      68 |     return HMAC_Init_ex(ctx, key, key_len, md, impl);
[INFO] [stderr]         |     ^~~~~~
[INFO] [stderr]   In file included from src/openssl_shim.c:1:
[INFO] [stderr]   /usr/include/openssl/hmac.h:43:27: note: declared here
[INFO] [stderr]      43 | OSSL_DEPRECATEDIN_3_0 int HMAC_Init_ex(HMAC_CTX *ctx, const void *key, int len,
[INFO] [stderr]         |                           ^~~~~~~~~~~~
[INFO] [stderr]   src/openssl_shim.c: In function 'HMAC_Update_shim':
[INFO] [stderr]   src/openssl_shim.c:72:5: warning: 'HMAC_Update' is deprecated: Since OpenSSL 3.0 [-Wdeprecated-declarations]
[INFO] [stderr]      72 |     return HMAC_Update(ctx, data, len);
[INFO] [stderr]         |     ^~~~~~
[INFO] [stderr]   In file included from src/openssl_shim.c:1:
[INFO] [stderr]   /usr/include/openssl/hmac.h:45:27: note: declared here
[INFO] [stderr]      45 | OSSL_DEPRECATEDIN_3_0 int HMAC_Update(HMAC_CTX *ctx, const unsigned char *data,
[INFO] [stderr]         |                           ^~~~~~~~~~~
[INFO] [stderr]   src/openssl_shim.c: In function 'HMAC_Final_shim':
[INFO] [stderr]   src/openssl_shim.c:76:5: warning: 'HMAC_Final' is deprecated: Since OpenSSL 3.0 [-Wdeprecated-declarations]
[INFO] [stderr]      76 |     return HMAC_Final(ctx, md, len);
[INFO] [stderr]         |     ^~~~~~
[INFO] [stderr]   In file included from src/openssl_shim.c:1:
[INFO] [stderr]   /usr/include/openssl/hmac.h:47:27: note: declared here
[INFO] [stderr]      47 | OSSL_DEPRECATEDIN_3_0 int HMAC_Final(HMAC_CTX *ctx, unsigned char *md,
[INFO] [stderr]         |                           ^~~~~~~~~~
[INFO] [stderr]   src/openssl_shim.c: In function 'DH_new_from_params':
[INFO] [stderr]   src/openssl_shim.c:151:5: warning: 'DH_new' is deprecated: Since OpenSSL 3.0 [-Wdeprecated-declarations]
[INFO] [stderr]     151 |     if ((dh = DH_new()) == NULL) {
[INFO] [stderr]         |     ^~
[INFO] [stderr]   In file included from /usr/include/openssl/dsa.h:51,
[INFO] [stderr]                    from /usr/include/openssl/x509.h:37,
[INFO] [stderr]                    from /usr/include/openssl/ssl.h:31,
[INFO] [stderr]                    from src/openssl_shim.c:2:
[INFO] [stderr]   /usr/include/openssl/dh.h:199:27: note: declared here
[INFO] [stderr]     199 | OSSL_DEPRECATEDIN_3_0 DH *DH_new(void);
[INFO] [stderr]         |                           ^~~~~~
[INFO] [stderr]   src/openssl_shim.c:154:7: error: invalid use of incomplete typedef 'DH' {aka 'struct dh_st'}
[INFO] [stderr]     154 |     dh->p = p;
[INFO] [stderr]         |       ^~
[INFO] [stderr]   src/openssl_shim.c:155:7: error: invalid use of incomplete typedef 'DH' {aka 'struct dh_st'}
[INFO] [stderr]     155 |     dh->g = g;
[INFO] [stderr]         |       ^~
[INFO] [stderr]   src/openssl_shim.c:156:7: error: invalid use of incomplete typedef 'DH' {aka 'struct dh_st'}
[INFO] [stderr]     156 |     dh->q = q;
[INFO] [stderr]         |       ^~
[INFO] [stderr]   src/openssl_shim.c: In function 'X509_get_extensions_shim':
[INFO] [stderr]   src/openssl_shim.c:165:13: error: invalid use of incomplete typedef 'X509' {aka 'struct x509_st'}
[INFO] [stderr]     165 |     return x->cert_info ? x->cert_info->extensions : NULL;
[INFO] [stderr]         |             ^~
[INFO] [stderr]   src/openssl_shim.c:165:28: error: invalid use of incomplete typedef 'X509' {aka 'struct x509_st'}
[INFO] [stderr]     165 |     return x->cert_info ? x->cert_info->extensions : NULL;
[INFO] [stderr]         |                            ^~
[INFO] [stderr]   thread 'main' panicked at 'explicit panic', /opt/rustwide/cargo-home/registry/src/github.com-1ecc6299db9ec823/gcc-0.3.21/src/lib.rs:772:5
[INFO] [stderr]   stack backtrace:
[INFO] [stderr]      0:     0x56498b639f5a - std::backtrace_rs::backtrace::libunwind::trace::ha9053a9a07ca49cb
[INFO] [stderr]                                  at /rustc/84c898d65adf2f39a5a98507f1fe0ce10a2b8dbc/library/std/src/../../backtrace/src/backtrace/libunwind.rs:93:5
[INFO] [stderr]      1:     0x56498b639f5a - std::backtrace_rs::backtrace::trace_unsynchronized::h9c2852a457ad564e
[INFO] [stderr]                                  at /rustc/84c898d65adf2f39a5a98507f1fe0ce10a2b8dbc/library/std/src/../../backtrace/src/backtrace/mod.rs:66:5
[INFO] [stderr]      2:     0x56498b639f5a - std::sys_common::backtrace::_print_fmt::h457936fbfaa0070f
[INFO] [stderr]                                  at /rustc/84c898d65adf2f39a5a98507f1fe0ce10a2b8dbc/library/std/src/sys_common/backtrace.rs:65:5
[INFO] [stderr]      3:     0x56498b639f5a - <std::sys_common::backtrace::_print::DisplayBacktrace as core::fmt::Display>::fmt::h5779d7bf7f70cb0c
[INFO] [stderr]                                  at /rustc/84c898d65adf2f39a5a98507f1fe0ce10a2b8dbc/library/std/src/sys_common/backtrace.rs:44:22
[INFO] [stderr]      4:     0x56498b65928e - core::fmt::write::h5a4baaff1bcd3eb5
[INFO] [stderr]                                  at /rustc/84c898d65adf2f39a5a98507f1fe0ce10a2b8dbc/library/core/src/fmt/mod.rs:1232:17
[INFO] [stderr]      5:     0x56498b637095 - std::io::Write::write_fmt::h4bc1f301cb9e9cce
[INFO] [stderr]                                  at /rustc/84c898d65adf2f39a5a98507f1fe0ce10a2b8dbc/library/std/src/io/mod.rs:1684:15
[INFO] [stderr]      6:     0x56498b639d25 - std::sys_common::backtrace::_print::h5fcdc36060f177e8
[INFO] [stderr]                                  at /rustc/84c898d65adf2f39a5a98507f1fe0ce10a2b8dbc/library/std/src/sys_common/backtrace.rs:47:5
[INFO] [stderr]      7:     0x56498b639d25 - std::sys_common::backtrace::print::h54ca9458b876c8bf
[INFO] [stderr]                                  at /rustc/84c898d65adf2f39a5a98507f1fe0ce10a2b8dbc/library/std/src/sys_common/backtrace.rs:34:9
[INFO] [stderr]      8:     0x56498b63b59f - std::panicking::default_hook::{{closure}}::hbe471161c7664ed6
[INFO] [stderr]                                  at /rustc/84c898d65adf2f39a5a98507f1fe0ce10a2b8dbc/library/std/src/panicking.rs:271:22
[INFO] [stderr]      9:     0x56498b63b2db - std::panicking::default_hook::ha3500da57aa4ac4f
[INFO] [stderr]                                  at /rustc/84c898d65adf2f39a5a98507f1fe0ce10a2b8dbc/library/std/src/panicking.rs:290:9
[INFO] [stderr]     10:     0x56498b63bb48 - std::panicking::rust_panic_with_hook::h50c09d000dc561d2
[INFO] [stderr]                                  at /rustc/84c898d65adf2f39a5a98507f1fe0ce10a2b8dbc/library/std/src/panicking.rs:692:13
[INFO] [stderr]     11:     0x56498b605cda - std::panicking::begin_panic::{{closure}}::h981a128750fe4d3e
[INFO] [stderr]     12:     0x56498b60651a - std::sys_common::backtrace::__rust_end_short_backtrace::h543be7c8b58ab318
[INFO] [stderr]     13:     0x56498b605c33 - std::panicking::begin_panic::ha3dee6e0970eeba4
[INFO] [stderr]     14:     0x56498b6114a4 - gcc::fail::hb9101b9e8777edf1
[INFO] [stderr]     15:     0x56498b61141c - gcc::run::h27be8bf8a3b34902
[INFO] [stderr]     16:     0x56498b60b8a8 - gcc::Config::compile_object::hf51bde04557f8f4e
[INFO] [stderr]     17:     0x56498b60a998 - gcc::Config::compile::h8d852cc4e1e3e32e
[INFO] [stderr]     18:     0x56498b5fcf69 - build_script_build::main::h92a7933fe2f902be
[INFO] [stderr]     19:     0x56498b5feaf3 - core::ops::function::FnOnce::call_once::h33b6195ea568b877
[INFO] [stderr]     20:     0x56498b5fe669 - std::sys_common::backtrace::__rust_begin_short_backtrace::h32874014ab7332f6
[INFO] [stderr]     21:     0x56498b5fec49 - std::rt::lang_start::{{closure}}::hc67fb9ec5141406d
[INFO] [stderr]     22:     0x56498b633cdc - core::ops::function::impls::<impl core::ops::function::FnOnce<A> for &F>::call_once::hd6efcd3bec896f2c
[INFO] [stderr]                                  at /rustc/84c898d65adf2f39a5a98507f1fe0ce10a2b8dbc/library/core/src/ops/function.rs:287:13
[INFO] [stderr]     23:     0x56498b633cdc - std::panicking::try::do_call::hce04e543bb1f4cbb
[INFO] [stderr]                                  at /rustc/84c898d65adf2f39a5a98507f1fe0ce10a2b8dbc/library/std/src/panicking.rs:487:40
[INFO] [stderr]     24:     0x56498b633cdc - std::panicking::try::h3342dd4e1f680968
[INFO] [stderr]                                  at /rustc/84c898d65adf2f39a5a98507f1fe0ce10a2b8dbc/library/std/src/panicking.rs:451:19
[INFO] [stderr]     25:     0x56498b633cdc - std::panic::catch_unwind::h148ce1e59ac0cee7
[INFO] [stderr]                                  at /rustc/84c898d65adf2f39a5a98507f1fe0ce10a2b8dbc/library/std/src/panic.rs:140:14
[INFO] [stderr]     26:     0x56498b633cdc - std::rt::lang_start_internal::{{closure}}::h25f9dda2057a67fe
[INFO] [stderr]                                  at /rustc/84c898d65adf2f39a5a98507f1fe0ce10a2b8dbc/library/std/src/rt.rs:148:48
[INFO] [stderr]     27:     0x56498b633cdc - std::panicking::try::do_call::h7caaaeaf9401650b
[INFO] [stderr]                                  at /rustc/84c898d65adf2f39a5a98507f1fe0ce10a2b8dbc/library/std/src/panicking.rs:487:40
[INFO] [stderr]     28:     0x56498b633cdc - std::panicking::try::he7d15285746cbbc2
[INFO] [stderr]                                  at /rustc/84c898d65adf2f39a5a98507f1fe0ce10a2b8dbc/library/std/src/panicking.rs:451:19
[INFO] [stderr]     29:     0x56498b633cdc - std::panic::catch_unwind::h89fb4f50c0301fe0
[INFO] [stderr]                                  at /rustc/84c898d65adf2f39a5a98507f1fe0ce10a2b8dbc/library/std/src/panic.rs:140:14
[INFO] [stderr]     30:     0x56498b633cdc - std::rt::lang_start_internal::h078acd489417d3c1
[INFO] [stderr]                                  at /rustc/84c898d65adf2f39a5a98507f1fe0ce10a2b8dbc/library/std/src/rt.rs:148:20
[INFO] [stderr]     31:     0x56498b5fec27 - std::rt::lang_start::h15efc155b81e627f
[INFO] [stderr]     32:     0x56498b5fe4a5 - main
[INFO] [stderr]     33:     0x7f1e909d1d90 - <unknown>
[INFO] [stderr]     34:     0x7f1e909d1e40 - __libc_start_main
[INFO] [stderr]     35:     0x56498b5fcba5 - _start
[INFO] [stderr]     36:                0x0 - <unknown>
[INFO] [stderr] error: failed to run custom build command for `openssl v0.7.4`
[INFO] [stderr] note: To improve backtraces for build dependencies, set the CARGO_PROFILE_DEV_BUILD_OVERRIDE_DEBUG=true environment variable to enable debug information generation.
[INFO] [stderr] 
[INFO] [stderr] Caused by:
[INFO] [stderr]   process didn't exit successfully: `/opt/rustwide/target/debug/build/openssl-976fd2a0a7988edf/build-script-build` (exit status: 101)
[INFO] [stderr]   --- stdout
[INFO] [stderr]   TARGET = Some("x86_64-unknown-linux-gnu")
[INFO] [stderr]   OPT_LEVEL = Some("0")
[INFO] [stderr]   PROFILE = Some("debug")
[INFO] [stderr]   TARGET = Some("x86_64-unknown-linux-gnu")
[INFO] [stderr]   debug=true opt-level=0
[INFO] [stderr]   HOST = Some("x86_64-unknown-linux-gnu")
[INFO] [stderr]   TARGET = Some("x86_64-unknown-linux-gnu")
[INFO] [stderr]   TARGET = Some("x86_64-unknown-linux-gnu")
[INFO] [stderr]   HOST = Some("x86_64-unknown-linux-gnu")
[INFO] [stderr]   CC_x86_64-unknown-linux-gnu = None
[INFO] [stderr]   CC_x86_64_unknown_linux_gnu = None
[INFO] [stderr]   HOST_CC = None
[INFO] [stderr]   CC = None
[INFO] [stderr]   HOST = Some("x86_64-unknown-linux-gnu")
[INFO] [stderr]   TARGET = Some("x86_64-unknown-linux-gnu")
[INFO] [stderr]   HOST = Some("x86_64-unknown-linux-gnu")
[INFO] [stderr]   CFLAGS_x86_64-unknown-linux-gnu = None
[INFO] [stderr]   CFLAGS_x86_64_unknown_linux_gnu = None
[INFO] [stderr]   HOST_CFLAGS = None
[INFO] [stderr]   CFLAGS = None
[INFO] [stderr]   running: "cc" "-O0" "-ffunction-sections" "-fdata-sections" "-g" "-m64" "-fPIC" "-o" "/opt/rustwide/target/debug/build/openssl-396ab35d96f23254/out/src/c_helpers.o" "-c" "src/c_helpers.c"
[INFO] [stderr]   ExitStatus(unix_wait_status(256))
[INFO] [stderr] 
[INFO] [stderr] 
[INFO] [stderr]   command did not execute successfully, got: exit status: 1
[INFO] [stderr] 
[INFO] [stderr] 
[INFO] [stderr] 
[INFO] [stderr]   --- stderr
[INFO] [stderr]   src/c_helpers.c: In function 'rust_SSL_clone':
[INFO] [stderr]   src/c_helpers.c:4:5: warning: implicit declaration of function 'CRYPTO_add' [-Wimplicit-function-declaration]
[INFO] [stderr]       4 |     CRYPTO_add(&ssl->references, 1, CRYPTO_LOCK_SSL);
[INFO] [stderr]         |     ^~~~~~~~~~
[INFO] [stderr]   src/c_helpers.c:4:20: error: invalid use of incomplete typedef 'SSL' {aka 'struct ssl_st'}
[INFO] [stderr]       4 |     CRYPTO_add(&ssl->references, 1, CRYPTO_LOCK_SSL);
[INFO] [stderr]         |                    ^~
[INFO] [stderr]   src/c_helpers.c:4:37: error: 'CRYPTO_LOCK_SSL' undeclared (first use in this function); did you mean 'CRYPTO_LOCK'?
[INFO] [stderr]       4 |     CRYPTO_add(&ssl->references, 1, CRYPTO_LOCK_SSL);
[INFO] [stderr]         |                                     ^~~~~~~~~~~~~~~
[INFO] [stderr]         |                                     CRYPTO_LOCK
[INFO] [stderr]   src/c_helpers.c:4:37: note: each undeclared identifier is reported only once for each function it appears in
[INFO] [stderr]   src/c_helpers.c: In function 'rust_SSL_CTX_clone':
[INFO] [stderr]   src/c_helpers.c:8:20: error: invalid use of incomplete typedef 'SSL_CTX' {aka 'struct ssl_ctx_st'}
[INFO] [stderr]       8 |     CRYPTO_add(&ctx->references,1,CRYPTO_LOCK_SSL_CTX);
[INFO] [stderr]         |                    ^~
[INFO] [stderr]   src/c_helpers.c:8:35: error: 'CRYPTO_LOCK_SSL_CTX' undeclared (first use in this function); did you mean 'CRYPTO_EX_INDEX_SSL_CTX'?
[INFO] [stderr]       8 |     CRYPTO_add(&ctx->references,1,CRYPTO_LOCK_SSL_CTX);
[INFO] [stderr]         |                                   ^~~~~~~~~~~~~~~~~~~
[INFO] [stderr]         |                                   CRYPTO_EX_INDEX_SSL_CTX
[INFO] [stderr]   thread 'main' panicked at 'explicit panic', /opt/rustwide/cargo-home/registry/src/github.com-1ecc6299db9ec823/gcc-0.3.21/src/lib.rs:772:5
[INFO] [stderr]   stack backtrace:
[INFO] [stderr]      0:     0x56211762341a - std::backtrace_rs::backtrace::libunwind::trace::ha9053a9a07ca49cb
[INFO] [stderr]                                  at /rustc/84c898d65adf2f39a5a98507f1fe0ce10a2b8dbc/library/std/src/../../backtrace/src/backtrace/libunwind.rs:93:5
[INFO] [stderr]      1:     0x56211762341a - std::backtrace_rs::backtrace::trace_unsynchronized::h9c2852a457ad564e
[INFO] [stderr]                                  at /rustc/84c898d65adf2f39a5a98507f1fe0ce10a2b8dbc/library/std/src/../../backtrace/src/backtrace/mod.rs:66:5
[INFO] [stderr]      2:     0x56211762341a - std::sys_common::backtrace::_print_fmt::h457936fbfaa0070f
[INFO] [stderr]                                  at /rustc/84c898d65adf2f39a5a98507f1fe0ce10a2b8dbc/library/std/src/sys_common/backtrace.rs:65:5
[INFO] [stderr]      3:     0x56211762341a - <std::sys_common::backtrace::_print::DisplayBacktrace as core::fmt::Display>::fmt::h5779d7bf7f70cb0c
[INFO] [stderr]                                  at /rustc/84c898d65adf2f39a5a98507f1fe0ce10a2b8dbc/library/std/src/sys_common/backtrace.rs:44:22
[INFO] [stderr]      4:     0x5621176426fe - core::fmt::write::h5a4baaff1bcd3eb5
[INFO] [stderr]                                  at /rustc/84c898d65adf2f39a5a98507f1fe0ce10a2b8dbc/library/core/src/fmt/mod.rs:1232:17
[INFO] [stderr]      5:     0x5621176205b5 - std::io::Write::write_fmt::h4bc1f301cb9e9cce
[INFO] [stderr]                                  at /rustc/84c898d65adf2f39a5a98507f1fe0ce10a2b8dbc/library/std/src/io/mod.rs:1684:15
[INFO] [stderr]      6:     0x5621176231e5 - std::sys_common::backtrace::_print::h5fcdc36060f177e8
[INFO] [stderr]                                  at /rustc/84c898d65adf2f39a5a98507f1fe0ce10a2b8dbc/library/std/src/sys_common/backtrace.rs:47:5
[INFO] [stderr]      7:     0x5621176231e5 - std::sys_common::backtrace::print::h54ca9458b876c8bf
[INFO] [stderr]                                  at /rustc/84c898d65adf2f39a5a98507f1fe0ce10a2b8dbc/library/std/src/sys_common/backtrace.rs:34:9
[INFO] [stderr]      8:     0x562117624a5f - std::panicking::default_hook::{{closure}}::hbe471161c7664ed6
[INFO] [stderr]                                  at /rustc/84c898d65adf2f39a5a98507f1fe0ce10a2b8dbc/library/std/src/panicking.rs:271:22
[INFO] [stderr]      9:     0x56211762479b - std::panicking::default_hook::ha3500da57aa4ac4f
[INFO] [stderr]                                  at /rustc/84c898d65adf2f39a5a98507f1fe0ce10a2b8dbc/library/std/src/panicking.rs:290:9
[INFO] [stderr]     10:     0x562117625008 - std::panicking::rust_panic_with_hook::h50c09d000dc561d2
[INFO] [stderr]                                  at /rustc/84c898d65adf2f39a5a98507f1fe0ce10a2b8dbc/library/std/src/panicking.rs:692:13
[INFO] [stderr]     11:     0x5621175e992a - std::panicking::begin_panic::{{closure}}::h981a128750fe4d3e
[INFO] [stderr]     12:     0x5621175ea16a - std::sys_common::backtrace::__rust_end_short_backtrace::h543be7c8b58ab318
[INFO] [stderr]     13:     0x5621175e9883 - std::panicking::begin_panic::ha3dee6e0970eeba4
[INFO] [stderr]     14:     0x5621175f50f4 - gcc::fail::hb9101b9e8777edf1
[INFO] [stderr]     15:     0x5621175f506c - gcc::run::h27be8bf8a3b34902
[INFO] [stderr]     16:     0x5621175ef4f8 - gcc::Config::compile_object::hf51bde04557f8f4e
[INFO] [stderr]     17:     0x5621175ee5e8 - gcc::Config::compile::h8d852cc4e1e3e32e
[INFO] [stderr]     18:     0x5621175e8fcc - build_script_build::main::h1fef3047e6b3d109
[INFO] [stderr]     19:     0x5621175e9103 - core::ops::function::FnOnce::call_once::h6e778de2d94f3b2b
[INFO] [stderr]     20:     0x5621175e8d49 - std::sys_common::backtrace::__rust_begin_short_backtrace::h833a017f484da542
[INFO] [stderr]     21:     0x5621175e8cb9 - std::rt::lang_start::{{closure}}::h4dafebd53345d360
[INFO] [stderr]     22:     0x56211761d32c - core::ops::function::impls::<impl core::ops::function::FnOnce<A> for &F>::call_once::hd6efcd3bec896f2c
[INFO] [stderr]                                  at /rustc/84c898d65adf2f39a5a98507f1fe0ce10a2b8dbc/library/core/src/ops/function.rs:287:13
[INFO] [stderr]     23:     0x56211761d32c - std::panicking::try::do_call::hce04e543bb1f4cbb
[INFO] [stderr]                                  at /rustc/84c898d65adf2f39a5a98507f1fe0ce10a2b8dbc/library/std/src/panicking.rs:487:40
[INFO] [stderr]     24:     0x56211761d32c - std::panicking::try::h3342dd4e1f680968
[INFO] [stderr]                                  at /rustc/84c898d65adf2f39a5a98507f1fe0ce10a2b8dbc/library/std/src/panicking.rs:451:19
[INFO] [stderr]     25:     0x56211761d32c - std::panic::catch_unwind::h148ce1e59ac0cee7
[INFO] [stderr]                                  at /rustc/84c898d65adf2f39a5a98507f1fe0ce10a2b8dbc/library/std/src/panic.rs:140:14
[INFO] [stderr]     26:     0x56211761d32c - std::rt::lang_start_internal::{{closure}}::h25f9dda2057a67fe
[INFO] [stderr]                                  at /rustc/84c898d65adf2f39a5a98507f1fe0ce10a2b8dbc/library/std/src/rt.rs:148:48
[INFO] [stderr]     27:     0x56211761d32c - std::panicking::try::do_call::h7caaaeaf9401650b
[INFO] [stderr]                                  at /rustc/84c898d65adf2f39a5a98507f1fe0ce10a2b8dbc/library/std/src/panicking.rs:487:40
[INFO] [stderr]     28:     0x56211761d32c - std::panicking::try::he7d15285746cbbc2
[INFO] [stderr]                                  at /rustc/84c898d65adf2f39a5a98507f1fe0ce10a2b8dbc/library/std/src/panicking.rs:451:19
[INFO] [stderr]     29:     0x56211761d32c - std::panic::catch_unwind::h89fb4f50c0301fe0
[INFO] [stderr]                                  at /rustc/84c898d65adf2f39a5a98507f1fe0ce10a2b8dbc/library/std/src/panic.rs:140:14
[INFO] [stderr]     30:     0x56211761d32c - std::rt::lang_start_internal::h078acd489417d3c1
[INFO] [stderr]                                  at /rustc/84c898d65adf2f39a5a98507f1fe0ce10a2b8dbc/library/std/src/rt.rs:148:20
[INFO] [stderr]     31:     0x5621175e8c97 - std::rt::lang_start::hfa39fb40719072e2
[INFO] [stderr]     32:     0x5621175e9005 - main
[INFO] [stderr]     33:     0x7f857550cd90 - <unknown>
[INFO] [stderr]     34:     0x7f857550ce40 - __libc_start_main
[INFO] [stderr]     35:     0x5621175e8ba5 - _start
[INFO] [stderr]     36:                0x0 - <unknown>
[INFO] [stdout] error: aborting due to previous error
[INFO] [stdout] 
[INFO] [stdout] 
[INFO] [stdout] For more information about this error, try `rustc --explain E0642`.
[INFO] [stdout] 
[INFO] [stderr] error: could not compile `rustc-serialize` due to 2 previous errors; 1 warning emitted
[INFO] running `Command { std: "docker" "inspect" "b930811d0c827d9e5a2f884961eb4bffdcfb3dd1b754e022d1bf289c0443214d", kill_on_drop: false }`
[INFO] running `Command { std: "docker" "rm" "-f" "b930811d0c827d9e5a2f884961eb4bffdcfb3dd1b754e022d1bf289c0443214d", kill_on_drop: false }`
[INFO] [stdout] b930811d0c827d9e5a2f884961eb4bffdcfb3dd1b754e022d1bf289c0443214d
