[INFO] cloning repository https://github.com/nordsoyv/rust_win32
[INFO] running `Command { std: "git" "-c" "credential.helper=" "-c" "credential.helper=/workspace/cargo-home/bin/git-credential-null" "clone" "--bare" "https://github.com/nordsoyv/rust_win32" "/workspace/cache/git-repos/https%3A%2F%2Fgithub.com%2Fnordsoyv%2Frust_win32", kill_on_drop: false }`
[INFO] [stderr] Cloning into bare repository '/workspace/cache/git-repos/https%3A%2F%2Fgithub.com%2Fnordsoyv%2Frust_win32'...
[INFO] running `Command { std: "git" "rev-parse" "HEAD", kill_on_drop: false }`
[INFO] [stdout] 1cb2ebe507d2538b015055c8607c0ff826e5e849
[INFO] documenting nordsoyv/rust_win32 against beta-2023-04-20 for beta-1.70-rustdoc-1
[INFO] running `Command { std: "git" "clone" "/workspace/cache/git-repos/https%3A%2F%2Fgithub.com%2Fnordsoyv%2Frust_win32" "/workspace/builds/worker-1-tc2/source", kill_on_drop: false }`
[INFO] [stderr] Cloning into '/workspace/builds/worker-1-tc2/source'...
[INFO] [stderr] done.
[INFO] validating manifest of git repo https://github.com/nordsoyv/rust_win32 on toolchain beta-2023-04-20
[INFO] running `Command { std: CARGO_HOME="/workspace/cargo-home" RUSTUP_HOME="/workspace/rustup-home" "/workspace/cargo-home/bin/cargo" "+beta-2023-04-20" "metadata" "--manifest-path" "Cargo.toml" "--no-deps", kill_on_drop: false }`
[INFO] started tweaking git repo https://github.com/nordsoyv/rust_win32
[INFO] finished tweaking git repo https://github.com/nordsoyv/rust_win32
[INFO] tweaked toml for git repo https://github.com/nordsoyv/rust_win32 written to /workspace/builds/worker-1-tc2/source/Cargo.toml
[INFO] crate git repo https://github.com/nordsoyv/rust_win32 already has a lockfile, it will not be regenerated
[INFO] running `Command { std: CARGO_HOME="/workspace/cargo-home" RUSTUP_HOME="/workspace/rustup-home" "/workspace/cargo-home/bin/cargo" "+beta-2023-04-20" "fetch" "--manifest-path" "Cargo.toml", kill_on_drop: false }`
[INFO] [stderr]     Updating crates.io index
[INFO] [stderr]  Downloading crates ...
[INFO] [stderr]   Downloaded vulkano-shader-derive v0.10.0
[INFO] [stderr]   Downloaded pkg-config v0.3.12
[INFO] [stderr]   Downloaded wayland-client v0.20.11
[INFO] [stderr]   Downloaded wayland-commons v0.20.11
[INFO] [stderr]   Downloaded wayland-sys v0.20.11
[INFO] [stderr]   Downloaded wayland-protocols v0.20.11
[INFO] [stderr]   Downloaded wasm-bindgen v0.2.15
[INFO] [stderr]   Downloaded wasm-bindgen-backend v0.2.15
[INFO] [stderr]   Downloaded vulkano-shaders v0.10.0
[INFO] [stderr]   Downloaded wasm-bindgen-shared v0.2.15
[INFO] [stderr]   Downloaded wasm-bindgen-macro v0.2.15
[INFO] [stderr]   Downloaded winit v0.16.2
[INFO] [stderr]   Downloaded wayland-scanner v0.20.11
[INFO] [stderr]   Downloaded cmake v0.1.34
[INFO] [stderr]   Downloaded x11-dl v2.18.1
[INFO] [stderr]   Downloaded glutin v0.17.0
[INFO] [stderr]   Downloaded vulkano v0.10.0
[INFO] [stderr]   Downloaded tiff v0.2.1
[INFO] [stderr]   Downloaded vec-2-10-10-10 v0.1.2
[INFO] [stderr]   Downloaded glsl-to-spirv v0.1.7
[INFO] [stderr]   Downloaded walkdir v2.2.0
[INFO] [stderr]   Downloaded half v1.2.0
[INFO] [stderr]   Downloaded vk-sys v0.3.3
[INFO] running `Command { std: "docker" "create" "-v" "/var/lib/crater-agent-workspace/builds/worker-1-tc2/target:/opt/rustwide/target:rw,Z" "-v" "/var/lib/crater-agent-workspace/builds/worker-1-tc2/source:/opt/rustwide/workdir:ro,Z" "-v" "/var/lib/crater-agent-workspace/cargo-home:/opt/rustwide/cargo-home:ro,Z" "-v" "/var/lib/crater-agent-workspace/rustup-home:/opt/rustwide/rustup-home:ro,Z" "-e" "SOURCE_DIR=/opt/rustwide/workdir" "-e" "CARGO_TARGET_DIR=/opt/rustwide/target" "-e" "CARGO_HOME=/opt/rustwide/cargo-home" "-e" "RUSTUP_HOME=/opt/rustwide/rustup-home" "-w" "/opt/rustwide/workdir" "-m" "1610612736" "--user" "0:0" "--network" "none" "ghcr.io/rust-lang/crates-build-env/linux@sha256:5ff2268d62e97bff2cde7d5815dd6ed5b47097566f13b8d0ca110b04b60e07ed" "/opt/rustwide/cargo-home/bin/cargo" "+beta-2023-04-20" "metadata" "--no-deps" "--format-version=1", kill_on_drop: false }`
[INFO] [stdout] 8b10fd00c79ce1e10114d8ddd24164d2b9877b49e28dc53ea31e74e9fdccdf36
[INFO] running `Command { std: "docker" "start" "-a" "8b10fd00c79ce1e10114d8ddd24164d2b9877b49e28dc53ea31e74e9fdccdf36", kill_on_drop: false }`
[INFO] running `Command { std: "docker" "inspect" "8b10fd00c79ce1e10114d8ddd24164d2b9877b49e28dc53ea31e74e9fdccdf36", kill_on_drop: false }`
[INFO] running `Command { std: "docker" "rm" "-f" "8b10fd00c79ce1e10114d8ddd24164d2b9877b49e28dc53ea31e74e9fdccdf36", kill_on_drop: false }`
[INFO] [stdout] 8b10fd00c79ce1e10114d8ddd24164d2b9877b49e28dc53ea31e74e9fdccdf36
[INFO] running `Command { std: "docker" "create" "-v" "/var/lib/crater-agent-workspace/builds/worker-1-tc2/target:/opt/rustwide/target:rw,Z" "-v" "/var/lib/crater-agent-workspace/builds/worker-1-tc2/source:/opt/rustwide/workdir:ro,Z" "-v" "/var/lib/crater-agent-workspace/cargo-home:/opt/rustwide/cargo-home:ro,Z" "-v" "/var/lib/crater-agent-workspace/rustup-home:/opt/rustwide/rustup-home:ro,Z" "-e" "SOURCE_DIR=/opt/rustwide/workdir" "-e" "CARGO_TARGET_DIR=/opt/rustwide/target" "-e" "CARGO_INCREMENTAL=0" "-e" "RUST_BACKTRACE=full" "-e" "RUSTFLAGS=--cap-lints=warn" "-e" "RUSTDOCFLAGS=--cap-lints=warn" "-e" "CARGO_HOME=/opt/rustwide/cargo-home" "-e" "RUSTUP_HOME=/opt/rustwide/rustup-home" "-w" "/opt/rustwide/workdir" "-m" "1610612736" "--user" "0:0" "--network" "none" "ghcr.io/rust-lang/crates-build-env/linux@sha256:5ff2268d62e97bff2cde7d5815dd6ed5b47097566f13b8d0ca110b04b60e07ed" "/opt/rustwide/cargo-home/bin/cargo" "+beta-2023-04-20" "doc" "--frozen" "--no-deps" "--document-private-items" "--message-format=json", kill_on_drop: false }`
[INFO] [stdout] 8e05ae5b0a96901709f46412ac0ffcf1f0a98f24cd4db95be458a6773e754a81
[INFO] running `Command { std: "docker" "start" "-a" "8e05ae5b0a96901709f46412ac0ffcf1f0a98f24cd4db95be458a6773e754a81", kill_on_drop: false }`
[INFO] [stderr]     Checking libc v0.2.42
[INFO] [stderr]    Compiling cc v1.0.18
[INFO] [stderr]     Checking lazy_static v1.0.2
[INFO] [stderr]     Checking cfg-if v0.1.4
[INFO] [stderr]    Compiling bitflags v1.0.3
[INFO] [stderr]     Checking scopeguard v0.3.3
[INFO] [stderr]    Compiling unicode-xid v0.1.0
[INFO] [stderr]     Checking nodrop v0.1.12
[INFO] [stderr]    Compiling xml-rs v0.7.0
[INFO] [stderr]     Checking void v1.0.2
[INFO] [stderr]     Checking memoffset v0.2.1
[INFO] [stderr]    Compiling log v0.4.3
[INFO] [stderr]     Checking arrayvec v0.4.7
[INFO] [stderr]    Compiling proc-macro2 v0.4.9
[INFO] [stderr]     Checking rand_core v0.2.1
[INFO] [stderr]    Compiling typenum v1.10.0
[INFO] [stderr]    Compiling num-traits v0.2.6
[INFO] [stdout] error[E0554]: `#![feature]` may not be used on the beta release channel
[INFO] [stdout]   --> /opt/rustwide/cargo-home/registry/src/index.crates.io-6f17d22bba15001f/proc-macro2-0.4.9/src/lib.rs:47:42
[INFO] [stdout]    |
[INFO] [stdout] 47 | #![cfg_attr(feature = "nightly", feature(proc_macro_raw_ident, proc_macro_span))]
[INFO] [stdout]    |                                          ^^^^^^^^^^^^^^^^^^^^
[INFO] [stdout] 
[INFO] [stdout] 
[INFO] [stdout] error[E0554]: `#![feature]` may not be used on the beta release channel
[INFO] [stdout]   --> /opt/rustwide/cargo-home/registry/src/index.crates.io-6f17d22bba15001f/proc-macro2-0.4.9/src/lib.rs:47:64
[INFO] [stdout]    |
[INFO] [stdout] 47 | #![cfg_attr(feature = "nightly", feature(proc_macro_raw_ident, proc_macro_span))]
[INFO] [stdout]    |                                                                ^^^^^^^^^^^^^^^
[INFO] [stdout] 
[INFO] [stdout] 
[INFO] [stderr]     Checking unreachable v1.0.0
[INFO] [stdout] error[E0658]: use of unstable library feature 'proc_macro_def_site'
[INFO] [stdout]    --> /opt/rustwide/cargo-home/registry/src/index.crates.io-6f17d22bba15001f/proc-macro2-0.4.9/src/unstable.rs:347:27
[INFO] [stdout]     |
[INFO] [stdout] 347 |             Span::Nightly(proc_macro::Span::def_site())
[INFO] [stdout]     |                           ^^^^^^^^^^^^^^^^^^^^^^^^^^
[INFO] [stdout]     |
[INFO] [stdout]     = note: see issue #54724 <https://github.com/rust-lang/rust/issues/54724> for more information
[INFO] [stdout] 
[INFO] [stdout] 
[INFO] [stderr]     Checking rand v0.5.4
[INFO] [stdout] error: aborting due to 3 previous errors
[INFO] [stdout] 
[INFO] [stdout] 
[INFO] [stdout] Some errors have detailed explanations: E0554, E0658.
[INFO] [stdout] 
[INFO] [stdout] For more information about an error, try `rustc --explain E0554`.
[INFO] [stdout] 
[INFO] [stderr] error: could not compile `proc-macro2` (lib) due to 4 previous errors
[INFO] [stderr] warning: build failed, waiting for other jobs to finish...
[INFO] running `Command { std: "docker" "inspect" "8e05ae5b0a96901709f46412ac0ffcf1f0a98f24cd4db95be458a6773e754a81", kill_on_drop: false }`
[INFO] running `Command { std: "docker" "rm" "-f" "8e05ae5b0a96901709f46412ac0ffcf1f0a98f24cd4db95be458a6773e754a81", kill_on_drop: false }`
[INFO] [stdout] 8e05ae5b0a96901709f46412ac0ffcf1f0a98f24cd4db95be458a6773e754a81
