[INFO] cloning repository https://github.com/nico-abram/winstacks
[INFO] running `Command { std: "git" "-c" "credential.helper=" "-c" "credential.helper=/workspace/cargo-home/bin/git-credential-null" "clone" "--bare" "https://github.com/nico-abram/winstacks" "/workspace/cache/git-repos/https%3A%2F%2Fgithub.com%2Fnico-abram%2Fwinstacks", kill_on_drop: false }`
[INFO] [stderr] Cloning into bare repository '/workspace/cache/git-repos/https%3A%2F%2Fgithub.com%2Fnico-abram%2Fwinstacks'...
[INFO] running `Command { std: "git" "rev-parse" "HEAD", kill_on_drop: false }`
[INFO] [stdout] aefddb0f904a40afb465fe923dbcfbc3407b7ab2
[INFO] documenting nico-abram/winstacks against beta-2023-04-20 for beta-1.70-rustdoc-1
[INFO] running `Command { std: "git" "clone" "/workspace/cache/git-repos/https%3A%2F%2Fgithub.com%2Fnico-abram%2Fwinstacks" "/workspace/builds/worker-7-tc2/source", kill_on_drop: false }`
[INFO] [stderr] Cloning into '/workspace/builds/worker-7-tc2/source'...
[INFO] [stderr] done.
[INFO] validating manifest of git repo https://github.com/nico-abram/winstacks on toolchain beta-2023-04-20
[INFO] running `Command { std: CARGO_HOME="/workspace/cargo-home" RUSTUP_HOME="/workspace/rustup-home" "/workspace/cargo-home/bin/cargo" "+beta-2023-04-20" "metadata" "--manifest-path" "Cargo.toml" "--no-deps", kill_on_drop: false }`
[INFO] started tweaking git repo https://github.com/nico-abram/winstacks
[INFO] finished tweaking git repo https://github.com/nico-abram/winstacks
[INFO] tweaked toml for git repo https://github.com/nico-abram/winstacks written to /workspace/builds/worker-7-tc2/source/Cargo.toml
[INFO] crate git repo https://github.com/nico-abram/winstacks already has a lockfile, it will not be regenerated
[INFO] running `Command { std: CARGO_HOME="/workspace/cargo-home" RUSTUP_HOME="/workspace/rustup-home" "/workspace/cargo-home/bin/cargo" "+beta-2023-04-20" "fetch" "--manifest-path" "Cargo.toml", kill_on_drop: false }`
[INFO] [stderr]     Updating crates.io index
[INFO] [stderr]  Downloading crates ...
[INFO] [stderr]   Downloaded binary-merge v0.1.2
[INFO] [stderr]   Downloaded cab v0.4.1
[INFO] [stderr]   Downloaded lzxd v0.1.4
[INFO] [stderr]   Downloaded pdb-addr2line v0.10.4
[INFO] [stderr]   Downloaded range-collections v0.2.4
[INFO] [stderr]   Downloaded elsa v1.7.0
[INFO] [stderr]   Downloaded inplace-vec-builder v0.1.1
[INFO] [stderr]   Downloaded symsrv v0.2.0
[INFO] [stderr]   Downloaded pdb v0.8.0
[INFO] [stderr]   Downloaded inferno v0.11.14
[INFO] running `Command { std: "docker" "create" "-v" "/var/lib/crater-agent-workspace/builds/worker-7-tc2/target:/opt/rustwide/target:rw,Z" "-v" "/var/lib/crater-agent-workspace/builds/worker-7-tc2/source:/opt/rustwide/workdir:ro,Z" "-v" "/var/lib/crater-agent-workspace/cargo-home:/opt/rustwide/cargo-home:ro,Z" "-v" "/var/lib/crater-agent-workspace/rustup-home:/opt/rustwide/rustup-home:ro,Z" "-e" "SOURCE_DIR=/opt/rustwide/workdir" "-e" "CARGO_TARGET_DIR=/opt/rustwide/target" "-e" "CARGO_HOME=/opt/rustwide/cargo-home" "-e" "RUSTUP_HOME=/opt/rustwide/rustup-home" "-w" "/opt/rustwide/workdir" "-m" "1610612736" "--user" "0:0" "--network" "none" "ghcr.io/rust-lang/crates-build-env/linux@sha256:5ff2268d62e97bff2cde7d5815dd6ed5b47097566f13b8d0ca110b04b60e07ed" "/opt/rustwide/cargo-home/bin/cargo" "+beta-2023-04-20" "metadata" "--no-deps" "--format-version=1", kill_on_drop: false }`
[INFO] [stdout] 310f7b809f7a601fd13db48ee8cdf8f6f4168bd948e92d064723da286fc9c265
[INFO] running `Command { std: "docker" "start" "-a" "310f7b809f7a601fd13db48ee8cdf8f6f4168bd948e92d064723da286fc9c265", kill_on_drop: false }`
[INFO] running `Command { std: "docker" "inspect" "310f7b809f7a601fd13db48ee8cdf8f6f4168bd948e92d064723da286fc9c265", kill_on_drop: false }`
[INFO] running `Command { std: "docker" "rm" "-f" "310f7b809f7a601fd13db48ee8cdf8f6f4168bd948e92d064723da286fc9c265", kill_on_drop: false }`
[INFO] [stdout] 310f7b809f7a601fd13db48ee8cdf8f6f4168bd948e92d064723da286fc9c265
[INFO] running `Command { std: "docker" "create" "-v" "/var/lib/crater-agent-workspace/builds/worker-7-tc2/target:/opt/rustwide/target:rw,Z" "-v" "/var/lib/crater-agent-workspace/builds/worker-7-tc2/source:/opt/rustwide/workdir:ro,Z" "-v" "/var/lib/crater-agent-workspace/cargo-home:/opt/rustwide/cargo-home:ro,Z" "-v" "/var/lib/crater-agent-workspace/rustup-home:/opt/rustwide/rustup-home:ro,Z" "-e" "SOURCE_DIR=/opt/rustwide/workdir" "-e" "CARGO_TARGET_DIR=/opt/rustwide/target" "-e" "CARGO_INCREMENTAL=0" "-e" "RUST_BACKTRACE=full" "-e" "RUSTFLAGS=--cap-lints=warn" "-e" "RUSTDOCFLAGS=--cap-lints=warn" "-e" "CARGO_HOME=/opt/rustwide/cargo-home" "-e" "RUSTUP_HOME=/opt/rustwide/rustup-home" "-w" "/opt/rustwide/workdir" "-m" "1610612736" "--user" "0:0" "--network" "none" "ghcr.io/rust-lang/crates-build-env/linux@sha256:5ff2268d62e97bff2cde7d5815dd6ed5b47097566f13b8d0ca110b04b60e07ed" "/opt/rustwide/cargo-home/bin/cargo" "+beta-2023-04-20" "doc" "--frozen" "--no-deps" "--document-private-items" "--message-format=json", kill_on_drop: false }`
[INFO] [stdout] d9f3a30cb9a4c75d7ca1908fab0c6ec6b6ac3579a93b7819e9329d7d9f8f7b85
[INFO] running `Command { std: "docker" "start" "-a" "d9f3a30cb9a4c75d7ca1908fab0c6ec6b6ac3579a93b7819e9329d7d9f8f7b85", kill_on_drop: false }`
[INFO] [stderr]    Compiling libc v0.2.139
[INFO] [stderr]     Checking cfg-if v1.0.0
[INFO] [stderr]    Compiling autocfg v1.1.0
[INFO] [stderr]    Compiling log v0.4.17
[INFO] [stderr]     Checking once_cell v1.17.0
[INFO] [stderr]    Compiling memchr v2.5.0
[INFO] [stderr]     Checking pin-project-lite v0.2.9
[INFO] [stderr]    Compiling cc v1.0.79
[INFO] [stderr]    Compiling futures-core v0.3.26
[INFO] [stderr]     Checking bytes v1.4.0
[INFO] [stderr]     Checking untrusted v0.7.1
[INFO] [stderr]     Checking spin v0.5.2
[INFO] [stderr]     Checking itoa v1.0.5
[INFO] [stderr]    Compiling crc32fast v1.3.2
[INFO] [stderr]    Compiling futures-task v0.3.26
[INFO] [stderr]    Compiling proc-macro2 v1.0.51
[INFO] [stderr]     Checking fnv v1.0.7
[INFO] [stderr]    Compiling futures-util v0.3.26
[INFO] [stderr]    Compiling quote v1.0.23
[INFO] [stderr]     Checking adler v1.0.2
[INFO] [stderr]    Compiling unicode-ident v1.0.6
[INFO] [stderr]     Checking pin-utils v0.1.0
[INFO] [stderr]     Checking tracing-core v0.1.30
[INFO] [stderr]     Checking miniz_oxide v0.6.2
[INFO] [stderr]     Checking tinyvec_macros v0.1.1
[INFO] [stderr]     Checking hashbrown v0.12.3
[INFO] [stderr]    Compiling futures-channel v0.3.26
[INFO] [stderr]     Checking alloc-no-stdlib v2.0.4
[INFO] [stderr]    Compiling tokio v1.25.0
[INFO] [stderr]    Compiling indexmap v1.9.2
[INFO] [stderr]    Compiling slab v0.4.7
[INFO] [stderr]     Checking http v0.2.8
[INFO] [stderr]    Compiling rustls v0.20.8
[INFO] [stderr]    Compiling syn v1.0.107
[INFO] [stderr]    Compiling httparse v1.8.0
[INFO] [stderr]     Checking tracing v0.1.37
[INFO] [stderr]     Checking futures-sink v0.3.26
[INFO] [stderr]     Checking alloc-stdlib v0.2.2
[INFO] [stderr]     Checking tinyvec v1.6.0
[INFO] [stderr]     Checking try-lock v0.2.4
[INFO] [stderr]     Checking flate2 v1.0.25
[INFO] [stderr]    Compiling serde v1.0.152
[INFO] [stderr]     Checking percent-encoding v2.2.0
[INFO] [stderr]     Checking want v0.3.0
[INFO] [stderr]     Checking brotli-decompressor v2.3.4
[INFO] [stderr]     Checking form_urlencoded v1.1.0
[INFO] [stderr]     Checking unicode-bidi v0.3.10
[INFO] [stderr]    Compiling thiserror v1.0.38
[INFO] [stderr]     Checking httpdate v1.0.2
[INFO] [stderr]     Checking mio v0.8.5
[INFO] [stderr]     Checking socket2 v0.4.7
[INFO] [stderr]     Checking tower-service v0.3.2
[INFO] [stderr]     Checking base64 v0.21.0
[INFO] [stderr]     Checking ryu v1.0.12
[INFO] [stderr]     Checking time-core v0.1.0
[INFO] [stderr]     Checking smallvec v1.10.0
[INFO] [stderr]     Checking http-body v0.4.5
[INFO] [stderr]     Checking dirs-sys v0.3.7
[INFO] [stderr]     Checking time v0.3.17
[INFO] [stderr]     Checking encoding_rs v0.8.32
[INFO] [stderr]     Checking scroll v0.11.0
[INFO] [stderr]     Checking uuid v1.3.0
[INFO] [stderr]    Compiling ring v0.16.20
[INFO] [stderr]     Checking rustls-pemfile v1.0.2
[INFO] [stderr]     Checking inplace-vec-builder v0.1.1
[INFO] [stderr]     Checking binary-merge v0.1.2
[INFO] [stderr]     Checking mime v0.3.16
[INFO] [stderr]     Checking byteorder v1.4.3
[INFO] [stderr]     Checking fallible-iterator v0.2.0
[INFO] [stderr]     Checking stable_deref_trait v1.2.0
[INFO] [stderr]     Checking ipnet v2.7.1
[INFO] [stderr]     Checking unicode-normalization v0.1.22
[INFO] [stderr]     Checking lzxd v0.1.4
[INFO] [stderr]     Checking range-collections v0.2.4
[INFO] [stderr]     Checking dirs v4.0.0
[INFO] [stderr]     Checking elsa v1.7.0
[INFO] [stderr]     Checking memmap2 v0.5.8
[INFO] [stderr]     Checking maybe-owned v0.3.4
[INFO] [stderr]     Checking cab v0.4.1
[INFO] [stderr]     Checking windows-targets v0.42.1
[INFO] [stderr]     Checking bitflags v1.3.2
[INFO] [stderr]     Checking object v0.30.3
[INFO] [stderr]     Checking rustc-hash v1.1.0
[INFO] [stderr]     Checking pdb v0.8.0
[INFO] [stderr]     Checking windows v0.44.0
[INFO] [stderr]     Checking brotli v3.3.4
[INFO] [stderr]     Checking idna v0.3.0
[INFO] [stderr]     Checking url v2.3.1
[INFO] [stderr]    Compiling thiserror-impl v1.0.38
[INFO] [stderr]     Checking serde_urlencoded v0.7.1
[INFO] [stderr]     Checking webpki v0.22.0
[INFO] [stderr]     Checking sct v0.7.0
[INFO] [stderr]     Checking webpki-roots v0.22.6
[INFO] [stderr]     Checking pdb-addr2line v0.10.4
[INFO] [stderr]     Checking tokio-util v0.7.4
[INFO] [stderr]     Checking h2 v0.3.15
[INFO] [stderr]     Checking async-compression v0.3.15
[INFO] [stderr]     Checking tokio-rustls v0.23.4
[INFO] [stderr]     Checking hyper v0.14.24
[INFO] [stderr]     Checking hyper-rustls v0.23.2
[INFO] [stderr]     Checking reqwest v0.11.14
[INFO] [stderr]     Checking symsrv v0.2.0
[INFO] [stderr]     Checking blondie v0.4.1 (/opt/rustwide/workdir)
[INFO] [stderr]  Documenting blondie v0.4.1 (/opt/rustwide/workdir)
[INFO] [stdout] error[E0433]: failed to resolve: could not find `windows` in `os`
[INFO] [stdout]   --> src/lib.rs:44:14
[INFO] [stdout]    |
[INFO] [stdout] 44 | use std::os::windows::{ffi::OsStringExt, prelude::AsRawHandle};
[INFO] [stdout]    |              ^^^^^^^ could not find `windows` in `os`
[INFO] [stdout] 
[INFO] [stdout] 
[INFO] [stdout] error[E0433]: failed to resolve: could not find `windows` in `os`
[INFO] [stdout]   --> src/lib.rs:44:14
[INFO] [stdout]    |
[INFO] [stdout] 44 | use std::os::windows::{ffi::OsStringExt, prelude::AsRawHandle};
[INFO] [stdout]    |              ^^^^^^^ could not find `windows` in `os`
[INFO] [stdout] 
[INFO] [stdout] 
[INFO] [stdout] error[E0433]: failed to resolve: could not find `windows` in `os`
[INFO] [stdout]    --> src/lib.rs:573:18
[INFO] [stdout]     |
[INFO] [stdout] 573 |     use std::os::windows::process::CommandExt;
[INFO] [stdout]     |                  ^^^^^^^ could not find `windows` in `os`
[INFO] [stdout] 
[INFO] [stdout] 
[INFO] [stdout] error[E0433]: failed to resolve: could not find `windows` in `os`
[INFO] [stdout]    --> src/lib.rs:573:18
[INFO] [stdout]     |
[INFO] [stdout] 573 |     use std::os::windows::process::CommandExt;
[INFO] [stdout]     |                  ^^^^^^^ could not find `windows` in `os`
[INFO] [stdout] 
[INFO] [stdout] 
[INFO] [stdout] error: aborting due to 2 previous errors
[INFO] [stdout] 
[INFO] [stdout] 
[INFO] [stdout] For more information about this error, try `rustc --explain E0433`.
[INFO] [stdout] 
[INFO] [stderr] error: could not document `blondie`
[INFO] [stderr] 
[INFO] [stderr] Caused by:
[INFO] [stderr]   process didn't exit successfully: `rustdoc --edition=2021 --crate-type lib --crate-name blondie src/lib.rs -o /opt/rustwide/target/doc --error-format=json --json=diagnostic-rendered-ansi,artifacts,future-incompat --document-private-items -C metadata=85d4693d890fc763 -L dependency=/opt/rustwide/target/debug/deps --extern object=/opt/rustwide/target/debug/deps/libobject-1b2d2355d4a7f37e.rmeta --extern pdb_addr2line=/opt/rustwide/target/debug/deps/libpdb_addr2line-645e3c165f4104c3.rmeta --extern rustc_hash=/opt/rustwide/target/debug/deps/librustc_hash-3daba49e2eb25686.rmeta --extern symsrv=/opt/rustwide/target/debug/deps/libsymsrv-92f3744612ca63a4.rmeta --extern tokio=/opt/rustwide/target/debug/deps/libtokio-e945c6b32f0521a9.rmeta --extern windows=/opt/rustwide/target/debug/deps/libwindows-d8c8ce41f1aefb0c.rmeta --cap-lints=warn --crate-version 0.4.1` (exit status: 1)
[INFO] [stderr] warning: build failed, waiting for other jobs to finish...
[INFO] [stdout] error[E0599]: no method named `as_raw_handle` found for mutable reference `&mut Child` in the current scope
[INFO] [stdout]    --> src/lib.rs:346:65
[INFO] [stdout]     |
[INFO] [stdout] 346 |     let target_proc_handle = clone_handle(HANDLE(target_process.as_raw_handle() as isize))?;
[INFO] [stdout]     |                                                                 ^^^^^^^^^^^^^ method not found in `&mut Child`
[INFO] [stdout] 
[INFO] [stdout] 
[INFO] [stdout] error[E0599]: no function or associated item named `from_wide` found for struct `OsString` in the current scope
[INFO] [stdout]    --> src/lib.rs:375:48
[INFO] [stdout]     |
[INFO] [stdout] 375 |             let filename_os_string = OsString::from_wide(std::slice::from_raw_parts(
[INFO] [stdout]     |                                                ^^^^^^^^^ function or associated item not found in `OsString`
[INFO] [stdout] 
[INFO] [stdout] 
[INFO] [stdout] error[E0599]: no method named `creation_flags` found for struct `Command` in the current scope
[INFO] [stdout]    --> src/lib.rs:578:10
[INFO] [stdout]     |
[INFO] [stdout] 577 |       let mut proc = command
[INFO] [stdout]     |  ____________________-
[INFO] [stdout] 578 | |         .creation_flags(CREATE_SUSPENDED.0)
[INFO] [stdout]     | |         -^^^^^^^^^^^^^^ method not found in `Command`
[INFO] [stdout]     | |_________|
[INFO] [stdout]     | 
[INFO] [stdout] 
[INFO] [stdout] 
[INFO] [stdout] error: aborting due to 5 previous errors
[INFO] [stdout] 
[INFO] [stdout] 
[INFO] [stdout] Some errors have detailed explanations: E0433, E0599.
[INFO] [stdout] 
[INFO] [stdout] For more information about an error, try `rustc --explain E0433`.
[INFO] [stdout] 
[INFO] [stderr] error: could not compile `blondie` (lib) due to 6 previous errors
[INFO] running `Command { std: "docker" "inspect" "d9f3a30cb9a4c75d7ca1908fab0c6ec6b6ac3579a93b7819e9329d7d9f8f7b85", kill_on_drop: false }`
[INFO] running `Command { std: "docker" "rm" "-f" "d9f3a30cb9a4c75d7ca1908fab0c6ec6b6ac3579a93b7819e9329d7d9f8f7b85", kill_on_drop: false }`
[INFO] [stdout] d9f3a30cb9a4c75d7ca1908fab0c6ec6b6ac3579a93b7819e9329d7d9f8f7b85
