[INFO] cloning repository https://github.com/ngsankha/smworker
[INFO] running `Command { std: "git" "-c" "credential.helper=" "-c" "credential.helper=/workspace/cargo-home/bin/git-credential-null" "clone" "--bare" "https://github.com/ngsankha/smworker" "/workspace/cache/git-repos/https%3A%2F%2Fgithub.com%2Fngsankha%2Fsmworker", kill_on_drop: false }`
[INFO] [stderr] Cloning into bare repository '/workspace/cache/git-repos/https%3A%2F%2Fgithub.com%2Fngsankha%2Fsmworker'...
[INFO] running `Command { std: "git" "rev-parse" "HEAD", kill_on_drop: false }`
[INFO] [stdout] 2e334dc7b5c065d92fafb662c7e326766c3eba83
[INFO] documenting ngsankha/smworker against 1.69.0 for beta-1.70-rustdoc-1
[INFO] running `Command { std: "git" "clone" "/workspace/cache/git-repos/https%3A%2F%2Fgithub.com%2Fngsankha%2Fsmworker" "/workspace/builds/worker-2-tc1/source", kill_on_drop: false }`
[INFO] [stderr] Cloning into '/workspace/builds/worker-2-tc1/source'...
[INFO] [stderr] done.
[INFO] validating manifest of git repo https://github.com/ngsankha/smworker on toolchain 1.69.0
[INFO] running `Command { std: CARGO_HOME="/workspace/cargo-home" RUSTUP_HOME="/workspace/rustup-home" "/workspace/cargo-home/bin/cargo" "+1.69.0" "metadata" "--manifest-path" "Cargo.toml" "--no-deps", kill_on_drop: false }`
[INFO] started tweaking git repo https://github.com/ngsankha/smworker
[INFO] finished tweaking git repo https://github.com/ngsankha/smworker
[INFO] tweaked toml for git repo https://github.com/ngsankha/smworker written to /workspace/builds/worker-2-tc1/source/Cargo.toml
[INFO] crate git repo https://github.com/ngsankha/smworker already has a lockfile, it will not be regenerated
[INFO] running `Command { std: CARGO_HOME="/workspace/cargo-home" RUSTUP_HOME="/workspace/rustup-home" "/workspace/cargo-home/bin/cargo" "+1.69.0" "fetch" "--manifest-path" "Cargo.toml", kill_on_drop: false }`
[INFO] [stderr]     Updating git repository `https://github.com/servo/rust-mozjs`
[INFO] [stderr]     Updating git repository `https://github.com/servo/mozjs`
[INFO] [stderr]  Downloading crates ...
[INFO] [stderr]   Downloaded heapsize v0.1.2
[INFO] running `Command { std: "docker" "create" "-v" "/var/lib/crater-agent-workspace/builds/worker-2-tc1/target:/opt/rustwide/target:rw,Z" "-v" "/var/lib/crater-agent-workspace/builds/worker-2-tc1/source:/opt/rustwide/workdir:ro,Z" "-v" "/var/lib/crater-agent-workspace/cargo-home:/opt/rustwide/cargo-home:ro,Z" "-v" "/var/lib/crater-agent-workspace/rustup-home:/opt/rustwide/rustup-home:ro,Z" "-e" "SOURCE_DIR=/opt/rustwide/workdir" "-e" "CARGO_TARGET_DIR=/opt/rustwide/target" "-e" "CARGO_HOME=/opt/rustwide/cargo-home" "-e" "RUSTUP_HOME=/opt/rustwide/rustup-home" "-w" "/opt/rustwide/workdir" "-m" "1610612736" "--user" "0:0" "--network" "none" "ghcr.io/rust-lang/crates-build-env/linux@sha256:5ff2268d62e97bff2cde7d5815dd6ed5b47097566f13b8d0ca110b04b60e07ed" "/opt/rustwide/cargo-home/bin/cargo" "+1.69.0" "metadata" "--no-deps" "--format-version=1", kill_on_drop: false }`
[INFO] [stdout] 20aafbb86992b629b0e15db7fe0905b7f90e6c0ac17e3e2cdbc2d36ecbc31258
[INFO] running `Command { std: "docker" "start" "-a" "20aafbb86992b629b0e15db7fe0905b7f90e6c0ac17e3e2cdbc2d36ecbc31258", kill_on_drop: false }`
[INFO] running `Command { std: "docker" "inspect" "20aafbb86992b629b0e15db7fe0905b7f90e6c0ac17e3e2cdbc2d36ecbc31258", kill_on_drop: false }`
[INFO] running `Command { std: "docker" "rm" "-f" "20aafbb86992b629b0e15db7fe0905b7f90e6c0ac17e3e2cdbc2d36ecbc31258", kill_on_drop: false }`
[INFO] [stdout] 20aafbb86992b629b0e15db7fe0905b7f90e6c0ac17e3e2cdbc2d36ecbc31258
[INFO] running `Command { std: "docker" "create" "-v" "/var/lib/crater-agent-workspace/builds/worker-2-tc1/target:/opt/rustwide/target:rw,Z" "-v" "/var/lib/crater-agent-workspace/builds/worker-2-tc1/source:/opt/rustwide/workdir:ro,Z" "-v" "/var/lib/crater-agent-workspace/cargo-home:/opt/rustwide/cargo-home:ro,Z" "-v" "/var/lib/crater-agent-workspace/rustup-home:/opt/rustwide/rustup-home:ro,Z" "-e" "SOURCE_DIR=/opt/rustwide/workdir" "-e" "CARGO_TARGET_DIR=/opt/rustwide/target" "-e" "CARGO_INCREMENTAL=0" "-e" "RUST_BACKTRACE=full" "-e" "RUSTFLAGS=--cap-lints=warn" "-e" "RUSTDOCFLAGS=--cap-lints=warn" "-e" "CARGO_HOME=/opt/rustwide/cargo-home" "-e" "RUSTUP_HOME=/opt/rustwide/rustup-home" "-w" "/opt/rustwide/workdir" "-m" "1610612736" "--user" "0:0" "--network" "none" "ghcr.io/rust-lang/crates-build-env/linux@sha256:5ff2268d62e97bff2cde7d5815dd6ed5b47097566f13b8d0ca110b04b60e07ed" "/opt/rustwide/cargo-home/bin/cargo" "+1.69.0" "doc" "--frozen" "--no-deps" "--document-private-items" "--message-format=json", kill_on_drop: false }`
[INFO] [stdout] fb8d7f4375c7dfbede89e1e014e3d4401438cb290dafa3e6638c12bf6bfa920c
[INFO] running `Command { std: "docker" "start" "-a" "fb8d7f4375c7dfbede89e1e014e3d4401438cb290dafa3e6638c12bf6bfa920c", kill_on_drop: false }`
[INFO] [stderr]    Compiling gcc v0.3.18
[INFO] [stderr]    Compiling pkg-config v0.3.6
[INFO] [stderr]     Checking libc v0.1.10
[INFO] [stderr]    Compiling mozjs_sys v0.0.0 (https://github.com/servo/mozjs#74e7e954)
[INFO] [stderr]    Compiling js v0.1.0 (https://github.com/servo/rust-mozjs#01ff3cb8)
[INFO] [stderr]     Checking rustc-serialize v0.3.16
[INFO] [stdout] error[E0642]: patterns aren't allowed in functions without bodies
[INFO] [stdout]    --> /opt/rustwide/cargo-home/registry/src/github.com-1ecc6299db9ec823/rustc-serialize-0.3.16/src/serialize.rs:145:45
[INFO] [stdout]     |
[INFO] [stdout] 145 | ...                   &f_name: &str,
[INFO] [stdout]     |                       ^^^^^^^ pattern not allowed in function without body
[INFO] [stdout] 
[INFO] [stdout] 
[INFO] [stderr]     Checking heapsize v0.1.2
[INFO] [stderr]     Checking log v0.3.2
[INFO] [stderr]    Compiling libz-sys v0.1.8
[INFO] [stdout] error: aborting due to previous error
[INFO] [stdout] 
[INFO] [stdout] 
[INFO] [stdout] For more information about this error, try `rustc --explain E0642`.
[INFO] [stdout] 
[INFO] [stderr] error: could not compile `rustc-serialize` due to 2 previous errors; 1 warning emitted
[INFO] [stderr] warning: build failed, waiting for other jobs to finish...
[INFO] [stderr] error: failed to run custom build command for `mozjs_sys v0.0.0 (https://github.com/servo/mozjs#74e7e954)`
[INFO] [stderr] note: To improve backtraces for build dependencies, set the CARGO_PROFILE_DEV_BUILD_OVERRIDE_DEBUG=true environment variable to enable debug information generation.
[INFO] [stderr] 
[INFO] [stderr] Caused by:
[INFO] [stderr]   process didn't exit successfully: `/opt/rustwide/target/debug/build/mozjs_sys-bc2256a7ee4af425/build-script-build` (exit status: 101)
[INFO] [stderr]   --- stdout
[INFO] [stderr]   cd /opt/rustwide/target/debug/build/mozjs_sys-407198716c20962b/out && \
[INFO] [stderr]   MOZ_TOOLS="" CC="gcc" CPP="gcc -E" CXX="g++" AR="ar" \
[INFO] [stderr]   /opt/rustwide/cargo-home/git/checkouts/mozjs-fa11ffc7d4f1cc2d/74e7e95/mozjs/js/src/configure --enable-gczeal --disable-jemalloc
[INFO] [stderr]   creating cache ./config.cache
[INFO] [stderr]   checking host system type... x86_64-unknown-linux-gnu
[INFO] [stderr]   checking target system type... x86_64-unknown-linux-gnu
[INFO] [stderr]   checking build system type... x86_64-unknown-linux-gnu
[INFO] [stderr]   checking for gawk... no
[INFO] [stderr]   checking for mawk... mawk
[INFO] [stderr]   checking for perl5... no
[INFO] [stderr]   checking for perl... /usr/bin/perl
[INFO] [stderr]   checking for gcc... gcc
[INFO] [stderr]   checking whether the C compiler (gcc  ) works... yes
[INFO] [stderr]   checking whether the C compiler (gcc  ) is a cross-compiler... no
[INFO] [stderr]   checking whether we are using GNU C... yes
[INFO] [stderr]   checking whether gcc accepts -g... yes
[INFO] [stderr]   checking for c++... g++
[INFO] [stderr]   checking whether the C++ compiler (g++  ) works... yes
[INFO] [stderr]   checking whether the C++ compiler (g++  ) is a cross-compiler... no
[INFO] [stderr]   checking whether we are using GNU C++... yes
[INFO] [stderr]   checking whether g++ accepts -g... yes
[INFO] [stderr]   checking for ranlib... ranlib
[INFO] [stderr]   checking for as... /usr/bin/as
[INFO] [stderr]   checking for ar... ar
[INFO] [stderr]   checking for ld... ld
[INFO] [stderr]   checking for strip... strip
[INFO] [stderr]   checking for windres... no
[INFO] [stderr]   checking how to run the C preprocessor... gcc -E
[INFO] [stderr]   checking how to run the C++ preprocessor... g++ -E
[INFO] [stderr]   checking for sb-conf... no
[INFO] [stderr]   checking for ve... no
[INFO] [stderr]   checking for a BSD compatible install... /usr/bin/install -c
[INFO] [stderr]   checking whether ln -s works... yes
[INFO] [stderr]   checking for tar archiver... checking for gnutar... no
[INFO] [stderr]   checking for gtar... no
[INFO] [stderr]   checking for tar... tar
[INFO] [stderr]   tar
[INFO] [stderr]   checking for minimum required perl version >= 5.006... 5.034000
[INFO] [stderr]   checking for full perl installation... yes
[INFO] [stderr]   checking for python2.7... /usr/bin/python2.7
[INFO] [stderr]   Creating Python environment
[INFO] [stderr]   New python executable in /opt/rustwide/target/debug/build/mozjs_sys-407198716c20962b/out/_virtualenv/bin/python2.7
[INFO] [stderr]   Also creating executable in /opt/rustwide/target/debug/build/mozjs_sys-407198716c20962b/out/_virtualenv/bin/python
[INFO] [stderr]   Installing setuptools, pip...done.
[INFO] [stderr]   running build_ext
[INFO] [stderr]   building '_psutil_linux' extension
[INFO] [stderr]   creating build
[INFO] [stderr]   error: could not create 'build': Read-only file system
[INFO] [stderr] 
[INFO] [stderr]   Error processing command. Ignoring because optional. (optional:setup.py:python/psutil:build_ext:--inplace)
[INFO] [stderr]   checking Python environment is Mozilla virtualenv... ------ config.log ------
[INFO] [stderr]   configure:3109:1: note: include '<stdlib.h>' or provide a declaration of 'exit'
[INFO] [stderr]   configure:3111:1: warning: incompatible implicit declaration of built-in function 'exit' [-Wbuiltin-declaration-mismatch]
[INFO] [stderr]   configure:3111:1: note: include '<stdlib.h>' or provide a declaration of 'exit'
[INFO] [stderr]   configure:3134: checking for ranlib
[INFO] [stderr]   configure:3166: checking for as
[INFO] [stderr]   configure:3220: checking for ar
[INFO] [stderr]   configure:3255: checking for ld
[INFO] [stderr]   configure:3290: checking for strip
[INFO] [stderr]   configure:3325: checking for windres
[INFO] [stderr]   configure:3941: checking how to run the C preprocessor
[INFO] [stderr]   configure:4021: checking how to run the C++ preprocessor
[INFO] [stderr]   configure:4039: g++ -E  conftest.C >/dev/null 2>conftest.out
[INFO] [stderr]   configure:4161: checking for sb-conf
[INFO] [stderr]   configure:4161: checking for ve
[INFO] [stderr]   configure:4223: checking for a BSD compatible install
[INFO] [stderr]   configure:4276: checking whether ln -s works
[INFO] [stderr]   configure:4298: checking for tar archiver
[INFO] [stderr]   configure:4304: checking for gnutar
[INFO] [stderr]   configure:4304: checking for gtar
[INFO] [stderr]   configure:4304: checking for tar
[INFO] [stderr]   configure:4341: checking for minimum required perl version >= 5.006
[INFO] [stderr]   configure:4351: checking for full perl installation
[INFO] [stderr]   configure:4369: checking for python2.7
[INFO] [stderr]   configure:4479: checking Python environment is Mozilla virtualenv
[INFO] [stderr]   configure: error: Python environment does not appear to be sane.
[INFO] [stderr] 
[INFO] [stderr]   --- stderr
[INFO] [stderr]   /opt/rustwide/cargo-home/git/checkouts/mozjs-fa11ffc7d4f1cc2d/74e7e95/mozjs/js/src/configure: 1: /opt/rustwide/cargo-home/git/checkouts/mozjs-fa11ffc7d4f1cc2d/74e7e95/mozjs/js/src/../../python/mozbuild/mozbuild/milestone.py: Permission denied
[INFO] [stderr]   /opt/rustwide/cargo-home/git/checkouts/mozjs-fa11ffc7d4f1cc2d/74e7e95/mozjs/js/src/configure: 1: /opt/rustwide/cargo-home/git/checkouts/mozjs-fa11ffc7d4f1cc2d/74e7e95/mozjs/js/src/../../python/mozbuild/mozbuild/milestone.py: Permission denied
[INFO] [stderr]   /opt/rustwide/cargo-home/git/checkouts/mozjs-fa11ffc7d4f1cc2d/74e7e95/mozjs/js/src/configure: 1: /opt/rustwide/cargo-home/git/checkouts/mozjs-fa11ffc7d4f1cc2d/74e7e95/mozjs/js/src/../../python/mozbuild/mozbuild/milestone.py: Permission denied
[INFO] [stderr]   Traceback (most recent call last):
[INFO] [stderr]     File "<string>", line 1, in <module>
[INFO] [stderr]     File "/opt/rustwide/cargo-home/git/checkouts/mozjs-fa11ffc7d4f1cc2d/74e7e95/mozjs/python/mozbuild/mozbuild/base.py", line 17, in <module>
[INFO] [stderr]       from mach.mixin.process import ProcessExecutionMixin
[INFO] [stderr]     File "/opt/rustwide/cargo-home/git/checkouts/mozjs-fa11ffc7d4f1cc2d/74e7e95/mozjs/python/mach/mach/mixin/process.py", line 29, in <module>
[INFO] [stderr]       raise Exception('Could not detect environment shell!')
[INFO] [stderr]   Exception: Could not detect environment shell!
[INFO] [stderr]   configure: error: Python environment does not appear to be sane.
[INFO] [stderr]   make: *** [makefile.cargo:49: all] Error 1
[INFO] [stderr]   thread 'main' panicked at 'assertion failed: result.success()', /opt/rustwide/cargo-home/git/checkouts/mozjs-fa11ffc7d4f1cc2d/74e7e95/build.rs:16:5
[INFO] [stderr]   stack backtrace:
[INFO] [stderr]      0:     0x56105dbfbada - std::backtrace_rs::backtrace::libunwind::trace::ha9053a9a07ca49cb
[INFO] [stderr]                                  at /rustc/84c898d65adf2f39a5a98507f1fe0ce10a2b8dbc/library/std/src/../../backtrace/src/backtrace/libunwind.rs:93:5
[INFO] [stderr]      1:     0x56105dbfbada - std::backtrace_rs::backtrace::trace_unsynchronized::h9c2852a457ad564e
[INFO] [stderr]                                  at /rustc/84c898d65adf2f39a5a98507f1fe0ce10a2b8dbc/library/std/src/../../backtrace/src/backtrace/mod.rs:66:5
[INFO] [stderr]      2:     0x56105dbfbada - std::sys_common::backtrace::_print_fmt::h457936fbfaa0070f
[INFO] [stderr]                                  at /rustc/84c898d65adf2f39a5a98507f1fe0ce10a2b8dbc/library/std/src/sys_common/backtrace.rs:65:5
[INFO] [stderr]      3:     0x56105dbfbada - <std::sys_common::backtrace::_print::DisplayBacktrace as core::fmt::Display>::fmt::h5779d7bf7f70cb0c
[INFO] [stderr]                                  at /rustc/84c898d65adf2f39a5a98507f1fe0ce10a2b8dbc/library/std/src/sys_common/backtrace.rs:44:22
[INFO] [stderr]      4:     0x56105dc1888e - core::fmt::write::h5a4baaff1bcd3eb5
[INFO] [stderr]                                  at /rustc/84c898d65adf2f39a5a98507f1fe0ce10a2b8dbc/library/core/src/fmt/mod.rs:1232:17
[INFO] [stderr]      5:     0x56105dbf9a35 - std::io::Write::write_fmt::h4bc1f301cb9e9cce
[INFO] [stderr]                                  at /rustc/84c898d65adf2f39a5a98507f1fe0ce10a2b8dbc/library/std/src/io/mod.rs:1684:15
[INFO] [stderr]      6:     0x56105dbfb8a5 - std::sys_common::backtrace::_print::h5fcdc36060f177e8
[INFO] [stderr]                                  at /rustc/84c898d65adf2f39a5a98507f1fe0ce10a2b8dbc/library/std/src/sys_common/backtrace.rs:47:5
[INFO] [stderr]      7:     0x56105dbfb8a5 - std::sys_common::backtrace::print::h54ca9458b876c8bf
[INFO] [stderr]                                  at /rustc/84c898d65adf2f39a5a98507f1fe0ce10a2b8dbc/library/std/src/sys_common/backtrace.rs:34:9
[INFO] [stderr]      8:     0x56105dbfceff - std::panicking::default_hook::{{closure}}::hbe471161c7664ed6
[INFO] [stderr]                                  at /rustc/84c898d65adf2f39a5a98507f1fe0ce10a2b8dbc/library/std/src/panicking.rs:271:22
[INFO] [stderr]      9:     0x56105dbfcc3b - std::panicking::default_hook::ha3500da57aa4ac4f
[INFO] [stderr]                                  at /rustc/84c898d65adf2f39a5a98507f1fe0ce10a2b8dbc/library/std/src/panicking.rs:290:9
[INFO] [stderr]     10:     0x56105dbfd4a8 - std::panicking::rust_panic_with_hook::h50c09d000dc561d2
[INFO] [stderr]                                  at /rustc/84c898d65adf2f39a5a98507f1fe0ce10a2b8dbc/library/std/src/panicking.rs:692:13
[INFO] [stderr]     11:     0x56105dbfd362 - std::panicking::begin_panic_handler::{{closure}}::h9e2b2176e00e0d9c
[INFO] [stderr]                                  at /rustc/84c898d65adf2f39a5a98507f1fe0ce10a2b8dbc/library/std/src/panicking.rs:581:13
[INFO] [stderr]     12:     0x56105dbfbf46 - std::sys_common::backtrace::__rust_end_short_backtrace::h5739b8e512c09d02
[INFO] [stderr]                                  at /rustc/84c898d65adf2f39a5a98507f1fe0ce10a2b8dbc/library/std/src/sys_common/backtrace.rs:150:18
[INFO] [stderr]     13:     0x56105dbfd0b2 - rust_begin_unwind
[INFO] [stderr]                                  at /rustc/84c898d65adf2f39a5a98507f1fe0ce10a2b8dbc/library/std/src/panicking.rs:579:5
[INFO] [stderr]     14:     0x56105dbdb333 - core::panicking::panic_fmt::hf33a1475b4dc5c3e
[INFO] [stderr]                                  at /rustc/84c898d65adf2f39a5a98507f1fe0ce10a2b8dbc/library/core/src/panicking.rs:64:14
[INFO] [stderr]     15:     0x56105dbdb3cd - core::panicking::panic::h9533b2fee90b999e
[INFO] [stderr]                                  at /rustc/84c898d65adf2f39a5a98507f1fe0ce10a2b8dbc/library/core/src/panicking.rs:114:5
[INFO] [stderr]     16:     0x56105dbdf88a - build_script_build::main::hae818698650c7b0f
[INFO] [stderr]     17:     0x56105dbde613 - core::ops::function::FnOnce::call_once::h987f65221f18fca8
[INFO] [stderr]     18:     0x56105dbdd019 - std::sys_common::backtrace::__rust_begin_short_backtrace::hb9e0523745f3064c
[INFO] [stderr]     19:     0x56105dbdd409 - std::rt::lang_start::{{closure}}::hd72a1216888a9df9
[INFO] [stderr]     20:     0x56105dbf6d3c - core::ops::function::impls::<impl core::ops::function::FnOnce<A> for &F>::call_once::hd6efcd3bec896f2c
[INFO] [stderr]                                  at /rustc/84c898d65adf2f39a5a98507f1fe0ce10a2b8dbc/library/core/src/ops/function.rs:287:13
[INFO] [stderr]     21:     0x56105dbf6d3c - std::panicking::try::do_call::hce04e543bb1f4cbb
[INFO] [stderr]                                  at /rustc/84c898d65adf2f39a5a98507f1fe0ce10a2b8dbc/library/std/src/panicking.rs:487:40
[INFO] [stderr]     22:     0x56105dbf6d3c - std::panicking::try::h3342dd4e1f680968
[INFO] [stderr]                                  at /rustc/84c898d65adf2f39a5a98507f1fe0ce10a2b8dbc/library/std/src/panicking.rs:451:19
[INFO] [stderr]     23:     0x56105dbf6d3c - std::panic::catch_unwind::h148ce1e59ac0cee7
[INFO] [stderr]                                  at /rustc/84c898d65adf2f39a5a98507f1fe0ce10a2b8dbc/library/std/src/panic.rs:140:14
[INFO] [stderr]     24:     0x56105dbf6d3c - std::rt::lang_start_internal::{{closure}}::h25f9dda2057a67fe
[INFO] [stderr]                                  at /rustc/84c898d65adf2f39a5a98507f1fe0ce10a2b8dbc/library/std/src/rt.rs:148:48
[INFO] [stderr]     25:     0x56105dbf6d3c - std::panicking::try::do_call::h7caaaeaf9401650b
[INFO] [stderr]                                  at /rustc/84c898d65adf2f39a5a98507f1fe0ce10a2b8dbc/library/std/src/panicking.rs:487:40
[INFO] [stderr]     26:     0x56105dbf6d3c - std::panicking::try::he7d15285746cbbc2
[INFO] [stderr]                                  at /rustc/84c898d65adf2f39a5a98507f1fe0ce10a2b8dbc/library/std/src/panicking.rs:451:19
[INFO] [stderr]     27:     0x56105dbf6d3c - std::panic::catch_unwind::h89fb4f50c0301fe0
[INFO] [stderr]                                  at /rustc/84c898d65adf2f39a5a98507f1fe0ce10a2b8dbc/library/std/src/panic.rs:140:14
[INFO] [stderr]     28:     0x56105dbf6d3c - std::rt::lang_start_internal::h078acd489417d3c1
[INFO] [stderr]                                  at /rustc/84c898d65adf2f39a5a98507f1fe0ce10a2b8dbc/library/std/src/rt.rs:148:20
[INFO] [stderr]     29:     0x56105dbdd3e7 - std::rt::lang_start::h001299875353d044
[INFO] [stderr]     30:     0x56105dbdfa05 - main
[INFO] [stderr]     31:     0x7fe982e3ad90 - <unknown>
[INFO] [stderr]     32:     0x7fe982e3ae40 - __libc_start_main
[INFO] [stderr]     33:     0x56105dbdb865 - _start
[INFO] [stderr]     34:                0x0 - <unknown>
[INFO] running `Command { std: "docker" "inspect" "fb8d7f4375c7dfbede89e1e014e3d4401438cb290dafa3e6638c12bf6bfa920c", kill_on_drop: false }`
[INFO] running `Command { std: "docker" "rm" "-f" "fb8d7f4375c7dfbede89e1e014e3d4401438cb290dafa3e6638c12bf6bfa920c", kill_on_drop: false }`
[INFO] [stdout] fb8d7f4375c7dfbede89e1e014e3d4401438cb290dafa3e6638c12bf6bfa920c
