[INFO] cloning repository https://github.com/nervosnetwork/godwoken-scripts
[INFO] running `Command { std: "git" "-c" "credential.helper=" "-c" "credential.helper=/workspace/cargo-home/bin/git-credential-null" "clone" "--bare" "https://github.com/nervosnetwork/godwoken-scripts" "/workspace/cache/git-repos/https%3A%2F%2Fgithub.com%2Fnervosnetwork%2Fgodwoken-scripts", kill_on_drop: false }`
[INFO] [stderr] Cloning into bare repository '/workspace/cache/git-repos/https%3A%2F%2Fgithub.com%2Fnervosnetwork%2Fgodwoken-scripts'...
[INFO] running `Command { std: "git" "rev-parse" "HEAD", kill_on_drop: false }`
[INFO] [stdout] 56c000e2865c493418d869d099c274c0e62f59cb
[INFO] documenting nervosnetwork/godwoken-scripts against 1.69.0 for beta-1.70-rustdoc-1
[INFO] running `Command { std: "git" "clone" "/workspace/cache/git-repos/https%3A%2F%2Fgithub.com%2Fnervosnetwork%2Fgodwoken-scripts" "/workspace/builds/worker-0-tc1/source", kill_on_drop: false }`
[INFO] [stderr] Cloning into '/workspace/builds/worker-0-tc1/source'...
[INFO] [stderr] done.
[INFO] validating manifest of git repo https://github.com/nervosnetwork/godwoken-scripts on toolchain 1.69.0
[INFO] running `Command { std: CARGO_HOME="/workspace/cargo-home" RUSTUP_HOME="/workspace/rustup-home" "/workspace/cargo-home/bin/cargo" "+1.69.0" "metadata" "--manifest-path" "Cargo.toml" "--no-deps", kill_on_drop: false }`
[INFO] removed /workspace/builds/worker-0-tc1/source/rust-toolchain
[INFO] started tweaking git repo https://github.com/nervosnetwork/godwoken-scripts
[INFO] finished tweaking git repo https://github.com/nervosnetwork/godwoken-scripts
[INFO] tweaked toml for git repo https://github.com/nervosnetwork/godwoken-scripts written to /workspace/builds/worker-0-tc1/source/Cargo.toml
[INFO] crate git repo https://github.com/nervosnetwork/godwoken-scripts already has a lockfile, it will not be regenerated
[INFO] running `Command { std: CARGO_HOME="/workspace/cargo-home" RUSTUP_HOME="/workspace/rustup-home" "/workspace/cargo-home/bin/cargo" "+1.69.0" "fetch" "--manifest-path" "Cargo.toml", kill_on_drop: false }`
[INFO] [stderr]     Updating git repository `https://github.com/nervosnetwork/godwoken.git`
[INFO] [stderr]     Updating git repository `https://github.com/getsentry/sentry-rust`
[INFO] [stderr]  Downloading crates ...
[INFO] [stderr]   Downloaded ckb-channel v0.100.0
[INFO] [stderr]   Downloaded tokio-metrics v0.1.0
[INFO] [stderr]   Downloaded tracing-opentelemetry v0.16.0
[INFO] [stderr]   Downloaded console-api v0.1.2
[INFO] [stderr]   Downloaded mapr v0.8.0
[INFO] [stderr]   Downloaded tentacle-multiaddr v0.2.0
[INFO] [stderr]   Downloaded ckb-crypto v0.100.0
[INFO] [stderr]   Downloaded ethabi v15.0.0
[INFO] [stderr]   Downloaded ckb-traits v0.100.0
[INFO] [stderr]   Downloaded console-subscriber v0.1.3
[INFO] [stderr]   Downloaded tikv-jemalloc-ctl v0.4.2
[INFO] [stderr]   Downloaded ckb-vm-definitions v0.20.0-rc5
[INFO] [stderr]   Downloaded tentacle-multiaddr v0.3.2
[INFO] [stderr]   Downloaded ckb-resource v0.100.0
[INFO] [stderr]   Downloaded pprof v0.6.2
[INFO] [stderr]   Downloaded opentelemetry-semantic-conventions v0.8.0
[INFO] [stderr]   Downloaded sparse-merkle-tree v0.5.3
[INFO] [stderr]   Downloaded jsonrpc-types v0.3.3
[INFO] [stderr]   Downloaded inferno v0.10.12
[INFO] [stderr]   Downloaded opentelemetry-jaeger v0.15.0
[INFO] [stderr]   Downloaded rust_decimal v1.23.1
[INFO] [stderr]   Downloaded hdrhistogram v7.5.0
[INFO] [stderr]   Downloaded tikv-jemalloc-sys v0.4.3+5.2.1-patched.2
[INFO] [stderr]   Downloaded libsqlite3-sys v0.23.2
[INFO] [stderr]   Downloaded openssl-src v111.18.0+1.1.1n
[INFO] [stderr]   Downloaded tikv-jemallocator v0.4.3
[INFO] [stderr]   Downloaded ckb-constant v0.100.0
[INFO] [stderr]   Downloaded ckb-error v0.100.0
[INFO] [stderr]   Downloaded ckb-chain-spec v0.100.0
[INFO] [stderr]   Downloaded tokio-yamux v0.3.5
[INFO] [stderr]   Downloaded ckb-jsonrpc-types v0.100.0
[INFO] [stderr]   Downloaded ckb-dao-utils v0.100.0
[INFO] [stderr]   Downloaded ckb-logger v0.100.0
[INFO] [stderr]   Downloaded symbolic-common v8.7.0
[INFO] [stderr]   Downloaded symbolic-demangle v8.7.0
[INFO] [stderr]   Downloaded ckb-fixed-hash-core v0.100.0
[INFO] [stderr]   Downloaded ckb-fixed-hash-macros v0.100.0
[INFO] [stderr]   Downloaded ckb-occupied-capacity-core v0.100.0
[INFO] [stderr]   Downloaded ckb-fixed-hash v0.100.0
[INFO] [stderr]   Downloaded ckb-hash v0.100.0
[INFO] [stderr]   Downloaded ckb-types v0.100.0
[INFO] [stderr]   Downloaded ckb-occupied-capacity v0.100.0
[INFO] [stderr]   Downloaded ckb-occupied-capacity-macros v0.100.0
[INFO] [stderr]   Downloaded ckb-rational v0.100.0
[INFO] [stderr]   Downloaded ckb-pow v0.100.0
[INFO] [stderr]   Downloaded rdkafka v0.25.0
[INFO] [stderr]   Downloaded ckb-rocksdb v0.16.1
[INFO] [stderr]   Downloaded async-jsonrpc-client v0.3.0
[INFO] [stderr]   Downloaded tentacle v0.4.0-beta.4
[INFO] [stderr]   Downloaded tentacle-secio v0.5.4
[INFO] [stderr]   Downloaded ckb-script v0.100.0
[INFO] [stderr]   Downloaded ckb-vm v0.20.0-rc5
[INFO] [stderr]   Downloaded rdkafka-sys v3.0.0+1.6.0
[INFO] [stderr]   Downloaded ckb-librocksdb-sys v6.20.4
[INFO] [stderr]   Downloaded ckb-system-scripts v0.5.3
[INFO] running `Command { std: "docker" "create" "-v" "/var/lib/crater-agent-workspace/builds/worker-0-tc1/target:/opt/rustwide/target:rw,Z" "-v" "/var/lib/crater-agent-workspace/builds/worker-0-tc1/source:/opt/rustwide/workdir:ro,Z" "-v" "/var/lib/crater-agent-workspace/cargo-home:/opt/rustwide/cargo-home:ro,Z" "-v" "/var/lib/crater-agent-workspace/rustup-home:/opt/rustwide/rustup-home:ro,Z" "-e" "SOURCE_DIR=/opt/rustwide/workdir" "-e" "CARGO_TARGET_DIR=/opt/rustwide/target" "-e" "CARGO_HOME=/opt/rustwide/cargo-home" "-e" "RUSTUP_HOME=/opt/rustwide/rustup-home" "-w" "/opt/rustwide/workdir" "-m" "1610612736" "--user" "0:0" "--network" "none" "ghcr.io/rust-lang/crates-build-env/linux@sha256:5ff2268d62e97bff2cde7d5815dd6ed5b47097566f13b8d0ca110b04b60e07ed" "/opt/rustwide/cargo-home/bin/cargo" "+1.69.0" "metadata" "--no-deps" "--format-version=1", kill_on_drop: false }`
[INFO] [stdout] d7f93a7d385d036a0af370aa615e2ffb410c528ce86401d88e3b0284610d3b42
[INFO] running `Command { std: "docker" "start" "-a" "d7f93a7d385d036a0af370aa615e2ffb410c528ce86401d88e3b0284610d3b42", kill_on_drop: false }`
[INFO] running `Command { std: "docker" "inspect" "d7f93a7d385d036a0af370aa615e2ffb410c528ce86401d88e3b0284610d3b42", kill_on_drop: false }`
[INFO] running `Command { std: "docker" "rm" "-f" "d7f93a7d385d036a0af370aa615e2ffb410c528ce86401d88e3b0284610d3b42", kill_on_drop: false }`
[INFO] [stdout] d7f93a7d385d036a0af370aa615e2ffb410c528ce86401d88e3b0284610d3b42
[INFO] running `Command { std: "docker" "create" "-v" "/var/lib/crater-agent-workspace/builds/worker-0-tc1/target:/opt/rustwide/target:rw,Z" "-v" "/var/lib/crater-agent-workspace/builds/worker-0-tc1/source:/opt/rustwide/workdir:ro,Z" "-v" "/var/lib/crater-agent-workspace/cargo-home:/opt/rustwide/cargo-home:ro,Z" "-v" "/var/lib/crater-agent-workspace/rustup-home:/opt/rustwide/rustup-home:ro,Z" "-e" "SOURCE_DIR=/opt/rustwide/workdir" "-e" "CARGO_TARGET_DIR=/opt/rustwide/target" "-e" "CARGO_INCREMENTAL=0" "-e" "RUST_BACKTRACE=full" "-e" "RUSTFLAGS=--cap-lints=warn" "-e" "RUSTDOCFLAGS=--cap-lints=warn" "-e" "CARGO_HOME=/opt/rustwide/cargo-home" "-e" "RUSTUP_HOME=/opt/rustwide/rustup-home" "-w" "/opt/rustwide/workdir" "-m" "1610612736" "--user" "0:0" "--network" "none" "ghcr.io/rust-lang/crates-build-env/linux@sha256:5ff2268d62e97bff2cde7d5815dd6ed5b47097566f13b8d0ca110b04b60e07ed" "/opt/rustwide/cargo-home/bin/cargo" "+1.69.0" "doc" "--frozen" "--no-deps" "--document-private-items" "--message-format=json", kill_on_drop: false }`
[INFO] [stdout] 73284defb493b014126b2d4c75ce1457026a77cba01c1d4bf2c427408fc19be9
[INFO] running `Command { std: "docker" "start" "-a" "73284defb493b014126b2d4c75ce1457026a77cba01c1d4bf2c427408fc19be9", kill_on_drop: false }`
[INFO] [stderr]    Compiling libc v0.2.121
[INFO] [stderr]    Compiling proc-macro2 v1.0.36
[INFO] [stderr]    Compiling unicode-xid v0.2.2
[INFO] [stderr]    Compiling syn v1.0.90
[INFO] [stderr]    Compiling autocfg v1.1.0
[INFO] [stderr]    Compiling serde_derive v1.0.136
[INFO] [stderr]    Compiling serde v1.0.136
[INFO] [stderr]     Checking cfg-if v1.0.0
[INFO] [stderr]    Compiling memchr v2.4.1
[INFO] [stderr]    Compiling log v0.4.16
[INFO] [stderr]    Compiling version_check v0.9.4
[INFO] [stderr]     Checking lazy_static v1.4.0
[INFO] [stderr]     Checking once_cell v1.10.0
[INFO] [stderr]    Compiling futures-core v0.3.21
[INFO] [stderr]     Checking ppv-lite86 v0.2.16
[INFO] [stderr]     Checking scopeguard v1.1.0
[INFO] [stderr]    Compiling getrandom v0.1.16
[INFO] [stderr]    Compiling parking_lot_core v0.9.2
[INFO] [stderr]     Checking pin-project-lite v0.2.8
[INFO] [stderr]     Checking smallvec v1.8.0
[INFO] [stderr]    Compiling futures-task v0.3.21
[INFO] [stderr]     Checking itoa v1.0.1
[INFO] [stderr]    Compiling crossbeam-utils v0.8.8
[INFO] [stderr]    Compiling lock_api v0.4.7
[INFO] [stderr]    Compiling futures-channel v0.3.21
[INFO] [stderr]    Compiling anyhow v1.0.56
[INFO] [stderr]    Compiling futures-util v0.3.21
[INFO] [stderr]     Checking futures-sink v0.3.21
[INFO] [stderr]     Checking slab v0.4.5
[INFO] [stderr]    Compiling ahash v0.7.6
[INFO] [stderr]    Compiling typenum v1.15.0
[INFO] [stderr]    Compiling pkg-config v0.3.25
[INFO] [stderr]     Checking futures-io v0.3.21
[INFO] [stderr]    Compiling serde_json v1.0.79
[INFO] [stderr]     Checking pin-utils v0.1.0
[INFO] [stderr]     Checking byteorder v1.4.3
[INFO] [stderr]    Compiling indexmap v1.8.1
[INFO] [stderr]     Checking ryu v1.0.9
[INFO] [stderr]     Checking bitflags v1.3.2
[INFO] [stderr]    Compiling faster-hex v0.6.1
[INFO] [stderr]    Compiling heapsize v0.4.2
[INFO] [stderr]    Compiling generic-array v0.14.5
[INFO] [stderr]     Checking percent-encoding v2.1.0
[INFO] [stderr]     Checking tracing-core v0.1.24
[INFO] [stderr]    Compiling quote v1.0.17
[INFO] [stderr]    Compiling convert_case v0.4.0
[INFO] [stderr]     Checking tinyvec_macros v0.1.0
[INFO] [stderr]     Checking crossbeam-channel v0.5.4
[INFO] [stderr]    Compiling openssl v0.10.38
[INFO] [stderr]     Checking hex v0.4.3
[INFO] [stderr]     Checking tinyvec v1.5.1
[INFO] [stderr]     Checking matches v0.1.9
[INFO] [stderr]     Checking unicode-bidi v0.3.7
[INFO] [stderr]     Checking fnv v1.0.7
[INFO] [stderr]     Checking form_urlencoded v1.0.1
[INFO] [stderr]    Compiling num-traits v0.2.14
[INFO] [stderr]    Compiling httparse v1.6.0
[INFO] [stderr]    Compiling native-tls v0.2.10
[INFO] [stderr]    Compiling miniz_oxide v0.4.4
[INFO] [stderr]     Checking merkle-cbt v0.3.2
[INFO] [stderr]     Checking ckb-channel v0.100.0
[INFO] [stderr]     Checking foreign-types-shared v0.1.1
[INFO] [stderr]    Compiling radium v0.6.2
[INFO] [stderr]     Checking bit-vec v0.5.1
[INFO] [stderr]    Compiling crunchy v0.2.2
[INFO] [stderr]     Checking arrayvec v0.7.2
[INFO] [stderr]     Checking getrandom v0.2.6
[INFO] [stderr]     Checking num_cpus v1.13.1
[INFO] [stderr]     Checking socket2 v0.4.4
[INFO] [stderr]     Checking signal-hook-registry v1.4.0
[INFO] [stderr]     Checking mio v0.8.2
[INFO] [stderr]     Checking rand_core v0.6.3
[INFO] [stderr]    Compiling jobserver v0.1.24
[INFO] [stderr]     Checking parking_lot v0.12.0
[INFO] [stderr]     Checking rand_core v0.5.1
[INFO] [stderr]     Checking foreign-types v0.3.2
[INFO] [stderr]     Checking rand_chacha v0.3.1
[INFO] [stderr]     Checking rustc-hex v2.1.0
[INFO] [stderr]     Checking rand_chacha v0.2.2
[INFO] [stderr]     Checking rand_pcg v0.2.1
[INFO] [stderr]    Compiling cc v1.0.73
[INFO] [stderr]     Checking hashbrown v0.11.2
[INFO] [stderr]     Checking unicode-normalization v0.1.19
[INFO] [stderr]    Compiling aho-corasick v0.7.18
[INFO] [stderr]     Checking tower-service v0.3.1
[INFO] [stderr]     Checking funty v1.1.0
[INFO] [stderr]     Checking tap v1.0.1
[INFO] [stderr]     Checking wyz v0.2.0
[INFO] [stderr]     Checking rand v0.8.5
[INFO] [stderr]     Checking rand v0.7.3
[INFO] [stderr]     Checking cfg-if v0.1.10
[INFO] [stderr]     Checking static_assertions v1.1.0
[INFO] [stderr]     Checking try-lock v0.2.3
[INFO] [stderr]    Compiling regex-syntax v0.6.25
[INFO] [stderr]    Compiling either v1.6.1
[INFO] [stderr]     Checking byte-slice-cast v1.2.1
[INFO] [stderr]     Checking httpdate v1.0.2
[INFO] [stderr]     Checking want v0.3.0
[INFO] [stderr]    Compiling openssl-src v111.18.0+1.1.1n
[INFO] [stderr]    Compiling crc32fast v1.3.2
[INFO] [stderr]     Checking base64 v0.13.0
[INFO] [stderr]     Checking openssl-probe v0.1.5
[INFO] [stderr]     Checking bitvec v0.20.4
[INFO] [stderr]     Checking uint v0.9.3
[INFO] [stderr]    Compiling minimal-lexical v0.2.1
[INFO] [stderr]    Compiling itertools v0.10.3
[INFO] [stderr]     Checking idna v0.2.3
[INFO] [stderr]     Checking fixed-hash v0.7.0
[INFO] [stderr]    Compiling num-integer v0.1.44
[INFO] [stderr]    Compiling gw-types v0.1.0 (https://github.com/nervosnetwork/godwoken.git?rev=91c324544424292b4d715ce376d31bc45aa3cb5d#91c32454)
[INFO] [stderr]    Compiling nom v7.1.1
[INFO] [stderr]    Compiling siphasher v0.3.10
[INFO] [stderr]    Compiling encoding_rs v0.8.30
[INFO] [stderr]     Checking blake2b-ref v0.2.1
[INFO] [stderr]    Compiling glob v0.3.0
[INFO] [stderr]    Compiling blake2b-rs v0.1.5
[INFO] [stderr]    Compiling openssl-sys v0.9.72
[INFO] [stderr]    Compiling async-trait v0.1.53
[INFO] [stderr] error: failed to run custom build command for `gw-types v0.1.0 (https://github.com/nervosnetwork/godwoken.git?rev=91c324544424292b4d715ce376d31bc45aa3cb5d#91c32454)`
[INFO] [stderr] note: To improve backtraces for build dependencies, set the CARGO_PROFILE_DEV_BUILD_OVERRIDE_DEBUG=true environment variable to enable debug information generation.
[INFO] [stderr] 
[INFO] [stderr] Caused by:
[INFO] [stderr]   process didn't exit successfully: `/opt/rustwide/target/debug/build/gw-types-1230f2eaa71de7d9/build-script-build` (exit status: 101)
[INFO] [stderr]   --- stderr
[INFO] [stderr]   thread 'main' panicked at 'failed to execute process: Os { code: 2, kind: NotFound, message: "No such file or directory" }', /opt/rustwide/cargo-home/git/checkouts/godwoken-4851f48c4bb39c56/91c3245/crates/types/build.rs:14:14
[INFO] [stderr]   stack backtrace:
[INFO] [stderr]      0:     0x557eb27e3cba - std::backtrace_rs::backtrace::libunwind::trace::ha9053a9a07ca49cb
[INFO] [stderr]                                  at /rustc/84c898d65adf2f39a5a98507f1fe0ce10a2b8dbc/library/std/src/../../backtrace/src/backtrace/libunwind.rs:93:5
[INFO] [stderr]      1:     0x557eb27e3cba - std::backtrace_rs::backtrace::trace_unsynchronized::h9c2852a457ad564e
[INFO] [stderr]                                  at /rustc/84c898d65adf2f39a5a98507f1fe0ce10a2b8dbc/library/std/src/../../backtrace/src/backtrace/mod.rs:66:5
[INFO] [stderr]      2:     0x557eb27e3cba - std::sys_common::backtrace::_print_fmt::h457936fbfaa0070f
[INFO] [stderr]                                  at /rustc/84c898d65adf2f39a5a98507f1fe0ce10a2b8dbc/library/std/src/sys_common/backtrace.rs:65:5
[INFO] [stderr]      3:     0x557eb27e3cba - <std::sys_common::backtrace::_print::DisplayBacktrace as core::fmt::Display>::fmt::h5779d7bf7f70cb0c
[INFO] [stderr]                                  at /rustc/84c898d65adf2f39a5a98507f1fe0ce10a2b8dbc/library/std/src/sys_common/backtrace.rs:44:22
[INFO] [stderr]      4:     0x557eb28011ee - core::fmt::write::h5a4baaff1bcd3eb5
[INFO] [stderr]                                  at /rustc/84c898d65adf2f39a5a98507f1fe0ce10a2b8dbc/library/core/src/fmt/mod.rs:1232:17
[INFO] [stderr]      5:     0x557eb27e1985 - std::io::Write::write_fmt::h4bc1f301cb9e9cce
[INFO] [stderr]                                  at /rustc/84c898d65adf2f39a5a98507f1fe0ce10a2b8dbc/library/std/src/io/mod.rs:1684:15
[INFO] [stderr]      6:     0x557eb27e3a85 - std::sys_common::backtrace::_print::h5fcdc36060f177e8
[INFO] [stderr]                                  at /rustc/84c898d65adf2f39a5a98507f1fe0ce10a2b8dbc/library/std/src/sys_common/backtrace.rs:47:5
[INFO] [stderr]      7:     0x557eb27e3a85 - std::sys_common::backtrace::print::h54ca9458b876c8bf
[INFO] [stderr]                                  at /rustc/84c898d65adf2f39a5a98507f1fe0ce10a2b8dbc/library/std/src/sys_common/backtrace.rs:34:9
[INFO] [stderr]      8:     0x557eb27e50df - std::panicking::default_hook::{{closure}}::hbe471161c7664ed6
[INFO] [stderr]                                  at /rustc/84c898d65adf2f39a5a98507f1fe0ce10a2b8dbc/library/std/src/panicking.rs:271:22
[INFO] [stderr]      9:     0x557eb27e4e1b - std::panicking::default_hook::ha3500da57aa4ac4f
[INFO] [stderr]                                  at /rustc/84c898d65adf2f39a5a98507f1fe0ce10a2b8dbc/library/std/src/panicking.rs:290:9
[INFO] [stderr]     10:     0x557eb27e5688 - std::panicking::rust_panic_with_hook::h50c09d000dc561d2
[INFO] [stderr]                                  at /rustc/84c898d65adf2f39a5a98507f1fe0ce10a2b8dbc/library/std/src/panicking.rs:692:13
[INFO] [stderr]     11:     0x557eb27e5589 - std::panicking::begin_panic_handler::{{closure}}::h9e2b2176e00e0d9c
[INFO] [stderr]                                  at /rustc/84c898d65adf2f39a5a98507f1fe0ce10a2b8dbc/library/std/src/panicking.rs:583:13
[INFO] [stderr]     12:     0x557eb27e4126 - std::sys_common::backtrace::__rust_end_short_backtrace::h5739b8e512c09d02
[INFO] [stderr]                                  at /rustc/84c898d65adf2f39a5a98507f1fe0ce10a2b8dbc/library/std/src/sys_common/backtrace.rs:150:18
[INFO] [stderr]     13:     0x557eb27e5292 - rust_begin_unwind
[INFO] [stderr]                                  at /rustc/84c898d65adf2f39a5a98507f1fe0ce10a2b8dbc/library/std/src/panicking.rs:579:5
[INFO] [stderr]     14:     0x557eb27c0333 - core::panicking::panic_fmt::hf33a1475b4dc5c3e
[INFO] [stderr]                                  at /rustc/84c898d65adf2f39a5a98507f1fe0ce10a2b8dbc/library/core/src/panicking.rs:64:14
[INFO] [stderr]     15:     0x557eb27c0723 - core::result::unwrap_failed::hdff5465d74574b44
[INFO] [stderr]                                  at /rustc/84c898d65adf2f39a5a98507f1fe0ce10a2b8dbc/library/core/src/result.rs:1750:5
[INFO] [stderr]     16:     0x557eb27c3248 - core::result::Result<T,E>::expect::he1565493502ca649
[INFO] [stderr]     17:     0x557eb27c6631 - build_script_build::build::check_molecule_version::h6de40e76a159c9b4
[INFO] [stderr]     18:     0x557eb27c3db6 - build_script_build::main::h5186b7c5f288ed12
[INFO] [stderr]     19:     0x557eb27c2093 - core::ops::function::FnOnce::call_once::h6280e4b020d9e5bc
[INFO] [stderr]     20:     0x557eb27c6429 - std::sys_common::backtrace::__rust_begin_short_backtrace::he1148a8c6dc33c40
[INFO] [stderr]     21:     0x557eb27c2f29 - std::rt::lang_start::{{closure}}::h257d546fc360651f
[INFO] [stderr]     22:     0x557eb27ded3c - core::ops::function::impls::<impl core::ops::function::FnOnce<A> for &F>::call_once::hd6efcd3bec896f2c
[INFO] [stderr]                                  at /rustc/84c898d65adf2f39a5a98507f1fe0ce10a2b8dbc/library/core/src/ops/function.rs:287:13
[INFO] [stderr]     23:     0x557eb27ded3c - std::panicking::try::do_call::hce04e543bb1f4cbb
[INFO] [stderr]                                  at /rustc/84c898d65adf2f39a5a98507f1fe0ce10a2b8dbc/library/std/src/panicking.rs:487:40
[INFO] [stderr]     24:     0x557eb27ded3c - std::panicking::try::h3342dd4e1f680968
[INFO] [stderr]                                  at /rustc/84c898d65adf2f39a5a98507f1fe0ce10a2b8dbc/library/std/src/panicking.rs:451:19
[INFO] [stderr]     25:     0x557eb27ded3c - std::panic::catch_unwind::h148ce1e59ac0cee7
[INFO] [stderr]                                  at /rustc/84c898d65adf2f39a5a98507f1fe0ce10a2b8dbc/library/std/src/panic.rs:140:14
[INFO] [stderr]     26:     0x557eb27ded3c - std::rt::lang_start_internal::{{closure}}::h25f9dda2057a67fe
[INFO] [stderr]                                  at /rustc/84c898d65adf2f39a5a98507f1fe0ce10a2b8dbc/library/std/src/rt.rs:148:48
[INFO] [stderr]     27:     0x557eb27ded3c - std::panicking::try::do_call::h7caaaeaf9401650b
[INFO] [stderr]                                  at /rustc/84c898d65adf2f39a5a98507f1fe0ce10a2b8dbc/library/std/src/panicking.rs:487:40
[INFO] [stderr]     28:     0x557eb27ded3c - std::panicking::try::he7d15285746cbbc2
[INFO] [stderr]                                  at /rustc/84c898d65adf2f39a5a98507f1fe0ce10a2b8dbc/library/std/src/panicking.rs:451:19
[INFO] [stderr]     29:     0x557eb27ded3c - std::panic::catch_unwind::h89fb4f50c0301fe0
[INFO] [stderr]                                  at /rustc/84c898d65adf2f39a5a98507f1fe0ce10a2b8dbc/library/std/src/panic.rs:140:14
[INFO] [stderr]     30:     0x557eb27ded3c - std::rt::lang_start_internal::h078acd489417d3c1
[INFO] [stderr]                                  at /rustc/84c898d65adf2f39a5a98507f1fe0ce10a2b8dbc/library/std/src/rt.rs:148:20
[INFO] [stderr]     31:     0x557eb27c2f07 - std::rt::lang_start::ha5e7be6359cd5f58
[INFO] [stderr]     32:     0x557eb27c3de5 - main
[INFO] [stderr]     33:     0x7fb360cdfd90 - <unknown>
[INFO] [stderr]     34:     0x7fb360cdfe40 - __libc_start_main
[INFO] [stderr]     35:     0x557eb27c0865 - _start
[INFO] [stderr]     36:                0x0 - <unknown>
[INFO] [stderr] warning: build failed, waiting for other jobs to finish...
[INFO] [stdout] error[E0793]: reference to packed field is unaligned
[INFO] [stdout]    --> /opt/rustwide/cargo-home/registry/src/github.com-1ecc6299db9ec823/blake2b-ref-0.2.1/src/blake2b_ref.rs:408:9
[INFO] [stdout]     |
[INFO] [stdout] 408 |         &mut (*P.as_mut_ptr()).leaf_length as *mut uint32_t as *mut libc::c_void,
[INFO] [stdout]     |         ^^^^^^^^^^^^^^^^^^^^^^^^^^^^^^^^^^
[INFO] [stdout]     |
[INFO] [stdout]     = note: fields of packed structs are not properly aligned, and creating a misaligned reference is undefined behavior (even if that reference is never dereferenced)
[INFO] [stdout]     = help: copy the field contents to a local variable, or replace the reference with a raw pointer and use `read_unaligned`/`write_unaligned` (loads and stores via `*p` must be properly aligned even when using raw pointers)
[INFO] [stdout] 
[INFO] [stdout] 
[INFO] [stdout] error[E0793]: reference to packed field is unaligned
[INFO] [stdout]    --> /opt/rustwide/cargo-home/registry/src/github.com-1ecc6299db9ec823/blake2b-ref-0.2.1/src/blake2b_ref.rs:412:9
[INFO] [stdout]     |
[INFO] [stdout] 412 |         &mut (*P.as_mut_ptr()).node_offset as *mut uint32_t as *mut libc::c_void,
[INFO] [stdout]     |         ^^^^^^^^^^^^^^^^^^^^^^^^^^^^^^^^^^
[INFO] [stdout]     |
[INFO] [stdout]     = note: fields of packed structs are not properly aligned, and creating a misaligned reference is undefined behavior (even if that reference is never dereferenced)
[INFO] [stdout]     = help: copy the field contents to a local variable, or replace the reference with a raw pointer and use `read_unaligned`/`write_unaligned` (loads and stores via `*p` must be properly aligned even when using raw pointers)
[INFO] [stdout] 
[INFO] [stdout] 
[INFO] [stdout] error[E0793]: reference to packed field is unaligned
[INFO] [stdout]    --> /opt/rustwide/cargo-home/registry/src/github.com-1ecc6299db9ec823/blake2b-ref-0.2.1/src/blake2b_ref.rs:416:9
[INFO] [stdout]     |
[INFO] [stdout] 416 |         &mut (*P.as_mut_ptr()).xof_length as *mut uint32_t as *mut libc::c_void,
[INFO] [stdout]     |         ^^^^^^^^^^^^^^^^^^^^^^^^^^^^^^^^^
[INFO] [stdout]     |
[INFO] [stdout]     = note: fields of packed structs are not properly aligned, and creating a misaligned reference is undefined behavior (even if that reference is never dereferenced)
[INFO] [stdout]     = help: copy the field contents to a local variable, or replace the reference with a raw pointer and use `read_unaligned`/`write_unaligned` (loads and stores via `*p` must be properly aligned even when using raw pointers)
[INFO] [stdout] 
[INFO] [stdout] 
[INFO] [stdout] error[E0793]: reference to packed field is unaligned
[INFO] [stdout]    --> /opt/rustwide/cargo-home/registry/src/github.com-1ecc6299db9ec823/blake2b-ref-0.2.1/src/blake2b_ref.rs:464:9
[INFO] [stdout]     |
[INFO] [stdout] 464 |         &mut (*P.as_mut_ptr()).leaf_length as *mut uint32_t as *mut libc::c_void,
[INFO] [stdout]     |         ^^^^^^^^^^^^^^^^^^^^^^^^^^^^^^^^^^
[INFO] [stdout]     |
[INFO] [stdout]     = note: fields of packed structs are not properly aligned, and creating a misaligned reference is undefined behavior (even if that reference is never dereferenced)
[INFO] [stdout]     = help: copy the field contents to a local variable, or replace the reference with a raw pointer and use `read_unaligned`/`write_unaligned` (loads and stores via `*p` must be properly aligned even when using raw pointers)
[INFO] [stdout] 
[INFO] [stdout] 
[INFO] [stdout] error[E0793]: reference to packed field is unaligned
[INFO] [stdout]    --> /opt/rustwide/cargo-home/registry/src/github.com-1ecc6299db9ec823/blake2b-ref-0.2.1/src/blake2b_ref.rs:468:9
[INFO] [stdout]     |
[INFO] [stdout] 468 |         &mut (*P.as_mut_ptr()).node_offset as *mut uint32_t as *mut libc::c_void,
[INFO] [stdout]     |         ^^^^^^^^^^^^^^^^^^^^^^^^^^^^^^^^^^
[INFO] [stdout]     |
[INFO] [stdout]     = note: fields of packed structs are not properly aligned, and creating a misaligned reference is undefined behavior (even if that reference is never dereferenced)
[INFO] [stdout]     = help: copy the field contents to a local variable, or replace the reference with a raw pointer and use `read_unaligned`/`write_unaligned` (loads and stores via `*p` must be properly aligned even when using raw pointers)
[INFO] [stdout] 
[INFO] [stdout] 
[INFO] [stdout] error[E0793]: reference to packed field is unaligned
[INFO] [stdout]    --> /opt/rustwide/cargo-home/registry/src/github.com-1ecc6299db9ec823/blake2b-ref-0.2.1/src/blake2b_ref.rs:472:9
[INFO] [stdout]     |
[INFO] [stdout] 472 |         &mut (*P.as_mut_ptr()).xof_length as *mut uint32_t as *mut libc::c_void,
[INFO] [stdout]     |         ^^^^^^^^^^^^^^^^^^^^^^^^^^^^^^^^^
[INFO] [stdout]     |
[INFO] [stdout]     = note: fields of packed structs are not properly aligned, and creating a misaligned reference is undefined behavior (even if that reference is never dereferenced)
[INFO] [stdout]     = help: copy the field contents to a local variable, or replace the reference with a raw pointer and use `read_unaligned`/`write_unaligned` (loads and stores via `*p` must be properly aligned even when using raw pointers)
[INFO] [stdout] 
[INFO] [stdout] 
[INFO] [stdout] error: aborting due to 6 previous errors
[INFO] [stdout] 
[INFO] [stdout] 
[INFO] [stdout] For more information about this error, try `rustc --explain E0793`.
[INFO] [stdout] 
[INFO] [stderr] error: could not compile `blake2b-ref` due to 7 previous errors
[INFO] running `Command { std: "docker" "inspect" "73284defb493b014126b2d4c75ce1457026a77cba01c1d4bf2c427408fc19be9", kill_on_drop: false }`
[INFO] running `Command { std: "docker" "rm" "-f" "73284defb493b014126b2d4c75ce1457026a77cba01c1d4bf2c427408fc19be9", kill_on_drop: false }`
[INFO] [stdout] 73284defb493b014126b2d4c75ce1457026a77cba01c1d4bf2c427408fc19be9
