[INFO] cloning repository https://github.com/neri/uefi-rs-hello
[INFO] running `Command { std: "git" "-c" "credential.helper=" "-c" "credential.helper=/workspace/cargo-home/bin/git-credential-null" "clone" "--bare" "https://github.com/neri/uefi-rs-hello" "/workspace/cache/git-repos/https%3A%2F%2Fgithub.com%2Fneri%2Fuefi-rs-hello", kill_on_drop: false }`
[INFO] [stderr] Cloning into bare repository '/workspace/cache/git-repos/https%3A%2F%2Fgithub.com%2Fneri%2Fuefi-rs-hello'...
[INFO] running `Command { std: "git" "rev-parse" "HEAD", kill_on_drop: false }`
[INFO] [stdout] 3c7c545d292a38233e19e2ddedd4f6fd54b68ab1
[INFO] documenting neri/uefi-rs-hello against 1.69.0 for beta-1.70-rustdoc-1
[INFO] running `Command { std: "git" "clone" "/workspace/cache/git-repos/https%3A%2F%2Fgithub.com%2Fneri%2Fuefi-rs-hello" "/workspace/builds/worker-6-tc1/source", kill_on_drop: false }`
[INFO] [stderr] Cloning into '/workspace/builds/worker-6-tc1/source'...
[INFO] [stderr] done.
[INFO] validating manifest of git repo https://github.com/neri/uefi-rs-hello on toolchain 1.69.0
[INFO] running `Command { std: CARGO_HOME="/workspace/cargo-home" RUSTUP_HOME="/workspace/rustup-home" "/workspace/cargo-home/bin/cargo" "+1.69.0" "metadata" "--manifest-path" "Cargo.toml" "--no-deps", kill_on_drop: false }`
[INFO] removed /workspace/builds/worker-6-tc1/source/.cargo/config.toml
[INFO] removed /workspace/builds/worker-6-tc1/source/rust-toolchain
[INFO] started tweaking git repo https://github.com/neri/uefi-rs-hello
[INFO] finished tweaking git repo https://github.com/neri/uefi-rs-hello
[INFO] tweaked toml for git repo https://github.com/neri/uefi-rs-hello written to /workspace/builds/worker-6-tc1/source/Cargo.toml
[INFO] crate git repo https://github.com/neri/uefi-rs-hello already has a lockfile, it will not be regenerated
[INFO] running `Command { std: CARGO_HOME="/workspace/cargo-home" RUSTUP_HOME="/workspace/rustup-home" "/workspace/cargo-home/bin/cargo" "+1.69.0" "fetch" "--manifest-path" "Cargo.toml", kill_on_drop: false }`
[INFO] [stderr]     Updating git repository `https://github.com/rust-osdev/uefi-rs.git`
[INFO] [stderr]  Downloading crates ...
[INFO] [stderr]   Downloaded uefi-macros v0.3.3
[INFO] running `Command { std: "docker" "create" "-v" "/var/lib/crater-agent-workspace/builds/worker-6-tc1/target:/opt/rustwide/target:rw,Z" "-v" "/var/lib/crater-agent-workspace/builds/worker-6-tc1/source:/opt/rustwide/workdir:ro,Z" "-v" "/var/lib/crater-agent-workspace/cargo-home:/opt/rustwide/cargo-home:ro,Z" "-v" "/var/lib/crater-agent-workspace/rustup-home:/opt/rustwide/rustup-home:ro,Z" "-e" "SOURCE_DIR=/opt/rustwide/workdir" "-e" "CARGO_TARGET_DIR=/opt/rustwide/target" "-e" "CARGO_HOME=/opt/rustwide/cargo-home" "-e" "RUSTUP_HOME=/opt/rustwide/rustup-home" "-w" "/opt/rustwide/workdir" "-m" "1610612736" "--user" "0:0" "--network" "none" "ghcr.io/rust-lang/crates-build-env/linux@sha256:5ff2268d62e97bff2cde7d5815dd6ed5b47097566f13b8d0ca110b04b60e07ed" "/opt/rustwide/cargo-home/bin/cargo" "+1.69.0" "metadata" "--no-deps" "--format-version=1", kill_on_drop: false }`
[INFO] [stdout] 4072b13ec7059dc40d05f856ee09781e02cc2eb24301b22ac55995baa317f20e
[INFO] running `Command { std: "docker" "start" "-a" "4072b13ec7059dc40d05f856ee09781e02cc2eb24301b22ac55995baa317f20e", kill_on_drop: false }`
[INFO] running `Command { std: "docker" "inspect" "4072b13ec7059dc40d05f856ee09781e02cc2eb24301b22ac55995baa317f20e", kill_on_drop: false }`
[INFO] running `Command { std: "docker" "rm" "-f" "4072b13ec7059dc40d05f856ee09781e02cc2eb24301b22ac55995baa317f20e", kill_on_drop: false }`
[INFO] [stdout] 4072b13ec7059dc40d05f856ee09781e02cc2eb24301b22ac55995baa317f20e
[INFO] running `Command { std: "docker" "create" "-v" "/var/lib/crater-agent-workspace/builds/worker-6-tc1/target:/opt/rustwide/target:rw,Z" "-v" "/var/lib/crater-agent-workspace/builds/worker-6-tc1/source:/opt/rustwide/workdir:ro,Z" "-v" "/var/lib/crater-agent-workspace/cargo-home:/opt/rustwide/cargo-home:ro,Z" "-v" "/var/lib/crater-agent-workspace/rustup-home:/opt/rustwide/rustup-home:ro,Z" "-e" "SOURCE_DIR=/opt/rustwide/workdir" "-e" "CARGO_TARGET_DIR=/opt/rustwide/target" "-e" "CARGO_INCREMENTAL=0" "-e" "RUST_BACKTRACE=full" "-e" "RUSTFLAGS=--cap-lints=warn" "-e" "RUSTDOCFLAGS=--cap-lints=warn" "-e" "CARGO_HOME=/opt/rustwide/cargo-home" "-e" "RUSTUP_HOME=/opt/rustwide/rustup-home" "-w" "/opt/rustwide/workdir" "-m" "1610612736" "--user" "0:0" "--network" "none" "ghcr.io/rust-lang/crates-build-env/linux@sha256:5ff2268d62e97bff2cde7d5815dd6ed5b47097566f13b8d0ca110b04b60e07ed" "/opt/rustwide/cargo-home/bin/cargo" "+1.69.0" "doc" "--frozen" "--no-deps" "--document-private-items" "--message-format=json", kill_on_drop: false }`
[INFO] [stdout] aab0e62e4929286c05cea4f64e8ffd5a9bf7dd2c65e946476f0c5aa469bdbdb6
[INFO] running `Command { std: "docker" "start" "-a" "aab0e62e4929286c05cea4f64e8ffd5a9bf7dd2c65e946476f0c5aa469bdbdb6", kill_on_drop: false }`
[INFO] [stderr]    Compiling proc-macro2 v1.0.24
[INFO] [stderr]    Compiling unicode-xid v0.2.1
[INFO] [stderr]    Compiling syn v1.0.54
[INFO] [stderr]    Compiling bitflags v1.2.1
[INFO] [stderr]    Compiling log v0.4.11
[INFO] [stderr]     Checking bit_field v0.10.1
[INFO] [stderr]     Checking cfg-if v0.1.10
[INFO] [stderr]     Checking ucs2 v0.3.2
[INFO] [stderr]    Compiling quote v1.0.7
[INFO] [stderr]    Compiling uefi-macros v0.3.3
[INFO] [stderr]     Checking uefi v0.7.0 (https://github.com/rust-osdev/uefi-rs.git#1d89f9f7)
[INFO] [stdout] error[E0557]: feature has been removed
[INFO] [stdout]   --> /opt/rustwide/cargo-home/git/checkouts/uefi-rs-f0a06b7c1e31b7b0/1d89f9f/src/lib.rs:31:12
[INFO] [stdout]    |
[INFO] [stdout] 31 | #![feature(const_fn)]
[INFO] [stdout]    |            ^^^^^^^^ feature has been removed
[INFO] [stdout]    |
[INFO] [stdout]    = note: split into finer-grained feature gates
[INFO] [stdout] 
[INFO] [stdout] 
[INFO] [stdout] error[E0437]: type `Ok` is not a member of trait `ops::Try`
[INFO] [stdout]    --> /opt/rustwide/cargo-home/git/checkouts/uefi-rs-f0a06b7c1e31b7b0/1d89f9f/src/result/status.rs:175:5
[INFO] [stdout]     |
[INFO] [stdout] 175 |     type Ok = Completion<()>;
[INFO] [stdout]     |     ^^^^^^^^^^^^^^^^^^^^^^^^^ not a member of trait `ops::Try`
[INFO] [stdout] 
[INFO] [stdout] 
[INFO] [stdout] error[E0437]: type `Error` is not a member of trait `ops::Try`
[INFO] [stdout]    --> /opt/rustwide/cargo-home/git/checkouts/uefi-rs-f0a06b7c1e31b7b0/1d89f9f/src/result/status.rs:176:5
[INFO] [stdout]     |
[INFO] [stdout] 176 |     type Error = Error<()>;
[INFO] [stdout]     |     ^^^^^^^^^^^^^^^^^^^^^^^ not a member of trait `ops::Try`
[INFO] [stdout] 
[INFO] [stdout] 
[INFO] [stdout] error[E0407]: method `into_result` is not a member of trait `ops::Try`
[INFO] [stdout]    --> /opt/rustwide/cargo-home/git/checkouts/uefi-rs-f0a06b7c1e31b7b0/1d89f9f/src/result/status.rs:178:5
[INFO] [stdout]     |
[INFO] [stdout] 178 | /     fn into_result(self) -> Result<(), ()> {
[INFO] [stdout] 179 | |         self.into()
[INFO] [stdout] 180 | |     }
[INFO] [stdout]     | |_____^ not a member of trait `ops::Try`
[INFO] [stdout] 
[INFO] [stdout] 
[INFO] [stdout] error[E0407]: method `from_error` is not a member of trait `ops::Try`
[INFO] [stdout]    --> /opt/rustwide/cargo-home/git/checkouts/uefi-rs-f0a06b7c1e31b7b0/1d89f9f/src/result/status.rs:182:5
[INFO] [stdout]     |
[INFO] [stdout] 182 | /     fn from_error(error: Self::Error) -> Self {
[INFO] [stdout] 183 | |         error.status()
[INFO] [stdout] 184 | |     }
[INFO] [stdout]     | |_____^ not a member of trait `ops::Try`
[INFO] [stdout] 
[INFO] [stdout] 
[INFO] [stdout] error[E0407]: method `from_ok` is not a member of trait `ops::Try`
[INFO] [stdout]    --> /opt/rustwide/cargo-home/git/checkouts/uefi-rs-f0a06b7c1e31b7b0/1d89f9f/src/result/status.rs:186:5
[INFO] [stdout]     |
[INFO] [stdout] 186 | /     fn from_ok(ok: Self::Ok) -> Self {
[INFO] [stdout] 187 | |         ok.status()
[INFO] [stdout] 188 | |     }
[INFO] [stdout]     | |_____^ not a member of trait `ops::Try`
[INFO] [stdout] 
[INFO] [stdout] 
[INFO] [stdout] error[E0554]: `#![feature]` may not be used on the stable release channel
[INFO] [stdout]   --> /opt/rustwide/cargo-home/git/checkouts/uefi-rs-f0a06b7c1e31b7b0/1d89f9f/src/lib.rs:27:1
[INFO] [stdout]    |
[INFO] [stdout] 27 | #![feature(auto_traits)]
[INFO] [stdout]    | ^^^^^^^^^^^^^^^^^^^^^^^^
[INFO] [stdout] 
[INFO] [stdout] 
[INFO] [stdout] error[E0554]: `#![feature]` may not be used on the stable release channel
[INFO] [stdout]   --> /opt/rustwide/cargo-home/git/checkouts/uefi-rs-f0a06b7c1e31b7b0/1d89f9f/src/lib.rs:28:1
[INFO] [stdout]    |
[INFO] [stdout] 28 | #![feature(try_trait)]
[INFO] [stdout]    | ^^^^^^^^^^^^^^^^^^^^^^
[INFO] [stdout] 
[INFO] [stdout] 
[INFO] [stdout] error[E0554]: `#![feature]` may not be used on the stable release channel
[INFO] [stdout]   --> /opt/rustwide/cargo-home/git/checkouts/uefi-rs-f0a06b7c1e31b7b0/1d89f9f/src/lib.rs:29:1
[INFO] [stdout]    |
[INFO] [stdout] 29 | #![feature(abi_efiapi)]
[INFO] [stdout]    | ^^^^^^^^^^^^^^^^^^^^^^^ help: remove the attribute
[INFO] [stdout]    |
[INFO] [stdout]    = help: the feature `abi_efiapi` has been stable since `1.68.0` and no longer requires an attribute to enable
[INFO] [stdout] 
[INFO] [stdout] 
[INFO] [stdout] error[E0554]: `#![feature]` may not be used on the stable release channel
[INFO] [stdout]   --> /opt/rustwide/cargo-home/git/checkouts/uefi-rs-f0a06b7c1e31b7b0/1d89f9f/src/lib.rs:30:1
[INFO] [stdout]    |
[INFO] [stdout] 30 | #![feature(negative_impls)]
[INFO] [stdout]    | ^^^^^^^^^^^^^^^^^^^^^^^^^^^
[INFO] [stdout] 
[INFO] [stdout] 
[INFO] [stdout] error[E0554]: `#![feature]` may not be used on the stable release channel
[INFO] [stdout]   --> /opt/rustwide/cargo-home/git/checkouts/uefi-rs-f0a06b7c1e31b7b0/1d89f9f/src/lib.rs:31:1
[INFO] [stdout]    |
[INFO] [stdout] 31 | #![feature(const_fn)]
[INFO] [stdout]    | ^^^^^^^^^^^^^^^^^^^^^
[INFO] [stdout] 
[INFO] [stdout] 
[INFO] [stdout] error[E0554]: `#![feature]` may not be used on the stable release channel
[INFO] [stdout]   --> /opt/rustwide/cargo-home/git/checkouts/uefi-rs-f0a06b7c1e31b7b0/1d89f9f/src/lib.rs:32:1
[INFO] [stdout]    |
[INFO] [stdout] 32 | #![feature(const_panic)]
[INFO] [stdout]    | ^^^^^^^^^^^^^^^^^^^^^^^^ help: remove the attribute
[INFO] [stdout]    |
[INFO] [stdout]    = help: the feature `const_panic` has been stable since `1.57.0` and no longer requires an attribute to enable
[INFO] [stdout] 
[INFO] [stdout] 
[INFO] [stdout] error[E0658]: use of unstable library feature 'try_trait_v2'
[INFO] [stdout]    --> /opt/rustwide/cargo-home/git/checkouts/uefi-rs-f0a06b7c1e31b7b0/1d89f9f/src/result/status.rs:174:6
[INFO] [stdout]     |
[INFO] [stdout] 174 | impl ops::Try for Status {
[INFO] [stdout]     |      ^^^^^^^^
[INFO] [stdout]     |
[INFO] [stdout]     = note: see issue #84277 <https://github.com/rust-lang/rust/issues/84277> for more information
[INFO] [stdout] 
[INFO] [stdout] 
[INFO] [stdout] error[E0554]: `#![feature]` may not be used on the stable release channel
[INFO] [stdout]   --> /opt/rustwide/cargo-home/git/checkouts/uefi-rs-f0a06b7c1e31b7b0/1d89f9f/src/lib.rs:28:12
[INFO] [stdout]    |
[INFO] [stdout] 28 | #![feature(try_trait)]
[INFO] [stdout]    |            ^^^^^^^^^
[INFO] [stdout] 
[INFO] [stdout] 
[INFO] [stdout] error[E0635]: unknown feature `try_trait`
[INFO] [stdout]   --> /opt/rustwide/cargo-home/git/checkouts/uefi-rs-f0a06b7c1e31b7b0/1d89f9f/src/lib.rs:28:12
[INFO] [stdout]    |
[INFO] [stdout] 28 | #![feature(try_trait)]
[INFO] [stdout]    |            ^^^^^^^^^
[INFO] [stdout] 
[INFO] [stdout] 
[INFO] [stdout] error[E0220]: associated type `Error` not found for `Self`
[INFO] [stdout]    --> /opt/rustwide/cargo-home/git/checkouts/uefi-rs-f0a06b7c1e31b7b0/1d89f9f/src/result/status.rs:182:32
[INFO] [stdout]     |
[INFO] [stdout] 182 |     fn from_error(error: Self::Error) -> Self {
[INFO] [stdout]     |                                ^^^^^ associated type `Error` not found
[INFO] [stdout] 
[INFO] [stdout] 
[INFO] [stdout] error[E0220]: associated type `Ok` not found for `Self`
[INFO] [stdout]    --> /opt/rustwide/cargo-home/git/checkouts/uefi-rs-f0a06b7c1e31b7b0/1d89f9f/src/result/status.rs:186:26
[INFO] [stdout]     |
[INFO] [stdout] 186 |     fn from_ok(ok: Self::Ok) -> Self {
[INFO] [stdout]     |                          ^^ associated type `Ok` not found
[INFO] [stdout] 
[INFO] [stdout] 
[INFO] [stdout] error: aborting due to 17 previous errors
[INFO] [stdout] 
[INFO] [stdout] 
[INFO] [stdout] Some errors have detailed explanations: E0220, E0407, E0437, E0554, E0557, E0635, E0658.
[INFO] [stdout] 
[INFO] [stdout] For more information about an error, try `rustc --explain E0220`.
[INFO] [stdout] 
[INFO] [stderr] error: could not compile `uefi` due to 18 previous errors
[INFO] running `Command { std: "docker" "inspect" "aab0e62e4929286c05cea4f64e8ffd5a9bf7dd2c65e946476f0c5aa469bdbdb6", kill_on_drop: false }`
[INFO] running `Command { std: "docker" "rm" "-f" "aab0e62e4929286c05cea4f64e8ffd5a9bf7dd2c65e946476f0c5aa469bdbdb6", kill_on_drop: false }`
[INFO] [stdout] aab0e62e4929286c05cea4f64e8ffd5a9bf7dd2c65e946476f0c5aa469bdbdb6
