[INFO] cloning repository https://github.com/nekrondev/conduit_rockdb
[INFO] running `Command { std: "git" "-c" "credential.helper=" "-c" "credential.helper=/workspace/cargo-home/bin/git-credential-null" "clone" "--bare" "https://github.com/nekrondev/conduit_rockdb" "/workspace/cache/git-repos/https%3A%2F%2Fgithub.com%2Fnekrondev%2Fconduit_rockdb", kill_on_drop: false }`
[INFO] [stderr] Cloning into bare repository '/workspace/cache/git-repos/https%3A%2F%2Fgithub.com%2Fnekrondev%2Fconduit_rockdb'...
[INFO] running `Command { std: "git" "rev-parse" "HEAD", kill_on_drop: false }`
[INFO] [stdout] f47d89eca32dd1237ddc4c460abd3d240a8ebb3c
[INFO] documenting nekrondev/conduit_rockdb against 1.69.0 for beta-1.70-rustdoc-1
[INFO] running `Command { std: "git" "clone" "/workspace/cache/git-repos/https%3A%2F%2Fgithub.com%2Fnekrondev%2Fconduit_rockdb" "/workspace/builds/worker-5-tc1/source", kill_on_drop: false }`
[INFO] [stderr] Cloning into '/workspace/builds/worker-5-tc1/source'...
[INFO] [stderr] done.
[INFO] validating manifest of git repo https://github.com/nekrondev/conduit_rockdb on toolchain 1.69.0
[INFO] running `Command { std: CARGO_HOME="/workspace/cargo-home" RUSTUP_HOME="/workspace/rustup-home" "/workspace/cargo-home/bin/cargo" "+1.69.0" "metadata" "--manifest-path" "Cargo.toml" "--no-deps", kill_on_drop: false }`
[INFO] removed /workspace/builds/worker-5-tc1/source/rust-toolchain
[INFO] started tweaking git repo https://github.com/nekrondev/conduit_rockdb
[INFO] finished tweaking git repo https://github.com/nekrondev/conduit_rockdb
[INFO] tweaked toml for git repo https://github.com/nekrondev/conduit_rockdb written to /workspace/builds/worker-5-tc1/source/Cargo.toml
[INFO] crate git repo https://github.com/nekrondev/conduit_rockdb already has a lockfile, it will not be regenerated
[INFO] running `Command { std: CARGO_HOME="/workspace/cargo-home" RUSTUP_HOME="/workspace/rustup-home" "/workspace/cargo-home/bin/cargo" "+1.69.0" "fetch" "--manifest-path" "Cargo.toml", kill_on_drop: false }`
[INFO] [stderr]     Updating git repository `https://github.com/timokoesters/heed.git`
[INFO] [stderr]     Updating git repository `https://github.com/ruma/ruma`
[INFO] [stderr]  Downloading crates ...
[INFO] [stderr]   Downloaded lmdb-rkv-sys v0.11.0
[INFO] [stderr]   Downloaded wildmatch v2.1.0
[INFO] [stderr]   Downloaded js_int v0.2.1
[INFO] [stderr]   Downloaded synchronoise v1.0.0
[INFO] [stderr]   Downloaded serde_yaml v0.8.20
[INFO] [stderr]   Downloaded tracing-flame v0.1.0
[INFO] running `Command { std: "docker" "create" "-v" "/var/lib/crater-agent-workspace/builds/worker-5-tc1/target:/opt/rustwide/target:rw,Z" "-v" "/var/lib/crater-agent-workspace/builds/worker-5-tc1/source:/opt/rustwide/workdir:ro,Z" "-v" "/var/lib/crater-agent-workspace/cargo-home:/opt/rustwide/cargo-home:ro,Z" "-v" "/var/lib/crater-agent-workspace/rustup-home:/opt/rustwide/rustup-home:ro,Z" "-e" "SOURCE_DIR=/opt/rustwide/workdir" "-e" "CARGO_TARGET_DIR=/opt/rustwide/target" "-e" "CARGO_HOME=/opt/rustwide/cargo-home" "-e" "RUSTUP_HOME=/opt/rustwide/rustup-home" "-w" "/opt/rustwide/workdir" "-m" "1610612736" "--user" "0:0" "--network" "none" "ghcr.io/rust-lang/crates-build-env/linux@sha256:5ff2268d62e97bff2cde7d5815dd6ed5b47097566f13b8d0ca110b04b60e07ed" "/opt/rustwide/cargo-home/bin/cargo" "+1.69.0" "metadata" "--no-deps" "--format-version=1", kill_on_drop: false }`
[INFO] [stdout] 587f0efe969754afcce24bb5d6fa83a89fa40143f016bfbcc49c72772503a352
[INFO] running `Command { std: "docker" "start" "-a" "587f0efe969754afcce24bb5d6fa83a89fa40143f016bfbcc49c72772503a352", kill_on_drop: false }`
[INFO] running `Command { std: "docker" "inspect" "587f0efe969754afcce24bb5d6fa83a89fa40143f016bfbcc49c72772503a352", kill_on_drop: false }`
[INFO] running `Command { std: "docker" "rm" "-f" "587f0efe969754afcce24bb5d6fa83a89fa40143f016bfbcc49c72772503a352", kill_on_drop: false }`
[INFO] [stdout] 587f0efe969754afcce24bb5d6fa83a89fa40143f016bfbcc49c72772503a352
[INFO] running `Command { std: "docker" "create" "-v" "/var/lib/crater-agent-workspace/builds/worker-5-tc1/target:/opt/rustwide/target:rw,Z" "-v" "/var/lib/crater-agent-workspace/builds/worker-5-tc1/source:/opt/rustwide/workdir:ro,Z" "-v" "/var/lib/crater-agent-workspace/cargo-home:/opt/rustwide/cargo-home:ro,Z" "-v" "/var/lib/crater-agent-workspace/rustup-home:/opt/rustwide/rustup-home:ro,Z" "-e" "SOURCE_DIR=/opt/rustwide/workdir" "-e" "CARGO_TARGET_DIR=/opt/rustwide/target" "-e" "CARGO_INCREMENTAL=0" "-e" "RUST_BACKTRACE=full" "-e" "RUSTFLAGS=--cap-lints=warn" "-e" "RUSTDOCFLAGS=--cap-lints=warn" "-e" "CARGO_HOME=/opt/rustwide/cargo-home" "-e" "RUSTUP_HOME=/opt/rustwide/rustup-home" "-w" "/opt/rustwide/workdir" "-m" "1610612736" "--user" "0:0" "--network" "none" "ghcr.io/rust-lang/crates-build-env/linux@sha256:5ff2268d62e97bff2cde7d5815dd6ed5b47097566f13b8d0ca110b04b60e07ed" "/opt/rustwide/cargo-home/bin/cargo" "+1.69.0" "doc" "--frozen" "--no-deps" "--document-private-items" "--message-format=json", kill_on_drop: false }`
[INFO] [stdout] a9509c9ec0be56136ff79d2a9bd524eaea5d8becb585b3c78d638d3b9dd7e026
[INFO] running `Command { std: "docker" "start" "-a" "a9509c9ec0be56136ff79d2a9bd524eaea5d8becb585b3c78d638d3b9dd7e026", kill_on_drop: false }`
[INFO] [stderr]    Compiling proc-macro2 v1.0.29
[INFO] [stderr]    Compiling unicode-xid v0.2.2
[INFO] [stderr]    Compiling syn v1.0.75
[INFO] [stderr]    Compiling libc v0.2.101
[INFO] [stderr]    Compiling autocfg v1.0.1
[INFO] [stderr]     Checking cfg-if v1.0.0
[INFO] [stderr]    Compiling version_check v0.9.3
[INFO] [stderr]    Compiling memchr v2.4.1
[INFO] [stderr]    Compiling serde_derive v1.0.130
[INFO] [stderr]    Compiling serde v1.0.130
[INFO] [stderr]    Compiling log v0.4.14
[INFO] [stderr]     Checking pin-project-lite v0.2.7
[INFO] [stderr]     Checking bytes v1.1.0
[INFO] [stderr]     Checking lazy_static v1.4.0
[INFO] [stderr]    Compiling proc-macro-hack v0.5.19
[INFO] [stderr]    Compiling futures-core v0.3.17
[INFO] [stderr]     Checking once_cell v1.8.0
[INFO] [stderr]     Checking itoa v0.4.8
[INFO] [stderr]    Compiling quote v1.0.9
[INFO] [stderr]    Compiling tokio v1.11.0
[INFO] [stderr]     Checking percent-encoding v2.1.0
[INFO] [stderr]    Compiling jobserver v0.1.24
[INFO] [stderr]    Compiling futures-task v0.3.17
[INFO] [stderr]    Compiling proc-macro-nested v0.1.7
[INFO] [stderr]    Compiling futures-channel v0.3.17
[INFO] [stderr]    Compiling cc v1.0.70
[INFO] [stderr]     Checking ppv-lite86 v0.2.10
[INFO] [stderr]    Compiling futures-macro v0.3.17
[INFO] [stderr]    Compiling indexmap v1.7.0
[INFO] [stderr]     Checking getrandom v0.2.3
[INFO] [stderr]    Compiling futures-util v0.3.17
[INFO] [stderr]     Checking tracing-core v0.1.19
[INFO] [stderr]     Checking rand_core v0.6.3
[INFO] [stderr]    Compiling ryu v1.0.5
[INFO] [stderr]     Checking matches v0.1.9
[INFO] [stderr]     Checking rand_chacha v0.3.1
[INFO] [stderr]     Checking num_cpus v1.13.0
[INFO] [stderr]     Checking form_urlencoded v1.0.1
[INFO] [stderr]     Checking rand v0.8.4
[INFO] [stderr]    Compiling serde_json v1.0.67
[INFO] [stderr]     Checking futures-sink v0.3.17
[INFO] [stderr]     Checking mio v0.7.13
[INFO] [stderr]     Checking signal-hook-registry v1.4.0
[INFO] [stderr]     Checking hashbrown v0.11.2
[INFO] [stderr]     Checking slab v0.4.4
[INFO] [stderr]    Compiling ring v0.16.20
[INFO] [stderr]     Checking pin-utils v0.1.0
[INFO] [stderr]     Checking fnv v1.0.7
[INFO] [stderr]     Checking futures-io v0.3.17
[INFO] [stderr]    Compiling num-traits v0.2.14
[INFO] [stderr]    Compiling standback v0.2.17
[INFO] [stderr]    Compiling yansi v0.5.0
[INFO] [stderr]     Checking http v0.2.4
[INFO] [stderr]    Compiling proc-macro2-diagnostics v0.9.1
[INFO] [stderr]    Compiling typenum v1.14.0
[INFO] [stderr]    Compiling generic-array v0.14.4
[INFO] [stderr]    Compiling httparse v1.5.1
[INFO] [stderr]     Checking untrusted v0.7.1
[INFO] [stderr]    Compiling paste v1.0.5
[INFO] [stderr]     Checking base64 v0.13.0
[INFO] [stderr]     Checking spin v0.5.2
[INFO] [stderr]    Compiling num-integer v0.1.44
[INFO] [stderr]    Compiling glob v0.3.0
[INFO] [stderr]    Compiling const_fn v0.4.8
[INFO] [stderr]    Compiling parking_lot_core v0.8.5
[INFO] [stderr]    Compiling radium v0.5.3
[INFO] [stderr]    Compiling bitflags v1.3.2
[INFO] [stderr]    Compiling time v0.2.27
[INFO] [stderr]    Compiling getrandom v0.1.16
[INFO] [stderr]     Checking byteorder v1.4.3
[INFO] [stderr]     Checking wildmatch v2.1.0
[INFO] [stderr]    Compiling clang-sys v1.2.2
[INFO] [stderr]    Compiling uncased v0.9.6
[INFO] [stderr]    Compiling nom v6.1.2
[INFO] [stderr]    Compiling funty v1.1.0
[INFO] [stderr]    Compiling unindent v0.1.7
[INFO] [stderr]    Compiling wyz v0.2.0
[INFO] [stderr]    Compiling async-trait v0.1.51
[INFO] [stderr]     Checking smallvec v1.6.1
[INFO] [stderr]    Compiling tap v1.0.1
[INFO] [stderr]    Compiling indoc v1.0.3
[INFO] [stderr]     Checking webpki v0.21.4
[INFO] [stderr]     Checking sct v0.6.1
[INFO] [stderr]    Compiling bitvec v0.19.5
[INFO] [stderr]    Compiling synstructure v0.12.5
[INFO] [stderr]     Checking digest v0.9.0
[INFO] [stderr]    Compiling cookie v0.15.1
[INFO] [stderr]    Compiling crossbeam-utils v0.8.5
[INFO] [stderr]     Checking regex-syntax v0.6.25
[INFO] [stderr]    Compiling ref-cast v1.0.6
[INFO] [stderr]     Checking tinyvec_macros v0.1.0
[INFO] [stderr]     Checking either v1.6.1
[INFO] [stderr]     Checking tinyvec v1.3.1
[INFO] [stderr]     Checking rand_core v0.5.1
[INFO] [stderr]     Checking rustls v0.19.1
[INFO] [stderr]    Compiling thiserror-impl v1.0.28
[INFO] [stderr]    Compiling tokio-macros v1.3.0
[INFO] [stderr]    Compiling tracing-attributes v0.1.15
[INFO] [stderr]    Compiling time-macros-impl v0.1.2
[INFO] [stderr]    Compiling pear_codegen v0.2.3
[INFO] [stderr]     Checking thiserror v1.0.28
[INFO] [stderr]     Checking ruma-identifiers-validation v0.5.0 (https://github.com/ruma/ruma?rev=e7f01ca55a1eff437bad754bf0554cc09f44ec2a#e7f01ca5)
[INFO] [stderr]     Checking tracing v0.1.26
[INFO] [stderr]    Compiling ruma-identifiers-macros v0.20.0 (https://github.com/ruma/ruma?rev=e7f01ca55a1eff437bad754bf0554cc09f44ec2a#e7f01ca5)
[INFO] [stderr]    Compiling zeroize_derive v1.1.0
[INFO] [stderr]    Compiling ref-cast-impl v1.0.6
[INFO] [stderr]    Compiling aho-corasick v0.7.18
[INFO] [stderr]    Compiling libloading v0.7.1
[INFO] [stderr]    Compiling bindgen v0.59.1
[INFO] [stderr]     Checking subtle v2.4.1
[INFO] [stderr]     Checking try-lock v0.2.3
[INFO] [stderr]     Checking tokio-util v0.6.7
[INFO] [stderr]     Checking futures-executor v0.3.17
[INFO] [stderr]     Checking want v0.3.0
[INFO] [stderr]    Compiling cexpr v0.5.0
[INFO] [stderr]     Checking zeroize v1.4.1
[INFO] [stderr]    Compiling time-macros v0.1.1
[INFO] [stderr]     Checking unicode-normalization v0.1.19
[INFO] [stderr]    Compiling regex v1.5.4
[INFO] [stderr]     Checking block-buffer v0.9.0
[INFO] [stderr]     Checking js_int v0.2.1
[INFO] [stderr]     Checking http-body v0.4.3
[INFO] [stderr]    Compiling toml v0.5.8
[INFO] [stderr]    Compiling instant v0.1.10
[INFO] [stderr]     Checking h2 v0.3.4
[INFO] [stderr]     Checking socket2 v0.4.1
[INFO] [stderr]     Checking time v0.1.43
[INFO] [stderr]     Checking cpufeatures v0.2.1
[INFO] [stderr]    Compiling scopeguard v1.1.0
[INFO] [stderr]    Compiling peeking_take_while v0.1.2
[INFO] [stderr]     Checking httpdate v1.0.1
[INFO] [stderr]     Checking opaque-debug v0.3.0
[INFO] [stderr]     Checking const-oid v0.6.0
[INFO] [stderr]     Checking unicode-bidi v0.3.6
[INFO] [stderr]    Compiling rustc-hash v1.1.0
[INFO] [stderr]    Compiling shlex v1.1.0
[INFO] [stderr]    Compiling encoding_rs v0.8.28
[INFO] [stderr]    Compiling proc-macro-crate v1.0.0
[INFO] [stderr]     Checking tower-service v0.3.1
[INFO] [stderr]    Compiling lazycell v1.3.0
[INFO] [stderr]     Checking idna v0.2.3
[INFO] [stderr]     Checking der v0.4.1
[INFO] [stderr]     Checking lock_api v0.4.5
[INFO] [stderr]    Compiling ruma-serde-macros v0.5.0 (https://github.com/ruma/ruma?rev=e7f01ca55a1eff437bad754bf0554cc09f44ec2a#e7f01ca5)
[INFO] [stderr]    Compiling ruma-api-macros v0.18.5 (https://github.com/ruma/ruma?rev=e7f01ca55a1eff437bad754bf0554cc09f44ec2a#e7f01ca5)
[INFO] [stderr]    Compiling ruma-events-macros v0.24.6 (https://github.com/ruma/ruma?rev=e7f01ca55a1eff437bad754bf0554cc09f44ec2a#e7f01ca5)
[INFO] [stderr]     Checking hyper v0.14.12
[INFO] [stderr]     Checking chrono v0.4.19
[INFO] [stderr]     Checking ruma-serde v0.5.0 (https://github.com/ruma/ruma?rev=e7f01ca55a1eff437bad754bf0554cc09f44ec2a#e7f01ca5)
[INFO] [stderr]     Checking ruma-identifiers v0.20.0 (https://github.com/ruma/ruma?rev=e7f01ca55a1eff437bad754bf0554cc09f44ec2a#e7f01ca5)
[INFO] [stderr]     Checking ruma-common v0.6.0 (https://github.com/ruma/ruma?rev=e7f01ca55a1eff437bad754bf0554cc09f44ec2a#e7f01ca5)
[INFO] [stderr]     Checking futures v0.3.17
[INFO] [stderr]     Checking tokio-rustls v0.22.0
[INFO] [stderr]     Checking tokio-stream v0.1.7
[INFO] [stderr]     Checking ruma-api v0.18.5 (https://github.com/ruma/ruma?rev=e7f01ca55a1eff437bad754bf0554cc09f44ec2a#e7f01ca5)
[INFO] [stderr]    Compiling pin-project-internal v1.0.8
[INFO] [stderr]     Checking rand_chacha v0.2.2
[INFO] [stderr]    Compiling devise_core v0.3.1
[INFO] [stderr]     Checking ruma-events v0.24.6 (https://github.com/ruma/ruma?rev=e7f01ca55a1eff437bad754bf0554cc09f44ec2a#e7f01ca5)
[INFO] [stderr]    Compiling num-bigint v0.2.6
[INFO] [stderr]    Compiling unicode-segmentation v1.8.0
[INFO] [stderr]    Compiling inlinable_string v0.1.14
[INFO] [stderr]     Checking signature v1.3.1
[INFO] [stderr]     Checking linked-hash-map v0.5.4
[INFO] [stderr]    Compiling crc32fast v1.2.1
[INFO] [stderr]     Checking adler32 v1.2.0
[INFO] [stderr]     Checking mime v0.3.16
[INFO] [stderr]     Checking pear v0.2.3
[INFO] [stderr]    Compiling devise_codegen v0.3.1
[INFO] [stderr]    Compiling heck v0.3.3
[INFO] [stderr]     Checking pin-project v1.0.8
[INFO] [stderr]     Checking ed25519 v1.2.0
[INFO] [stderr]     Checking rand v0.7.3
[INFO] [stderr]     Checking parking_lot v0.11.2
[INFO] [stderr]     Checking spki v0.4.0
[INFO] [stderr]     Checking url v2.2.2
[INFO] [stderr]    Compiling librocksdb-sys v6.20.3
[INFO] [stderr]     Checking sha2 v0.9.6
[INFO] [stderr]     Checking crossbeam-channel v0.5.1
[INFO] [stderr]     Checking curve25519-dalek v3.2.0
[INFO] [stderr]     Checking regex-automata v0.1.10
[INFO] [stderr]    Compiling stable-pattern v0.1.0
[INFO] [stderr]    Compiling num-iter v0.1.42
[INFO] [stderr]    Compiling num-rational v0.3.2
[INFO] [stderr]    Compiling atomic v0.5.0
[INFO] [stderr]    Compiling figment v0.10.6
[INFO] [stderr]    Compiling multer v2.0.1
[INFO] [stderr]     Checking ipnet v2.3.1
[INFO] [stderr]     Checking match_cfg v0.1.0
[INFO] [stderr]     Checking unchecked-index v0.2.2
[INFO] [stderr]    Compiling state v0.5.2
[INFO] [stderr]     Checking hostname v0.3.1
[INFO] [stderr]     Checking twoway v0.2.2
[INFO] [stderr]     Checking ed25519-dalek v1.0.1
[INFO] [stderr]     Checking matchers v0.0.1
[INFO] [stderr]     Checking opentelemetry v0.16.0
[INFO] [stderr]     Checking pkcs8 v0.7.5
[INFO] [stderr]    Compiling devise v0.3.1
[INFO] [stderr]    Compiling enum-as-inner v0.3.3
[INFO] [stderr]     Checking deflate v0.8.6
[INFO] [stderr]     Checking miniz_oxide v0.3.7
[INFO] [stderr]     Checking tracing-serde v0.1.2
[INFO] [stderr]    Compiling async-stream-impl v0.3.2
[INFO] [stderr]     Checking itertools v0.10.1
[INFO] [stderr]     Checking ordered-float v1.1.1
[INFO] [stderr]    Compiling rocket v0.5.0-rc.1
[INFO] [stderr]     Checking threadpool v1.8.1
[INFO] [stderr]     Checking tracing-log v0.1.2
[INFO] [stderr]     Checking thread_local v1.1.3
[INFO] [stderr]     Checking sharded-slab v0.1.3
[INFO] [stderr]    Compiling rocket_http v0.5.0-rc.1
[INFO] [stderr]     Checking spin v0.9.2
[INFO] [stderr]     Checking constant_time_eq v0.1.5
[INFO] [stderr]     Checking quick-error v1.2.3
[INFO] [stderr]     Checking arrayvec v0.5.2
[INFO] [stderr]     Checking openssl-probe v0.1.4
[INFO] [stderr]     Checking remove_dir_all v0.5.3
[INFO] [stderr]     Checking assign v1.1.1
[INFO] [stderr]     Checking data-encoding v2.3.2
[INFO] [stderr]     Checking ansi_term v0.12.1
[INFO] [stderr]     Checking maplit v1.0.2
[INFO] [stderr]     Checking integer-encoding v1.1.7
[INFO] [stderr]     Checking color_quant v1.1.0
[INFO] [stderr]     Checking arrayref v0.3.6
[INFO] [stderr]     Checking weezl v0.1.5
[INFO] [stderr]     Checking blake2b_simd v0.5.11
[INFO] [stderr]     Checking ruma-client-api v0.12.3 (https://github.com/ruma/ruma?rev=e7f01ca55a1eff437bad754bf0554cc09f44ec2a#e7f01ca5)
[INFO] [stderr]     Checking thrift v0.13.0
[INFO] [stderr]     Checking ruma-state-res v0.4.1 (https://github.com/ruma/ruma?rev=e7f01ca55a1eff437bad754bf0554cc09f44ec2a#e7f01ca5)
[INFO] [stderr]     Checking trust-dns-proto v0.20.3
[INFO] [stderr]     Checking tracing-subscriber v0.2.20
[INFO] [stderr]     Checking gif v0.11.2
[INFO] [stderr]     Checking tempfile v3.2.0
[INFO] [stderr]     Checking png v0.16.8
[INFO] [stderr]     Checking rustls-native-certs v0.5.0
[INFO] [stderr]     Checking resolv-conf v0.7.0
[INFO] [stderr]     Checking async-stream v0.3.2
[INFO] [stderr]     Checking ruma-federation-api v0.3.1 (https://github.com/ruma/ruma?rev=e7f01ca55a1eff437bad754bf0554cc09f44ec2a#e7f01ca5)
[INFO] [stderr]     Checking ruma-appservice-api v0.4.0 (https://github.com/ruma/ruma?rev=e7f01ca55a1eff437bad754bf0554cc09f44ec2a#e7f01ca5)
[INFO] [stderr]     Checking ruma-push-gateway-api v0.3.0 (https://github.com/ruma/ruma?rev=e7f01ca55a1eff437bad754bf0554cc09f44ec2a#e7f01ca5)
[INFO] [stderr]     Checking simple_asn1 v0.4.1
[INFO] [stderr]     Checking opentelemetry-semantic-conventions v0.8.0
[INFO] [stderr]     Checking ruma-signatures v0.9.0 (https://github.com/ruma/ruma?rev=e7f01ca55a1eff437bad754bf0554cc09f44ec2a#e7f01ca5)
[INFO] [stderr]     Checking lru-cache v0.1.2
[INFO] [stderr]     Checking yaml-rust v0.4.5
[INFO] [stderr]     Checking ruma-identity-service-api v0.3.0 (https://github.com/ruma/ruma?rev=e7f01ca55a1eff437bad754bf0554cc09f44ec2a#e7f01ca5)
[INFO] [stderr]     Checking hyper-rustls v0.22.1
[INFO] [stderr]     Checking pem v0.8.3
[INFO] [stderr]     Checking serde_urlencoded v0.7.0
[INFO] [stderr]     Checking ubyte v0.10.1
[INFO] [stderr]     Checking tokio-socks v0.5.1
[INFO] [stderr]     Checking crypto-mac v0.11.1
[INFO] [stderr]     Checking dirs-sys v0.3.6
[INFO] [stderr]     Checking atty v0.2.14
[INFO] [stderr]     Checking dtoa v0.4.8
[INFO] [stderr]     Checking base64 v0.12.3
[INFO] [stderr]     Checking bytemuck v1.7.2
[INFO] [stderr]     Checking jpeg-decoder v0.1.22
[INFO] [stderr]     Checking binascii v0.1.4
[INFO] [stderr]    Compiling rocket_codegen v0.5.0-rc.1
[INFO] [stderr]     Checking reqwest v0.11.4
[INFO] [stderr]     Checking serde_yaml v0.8.20
[INFO] [stderr]     Checking jsonwebtoken v7.2.0
[INFO] [stderr]     Checking image v0.23.14
[INFO] [stderr]     Checking directories v3.0.2
[INFO] [stderr]     Checking hmac v0.11.0
[INFO] [stderr]     Checking trust-dns-resolver v0.20.3
[INFO] [stderr]     Checking opentelemetry-jaeger v0.15.0
[INFO] [stderr]     Checking tracing-flame v0.1.0
[INFO] [stderr]     Checking rust-argon2 v0.8.3
[INFO] [stderr]     Checking sha-1 v0.9.8
[INFO] [stderr]     Checking webpki v0.22.0
[INFO] [stderr] error: could not compile `ruma-client-api`
[INFO] [stderr] 
[INFO] [stderr] Caused by:
[INFO] [stderr]   process didn't exit successfully: `rustc --crate-name ruma_client_api --edition=2018 /opt/rustwide/cargo-home/git/checkouts/ruma-5201e73f5f917c77/e7f01ca/crates/ruma-client-api/src/lib.rs --error-format=json --json=diagnostic-rendered-ansi,artifacts,future-incompat --crate-type lib --emit=dep-info,metadata -C lto=off -C embed-bitcode=no -C debuginfo=2 --cfg 'feature="client"' --cfg 'feature="compat"' --cfg 'feature="server"' --cfg 'feature="unstable-exhaustive-types"' --cfg 'feature="unstable-pre-spec"' -C metadata=120677d81c5e2290 -C extra-filename=-120677d81c5e2290 --out-dir /opt/rustwide/target/debug/deps -L dependency=/opt/rustwide/target/debug/deps --extern assign=/opt/rustwide/target/debug/deps/libassign-6f1293482fa346cf.rmeta --extern bytes=/opt/rustwide/target/debug/deps/libbytes-27209ff583e291d8.rmeta --extern http=/opt/rustwide/target/debug/deps/libhttp-b61f7415496e58f2.rmeta --extern js_int=/opt/rustwide/target/debug/deps/libjs_int-a58f8b327032a025.rmeta --extern maplit=/opt/rustwide/target/debug/deps/libmaplit-19ef24335fd19dd3.rmeta --extern percent_encoding=/opt/rustwide/target/debug/deps/libpercent_encoding-50de507711f36905.rmeta --extern ruma_api=/opt/rustwide/target/debug/deps/libruma_api-6f39650e8e31db67.rmeta --extern ruma_common=/opt/rustwide/target/debug/deps/libruma_common-3af43053f2e6a099.rmeta --extern ruma_events=/opt/rustwide/target/debug/deps/libruma_events-748661c470c1a786.rmeta --extern ruma_identifiers=/opt/rustwide/target/debug/deps/libruma_identifiers-a29aca935cf6c4e7.rmeta --extern ruma_serde=/opt/rustwide/target/debug/deps/libruma_serde-d6149439cc21d382.rmeta --extern serde=/opt/rustwide/target/debug/deps/libserde-67150bfc3f1ea526.rmeta --extern serde_json=/opt/rustwide/target/debug/deps/libserde_json-b64d19992e2f8dc3.rmeta --cap-lints allow --cap-lints=warn` (signal: 9, SIGKILL: kill)
[INFO] [stderr] warning: build failed, waiting for other jobs to finish...
[INFO] [stderr] The following warnings were emitted during compilation:
[INFO] [stderr] 
[INFO] [stderr] warning: c++: fatal error: Killed signal terminated program cc1plus
[INFO] [stderr] warning: compilation terminated.
[INFO] [stderr] warning: c++: fatal error: Killed signal terminated program cc1plus
[INFO] [stderr] warning: compilation terminated.
[INFO] [stderr] 
[INFO] [stderr] error: failed to run custom build command for `librocksdb-sys v6.20.3`
[INFO] [stderr] note: To improve backtraces for build dependencies, set the CARGO_PROFILE_DEV_BUILD_OVERRIDE_DEBUG=true environment variable to enable debug information generation.
[INFO] [stderr] 
[INFO] [stderr] Caused by:
[INFO] [stderr]   process didn't exit successfully: `/opt/rustwide/target/debug/build/librocksdb-sys-686ac2f16980a3ed/build-script-build` (exit status: 1)
[INFO] [stderr]   --- stdout
[INFO] [stderr]   cargo:rerun-if-changed=rocksdb/
[INFO] [stderr]   TARGET = Some("x86_64-unknown-linux-gnu")
[INFO] [stderr]   OPT_LEVEL = Some("0")
[INFO] [stderr]   HOST = Some("x86_64-unknown-linux-gnu")
[INFO] [stderr]   CXX_x86_64-unknown-linux-gnu = None
[INFO] [stderr]   CXX_x86_64_unknown_linux_gnu = None
[INFO] [stderr]   HOST_CXX = None
[INFO] [stderr]   CXX = None
[INFO] [stderr]   CXXFLAGS_x86_64-unknown-linux-gnu = None
[INFO] [stderr]   CXXFLAGS_x86_64_unknown_linux_gnu = None
[INFO] [stderr]   HOST_CXXFLAGS = None
[INFO] [stderr]   CXXFLAGS = None
[INFO] [stderr]   CRATE_CC_NO_DEFAULTS = None
[INFO] [stderr]   DEBUG = Some("true")
[INFO] [stderr]   CARGO_CFG_TARGET_FEATURE = Some("fxsr,sse,sse2")
[INFO] [stderr]   CXX_x86_64-unknown-linux-gnu = None
[INFO] [stderr]   CXX_x86_64_unknown_linux_gnu = None
[INFO] [stderr]   HOST_CXX = None
[INFO] [stderr]   CXX = None
[INFO] [stderr]   CXXFLAGS_x86_64-unknown-linux-gnu = None
[INFO] [stderr]   CXXFLAGS_x86_64_unknown_linux_gnu = None
[INFO] [stderr]   HOST_CXXFLAGS = None
[INFO] [stderr]   CXXFLAGS = None
[INFO] [stderr]   CRATE_CC_NO_DEFAULTS = None
[INFO] [stderr]   CARGO_CFG_TARGET_FEATURE = Some("fxsr,sse,sse2")
[INFO] [stderr]   running: "c++" "-O0" "-ffunction-sections" "-fdata-sections" "-fPIC" "-g" "-fno-omit-frame-pointer" "-m64" "-I" "rocksdb/include/" "-I" "rocksdb/" "-I" "rocksdb/third-party/gtest-1.8.1/fused-src/" "-I" "snappy/" "-I" "lz4/lib/" "-I" "zstd/lib/" "-I" "zstd/lib/dictBuilder/" "-I" "zlib/" "-I" "bzip2/" "-I" "." "-Wall" "-Wextra" "-std=c++11" "-Wno-unused-parameter" "-msse2" "-DSNAPPY=1" "-DLZ4=1" "-DZSTD=1" "-DZLIB=1" "-DBZIP2=1" "-DNDEBUG=1" "-DOS_LINUX" "-DROCKSDB_PLATFORM_POSIX" "-DROCKSDB_LIB_IO_POSIX" "-DROCKSDB_SUPPORT_THREAD_LOCAL" "-o" "/opt/rustwide/target/debug/build/librocksdb-sys-24a6a644b58344d5/out/rocksdb/cache/cache.o" "-c" "rocksdb/cache/cache.cc"
[INFO] [stderr]   running: "c++" "-O0" "-ffunction-sections" "-fdata-sections" "-fPIC" "-g" "-fno-omit-frame-pointer" "-m64" "-I" "rocksdb/include/" "-I" "rocksdb/" "-I" "rocksdb/third-party/gtest-1.8.1/fused-src/" "-I" "snappy/" "-I" "lz4/lib/" "-I" "zstd/lib/" "-I" "zstd/lib/dictBuilder/" "-I" "zlib/" "-I" "bzip2/" "-I" "." "-Wall" "-Wextra" "-std=c++11" "-Wno-unused-parameter" "-msse2" "-DSNAPPY=1" "-DLZ4=1" "-DZSTD=1" "-DZLIB=1" "-DBZIP2=1" "-DNDEBUG=1" "-DOS_LINUX" "-DROCKSDB_PLATFORM_POSIX" "-DROCKSDB_LIB_IO_POSIX" "-DROCKSDB_SUPPORT_THREAD_LOCAL" "-o" "/opt/rustwide/target/debug/build/librocksdb-sys-24a6a644b58344d5/out/rocksdb/cache/clock_cache.o" "-c" "rocksdb/cache/clock_cache.cc"
[INFO] [stderr]   running: "c++" "-O0" "-ffunction-sections" "-fdata-sections" "-fPIC" "-g" "-fno-omit-frame-pointer" "-m64" "-I" "rocksdb/include/" "-I" "rocksdb/" "-I" "rocksdb/third-party/gtest-1.8.1/fused-src/" "-I" "snappy/" "-I" "lz4/lib/" "-I" "zstd/lib/" "-I" "zstd/lib/dictBuilder/" "-I" "zlib/" "-I" "bzip2/" "-I" "." "-Wall" "-Wextra" "-std=c++11" "-Wno-unused-parameter" "-msse2" "-DSNAPPY=1" "-DLZ4=1" "-DZSTD=1" "-DZLIB=1" "-DBZIP2=1" "-DNDEBUG=1" "-DOS_LINUX" "-DROCKSDB_PLATFORM_POSIX" "-DROCKSDB_LIB_IO_POSIX" "-DROCKSDB_SUPPORT_THREAD_LOCAL" "-o" "/opt/rustwide/target/debug/build/librocksdb-sys-24a6a644b58344d5/out/rocksdb/cache/lru_cache.o" "-c" "rocksdb/cache/lru_cache.cc"
[INFO] [stderr]   running: "c++" "-O0" "-ffunction-sections" "-fdata-sections" "-fPIC" "-g" "-fno-omit-frame-pointer" "-m64" "-I" "rocksdb/include/" "-I" "rocksdb/" "-I" "rocksdb/third-party/gtest-1.8.1/fused-src/" "-I" "snappy/" "-I" "lz4/lib/" "-I" "zstd/lib/" "-I" "zstd/lib/dictBuilder/" "-I" "zlib/" "-I" "bzip2/" "-I" "." "-Wall" "-Wextra" "-std=c++11" "-Wno-unused-parameter" "-msse2" "-DSNAPPY=1" "-DLZ4=1" "-DZSTD=1" "-DZLIB=1" "-DBZIP2=1" "-DNDEBUG=1" "-DOS_LINUX" "-DROCKSDB_PLATFORM_POSIX" "-DROCKSDB_LIB_IO_POSIX" "-DROCKSDB_SUPPORT_THREAD_LOCAL" "-o" "/opt/rustwide/target/debug/build/librocksdb-sys-24a6a644b58344d5/out/rocksdb/cache/sharded_cache.o" "-c" "rocksdb/cache/sharded_cache.cc"
[INFO] [stderr]   running: "c++" "-O0" "-ffunction-sections" "-fdata-sections" "-fPIC" "-g" "-fno-omit-frame-pointer" "-m64" "-I" "rocksdb/include/" "-I" "rocksdb/" "-I" "rocksdb/third-party/gtest-1.8.1/fused-src/" "-I" "snappy/" "-I" "lz4/lib/" "-I" "zstd/lib/" "-I" "zstd/lib/dictBuilder/" "-I" "zlib/" "-I" "bzip2/" "-I" "." "-Wall" "-Wextra" "-std=c++11" "-Wno-unused-parameter" "-msse2" "-DSNAPPY=1" "-DLZ4=1" "-DZSTD=1" "-DZLIB=1" "-DBZIP2=1" "-DNDEBUG=1" "-DOS_LINUX" "-DROCKSDB_PLATFORM_POSIX" "-DROCKSDB_LIB_IO_POSIX" "-DROCKSDB_SUPPORT_THREAD_LOCAL" "-o" "/opt/rustwide/target/debug/build/librocksdb-sys-24a6a644b58344d5/out/rocksdb/db/arena_wrapped_db_iter.o" "-c" "rocksdb/db/arena_wrapped_db_iter.cc"
[INFO] [stderr]   exit status: 0
[INFO] [stderr]   running: "c++" "-O0" "-ffunction-sections" "-fdata-sections" "-fPIC" "-g" "-fno-omit-frame-pointer" "-m64" "-I" "rocksdb/include/" "-I" "rocksdb/" "-I" "rocksdb/third-party/gtest-1.8.1/fused-src/" "-I" "snappy/" "-I" "lz4/lib/" "-I" "zstd/lib/" "-I" "zstd/lib/dictBuilder/" "-I" "zlib/" "-I" "bzip2/" "-I" "." "-Wall" "-Wextra" "-std=c++11" "-Wno-unused-parameter" "-msse2" "-DSNAPPY=1" "-DLZ4=1" "-DZSTD=1" "-DZLIB=1" "-DBZIP2=1" "-DNDEBUG=1" "-DOS_LINUX" "-DROCKSDB_PLATFORM_POSIX" "-DROCKSDB_LIB_IO_POSIX" "-DROCKSDB_SUPPORT_THREAD_LOCAL" "-o" "/opt/rustwide/target/debug/build/librocksdb-sys-24a6a644b58344d5/out/rocksdb/db/blob/blob_file_addition.o" "-c" "rocksdb/db/blob/blob_file_addition.cc"
[INFO] [stderr]   running: "c++" "-O0" "-ffunction-sections" "-fdata-sections" "-fPIC" "-g" "-fno-omit-frame-pointer" "-m64" "-I" "rocksdb/include/" "-I" "rocksdb/" "-I" "rocksdb/third-party/gtest-1.8.1/fused-src/" "-I" "snappy/" "-I" "lz4/lib/" "-I" "zstd/lib/" "-I" "zstd/lib/dictBuilder/" "-I" "zlib/" "-I" "bzip2/" "-I" "." "-Wall" "-Wextra" "-std=c++11" "-Wno-unused-parameter" "-msse2" "-DSNAPPY=1" "-DLZ4=1" "-DZSTD=1" "-DZLIB=1" "-DBZIP2=1" "-DNDEBUG=1" "-DOS_LINUX" "-DROCKSDB_PLATFORM_POSIX" "-DROCKSDB_LIB_IO_POSIX" "-DROCKSDB_SUPPORT_THREAD_LOCAL" "-o" "/opt/rustwide/target/debug/build/librocksdb-sys-24a6a644b58344d5/out/rocksdb/db/blob/blob_file_builder.o" "-c" "rocksdb/db/blob/blob_file_builder.cc"
[INFO] [stderr]   exit status: 0
[INFO] [stderr]   running: "c++" "-O0" "-ffunction-sections" "-fdata-sections" "-fPIC" "-g" "-fno-omit-frame-pointer" "-m64" "-I" "rocksdb/include/" "-I" "rocksdb/" "-I" "rocksdb/third-party/gtest-1.8.1/fused-src/" "-I" "snappy/" "-I" "lz4/lib/" "-I" "zstd/lib/" "-I" "zstd/lib/dictBuilder/" "-I" "zlib/" "-I" "bzip2/" "-I" "." "-Wall" "-Wextra" "-std=c++11" "-Wno-unused-parameter" "-msse2" "-DSNAPPY=1" "-DLZ4=1" "-DZSTD=1" "-DZLIB=1" "-DBZIP2=1" "-DNDEBUG=1" "-DOS_LINUX" "-DROCKSDB_PLATFORM_POSIX" "-DROCKSDB_LIB_IO_POSIX" "-DROCKSDB_SUPPORT_THREAD_LOCAL" "-o" "/opt/rustwide/target/debug/build/librocksdb-sys-24a6a644b58344d5/out/rocksdb/db/blob/blob_file_cache.o" "-c" "rocksdb/db/blob/blob_file_cache.cc"
[INFO] [stderr]   exit status: 0
[INFO] [stderr]   exit status: 0
[INFO] [stderr]   running: "c++" "-O0" "-ffunction-sections" "-fdata-sections" "-fPIC" "-g" "-fno-omit-frame-pointer" "-m64" "-I" "rocksdb/include/" "-I" "rocksdb/" "-I" "rocksdb/third-party/gtest-1.8.1/fused-src/" "-I" "snappy/" "-I" "lz4/lib/" "-I" "zstd/lib/" "-I" "zstd/lib/dictBuilder/" "-I" "zlib/" "-I" "bzip2/" "-I" "." "-Wall" "-Wextra" "-std=c++11" "-Wno-unused-parameter" "-msse2" "-DSNAPPY=1" "-DLZ4=1" "-DZSTD=1" "-DZLIB=1" "-DBZIP2=1" "-DNDEBUG=1" "-DOS_LINUX" "-DROCKSDB_PLATFORM_POSIX" "-DROCKSDB_LIB_IO_POSIX" "-DROCKSDB_SUPPORT_THREAD_LOCAL" "-o" "/opt/rustwide/target/debug/build/librocksdb-sys-24a6a644b58344d5/out/rocksdb/db/blob/blob_file_garbage.o" "-c" "rocksdb/db/blob/blob_file_garbage.cc"
[INFO] [stderr]   exit status: 0
[INFO] [stderr]   running: "c++" "-O0" "-ffunction-sections" "-fdata-sections" "-fPIC" "-g" "-fno-omit-frame-pointer" "-m64" "-I" "rocksdb/include/" "-I" "rocksdb/" "-I" "rocksdb/third-party/gtest-1.8.1/fused-src/" "-I" "snappy/" "-I" "lz4/lib/" "-I" "zstd/lib/" "-I" "zstd/lib/dictBuilder/" "-I" "zlib/" "-I" "bzip2/" "-I" "." "-Wall" "-Wextra" "-std=c++11" "-Wno-unused-parameter" "-msse2" "-DSNAPPY=1" "-DLZ4=1" "-DZSTD=1" "-DZLIB=1" "-DBZIP2=1" "-DNDEBUG=1" "-DOS_LINUX" "-DROCKSDB_PLATFORM_POSIX" "-DROCKSDB_LIB_IO_POSIX" "-DROCKSDB_SUPPORT_THREAD_LOCAL" "-o" "/opt/rustwide/target/debug/build/librocksdb-sys-24a6a644b58344d5/out/rocksdb/db/blob/blob_file_meta.o" "-c" "rocksdb/db/blob/blob_file_meta.cc"
[INFO] [stderr]   running: "c++" "-O0" "-ffunction-sections" "-fdata-sections" "-fPIC" "-g" "-fno-omit-frame-pointer" "-m64" "-I" "rocksdb/include/" "-I" "rocksdb/" "-I" "rocksdb/third-party/gtest-1.8.1/fused-src/" "-I" "snappy/" "-I" "lz4/lib/" "-I" "zstd/lib/" "-I" "zstd/lib/dictBuilder/" "-I" "zlib/" "-I" "bzip2/" "-I" "." "-Wall" "-Wextra" "-std=c++11" "-Wno-unused-parameter" "-msse2" "-DSNAPPY=1" "-DLZ4=1" "-DZSTD=1" "-DZLIB=1" "-DBZIP2=1" "-DNDEBUG=1" "-DOS_LINUX" "-DROCKSDB_PLATFORM_POSIX" "-DROCKSDB_LIB_IO_POSIX" "-DROCKSDB_SUPPORT_THREAD_LOCAL" "-o" "/opt/rustwide/target/debug/build/librocksdb-sys-24a6a644b58344d5/out/rocksdb/db/blob/blob_file_reader.o" "-c" "rocksdb/db/blob/blob_file_reader.cc"
[INFO] [stderr]   exit status: 0
[INFO] [stderr]   exit status: 0
[INFO] [stderr]   running: "c++" "-O0" "-ffunction-sections" "-fdata-sections" "-fPIC" "-g" "-fno-omit-frame-pointer" "-m64" "-I" "rocksdb/include/" "-I" "rocksdb/" "-I" "rocksdb/third-party/gtest-1.8.1/fused-src/" "-I" "snappy/" "-I" "lz4/lib/" "-I" "zstd/lib/" "-I" "zstd/lib/dictBuilder/" "-I" "zlib/" "-I" "bzip2/" "-I" "." "-Wall" "-Wextra" "-std=c++11" "-Wno-unused-parameter" "-msse2" "-DSNAPPY=1" "-DLZ4=1" "-DZSTD=1" "-DZLIB=1" "-DBZIP2=1" "-DNDEBUG=1" "-DOS_LINUX" "-DROCKSDB_PLATFORM_POSIX" "-DROCKSDB_LIB_IO_POSIX" "-DROCKSDB_SUPPORT_THREAD_LOCAL" "-o" "/opt/rustwide/target/debug/build/librocksdb-sys-24a6a644b58344d5/out/rocksdb/db/blob/blob_log_format.o" "-c" "rocksdb/db/blob/blob_log_format.cc"
[INFO] [stderr]   running: "c++" "-O0" "-ffunction-sections" "-fdata-sections" "-fPIC" "-g" "-fno-omit-frame-pointer" "-m64" "-I" "rocksdb/include/" "-I" "rocksdb/" "-I" "rocksdb/third-party/gtest-1.8.1/fused-src/" "-I" "snappy/" "-I" "lz4/lib/" "-I" "zstd/lib/" "-I" "zstd/lib/dictBuilder/" "-I" "zlib/" "-I" "bzip2/" "-I" "." "-Wall" "-Wextra" "-std=c++11" "-Wno-unused-parameter" "-msse2" "-DSNAPPY=1" "-DLZ4=1" "-DZSTD=1" "-DZLIB=1" "-DBZIP2=1" "-DNDEBUG=1" "-DOS_LINUX" "-DROCKSDB_PLATFORM_POSIX" "-DROCKSDB_LIB_IO_POSIX" "-DROCKSDB_SUPPORT_THREAD_LOCAL" "-o" "/opt/rustwide/target/debug/build/librocksdb-sys-24a6a644b58344d5/out/rocksdb/db/blob/blob_log_sequential_reader.o" "-c" "rocksdb/db/blob/blob_log_sequential_reader.cc"
[INFO] [stderr]   running: "c++" "-O0" "-ffunction-sections" "-fdata-sections" "-fPIC" "-g" "-fno-omit-frame-pointer" "-m64" "-I" "rocksdb/include/" "-I" "rocksdb/" "-I" "rocksdb/third-party/gtest-1.8.1/fused-src/" "-I" "snappy/" "-I" "lz4/lib/" "-I" "zstd/lib/" "-I" "zstd/lib/dictBuilder/" "-I" "zlib/" "-I" "bzip2/" "-I" "." "-Wall" "-Wextra" "-std=c++11" "-Wno-unused-parameter" "-msse2" "-DSNAPPY=1" "-DLZ4=1" "-DZSTD=1" "-DZLIB=1" "-DBZIP2=1" "-DNDEBUG=1" "-DOS_LINUX" "-DROCKSDB_PLATFORM_POSIX" "-DROCKSDB_LIB_IO_POSIX" "-DROCKSDB_SUPPORT_THREAD_LOCAL" "-o" "/opt/rustwide/target/debug/build/librocksdb-sys-24a6a644b58344d5/out/rocksdb/db/blob/blob_log_writer.o" "-c" "rocksdb/db/blob/blob_log_writer.cc"
[INFO] [stderr]   exit status: 0
[INFO] [stderr]   running: "c++" "-O0" "-ffunction-sections" "-fdata-sections" "-fPIC" "-g" "-fno-omit-frame-pointer" "-m64" "-I" "rocksdb/include/" "-I" "rocksdb/" "-I" "rocksdb/third-party/gtest-1.8.1/fused-src/" "-I" "snappy/" "-I" "lz4/lib/" "-I" "zstd/lib/" "-I" "zstd/lib/dictBuilder/" "-I" "zlib/" "-I" "bzip2/" "-I" "." "-Wall" "-Wextra" "-std=c++11" "-Wno-unused-parameter" "-msse2" "-DSNAPPY=1" "-DLZ4=1" "-DZSTD=1" "-DZLIB=1" "-DBZIP2=1" "-DNDEBUG=1" "-DOS_LINUX" "-DROCKSDB_PLATFORM_POSIX" "-DROCKSDB_LIB_IO_POSIX" "-DROCKSDB_SUPPORT_THREAD_LOCAL" "-o" "/opt/rustwide/target/debug/build/librocksdb-sys-24a6a644b58344d5/out/rocksdb/db/builder.o" "-c" "rocksdb/db/builder.cc"
[INFO] [stderr]   exit status: 0
[INFO] [stderr]   running: "c++" "-O0" "-ffunction-sections" "-fdata-sections" "-fPIC" "-g" "-fno-omit-frame-pointer" "-m64" "-I" "rocksdb/include/" "-I" "rocksdb/" "-I" "rocksdb/third-party/gtest-1.8.1/fused-src/" "-I" "snappy/" "-I" "lz4/lib/" "-I" "zstd/lib/" "-I" "zstd/lib/dictBuilder/" "-I" "zlib/" "-I" "bzip2/" "-I" "." "-Wall" "-Wextra" "-std=c++11" "-Wno-unused-parameter" "-msse2" "-DSNAPPY=1" "-DLZ4=1" "-DZSTD=1" "-DZLIB=1" "-DBZIP2=1" "-DNDEBUG=1" "-DOS_LINUX" "-DROCKSDB_PLATFORM_POSIX" "-DROCKSDB_LIB_IO_POSIX" "-DROCKSDB_SUPPORT_THREAD_LOCAL" "-o" "/opt/rustwide/target/debug/build/librocksdb-sys-24a6a644b58344d5/out/rocksdb/db/c.o" "-c" "rocksdb/db/c.cc"
[INFO] [stderr]   cargo:warning=c++: fatal error: Killed signal terminated program cc1plus
[INFO] [stderr]   cargo:warning=compilation terminated.
[INFO] [stderr]   exit status: 1
[INFO] [stderr]   running: "c++" "-O0" "-ffunction-sections" "-fdata-sections" "-fPIC" "-g" "-fno-omit-frame-pointer" "-m64" "-I" "rocksdb/include/" "-I" "rocksdb/" "-I" "rocksdb/third-party/gtest-1.8.1/fused-src/" "-I" "snappy/" "-I" "lz4/lib/" "-I" "zstd/lib/" "-I" "zstd/lib/dictBuilder/" "-I" "zlib/" "-I" "bzip2/" "-I" "." "-Wall" "-Wextra" "-std=c++11" "-Wno-unused-parameter" "-msse2" "-DSNAPPY=1" "-DLZ4=1" "-DZSTD=1" "-DZLIB=1" "-DBZIP2=1" "-DNDEBUG=1" "-DOS_LINUX" "-DROCKSDB_PLATFORM_POSIX" "-DROCKSDB_LIB_IO_POSIX" "-DROCKSDB_SUPPORT_THREAD_LOCAL" "-o" "/opt/rustwide/target/debug/build/librocksdb-sys-24a6a644b58344d5/out/rocksdb/db/column_family.o" "-c" "rocksdb/db/column_family.cc"
[INFO] [stderr]   exit status: 0
[INFO] [stderr]   exit status: 0
[INFO] [stderr]   cargo:warning=c++: fatal error: Killed signal terminated program cc1plus
[INFO] [stderr]   cargo:warning=compilation terminated.
[INFO] [stderr]   exit status: 1
[INFO] [stderr]   exit status: 0
[INFO] [stderr]   exit status: 0
[INFO] [stderr]   exit status: 0
[INFO] [stderr]   exit status: 0
[INFO] [stderr] 
[INFO] [stderr]   --- stderr
[INFO] [stderr]   error: 'rustfmt' is not installed for the toolchain '1.69.0-x86_64-unknown-linux-gnu'
[INFO] [stderr]   To install, run `rustup component add rustfmt --toolchain 1.69.0-x86_64-unknown-linux-gnu`
[INFO] [stderr]   Failed to run rustfmt: Internal rustfmt error (non-fatal, continuing)
[INFO] [stderr] 
[INFO] [stderr] 
[INFO] [stderr]   error occurred: Command "c++" "-O0" "-ffunction-sections" "-fdata-sections" "-fPIC" "-g" "-fno-omit-frame-pointer" "-m64" "-I" "rocksdb/include/" "-I" "rocksdb/" "-I" "rocksdb/third-party/gtest-1.8.1/fused-src/" "-I" "snappy/" "-I" "lz4/lib/" "-I" "zstd/lib/" "-I" "zstd/lib/dictBuilder/" "-I" "zlib/" "-I" "bzip2/" "-I" "." "-Wall" "-Wextra" "-std=c++11" "-Wno-unused-parameter" "-msse2" "-DSNAPPY=1" "-DLZ4=1" "-DZSTD=1" "-DZLIB=1" "-DBZIP2=1" "-DNDEBUG=1" "-DOS_LINUX" "-DROCKSDB_PLATFORM_POSIX" "-DROCKSDB_LIB_IO_POSIX" "-DROCKSDB_SUPPORT_THREAD_LOCAL" "-o" "/opt/rustwide/target/debug/build/librocksdb-sys-24a6a644b58344d5/out/rocksdb/db/arena_wrapped_db_iter.o" "-c" "rocksdb/db/arena_wrapped_db_iter.cc" with args "c++" did not execute successfully (status code exit status: 1).
[INFO] [stderr] 
[INFO] [stderr] 
[INFO] running `Command { std: "docker" "inspect" "a9509c9ec0be56136ff79d2a9bd524eaea5d8becb585b3c78d638d3b9dd7e026", kill_on_drop: false }`
[INFO] running `Command { std: "docker" "rm" "-f" "a9509c9ec0be56136ff79d2a9bd524eaea5d8becb585b3c78d638d3b9dd7e026", kill_on_drop: false }`
[INFO] [stdout] a9509c9ec0be56136ff79d2a9bd524eaea5d8becb585b3c78d638d3b9dd7e026
