[INFO] cloning repository https://github.com/neivv/aice
[INFO] running `Command { std: "git" "-c" "credential.helper=" "-c" "credential.helper=/workspace/cargo-home/bin/git-credential-null" "clone" "--bare" "https://github.com/neivv/aice" "/workspace/cache/git-repos/https%3A%2F%2Fgithub.com%2Fneivv%2Faice", kill_on_drop: false }`
[INFO] [stderr] Cloning into bare repository '/workspace/cache/git-repos/https%3A%2F%2Fgithub.com%2Fneivv%2Faice'...
[INFO] running `Command { std: "git" "rev-parse" "HEAD", kill_on_drop: false }`
[INFO] [stdout] 85b4fa17d05cf59898e7cbb7c6538a119ecf807c
[INFO] documenting neivv/aice against 1.69.0 for beta-1.70-rustdoc-1
[INFO] running `Command { std: "git" "clone" "/workspace/cache/git-repos/https%3A%2F%2Fgithub.com%2Fneivv%2Faice" "/workspace/builds/worker-3-tc1/source", kill_on_drop: false }`
[INFO] [stderr] Cloning into '/workspace/builds/worker-3-tc1/source'...
[INFO] [stderr] done.
[INFO] validating manifest of git repo https://github.com/neivv/aice on toolchain 1.69.0
[INFO] running `Command { std: CARGO_HOME="/workspace/cargo-home" RUSTUP_HOME="/workspace/rustup-home" "/workspace/cargo-home/bin/cargo" "+1.69.0" "metadata" "--manifest-path" "Cargo.toml" "--no-deps", kill_on_drop: false }`
[INFO] removed /workspace/builds/worker-3-tc1/source/.cargo/config
[INFO] started tweaking git repo https://github.com/neivv/aice
[INFO] finished tweaking git repo https://github.com/neivv/aice
[INFO] tweaked toml for git repo https://github.com/neivv/aice written to /workspace/builds/worker-3-tc1/source/Cargo.toml
[INFO] crate git repo https://github.com/neivv/aice already has a lockfile, it will not be regenerated
[INFO] running `Command { std: CARGO_HOME="/workspace/cargo-home" RUSTUP_HOME="/workspace/rustup-home" "/workspace/cargo-home/bin/cargo" "+1.69.0" "fetch" "--manifest-path" "Cargo.toml", kill_on_drop: false }`
[INFO] [stderr]     Updating git repository `https://github.com/neivv/aise`
[INFO] [stderr]     Updating git repository `https://github.com/neivv/samase_plugin`
[INFO] [stderr]     Updating git repository `https://github.com/neivv/whack/`
[INFO] [stderr]  Downloading crates ...
[INFO] [stderr]   Downloaded lde v0.3.0
[INFO] running `Command { std: "docker" "create" "-v" "/var/lib/crater-agent-workspace/builds/worker-3-tc1/target:/opt/rustwide/target:rw,Z" "-v" "/var/lib/crater-agent-workspace/builds/worker-3-tc1/source:/opt/rustwide/workdir:ro,Z" "-v" "/var/lib/crater-agent-workspace/cargo-home:/opt/rustwide/cargo-home:ro,Z" "-v" "/var/lib/crater-agent-workspace/rustup-home:/opt/rustwide/rustup-home:ro,Z" "-e" "SOURCE_DIR=/opt/rustwide/workdir" "-e" "CARGO_TARGET_DIR=/opt/rustwide/target" "-e" "CARGO_HOME=/opt/rustwide/cargo-home" "-e" "RUSTUP_HOME=/opt/rustwide/rustup-home" "-w" "/opt/rustwide/workdir" "-m" "1610612736" "--user" "0:0" "--network" "none" "ghcr.io/rust-lang/crates-build-env/linux@sha256:5ff2268d62e97bff2cde7d5815dd6ed5b47097566f13b8d0ca110b04b60e07ed" "/opt/rustwide/cargo-home/bin/cargo" "+1.69.0" "metadata" "--no-deps" "--format-version=1", kill_on_drop: false }`
[INFO] [stdout] 27690b0816d5cd8375a261f788962c36d172e6717a71f69245c53f1bf0470084
[INFO] running `Command { std: "docker" "start" "-a" "27690b0816d5cd8375a261f788962c36d172e6717a71f69245c53f1bf0470084", kill_on_drop: false }`
[INFO] running `Command { std: "docker" "inspect" "27690b0816d5cd8375a261f788962c36d172e6717a71f69245c53f1bf0470084", kill_on_drop: false }`
[INFO] running `Command { std: "docker" "rm" "-f" "27690b0816d5cd8375a261f788962c36d172e6717a71f69245c53f1bf0470084", kill_on_drop: false }`
[INFO] [stdout] 27690b0816d5cd8375a261f788962c36d172e6717a71f69245c53f1bf0470084
[INFO] running `Command { std: "docker" "create" "-v" "/var/lib/crater-agent-workspace/builds/worker-3-tc1/target:/opt/rustwide/target:rw,Z" "-v" "/var/lib/crater-agent-workspace/builds/worker-3-tc1/source:/opt/rustwide/workdir:ro,Z" "-v" "/var/lib/crater-agent-workspace/cargo-home:/opt/rustwide/cargo-home:ro,Z" "-v" "/var/lib/crater-agent-workspace/rustup-home:/opt/rustwide/rustup-home:ro,Z" "-e" "SOURCE_DIR=/opt/rustwide/workdir" "-e" "CARGO_TARGET_DIR=/opt/rustwide/target" "-e" "CARGO_INCREMENTAL=0" "-e" "RUST_BACKTRACE=full" "-e" "RUSTFLAGS=--cap-lints=warn" "-e" "RUSTDOCFLAGS=--cap-lints=warn" "-e" "CARGO_HOME=/opt/rustwide/cargo-home" "-e" "RUSTUP_HOME=/opt/rustwide/rustup-home" "-w" "/opt/rustwide/workdir" "-m" "1610612736" "--user" "0:0" "--network" "none" "ghcr.io/rust-lang/crates-build-env/linux@sha256:5ff2268d62e97bff2cde7d5815dd6ed5b47097566f13b8d0ca110b04b60e07ed" "/opt/rustwide/cargo-home/bin/cargo" "+1.69.0" "doc" "--frozen" "--no-deps" "--document-private-items" "--message-format=json", kill_on_drop: false }`
[INFO] [stdout] 5f524d4cc166b076e6835b5b31cba216c2cf7331ca4bc1dd31a85744108a9361
[INFO] running `Command { std: "docker" "start" "-a" "5f524d4cc166b076e6835b5b31cba216c2cf7331ca4bc1dd31a85744108a9361", kill_on_drop: false }`
[INFO] [stderr]    Compiling proc-macro2 v1.0.50
[INFO] [stderr]    Compiling quote v1.0.23
[INFO] [stderr]     Checking cfg-if v1.0.0
[INFO] [stderr]    Compiling unicode-ident v1.0.6
[INFO] [stderr]    Compiling syn v1.0.107
[INFO] [stderr]    Compiling libc v0.2.139
[INFO] [stderr]    Compiling autocfg v1.1.0
[INFO] [stderr]    Compiling serde_derive v1.0.152
[INFO] [stderr]    Compiling log v0.4.17
[INFO] [stderr]    Compiling parking_lot_core v0.9.6
[INFO] [stderr]     Checking byteorder v1.4.3
[INFO] [stderr]    Compiling serde v1.0.152
[INFO] [stderr]    Compiling crc32fast v1.3.2
[INFO] [stderr]     Checking smallvec v1.10.0
[INFO] [stderr]     Checking adler v1.0.2
[INFO] [stderr]    Compiling lock_api v0.4.9
[INFO] [stderr]     Checking once_cell v1.17.0
[INFO] [stderr]    Compiling winapi v0.3.9
[INFO] [stderr]     Checking scopeguard v1.1.0
[INFO] [stderr]    Compiling memchr v2.5.0
[INFO] [stderr]     Checking miniz_oxide v0.6.2
[INFO] [stderr]     Checking thread_local v1.1.4
[INFO] [stderr]     Checking fxhash v0.2.1
[INFO] [stderr]     Checking flate2 v1.0.25
[INFO] [stderr]     Checking quick-error v2.0.1
[INFO] [stderr]     Checking bitflags v1.3.2
[INFO] [stderr]     Checking fern v0.6.1
[INFO] [stderr]     Checking parking_lot v0.12.1
[INFO] [stderr]     Checking bumpalo v3.12.0
[INFO] [stderr]     Checking bstr v0.2.17
[INFO] [stderr]     Checking samase_plugin v0.5.0 (https://github.com/neivv/samase_plugin?rev=64a62f72bec4a9dba52456f513e61aa3400868f1#64a62f72)
[INFO] [stderr]     Checking bincode v1.2.1
[INFO] [stderr]     Checking bw_dat v0.1.0 (https://github.com/neivv/aise?rev=f63ec3e8a3ebf9d6e1cc3fbeeb4b21144655c7b4#f63ec3e8)
[INFO] [stdout] error[E0433]: failed to resolve: could not find `um` in `winapi`
[INFO] [stdout]  --> /opt/rustwide/cargo-home/git/checkouts/aise-32ca89044ead92b7/f63ec3e/bw_dat/src/dialog.rs:6:13
[INFO] [stdout]   |
[INFO] [stdout] 6 | use winapi::um::sysinfoapi::GetTickCount;
[INFO] [stdout]   |             ^^ could not find `um` in `winapi`
[INFO] [stdout] 
[INFO] [stdout] 
[INFO] [stdout] error[E0433]: failed to resolve: could not find `um` in `winapi`
[INFO] [stdout]    --> /opt/rustwide/cargo-home/git/checkouts/aise-32ca89044ead92b7/f63ec3e/bw_dat/src/dialog.rs:503:17
[INFO] [stdout]     |
[INFO] [stdout] 503 |     use winapi::um::heapapi::HeapAlloc;
[INFO] [stdout]     |                 ^^ could not find `um` in `winapi`
[INFO] [stdout] 
[INFO] [stdout] 
[INFO] [stdout] error[E0433]: failed to resolve: could not find `um` in `winapi`
[INFO] [stdout]    --> /opt/rustwide/cargo-home/git/checkouts/aise-32ca89044ead92b7/f63ec3e/bw_dat/src/dialog.rs:506:25
[INFO] [stdout]     |
[INFO] [stdout] 506 |             use winapi::um::heapapi::HeapCreate;
[INFO] [stdout]     |                         ^^ could not find `um` in `winapi`
[INFO] [stdout] 
[INFO] [stdout] 
[INFO] [stdout] error[E0433]: failed to resolve: could not find `um` in `winapi`
[INFO] [stdout]    --> /opt/rustwide/cargo-home/git/checkouts/aise-32ca89044ead92b7/f63ec3e/bw_dat/src/dialog.rs:507:25
[INFO] [stdout]     |
[INFO] [stdout] 507 |             use winapi::um::winnt::HEAP_CREATE_ENABLE_EXECUTE;
[INFO] [stdout]     |                         ^^ could not find `um` in `winapi`
[INFO] [stdout] 
[INFO] [stdout] 
[INFO] [stdout] error: aborting due to 4 previous errors
[INFO] [stdout] 
[INFO] [stdout] 
[INFO] [stdout] For more information about this error, try `rustc --explain E0433`.
[INFO] [stdout] 
[INFO] [stderr] error: could not compile `bw_dat` due to 5 previous errors
[INFO] running `Command { std: "docker" "inspect" "5f524d4cc166b076e6835b5b31cba216c2cf7331ca4bc1dd31a85744108a9361", kill_on_drop: false }`
[INFO] running `Command { std: "docker" "rm" "-f" "5f524d4cc166b076e6835b5b31cba216c2cf7331ca4bc1dd31a85744108a9361", kill_on_drop: false }`
[INFO] [stdout] 5f524d4cc166b076e6835b5b31cba216c2cf7331ca4bc1dd31a85744108a9361
