[INFO] cloning repository https://github.com/nausicaea/rootspace-rs
[INFO] running `Command { std: "git" "-c" "credential.helper=" "-c" "credential.helper=/workspace/cargo-home/bin/git-credential-null" "clone" "--bare" "https://github.com/nausicaea/rootspace-rs" "/workspace/cache/git-repos/https%3A%2F%2Fgithub.com%2Fnausicaea%2Frootspace-rs", kill_on_drop: false }`
[INFO] [stderr] Cloning into bare repository '/workspace/cache/git-repos/https%3A%2F%2Fgithub.com%2Fnausicaea%2Frootspace-rs'...
[INFO] running `Command { std: "git" "rev-parse" "HEAD", kill_on_drop: false }`
[INFO] [stdout] 558fa18cfa888d87403410c33a282e12c2735ce7
[INFO] documenting nausicaea/rootspace-rs against 1.69.0 for beta-1.70-rustdoc-1
[INFO] running `Command { std: "git" "clone" "/workspace/cache/git-repos/https%3A%2F%2Fgithub.com%2Fnausicaea%2Frootspace-rs" "/workspace/builds/worker-2-tc1/source", kill_on_drop: false }`
[INFO] [stderr] Cloning into '/workspace/builds/worker-2-tc1/source'...
[INFO] [stderr] done.
[INFO] validating manifest of git repo https://github.com/nausicaea/rootspace-rs on toolchain 1.69.0
[INFO] running `Command { std: CARGO_HOME="/workspace/cargo-home" RUSTUP_HOME="/workspace/rustup-home" "/workspace/cargo-home/bin/cargo" "+1.69.0" "metadata" "--manifest-path" "Cargo.toml" "--no-deps", kill_on_drop: false }`
[INFO] started tweaking git repo https://github.com/nausicaea/rootspace-rs
[INFO] finished tweaking git repo https://github.com/nausicaea/rootspace-rs
[INFO] tweaked toml for git repo https://github.com/nausicaea/rootspace-rs written to /workspace/builds/worker-2-tc1/source/Cargo.toml
[INFO] crate git repo https://github.com/nausicaea/rootspace-rs already has a lockfile, it will not be regenerated
[INFO] running `Command { std: CARGO_HOME="/workspace/cargo-home" RUSTUP_HOME="/workspace/rustup-home" "/workspace/cargo-home/bin/cargo" "+1.69.0" "fetch" "--manifest-path" "Cargo.toml", kill_on_drop: false }`
[INFO] [stderr]  Downloading crates ...
[INFO] [stderr]   Downloaded petgraph v0.4.11
[INFO] [stderr]   Downloaded uuid v0.6.2
[INFO] [stderr]   Downloaded alga v0.5.3
[INFO] [stderr]   Downloaded nalgebra v0.14.1
[INFO] [stderr]   Downloaded khronos_api v2.1.0
[INFO] [stderr]   Downloaded fern v0.5.4
[INFO] [stderr]   Downloaded gleam v0.4.26
[INFO] [stderr]   Downloaded smallvec v0.6.0
[INFO] [stderr]   Downloaded cc v1.0.8
[INFO] [stderr]   Downloaded glium v0.20.0
[INFO] [stderr]   Downloaded jpeg-decoder v0.1.14
[INFO] [stderr]   Downloaded rusttype v0.5.1
[INFO] running `Command { std: "docker" "create" "-v" "/var/lib/crater-agent-workspace/builds/worker-2-tc1/target:/opt/rustwide/target:rw,Z" "-v" "/var/lib/crater-agent-workspace/builds/worker-2-tc1/source:/opt/rustwide/workdir:ro,Z" "-v" "/var/lib/crater-agent-workspace/cargo-home:/opt/rustwide/cargo-home:ro,Z" "-v" "/var/lib/crater-agent-workspace/rustup-home:/opt/rustwide/rustup-home:ro,Z" "-e" "SOURCE_DIR=/opt/rustwide/workdir" "-e" "CARGO_TARGET_DIR=/opt/rustwide/target" "-e" "CARGO_HOME=/opt/rustwide/cargo-home" "-e" "RUSTUP_HOME=/opt/rustwide/rustup-home" "-w" "/opt/rustwide/workdir" "-m" "1610612736" "--user" "0:0" "--network" "none" "ghcr.io/rust-lang/crates-build-env/linux@sha256:5ff2268d62e97bff2cde7d5815dd6ed5b47097566f13b8d0ca110b04b60e07ed" "/opt/rustwide/cargo-home/bin/cargo" "+1.69.0" "metadata" "--no-deps" "--format-version=1", kill_on_drop: false }`
[INFO] [stdout] 35f2f1ee31b558cba088a6e536005e4f0428489a2032d19d67fc57cab4742e96
[INFO] running `Command { std: "docker" "start" "-a" "35f2f1ee31b558cba088a6e536005e4f0428489a2032d19d67fc57cab4742e96", kill_on_drop: false }`
[INFO] running `Command { std: "docker" "inspect" "35f2f1ee31b558cba088a6e536005e4f0428489a2032d19d67fc57cab4742e96", kill_on_drop: false }`
[INFO] running `Command { std: "docker" "rm" "-f" "35f2f1ee31b558cba088a6e536005e4f0428489a2032d19d67fc57cab4742e96", kill_on_drop: false }`
[INFO] [stdout] 35f2f1ee31b558cba088a6e536005e4f0428489a2032d19d67fc57cab4742e96
[INFO] running `Command { std: "docker" "create" "-v" "/var/lib/crater-agent-workspace/builds/worker-2-tc1/target:/opt/rustwide/target:rw,Z" "-v" "/var/lib/crater-agent-workspace/builds/worker-2-tc1/source:/opt/rustwide/workdir:ro,Z" "-v" "/var/lib/crater-agent-workspace/cargo-home:/opt/rustwide/cargo-home:ro,Z" "-v" "/var/lib/crater-agent-workspace/rustup-home:/opt/rustwide/rustup-home:ro,Z" "-e" "SOURCE_DIR=/opt/rustwide/workdir" "-e" "CARGO_TARGET_DIR=/opt/rustwide/target" "-e" "CARGO_INCREMENTAL=0" "-e" "RUST_BACKTRACE=full" "-e" "RUSTFLAGS=--cap-lints=warn" "-e" "RUSTDOCFLAGS=--cap-lints=warn" "-e" "CARGO_HOME=/opt/rustwide/cargo-home" "-e" "RUSTUP_HOME=/opt/rustwide/rustup-home" "-w" "/opt/rustwide/workdir" "-m" "1610612736" "--user" "0:0" "--network" "none" "ghcr.io/rust-lang/crates-build-env/linux@sha256:5ff2268d62e97bff2cde7d5815dd6ed5b47097566f13b8d0ca110b04b60e07ed" "/opt/rustwide/cargo-home/bin/cargo" "+1.69.0" "doc" "--frozen" "--no-deps" "--document-private-items" "--message-format=json", kill_on_drop: false }`
[INFO] [stdout] 5974b0772285c4534ef8deddd0a93f7494efcbe58b5a718fc7824d1f06980736
[INFO] running `Command { std: "docker" "start" "-a" "5974b0772285c4534ef8deddd0a93f7494efcbe58b5a718fc7824d1f06980736", kill_on_drop: false }`
[INFO] [stderr]     Checking libc v0.2.39
[INFO] [stderr]    Compiling bitflags v1.0.1
[INFO] [stderr]    Compiling cc v1.0.8
[INFO] [stderr]     Checking lazy_static v1.0.0
[INFO] [stderr]     Checking cfg-if v0.1.2
[INFO] [stderr]     Checking num-traits v0.2.2
[INFO] [stderr]     Checking nodrop v0.1.12
[INFO] [stderr]    Compiling khronos_api v2.1.0
[INFO] [stderr]     Checking arrayvec v0.4.7
[INFO] [stderr]    Compiling xml-rs v0.7.0
[INFO] [stderr]     Checking token_store v0.1.2
[INFO] [stderr]    Compiling log v0.4.1
[INFO] [stderr]    Compiling unicode-xid v0.1.0
[INFO] [stderr]     Checking crossbeam-utils v0.2.2
[INFO] [stderr]    Compiling log v0.3.9
[INFO] [stderr]    Compiling proc-macro2 v0.2.3
[INFO] [stderr]     Checking lazy_static v0.2.11
[INFO] [stderr]     Checking scopeguard v0.3.3
[INFO] [stderr]     Checking rand v0.4.2
[INFO] [stderr]    Compiling pkg-config v0.3.9
[INFO] [stderr]     Checking memoffset v0.2.1
[INFO] [stderr]     Checking byteorder v1.2.1
[INFO] [stderr]     Checking crossbeam-epoch v0.3.0
[INFO] [stderr]     Checking num-traits v0.1.43
[INFO] [stderr]    Compiling wayland-scanner v0.12.5
[INFO] [stderr]    Compiling gl_generator v0.8.0
[INFO] [stderr]    Compiling quote v0.4.2
[INFO] [stderr]    Compiling x11-dl v2.17.3
[INFO] [stderr]    Compiling libloading v0.5.0
[INFO] [stderr]    Compiling backtrace-sys v0.1.16
[INFO] [stderr]     Checking rand v0.3.22
[INFO] [stderr]     Checking memmap v0.6.2
[INFO] [stderr]    Compiling synom v0.11.3
[INFO] [stderr]    Compiling rayon-core v1.4.0
[INFO] [stderr]     Checking tempfile v2.2.0
[INFO] [stderr]    Compiling wayland-client v0.12.5
[INFO] [stderr]    Compiling wayland-protocols v0.12.5
[INFO] [stderr]    Compiling syn v0.11.11
[INFO] [stderr]    Compiling syn v0.12.14
[INFO] [stderr]     Checking crossbeam-deque v0.2.0
[INFO] [stderr]     Checking dlib v0.4.1
[INFO] [stderr]     Checking num-integer v0.1.36
[INFO] [stderr]     Checking wayland-sys v0.12.5
[INFO] [stderr]     Checking num_cpus v1.8.0
[INFO] [stderr]     Checking rustc-demangle v0.1.7
[INFO] [stderr]    Compiling typenum v1.10.0
[INFO] [stderr]     Checking adler32 v1.0.2
[INFO] [stderr]    Compiling glutin v0.12.2
[INFO] [stderr]    Compiling synstructure v0.6.1
[INFO] [stderr]     Checking shared_library v0.1.8
[INFO] [stderr]     Checking wayland-kbd v0.13.1
[INFO] [stderr]     Checking approx v0.1.1
[INFO] [stderr]     Checking void v1.0.2
[INFO] [stderr]     Checking percent-encoding v1.0.1
[INFO] [stderr]    Compiling matrixmultiply v0.1.14
[INFO] [stderr]     Checking rustc-serialize v0.3.24
[INFO] [stderr]     Checking serde v0.8.23
[INFO] [stderr]     Checking either v1.4.0
[INFO] [stderr]     Checking rayon v1.0.1
[INFO] [stderr]     Checking unreachable v0.1.1
[INFO] [stderr]    Compiling failure_derive v0.1.1
[INFO] [stderr]    Compiling serde_derive_internals v0.21.0
[INFO] [stderr]     Checking wayland-window v0.13.2
[INFO] [stderr]     Checking osmesa-sys v0.1.2
[INFO] [stderr]     Checking winit v0.10.0
[INFO] [stderr]     Checking deflate v0.7.17
[INFO] [stderr]     Checking inflate v0.3.4
[INFO] [stderr]     Checking num-complex v0.1.43
[INFO] [stderr]    Compiling glium v0.20.0
[INFO] [stderr]     Checking num-iter v0.1.35
[INFO] [stderr]     Checking fixedbitset v0.1.8
[INFO] [stderr]     Checking serde v1.0.33
[INFO] [stderr]     Checking unicode-width v0.1.4
[INFO] [stderr]     Checking color_quant v1.0.0
[INFO] [stderr]     Checking lzw v0.10.0
[INFO] [stderr]     Checking rawpointer v0.1.0
[INFO] [stderr]     Checking fnv v1.0.6
[INFO] [stderr]     Checking alga v0.5.3
[INFO] [stderr]     Checking gif v0.9.2
[INFO] [stderr]     Checking textwrap v0.9.0
[INFO] [stderr]     Checking petgraph v0.4.11
[INFO] [stderr]     Checking png v0.11.0
[INFO] [stderr]    Compiling serde_derive v1.0.33
[INFO] [stderr]     Checking generic-array v0.8.3
[INFO] [stderr]     Checking jpeg-decoder v0.1.14
[INFO] [stderr]     Checking ordered-float v0.5.0
[INFO] [stderr]     Checking num-rational v0.1.42
[INFO] [stderr]     Checking stb_truetype v0.2.2
[INFO] [stderr]     Checking enum_primitive v0.1.1
[INFO] [stderr]     Checking atty v0.2.8
[INFO] [stderr]     Checking linked-hash-map v0.5.1
[INFO] [stderr]     Checking ansi_term v0.11.0
[INFO] [stderr]     Checking smallvec v0.6.0
[INFO] [stderr]     Checking vec_map v0.8.0
[INFO] [stderr]     Checking scoped_threadpool v0.1.9
[INFO] [stderr]     Checking strsim v0.7.0
[INFO] [stderr]     Checking rusttype v0.5.1
[INFO] [stderr]     Checking fern v0.5.4
[INFO] [stderr]     Checking image v0.18.0
[INFO] [stderr]     Checking clap v2.31.2
[INFO] [stderr]     Checking daggy v0.6.0
[INFO] [stderr]    Compiling ecs-derive v0.1.0 (/opt/rustwide/workdir/ecs-derive)
[INFO] [stderr]     Checking unicode-normalization v0.1.5
[INFO] [stderr]     Checking backtrace v0.3.5
[INFO] [stderr]     Checking failure v0.1.1
[INFO] [stderr]     Checking uuid v0.6.2
[INFO] [stderr]     Checking ecs v0.1.0 (/opt/rustwide/workdir/ecs)
[INFO] [stdout] warning: use of deprecated macro `try`: use the `?` operator instead
[INFO] [stdout]   --> ecs/src/loop_stage.rs:3:1
[INFO] [stdout]    |
[INFO] [stdout] 3  | / bitflags! {
[INFO] [stdout] 4  | |     pub struct LoopStageFlag: u8 {
[INFO] [stdout] 5  | |         const HANDLE_EVENT = 0b0001;
[INFO] [stdout] 6  | |         const UPDATE = 0b0010;
[INFO] [stdout] ...  |
[INFO] [stdout] 10 | |     }
[INFO] [stdout] 11 | | }
[INFO] [stdout]    | |_^
[INFO] [stdout]    |
[INFO] [stdout]    = note: `#[warn(deprecated)]` on by default
[INFO] [stdout]    = note: this warning originates in the macro `__impl_bitflags` which comes from the expansion of the macro `bitflags` (in Nightly builds, run with -Z macro-backtrace for more info)
[INFO] [stdout] 
[INFO] [stdout] 
[INFO] [stdout] warning: use of deprecated macro `try`: use the `?` operator instead
[INFO] [stdout]   --> ecs/src/loop_stage.rs:3:1
[INFO] [stdout]    |
[INFO] [stdout] 3  | / bitflags! {
[INFO] [stdout] 4  | |     pub struct LoopStageFlag: u8 {
[INFO] [stdout] 5  | |         const HANDLE_EVENT = 0b0001;
[INFO] [stdout] 6  | |         const UPDATE = 0b0010;
[INFO] [stdout] ...  |
[INFO] [stdout] 10 | |     }
[INFO] [stdout] 11 | | }
[INFO] [stdout]    | |_^
[INFO] [stdout]    |
[INFO] [stdout]    = note: this warning originates in the macro `__impl_bitflags` which comes from the expansion of the macro `bitflags` (in Nightly builds, run with -Z macro-backtrace for more info)
[INFO] [stdout] 
[INFO] [stdout] 
[INFO] [stdout] warning: use of deprecated macro `try`: use the `?` operator instead
[INFO] [stdout]   --> ecs/src/loop_stage.rs:3:1
[INFO] [stdout]    |
[INFO] [stdout] 3  | / bitflags! {
[INFO] [stdout] 4  | |     pub struct LoopStageFlag: u8 {
[INFO] [stdout] 5  | |         const HANDLE_EVENT = 0b0001;
[INFO] [stdout] 6  | |         const UPDATE = 0b0010;
[INFO] [stdout] ...  |
[INFO] [stdout] 10 | |     }
[INFO] [stdout] 11 | | }
[INFO] [stdout]    | |_^
[INFO] [stdout]    |
[INFO] [stdout]    = note: this warning originates in the macro `__impl_bitflags` which comes from the expansion of the macro `bitflags` (in Nightly builds, run with -Z macro-backtrace for more info)
[INFO] [stdout] 
[INFO] [stdout] 
[INFO] [stdout] warning: trait objects without an explicit `dyn` are deprecated
[INFO] [stdout]   --> ecs/src/component_group.rs:14:37
[INFO] [stdout]    |
[INFO] [stdout] 14 |     components: HashMap<TypeId, Box<Any>>,
[INFO] [stdout]    |                                     ^^^
[INFO] [stdout]    |
[INFO] [stdout]    = warning: this is accepted in the current edition (Rust 2015) but is a hard error in Rust 2021!
[INFO] [stdout]    = note: for more information, see <https://doc.rust-lang.org/nightly/edition-guide/rust-2021/warnings-promoted-to-error.html>
[INFO] [stdout]    = note: `#[warn(bare_trait_objects)]` on by default
[INFO] [stdout] help: use `dyn`
[INFO] [stdout]    |
[INFO] [stdout] 14 |     components: HashMap<TypeId, Box<dyn Any>>,
[INFO] [stdout]    |                                     +++
[INFO] [stdout] 
[INFO] [stdout] 
[INFO] [stderr]     Checking nalgebra v0.14.1
[INFO] [stdout] warning: 4 warnings emitted
[INFO] [stdout] 
[INFO] [stdout] 
[INFO] [stdout] error[E0119]: conflicting implementations of trait `Mul<&_>` for type `translation::Translation<_, _>`
[INFO] [stdout]    --> /opt/rustwide/cargo-home/registry/src/github.com-1ecc6299db9ec823/nalgebra-0.14.1/src/geometry/isometry_ops.rs:67:9
[INFO] [stdout]     |
[INFO] [stdout] 67  | /         impl<$($lives ,)* N: Real, D: DimName, R> $Op<$Rhs> for $Lhs
[INFO] [stdout] 68  | |             where R: AlgaRotation<Point<N, D>>,
[INFO] [stdout] 69  | |                   DefaultAllocator: Allocator<N, D> {
[INFO] [stdout] 70  | |             type Output = $Output;
[INFO] [stdout] ...   |
[INFO] [stdout] 75  | |             }
[INFO] [stdout] 76  | |         }
[INFO] [stdout]     | |         ^
[INFO] [stdout]     | |         |
[INFO] [stdout]     | |_________first implementation here
[INFO] [stdout]     |           conflicting implementation for `translation::Translation<_, _>`
[INFO] [stdout] ...
[INFO] [stdout] 285 | / isometry_binop_impl_all!(
[INFO] [stdout] 286 | |     Mul, mul;
[INFO] [stdout] 287 | |     self: Translation<N, D>, right: R, Output = Isometry<N, D, R>;
[INFO] [stdout] 288 | |     [val val] => Isometry::from_parts(self, right);
[INFO] [stdout] ...   |
[INFO] [stdout] 291 | |     [ref ref] => Isometry::from_parts(self.clone(), right.clone());
[INFO] [stdout] 292 | | );
[INFO] [stdout]     | |_- in this macro invocation
[INFO] [stdout]     |
[INFO] [stdout]     = note: downstream crates may implement trait `alga::linear::Rotation<geometry::point::Point<_, _>>` for type `&_`
[INFO] [stdout]     = note: this error originates in the macro `isometry_binop_impl` which comes from the expansion of the macro `isometry_binop_impl_all` (in Nightly builds, run with -Z macro-backtrace for more info)
[INFO] [stdout] 
[INFO] [stdout] 
[INFO] [stdout] error[E0119]: conflicting implementations of trait `Mul<&_>` for type `&translation::Translation<_, _>`
[INFO] [stdout]    --> /opt/rustwide/cargo-home/registry/src/github.com-1ecc6299db9ec823/nalgebra-0.14.1/src/geometry/isometry_ops.rs:67:9
[INFO] [stdout]     |
[INFO] [stdout] 67  | /         impl<$($lives ,)* N: Real, D: DimName, R> $Op<$Rhs> for $Lhs
[INFO] [stdout] 68  | |             where R: AlgaRotation<Point<N, D>>,
[INFO] [stdout] 69  | |                   DefaultAllocator: Allocator<N, D> {
[INFO] [stdout] 70  | |             type Output = $Output;
[INFO] [stdout] ...   |
[INFO] [stdout] 75  | |             }
[INFO] [stdout] 76  | |         }
[INFO] [stdout]     | |         ^
[INFO] [stdout]     | |         |
[INFO] [stdout]     | |_________first implementation here
[INFO] [stdout]     |           conflicting implementation for `&translation::Translation<_, _>`
[INFO] [stdout] ...
[INFO] [stdout] 285 | / isometry_binop_impl_all!(
[INFO] [stdout] 286 | |     Mul, mul;
[INFO] [stdout] 287 | |     self: Translation<N, D>, right: R, Output = Isometry<N, D, R>;
[INFO] [stdout] 288 | |     [val val] => Isometry::from_parts(self, right);
[INFO] [stdout] ...   |
[INFO] [stdout] 291 | |     [ref ref] => Isometry::from_parts(self.clone(), right.clone());
[INFO] [stdout] 292 | | );
[INFO] [stdout]     | |_- in this macro invocation
[INFO] [stdout]     |
[INFO] [stdout]     = note: downstream crates may implement trait `alga::linear::Rotation<geometry::point::Point<_, _>>` for type `&_`
[INFO] [stdout]     = note: this error originates in the macro `isometry_binop_impl` which comes from the expansion of the macro `isometry_binop_impl_all` (in Nightly builds, run with -Z macro-backtrace for more info)
[INFO] [stdout] 
[INFO] [stdout] 
[INFO] [stdout] error[E0592]: duplicate definitions with name `new`
[INFO] [stdout]    --> /opt/rustwide/cargo-home/registry/src/github.com-1ecc6299db9ec823/nalgebra-0.14.1/src/core/construction.rs:489:13
[INFO] [stdout]     |
[INFO] [stdout] 489 |               pub fn new($($args: N),*) -> Self {
[INFO] [stdout]     |               ^^^^^^^^^^^^^^^^^^^^^^^^^^^^^^^^^ duplicate definitions for `new`
[INFO] [stdout] ...
[INFO] [stdout] 501 | / componentwise_constructors_impl!(
[INFO] [stdout] 502 | |     /*
[INFO] [stdout] 503 | |      * Square matrices 1 .. 6.
[INFO] [stdout] 504 | |      */
[INFO] [stdout] ...   |
[INFO] [stdout] 643 | |     U6, U1, x:(0,0), y:(1,0), z:(2,0), w:(3,0), a:(4,0), b:(5,0);
[INFO] [stdout] 644 | | );
[INFO] [stdout]     | |_- in this macro invocation
[INFO] [stdout]     |
[INFO] [stdout]    ::: /opt/rustwide/cargo-home/registry/src/github.com-1ecc6299db9ec823/nalgebra-0.14.1/src/core/construction_slice.rs:161:13
[INFO] [stdout]     |
[INFO] [stdout] 161 |               pub fn new(data: &'a [N], $($args: usize),*) -> Self {
[INFO] [stdout]     |               ---------------------------------------------------- other definition for `new`
[INFO] [stdout]     |
[INFO] [stdout]     = note: this error originates in the macro `componentwise_constructors_impl` (in Nightly builds, run with -Z macro-backtrace for more info)
[INFO] [stdout] 
[INFO] [stdout] 
[INFO] [stdout] error[E0592]: duplicate definitions with name `new`
[INFO] [stdout]    --> /opt/rustwide/cargo-home/registry/src/github.com-1ecc6299db9ec823/nalgebra-0.14.1/src/core/construction.rs:489:13
[INFO] [stdout]     |
[INFO] [stdout] 489 |               pub fn new($($args: N),*) -> Self {
[INFO] [stdout]     |               ^^^^^^^^^^^^^^^^^^^^^^^^^^^^^^^^^ duplicate definitions for `new`
[INFO] [stdout] ...
[INFO] [stdout] 501 | / componentwise_constructors_impl!(
[INFO] [stdout] 502 | |     /*
[INFO] [stdout] 503 | |      * Square matrices 1 .. 6.
[INFO] [stdout] 504 | |      */
[INFO] [stdout] ...   |
[INFO] [stdout] 643 | |     U6, U1, x:(0,0), y:(1,0), z:(2,0), w:(3,0), a:(4,0), b:(5,0);
[INFO] [stdout] 644 | | );
[INFO] [stdout]     | |_- in this macro invocation
[INFO] [stdout]     |
[INFO] [stdout]    ::: /opt/rustwide/cargo-home/registry/src/github.com-1ecc6299db9ec823/nalgebra-0.14.1/src/core/construction_slice.rs:218:13
[INFO] [stdout]     |
[INFO] [stdout] 218 |               pub fn new(data: &'a mut [N], $($args: usize),*) -> Self {
[INFO] [stdout]     |               -------------------------------------------------------- other definition for `new`
[INFO] [stdout]     |
[INFO] [stdout]     = note: this error originates in the macro `componentwise_constructors_impl` (in Nightly builds, run with -Z macro-backtrace for more info)
[INFO] [stdout] 
[INFO] [stdout] 
[INFO] [stdout] error: aborting due to 4 previous errors
[INFO] [stdout] 
[INFO] [stdout] 
[INFO] [stdout] Some errors have detailed explanations: E0119, E0592.
[INFO] [stdout] 
[INFO] [stdout] For more information about an error, try `rustc --explain E0119`.
[INFO] [stdout] 
[INFO] [stderr] error: could not compile `nalgebra` due to 5 previous errors
[INFO] [stderr] warning: build failed, waiting for other jobs to finish...
[INFO] running `Command { std: "docker" "inspect" "5974b0772285c4534ef8deddd0a93f7494efcbe58b5a718fc7824d1f06980736", kill_on_drop: false }`
[INFO] running `Command { std: "docker" "rm" "-f" "5974b0772285c4534ef8deddd0a93f7494efcbe58b5a718fc7824d1f06980736", kill_on_drop: false }`
[INFO] [stdout] 5974b0772285c4534ef8deddd0a93f7494efcbe58b5a718fc7824d1f06980736
