[INFO] cloning repository https://github.com/nathdobson/raytracer
[INFO] running `Command { std: "git" "-c" "credential.helper=" "-c" "credential.helper=/workspace/cargo-home/bin/git-credential-null" "clone" "--bare" "https://github.com/nathdobson/raytracer" "/workspace/cache/git-repos/https%3A%2F%2Fgithub.com%2Fnathdobson%2Fraytracer", kill_on_drop: false }`
[INFO] [stderr] Cloning into bare repository '/workspace/cache/git-repos/https%3A%2F%2Fgithub.com%2Fnathdobson%2Fraytracer'...
[INFO] running `Command { std: "git" "rev-parse" "HEAD", kill_on_drop: false }`
[INFO] [stdout] fde67f273a4a5e4437d72437541bb4b42daeeed8
[INFO] documenting nathdobson/raytracer against 1.69.0 for beta-1.70-rustdoc-1
[INFO] running `Command { std: "git" "clone" "/workspace/cache/git-repos/https%3A%2F%2Fgithub.com%2Fnathdobson%2Fraytracer" "/workspace/builds/worker-0-tc1/source", kill_on_drop: false }`
[INFO] [stderr] Cloning into '/workspace/builds/worker-0-tc1/source'...
[INFO] [stderr] done.
[INFO] validating manifest of git repo https://github.com/nathdobson/raytracer on toolchain 1.69.0
[INFO] running `Command { std: CARGO_HOME="/workspace/cargo-home" RUSTUP_HOME="/workspace/rustup-home" "/workspace/cargo-home/bin/cargo" "+1.69.0" "metadata" "--manifest-path" "Cargo.toml" "--no-deps", kill_on_drop: false }`
[INFO] started tweaking git repo https://github.com/nathdobson/raytracer
[INFO] finished tweaking git repo https://github.com/nathdobson/raytracer
[INFO] tweaked toml for git repo https://github.com/nathdobson/raytracer written to /workspace/builds/worker-0-tc1/source/Cargo.toml
[INFO] crate git repo https://github.com/nathdobson/raytracer already has a lockfile, it will not be regenerated
[INFO] running `Command { std: CARGO_HOME="/workspace/cargo-home" RUSTUP_HOME="/workspace/rustup-home" "/workspace/cargo-home/bin/cargo" "+1.69.0" "fetch" "--manifest-path" "Cargo.toml", kill_on_drop: false }`
[INFO] [stderr]     Updating git repository `https://github.com/Amanieu/parking_lot/`
[INFO] [stderr]     Blocking waiting for file lock on package cache
[INFO] [stderr]  Downloading crates ...
[INFO] [stderr]   Downloaded partition v0.1.2
[INFO] [stderr]   Downloaded roots v0.0.7
[INFO] [stderr]   Downloaded unordered-pair v0.2.3
[INFO] [stderr]   Downloaded windows-sys v0.29.0
[INFO] [stderr]   Downloaded rcu-clean v0.1.6
[INFO] running `Command { std: "docker" "create" "-v" "/var/lib/crater-agent-workspace/builds/worker-0-tc1/target:/opt/rustwide/target:rw,Z" "-v" "/var/lib/crater-agent-workspace/builds/worker-0-tc1/source:/opt/rustwide/workdir:ro,Z" "-v" "/var/lib/crater-agent-workspace/cargo-home:/opt/rustwide/cargo-home:ro,Z" "-v" "/var/lib/crater-agent-workspace/rustup-home:/opt/rustwide/rustup-home:ro,Z" "-e" "SOURCE_DIR=/opt/rustwide/workdir" "-e" "CARGO_TARGET_DIR=/opt/rustwide/target" "-e" "CARGO_HOME=/opt/rustwide/cargo-home" "-e" "RUSTUP_HOME=/opt/rustwide/rustup-home" "-w" "/opt/rustwide/workdir" "-m" "1610612736" "--user" "0:0" "--network" "none" "ghcr.io/rust-lang/crates-build-env/linux@sha256:5ff2268d62e97bff2cde7d5815dd6ed5b47097566f13b8d0ca110b04b60e07ed" "/opt/rustwide/cargo-home/bin/cargo" "+1.69.0" "metadata" "--no-deps" "--format-version=1", kill_on_drop: false }`
[INFO] [stdout] e6d9669434f58ed90cf32fa8d9569677d113c8095296ae6a7bb8c649c83b0794
[INFO] running `Command { std: "docker" "start" "-a" "e6d9669434f58ed90cf32fa8d9569677d113c8095296ae6a7bb8c649c83b0794", kill_on_drop: false }`
[INFO] running `Command { std: "docker" "inspect" "e6d9669434f58ed90cf32fa8d9569677d113c8095296ae6a7bb8c649c83b0794", kill_on_drop: false }`
[INFO] running `Command { std: "docker" "rm" "-f" "e6d9669434f58ed90cf32fa8d9569677d113c8095296ae6a7bb8c649c83b0794", kill_on_drop: false }`
[INFO] [stdout] e6d9669434f58ed90cf32fa8d9569677d113c8095296ae6a7bb8c649c83b0794
[INFO] running `Command { std: "docker" "create" "-v" "/var/lib/crater-agent-workspace/builds/worker-0-tc1/target:/opt/rustwide/target:rw,Z" "-v" "/var/lib/crater-agent-workspace/builds/worker-0-tc1/source:/opt/rustwide/workdir:ro,Z" "-v" "/var/lib/crater-agent-workspace/cargo-home:/opt/rustwide/cargo-home:ro,Z" "-v" "/var/lib/crater-agent-workspace/rustup-home:/opt/rustwide/rustup-home:ro,Z" "-e" "SOURCE_DIR=/opt/rustwide/workdir" "-e" "CARGO_TARGET_DIR=/opt/rustwide/target" "-e" "CARGO_INCREMENTAL=0" "-e" "RUST_BACKTRACE=full" "-e" "RUSTFLAGS=--cap-lints=warn" "-e" "RUSTDOCFLAGS=--cap-lints=warn" "-e" "CARGO_HOME=/opt/rustwide/cargo-home" "-e" "RUSTUP_HOME=/opt/rustwide/rustup-home" "-w" "/opt/rustwide/workdir" "-m" "1610612736" "--user" "0:0" "--network" "none" "ghcr.io/rust-lang/crates-build-env/linux@sha256:5ff2268d62e97bff2cde7d5815dd6ed5b47097566f13b8d0ca110b04b60e07ed" "/opt/rustwide/cargo-home/bin/cargo" "+1.69.0" "doc" "--frozen" "--no-deps" "--document-private-items" "--message-format=json", kill_on_drop: false }`
[INFO] [stdout] 0302c95673dc8adf85318ddc09395ff26bada15b578edcad74a7c51b8d4291aa
[INFO] running `Command { std: "docker" "start" "-a" "0302c95673dc8adf85318ddc09395ff26bada15b578edcad74a7c51b8d4291aa", kill_on_drop: false }`
[INFO] [stderr]    Compiling libc v0.2.124
[INFO] [stderr]     Checking futures v0.1.31
[INFO] [stderr]    Compiling crossbeam-utils v0.7.2
[INFO] [stderr]    Compiling log v0.4.16
[INFO] [stderr]     Checking either v1.6.1
[INFO] [stderr]     Checking byteorder v1.4.3
[INFO] [stderr]    Compiling num-traits v0.2.14
[INFO] [stderr]     Checking slab v0.4.6
[INFO] [stderr]    Compiling memoffset v0.5.6
[INFO] [stderr]    Compiling num-integer v0.1.44
[INFO] [stderr]    Compiling crossbeam-utils v0.8.8
[INFO] [stderr]    Compiling crossbeam-epoch v0.8.2
[INFO] [stderr]    Compiling memoffset v0.6.5
[INFO] [stderr]     Checking smallvec v0.6.14
[INFO] [stderr]    Compiling parking_lot v0.9.0
[INFO] [stderr]    Compiling crossbeam-epoch v0.9.8
[INFO] [stderr]    Compiling indexmap v1.8.1
[INFO] [stderr]     Checking aho-corasick v0.7.18
[INFO] [stderr]     Checking regex-syntax v0.6.25
[INFO] [stderr]    Compiling rayon-core v1.9.2
[INFO] [stderr]     Checking itoa v0.4.8
[INFO] [stderr]    Compiling num-iter v0.1.42
[INFO] [stderr]    Compiling num-rational v0.4.0
[INFO] [stderr]     Checking quick-error v1.2.3
[INFO] [stderr]    Compiling parking_lot_core v0.8.5 (https://github.com/Amanieu/parking_lot/?rev=80194730f2104fa5ca92fe17a619b57d0677ece7#80194730)
[INFO] [stderr]    Compiling httparse v1.7.0
[INFO] [stderr]    Compiling hyper v0.12.36
[INFO] [stderr]    Compiling rayon v1.5.2
[INFO] [stderr]    Compiling priority-queue v1.2.1
[INFO] [stderr]     Checking humantime v1.3.0
[INFO] [stderr]     Checking unicode-width v0.1.9
[INFO] [stderr]     Checking smallvec v1.8.0
[INFO] [stderr]     Checking crossbeam-channel v0.5.4
[INFO] [stderr]     Checking once_cell v1.10.0
[INFO] [stderr]     Checking termcolor v1.1.3
[INFO] [stderr]     Checking lock_api v0.4.5 (https://github.com/Amanieu/parking_lot/?rev=80194730f2104fa5ca92fe17a619b57d0677ece7#80194730)
[INFO] [stderr]     Checking bytemuck v1.9.1
[INFO] [stderr]     Checking tokio-sync v0.1.8
[INFO] [stderr]     Checking want v0.2.0
[INFO] [stderr]     Checking number_prefix v0.4.0
[INFO] [stderr]     Checking ansi_term v0.11.0
[INFO] [stderr]     Checking iovec v0.1.4
[INFO] [stderr]     Checking num_cpus v1.13.1
[INFO] [stderr]     Checking net2 v0.2.37
[INFO] [stderr]     Checking tokio-executor v0.1.10
[INFO] [stderr]     Checking parking_lot_core v0.6.2
[INFO] [stderr]     Checking getrandom v0.2.6
[INFO] [stderr]     Checking crossbeam-queue v0.2.3
[INFO] [stderr]     Checking time v0.1.43
[INFO] [stderr]     Checking crossbeam-deque v0.8.1
[INFO] [stderr]     Checking atty v0.2.14
[INFO] [stderr]     Checking bytes v0.4.12
[INFO] [stderr]     Checking terminal_size v0.1.17
[INFO] [stderr]     Checking futures-cpupool v0.1.8
[INFO] [stderr]     Checking tokio-timer v0.2.13
[INFO] [stderr]     Checking mio v0.6.23
[INFO] [stderr]     Checking tokio-current-thread v0.1.7
[INFO] [stderr]     Checking xattr v0.2.2
[INFO] [stderr]     Checking rand_core v0.6.3
[INFO] [stderr]     Checking filetime v0.2.16
[INFO] [stderr]     Checking console v0.15.0
[INFO] [stderr]     Checking crossbeam-deque v0.7.4
[INFO] [stderr]     Checking color_quant v1.1.0
[INFO] [stderr]     Checking scoped_threadpool v0.1.9
[INFO] [stderr]     Checking unicode-segmentation v1.9.0
[INFO] [stderr]     Checking tar v0.4.38
[INFO] [stderr]     Checking rand_chacha v0.3.1
[INFO] [stderr]     Checking chrono v0.4.19
[INFO] [stderr]     Checking tokio-io v0.1.13
[INFO] [stderr]     Checking http v0.1.21
[INFO] [stderr]     Checking tokio-threadpool v0.1.18
[INFO] [stderr]     Checking string v0.2.1
[INFO] [stderr]     Checking tokio-buf v0.1.1
[INFO] [stderr]     Checking parking_lot v0.11.2 (https://github.com/Amanieu/parking_lot/?rev=80194730f2104fa5ca92fe17a619b57d0677ece7#80194730)
[INFO] [stderr]     Checking rand_xorshift v0.3.0
[INFO] [stderr]     Checking ordered-float v2.10.0
[INFO] [stderr]     Checking rand v0.8.5
[INFO] [stderr]     Checking itertools v0.10.3
[INFO] [stderr]     Checking cache-padded v1.2.0
[INFO] [stderr]     Checking roots v0.0.7
[INFO] [stderr]     Checking rcu-clean v0.1.6
[INFO] [stderr]     Checking partition v0.1.2
[INFO] [stderr]     Checking unordered-pair v0.2.3
[INFO] [stderr]     Checking tokio-reactor v0.1.12
[INFO] [stderr]     Checking image v0.24.1
[INFO] [stderr]     Checking regex v1.5.5
[INFO] [stderr]     Checking arrayvec v0.7.2
[INFO] [stderr]     Checking tokio v0.1.22
[INFO] [stderr]     Checking tokio-tcp v0.1.4
[INFO] [stderr]     Checking env_logger v0.5.13
[INFO] [stderr]     Checking indicatif v0.16.2
[INFO] [stderr]     Checking pretty_env_logger v0.2.5
[INFO] [stderr]     Checking h2 v0.1.26
[INFO] [stderr]     Checking http-body v0.1.0
[INFO] [stderr]     Checking raytracer v0.1.0 (/opt/rustwide/workdir)
[INFO] [stderr]  Documenting raytracer v0.1.0 (/opt/rustwide/workdir)
[INFO] [stdout] error[E0583]: file not found for module `mesh`
[INFO] [stdout]   --> src/lib.rs:39:1
[INFO] [stdout]    |
[INFO] [stdout] 39 | pub mod mesh;
[INFO] [stdout]    | ^^^^^^^^^^^^^
[INFO] [stdout]    |
[INFO] [stdout]    = help: to create the module `mesh`, create file "src/mesh.rs" or "src/mesh/mod.rs"
[INFO] [stdout] 
[INFO] [stdout] 
[INFO] [stdout] error[E0583]: file not found for module `mesh`
[INFO] [stdout]   --> src/lib.rs:39:1
[INFO] [stdout]    |
[INFO] [stdout] 39 | pub mod mesh;
[INFO] [stdout]    | ^^^^^^^^^^^^^
[INFO] [stdout]    |
[INFO] [stdout]    = help: to create the module `mesh`, create file "src/mesh.rs" or "src/mesh/mod.rs"
[INFO] [stdout] 
[INFO] [stdout] 
[INFO] [stdout] error[E0432]: unresolved imports `crate::mesh::bunny`, `crate::mesh::cow`, `crate::mesh::pinecone`, `crate::mesh::sphere`
[INFO] [stdout]   --> src/lib.rs:24:19
[INFO] [stdout]    |
[INFO] [stdout] 24 | use crate::mesh::{bunny, cow, pinecone, sphere};
[INFO] [stdout]    |                   ^^^^^  ^^^  ^^^^^^^^  ^^^^^^ no `sphere` in `mesh`
[INFO] [stdout]    |                   |      |    |
[INFO] [stdout]    |                   |      |    no `pinecone` in `mesh`
[INFO] [stdout]    |                   |      no `cow` in `mesh`
[INFO] [stdout]    |                   no `bunny` in `mesh`
[INFO] [stdout]    |
[INFO] [stdout]    = help: consider importing this module instead:
[INFO] [stdout]            crate::geo::sphere
[INFO] [stdout] 
[INFO] [stdout] 
[INFO] [stdout] error[E0432]: unresolved imports `crate::mesh::bunny`, `crate::mesh::cow`, `crate::mesh::pinecone`, `crate::mesh::sphere`
[INFO] [stdout]   --> src/lib.rs:24:19
[INFO] [stdout]    |
[INFO] [stdout] 24 | use crate::mesh::{bunny, cow, pinecone, sphere};
[INFO] [stdout]    |                   ^^^^^  ^^^  ^^^^^^^^  ^^^^^^ no `sphere` in `mesh`
[INFO] [stdout]    |                   |      |    |
[INFO] [stdout]    |                   |      |    no `pinecone` in `mesh`
[INFO] [stdout]    |                   |      no `cow` in `mesh`
[INFO] [stdout]    |                   no `bunny` in `mesh`
[INFO] [stdout]    |
[INFO] [stdout]    = help: consider importing this module instead:
[INFO] [stdout]            crate::geo::sphere
[INFO] [stdout] 
[INFO] [stdout] 
[INFO] [stdout] error[E0432]: unresolved import `crate::mesh::TriMesh`
[INFO] [stdout]  --> src/tree/bvh_cluster.rs:8:5
[INFO] [stdout]   |
[INFO] [stdout] 8 | use crate::mesh::TriMesh;
[INFO] [stdout]   |     ^^^^^^^^^^^^^^^^^^^^ no `TriMesh` in `mesh`
[INFO] [stdout] 
[INFO] [stdout] 
[INFO] [stdout] error[E0432]: unresolved import `crate::mesh::TriMesh`
[INFO] [stdout]  --> src/tree/bvh_cluster.rs:8:5
[INFO] [stdout]   |
[INFO] [stdout] 8 | use crate::mesh::TriMesh;
[INFO] [stdout]   |     ^^^^^^^^^^^^^^^^^^^^ no `TriMesh` in `mesh`
[INFO] [stdout] 
[INFO] [stdout] 
[INFO] [stdout] error[E0432]: unresolved imports `crate::mesh::Mesh`, `crate::mesh::MeshFace`, `crate::mesh::TriMesh`, `crate::mesh::TriVerts`
[INFO] [stdout]  --> src/tree/bvh.rs:8:19
[INFO] [stdout]   |
[INFO] [stdout] 8 | use crate::mesh::{Mesh, MeshFace, TriMesh, TriVerts};
[INFO] [stdout]   |                   ^^^^  ^^^^^^^^  ^^^^^^^  ^^^^^^^^ no `TriVerts` in `mesh`
[INFO] [stdout]   |                   |     |         |
[INFO] [stdout]   |                   |     |         no `TriMesh` in `mesh`
[INFO] [stdout]   |                   |     no `MeshFace` in `mesh`
[INFO] [stdout]   |                   no `Mesh` in `mesh`
[INFO] [stdout] 
[INFO] [stdout] 
[INFO] [stdout] error[E0432]: unresolved imports `crate::mesh::Mesh`, `crate::mesh::MeshFace`, `crate::mesh::TriMesh`, `crate::mesh::TriVerts`
[INFO] [stdout]  --> src/tree/bvh.rs:8:19
[INFO] [stdout]   |
[INFO] [stdout] 8 | use crate::mesh::{Mesh, MeshFace, TriMesh, TriVerts};
[INFO] [stdout]   |                   ^^^^  ^^^^^^^^  ^^^^^^^  ^^^^^^^^ no `TriVerts` in `mesh`
[INFO] [stdout]   |                   |     |         |
[INFO] [stdout]   |                   |     |         no `TriMesh` in `mesh`
[INFO] [stdout]   |                   |     no `MeshFace` in `mesh`
[INFO] [stdout]   |                   no `Mesh` in `mesh`
[INFO] [stdout] 
[INFO] [stdout] 
[INFO] [stdout] error[E0432]: unresolved import `crate::mesh::pinecone`
[INFO] [stdout]  --> src/tree/benchmark.rs:8:5
[INFO] [stdout]   |
[INFO] [stdout] 8 | use crate::mesh::pinecone;
[INFO] [stdout]   |     ^^^^^^^^^^^^^^^^^^^^^ no `pinecone` in `mesh`
[INFO] [stdout]   |
[INFO] [stdout] help: consider importing this unresolved item instead
[INFO] [stdout]   |
[INFO] [stdout] 8 | use crate::pinecone;
[INFO] [stdout]   |     ~~~~~~~~~~~~~~~
[INFO] [stdout] 
[INFO] [stdout] 
[INFO] [stdout] error[E0432]: unresolved import `crate::mesh::pinecone`
[INFO] [stdout]  --> src/tree/benchmark.rs:8:5
[INFO] [stdout]   |
[INFO] [stdout] 8 | use crate::mesh::pinecone;
[INFO] [stdout]   |     ^^^^^^^^^^^^^^^^^^^^^ no `pinecone` in `mesh`
[INFO] [stdout]   |
[INFO] [stdout] help: consider importing this unresolved item instead
[INFO] [stdout]   |
[INFO] [stdout] 8 | use crate::pinecone;
[INFO] [stdout]   |     ~~~~~~~~~~~~~~~
[INFO] [stdout] 
[INFO] [stdout] 
[INFO] [stdout] error[E0554]: `#![feature]` may not be used on the stable release channel
[INFO] [stdout]  --> src/lib.rs:1:1
[INFO] [stdout]   |
[INFO] [stdout] 1 | #![feature(box_syntax)]
[INFO] [stdout]   | ^^^^^^^^^^^^^^^^^^^^^^^
[INFO] [stdout] 
[INFO] [stdout] 
[INFO] [stdout] error[E0554]: `#![feature]` may not be used on the stable release channel
[INFO] [stdout]  --> src/lib.rs:2:1
[INFO] [stdout]   |
[INFO] [stdout] 2 | #![feature(trait_alias)]
[INFO] [stdout]   | ^^^^^^^^^^^^^^^^^^^^^^^^
[INFO] [stdout] 
[INFO] [stdout] 
[INFO] [stdout] error[E0554]: `#![feature]` may not be used on the stable release channel
[INFO] [stdout]  --> src/lib.rs:3:1
[INFO] [stdout]   |
[INFO] [stdout] 3 | #![feature(generic_const_exprs)]
[INFO] [stdout]   | ^^^^^^^^^^^^^^^^^^^^^^^^^^^^^^^^
[INFO] [stdout] 
[INFO] [stdout] 
[INFO] [stdout] error[E0554]: `#![feature]` may not be used on the stable release channel
[INFO] [stdout]  --> src/lib.rs:4:1
[INFO] [stdout]   |
[INFO] [stdout] 4 | #![feature(array_zip)]
[INFO] [stdout]   | ^^^^^^^^^^^^^^^^^^^^^^
[INFO] [stdout] 
[INFO] [stdout] 
[INFO] [stdout] error[E0554]: `#![feature]` may not be used on the stable release channel
[INFO] [stdout]  --> src/lib.rs:5:1
[INFO] [stdout]   |
[INFO] [stdout] 5 | #![feature(float_minimum_maximum)]
[INFO] [stdout]   | ^^^^^^^^^^^^^^^^^^^^^^^^^^^^^^^^^^
[INFO] [stdout] 
[INFO] [stdout] 
[INFO] [stdout] error[E0554]: `#![feature]` may not be used on the stable release channel
[INFO] [stdout]  --> src/lib.rs:6:1
[INFO] [stdout]   |
[INFO] [stdout] 6 | #![feature(default_free_fn)]
[INFO] [stdout]   | ^^^^^^^^^^^^^^^^^^^^^^^^^^^^
[INFO] [stdout] 
[INFO] [stdout] 
[INFO] [stdout] error[E0554]: `#![feature]` may not be used on the stable release channel
[INFO] [stdout]  --> src/lib.rs:7:1
[INFO] [stdout]   |
[INFO] [stdout] 7 | #![feature(bool_to_option)]
[INFO] [stdout]   | ^^^^^^^^^^^^^^^^^^^^^^^^^^^
[INFO] [stdout] 
[INFO] [stdout] 
[INFO] [stdout] error[E0554]: `#![feature]` may not be used on the stable release channel
[INFO] [stdout]  --> src/lib.rs:8:1
[INFO] [stdout]   |
[INFO] [stdout] 8 | #![feature(map_first_last)]
[INFO] [stdout]   | ^^^^^^^^^^^^^^^^^^^^^^^^^^^
[INFO] [stdout] 
[INFO] [stdout] 
[INFO] [stdout] error[E0554]: `#![feature]` may not be used on the stable release channel
[INFO] [stdout]   --> src/lib.rs:11:1
[INFO] [stdout]    |
[INFO] [stdout] 11 | #![feature(type_alias_impl_trait)]
[INFO] [stdout]    | ^^^^^^^^^^^^^^^^^^^^^^^^^^^^^^^^^^
[INFO] [stdout] 
[INFO] [stdout] 
[INFO] [stdout] error[E0554]: `#![feature]` may not be used on the stable release channel
[INFO] [stdout]   --> src/lib.rs:12:1
[INFO] [stdout]    |
[INFO] [stdout] 12 | #![feature(test)]
[INFO] [stdout]    | ^^^^^^^^^^^^^^^^^
[INFO] [stdout] 
[INFO] [stdout] 
[INFO] [stdout] error[E0554]: `#![feature]` may not be used on the stable release channel
[INFO] [stdout]   --> src/lib.rs:13:1
[INFO] [stdout]    |
[INFO] [stdout] 13 | #![feature(bench_black_box)]
[INFO] [stdout]    | ^^^^^^^^^^^^^^^^^^^^^^^^^^^^
[INFO] [stdout] 
[INFO] [stdout] 
[INFO] [stdout] error[E0554]: `#![feature]` may not be used on the stable release channel
[INFO] [stdout]  --> src/lib.rs:1:1
[INFO] [stdout]   |
[INFO] [stdout] 1 | #![feature(box_syntax)]
[INFO] [stdout]   | ^^^^^^^^^^^^^^^^^^^^^^^
[INFO] [stdout] 
[INFO] [stdout] 
[INFO] [stdout] error[E0554]: `#![feature]` may not be used on the stable release channel
[INFO] [stdout]  --> src/lib.rs:2:1
[INFO] [stdout]   |
[INFO] [stdout] 2 | #![feature(trait_alias)]
[INFO] [stdout]   | ^^^^^^^^^^^^^^^^^^^^^^^^
[INFO] [stdout] 
[INFO] [stdout] 
[INFO] [stdout] error[E0554]: `#![feature]` may not be used on the stable release channel
[INFO] [stdout]  --> src/lib.rs:3:1
[INFO] [stdout]   |
[INFO] [stdout] 3 | #![feature(generic_const_exprs)]
[INFO] [stdout]   | ^^^^^^^^^^^^^^^^^^^^^^^^^^^^^^^^
[INFO] [stdout] 
[INFO] [stdout] 
[INFO] [stdout] error[E0554]: `#![feature]` may not be used on the stable release channel
[INFO] [stdout]  --> src/lib.rs:4:1
[INFO] [stdout]   |
[INFO] [stdout] 4 | #![feature(array_zip)]
[INFO] [stdout]   | ^^^^^^^^^^^^^^^^^^^^^^
[INFO] [stdout] 
[INFO] [stdout] 
[INFO] [stdout] error[E0554]: `#![feature]` may not be used on the stable release channel
[INFO] [stdout]  --> src/lib.rs:5:1
[INFO] [stdout]   |
[INFO] [stdout] 5 | #![feature(float_minimum_maximum)]
[INFO] [stdout]   | ^^^^^^^^^^^^^^^^^^^^^^^^^^^^^^^^^^
[INFO] [stdout] 
[INFO] [stdout] 
[INFO] [stdout] error[E0554]: `#![feature]` may not be used on the stable release channel
[INFO] [stdout]  --> src/lib.rs:6:1
[INFO] [stdout]   |
[INFO] [stdout] 6 | #![feature(default_free_fn)]
[INFO] [stdout]   | ^^^^^^^^^^^^^^^^^^^^^^^^^^^^
[INFO] [stdout] 
[INFO] [stdout] 
[INFO] [stdout] error[E0554]: `#![feature]` may not be used on the stable release channel
[INFO] [stdout]  --> src/lib.rs:7:1
[INFO] [stdout]   |
[INFO] [stdout] 7 | #![feature(bool_to_option)]
[INFO] [stdout]   | ^^^^^^^^^^^^^^^^^^^^^^^^^^^
[INFO] [stdout] 
[INFO] [stdout] 
[INFO] [stdout] error[E0554]: `#![feature]` may not be used on the stable release channel
[INFO] [stdout]  --> src/lib.rs:8:1
[INFO] [stdout]   |
[INFO] [stdout] 8 | #![feature(map_first_last)]
[INFO] [stdout]   | ^^^^^^^^^^^^^^^^^^^^^^^^^^^
[INFO] [stdout] 
[INFO] [stdout] 
[INFO] [stdout] error[E0554]: `#![feature]` may not be used on the stable release channel
[INFO] [stdout]   --> src/lib.rs:11:1
[INFO] [stdout]    |
[INFO] [stdout] 11 | #![feature(type_alias_impl_trait)]
[INFO] [stdout]    | ^^^^^^^^^^^^^^^^^^^^^^^^^^^^^^^^^^
[INFO] [stdout] 
[INFO] [stdout] 
[INFO] [stdout] error[E0554]: `#![feature]` may not be used on the stable release channel
[INFO] [stdout]   --> src/lib.rs:12:1
[INFO] [stdout]    |
[INFO] [stdout] 12 | #![feature(test)]
[INFO] [stdout]    | ^^^^^^^^^^^^^^^^^
[INFO] [stdout] 
[INFO] [stdout] 
[INFO] [stdout] error[E0554]: `#![feature]` may not be used on the stable release channel
[INFO] [stdout]   --> src/lib.rs:13:1
[INFO] [stdout]    |
[INFO] [stdout] 13 | #![feature(bench_black_box)]
[INFO] [stdout]    | ^^^^^^^^^^^^^^^^^^^^^^^^^^^^
[INFO] [stdout] 
[INFO] [stdout] 
[INFO] [stdout] error[E0554]: `#![feature]` may not be used on the stable release channel
[INFO] [stdout]  --> src/lib.rs:4:12
[INFO] [stdout]   |
[INFO] [stdout] 4 | #![feature(array_zip)]
[INFO] [stdout]   |            ^^^^^^^^^
[INFO] [stdout] 
[INFO] [stdout] 
[INFO] [stdout] error[E0554]: `#![feature]` may not be used on the stable release channel
[INFO] [stdout]  --> src/lib.rs:5:12
[INFO] [stdout]   |
[INFO] [stdout] 5 | #![feature(float_minimum_maximum)]
[INFO] [stdout]   |            ^^^^^^^^^^^^^^^^^^^^^
[INFO] [stdout] 
[INFO] [stdout] 
[INFO] [stdout] error[E0554]: `#![feature]` may not be used on the stable release channel
[INFO] [stdout]  --> src/lib.rs:6:12
[INFO] [stdout]   |
[INFO] [stdout] 6 | #![feature(default_free_fn)]
[INFO] [stdout]   |            ^^^^^^^^^^^^^^^
[INFO] [stdout] 
[INFO] [stdout] 
[INFO] [stdout] error[E0554]: `#![feature]` may not be used on the stable release channel
[INFO] [stdout]  --> src/lib.rs:7:12
[INFO] [stdout]   |
[INFO] [stdout] 7 | #![feature(bool_to_option)]
[INFO] [stdout]   |            ^^^^^^^^^^^^^^
[INFO] [stdout] 
[INFO] [stdout] 
[INFO] [stdout] error[E0554]: `#![feature]` may not be used on the stable release channel
[INFO] [stdout]  --> src/lib.rs:8:12
[INFO] [stdout]   |
[INFO] [stdout] 8 | #![feature(map_first_last)]
[INFO] [stdout]   |            ^^^^^^^^^^^^^^
[INFO] [stdout] 
[INFO] [stdout] 
[INFO] [stdout] error[E0554]: `#![feature]` may not be used on the stable release channel
[INFO] [stdout]   --> src/lib.rs:12:12
[INFO] [stdout]    |
[INFO] [stdout] 12 | #![feature(test)]
[INFO] [stdout]    |            ^^^^
[INFO] [stdout] 
[INFO] [stdout] 
[INFO] [stdout] error[E0554]: `#![feature]` may not be used on the stable release channel
[INFO] [stdout]   --> src/lib.rs:13:12
[INFO] [stdout]    |
[INFO] [stdout] 13 | #![feature(bench_black_box)]
[INFO] [stdout]    |            ^^^^^^^^^^^^^^^
[INFO] [stdout] 
[INFO] [stdout] 
[INFO] [stdout] warning: the feature `bench_black_box` has been stable since 1.66.0 and no longer requires an attribute to enable
[INFO] [stdout]   --> src/lib.rs:13:12
[INFO] [stdout]    |
[INFO] [stdout] 13 | #![feature(bench_black_box)]
[INFO] [stdout]    |            ^^^^^^^^^^^^^^^
[INFO] [stdout]    |
[INFO] [stdout]    = note: `#[warn(stable_features)]` on by default
[INFO] [stdout] 
[INFO] [stdout] 
[INFO] [stdout] warning: the feature `bool_to_option` has been stable since 1.62.0 and no longer requires an attribute to enable
[INFO] [stdout]  --> src/lib.rs:7:12
[INFO] [stdout]   |
[INFO] [stdout] 7 | #![feature(bool_to_option)]
[INFO] [stdout]   |            ^^^^^^^^^^^^^^
[INFO] [stdout] 
[INFO] [stdout] 
[INFO] [stdout] warning: the feature `map_first_last` has been stable since 1.66.0 and no longer requires an attribute to enable
[INFO] [stdout]  --> src/lib.rs:8:12
[INFO] [stdout]   |
[INFO] [stdout] 8 | #![feature(map_first_last)]
[INFO] [stdout]   |            ^^^^^^^^^^^^^^
[INFO] [stdout] 
[INFO] [stdout] 
[INFO] [stdout] error: aborting due to 16 previous errors
[INFO] [stdout] 
[INFO] [stdout] 
[INFO] [stdout] Some errors have detailed explanations: E0432, E0554, E0583.
[INFO] [stdout] 
[INFO] [stdout] For more information about an error, try `rustc --explain E0432`.
[INFO] [stdout] 
[INFO] [stderr] error: could not document `raytracer`
[INFO] [stderr] 
[INFO] [stderr] Caused by:
[INFO] [stderr]   process didn't exit successfully: `rustdoc --edition=2021 --crate-type lib --crate-name raytracer src/lib.rs -o /opt/rustwide/target/doc --error-format=json --json=diagnostic-rendered-ansi,artifacts,future-incompat --document-private-items -C metadata=a4ee7ce5d724b721 -L dependency=/opt/rustwide/target/debug/deps --extern arrayvec=/opt/rustwide/target/debug/deps/libarrayvec-78b01ec076031942.rmeta --extern cache_padded=/opt/rustwide/target/debug/deps/libcache_padded-e8a0fa3664748130.rmeta --extern hyper=/opt/rustwide/target/debug/deps/libhyper-2c5524d0db9d6ef7.rmeta --extern image=/opt/rustwide/target/debug/deps/libimage-b68cb6d6881fd63f.rmeta --extern indicatif=/opt/rustwide/target/debug/deps/libindicatif-a9a132509be40c50.rmeta --extern itertools=/opt/rustwide/target/debug/deps/libitertools-da3c3dbed4b24be3.rmeta --extern ordered_float=/opt/rustwide/target/debug/deps/libordered_float-fe7c0eeb3b9a3b25.rmeta --extern parking_lot=/opt/rustwide/target/debug/deps/libparking_lot-89bea930a603ab52.rmeta --extern partition=/opt/rustwide/target/debug/deps/libpartition-2bf09a280c1e0b26.rmeta --extern pretty_env_logger=/opt/rustwide/target/debug/deps/libpretty_env_logger-0048400e59428b18.rmeta --extern priority_queue=/opt/rustwide/target/debug/deps/libpriority_queue-003bc4cf25380aed.rmeta --extern rand=/opt/rustwide/target/debug/deps/librand-6ce50dc9d11a4129.rmeta --extern rand_xorshift=/opt/rustwide/target/debug/deps/librand_xorshift-93905d577bf4e9b7.rmeta --extern rayon=/opt/rustwide/target/debug/deps/librayon-917e8f25715ba270.rmeta --extern rcu_clean=/opt/rustwide/target/debug/deps/librcu_clean-bbc0e0c4982c4181.rmeta --extern roots=/opt/rustwide/target/debug/deps/libroots-772dff657f1b4204.rmeta --extern tar=/opt/rustwide/target/debug/deps/libtar-6bdd2511d20166ea.rmeta --extern unordered_pair=/opt/rustwide/target/debug/deps/libunordered_pair-abf8b234e062319b.rmeta --cap-lints=warn --crate-version 0.1.0` (exit status: 1)
[INFO] [stderr] warning: build failed, waiting for other jobs to finish...
[INFO] [stdout] error: aborting due to 23 previous errors; 3 warnings emitted
[INFO] [stdout] 
[INFO] [stdout] 
[INFO] [stdout] Some errors have detailed explanations: E0432, E0554, E0583.
[INFO] [stdout] 
[INFO] [stdout] For more information about an error, try `rustc --explain E0432`.
[INFO] [stdout] 
[INFO] [stderr] error: could not compile `raytracer` due to 24 previous errors; 3 warnings emitted
[INFO] running `Command { std: "docker" "inspect" "0302c95673dc8adf85318ddc09395ff26bada15b578edcad74a7c51b8d4291aa", kill_on_drop: false }`
[INFO] running `Command { std: "docker" "rm" "-f" "0302c95673dc8adf85318ddc09395ff26bada15b578edcad74a7c51b8d4291aa", kill_on_drop: false }`
[INFO] [stdout] 0302c95673dc8adf85318ddc09395ff26bada15b578edcad74a7c51b8d4291aa
