[INFO] cloning repository https://github.com/mzmt/rust_calculator
[INFO] running `Command { std: "git" "-c" "credential.helper=" "-c" "credential.helper=/workspace/cargo-home/bin/git-credential-null" "clone" "--bare" "https://github.com/mzmt/rust_calculator" "/workspace/cache/git-repos/https%3A%2F%2Fgithub.com%2Fmzmt%2Frust_calculator", kill_on_drop: false }`
[INFO] [stderr] Cloning into bare repository '/workspace/cache/git-repos/https%3A%2F%2Fgithub.com%2Fmzmt%2Frust_calculator'...
[INFO] running `Command { std: "git" "rev-parse" "HEAD", kill_on_drop: false }`
[INFO] [stdout] 2f9fd57c48722894d048ea99e7a13aaea3f1c75a
[INFO] documenting mzmt/rust_calculator against 1.69.0 for beta-1.70-rustdoc-1
[INFO] running `Command { std: "git" "clone" "/workspace/cache/git-repos/https%3A%2F%2Fgithub.com%2Fmzmt%2Frust_calculator" "/workspace/builds/worker-0-tc1/source", kill_on_drop: false }`
[INFO] [stderr] Cloning into '/workspace/builds/worker-0-tc1/source'...
[INFO] [stderr] done.
[INFO] [stderr] Updating files:  67% (889/1316)
Updating files:  68% (895/1316)
Updating files:  69% (909/1316)
Updating files:  70% (922/1316)
Updating files:  71% (935/1316)
Updating files:  72% (948/1316)
Updating files:  73% (961/1316)
Updating files:  74% (974/1316)
Updating files:  75% (987/1316)
Updating files:  76% (1001/1316)
Updating files:  77% (1014/1316)
Updating files:  78% (1027/1316)
Updating files:  79% (1040/1316)
Updating files:  80% (1053/1316)
Updating files:  81% (1066/1316)
Updating files:  82% (1080/1316)
Updating files:  83% (1093/1316)
Updating files:  84% (1106/1316)
Updating files:  85% (1119/1316)
Updating files:  86% (1132/1316)
Updating files:  87% (1145/1316)
Updating files:  88% (1159/1316)
Updating files:  89% (1172/1316)
Updating files:  90% (1185/1316)
Updating files:  91% (1198/1316)
Updating files:  92% (1211/1316)
Updating files:  93% (1224/1316)
Updating files:  94% (1238/1316)
Updating files:  95% (1251/1316)
Updating files:  96% (1264/1316)
Updating files:  97% (1277/1316)
Updating files:  98% (1290/1316)
Updating files:  99% (1303/1316)
Updating files: 100% (1316/1316)
Updating files: 100% (1316/1316), done.
[INFO] validating manifest of git repo https://github.com/mzmt/rust_calculator on toolchain 1.69.0
[INFO] running `Command { std: CARGO_HOME="/workspace/cargo-home" RUSTUP_HOME="/workspace/rustup-home" "/workspace/cargo-home/bin/cargo" "+1.69.0" "metadata" "--manifest-path" "Cargo.toml" "--no-deps", kill_on_drop: false }`
[INFO] started tweaking git repo https://github.com/mzmt/rust_calculator
[INFO] finished tweaking git repo https://github.com/mzmt/rust_calculator
[INFO] tweaked toml for git repo https://github.com/mzmt/rust_calculator written to /workspace/builds/worker-0-tc1/source/Cargo.toml
[INFO] crate git repo https://github.com/mzmt/rust_calculator already has a lockfile, it will not be regenerated
[INFO] running `Command { std: CARGO_HOME="/workspace/cargo-home" RUSTUP_HOME="/workspace/rustup-home" "/workspace/cargo-home/bin/cargo" "+1.69.0" "fetch" "--manifest-path" "Cargo.toml", kill_on_drop: false }`
[INFO] [stderr]  Downloading crates ...
[INFO] [stderr]   Downloaded orbtk-widgets v0.3.0-alpha1
[INFO] [stderr]   Downloaded orbtk-render v0.3.0-alpha1
[INFO] [stderr]   Downloaded orbtk-utils v0.3.0-alpha1
[INFO] [stderr]   Downloaded orbtk-shell v0.3.0-alpha1
[INFO] [stderr]   Downloaded orbtk-api v0.3.0-alpha1
[INFO] [stderr]   Downloaded orbtk-tree v0.3.0-alpha1
[INFO] [stderr]   Downloaded dces v0.2.0
[INFO] [stderr]   Downloaded orbtk-css-engine v0.3.0-alpha1
[INFO] [stderr]   Downloaded raqote v0.7.14
[INFO] [stderr]   Downloaded orbtk-theme v0.3.0-alpha1
[INFO] [stderr]   Downloaded orbtk-proc-macros v0.3.0-alpha1
[INFO] [stderr]   Downloaded cssparser v0.17.0
[INFO] [stderr]   Downloaded orbtk v0.3.1-alpha1
[INFO] [stderr]   Downloaded sw-composite v0.7.6
[INFO] [stderr]   Downloaded lyon_geom v0.15.1
[INFO] running `Command { std: "docker" "create" "-v" "/var/lib/crater-agent-workspace/builds/worker-0-tc1/target:/opt/rustwide/target:rw,Z" "-v" "/var/lib/crater-agent-workspace/builds/worker-0-tc1/source:/opt/rustwide/workdir:ro,Z" "-v" "/var/lib/crater-agent-workspace/cargo-home:/opt/rustwide/cargo-home:ro,Z" "-v" "/var/lib/crater-agent-workspace/rustup-home:/opt/rustwide/rustup-home:ro,Z" "-e" "SOURCE_DIR=/opt/rustwide/workdir" "-e" "CARGO_TARGET_DIR=/opt/rustwide/target" "-e" "CARGO_HOME=/opt/rustwide/cargo-home" "-e" "RUSTUP_HOME=/opt/rustwide/rustup-home" "-w" "/opt/rustwide/workdir" "-m" "1610612736" "--user" "0:0" "--network" "none" "ghcr.io/rust-lang/crates-build-env/linux@sha256:5ff2268d62e97bff2cde7d5815dd6ed5b47097566f13b8d0ca110b04b60e07ed" "/opt/rustwide/cargo-home/bin/cargo" "+1.69.0" "metadata" "--no-deps" "--format-version=1", kill_on_drop: false }`
[INFO] [stdout] 0c5420670bb7429f8c6b641b85a1184130e0494705b3fcd03e5a0b9e2a207f56
[INFO] running `Command { std: "docker" "start" "-a" "0c5420670bb7429f8c6b641b85a1184130e0494705b3fcd03e5a0b9e2a207f56", kill_on_drop: false }`
[INFO] running `Command { std: "docker" "inspect" "0c5420670bb7429f8c6b641b85a1184130e0494705b3fcd03e5a0b9e2a207f56", kill_on_drop: false }`
[INFO] running `Command { std: "docker" "rm" "-f" "0c5420670bb7429f8c6b641b85a1184130e0494705b3fcd03e5a0b9e2a207f56", kill_on_drop: false }`
[INFO] [stdout] 0c5420670bb7429f8c6b641b85a1184130e0494705b3fcd03e5a0b9e2a207f56
[INFO] running `Command { std: "docker" "create" "-v" "/var/lib/crater-agent-workspace/builds/worker-0-tc1/target:/opt/rustwide/target:rw,Z" "-v" "/var/lib/crater-agent-workspace/builds/worker-0-tc1/source:/opt/rustwide/workdir:ro,Z" "-v" "/var/lib/crater-agent-workspace/cargo-home:/opt/rustwide/cargo-home:ro,Z" "-v" "/var/lib/crater-agent-workspace/rustup-home:/opt/rustwide/rustup-home:ro,Z" "-e" "SOURCE_DIR=/opt/rustwide/workdir" "-e" "CARGO_TARGET_DIR=/opt/rustwide/target" "-e" "CARGO_INCREMENTAL=0" "-e" "RUST_BACKTRACE=full" "-e" "RUSTFLAGS=--cap-lints=warn" "-e" "RUSTDOCFLAGS=--cap-lints=warn" "-e" "CARGO_HOME=/opt/rustwide/cargo-home" "-e" "RUSTUP_HOME=/opt/rustwide/rustup-home" "-w" "/opt/rustwide/workdir" "-m" "1610612736" "--user" "0:0" "--network" "none" "ghcr.io/rust-lang/crates-build-env/linux@sha256:5ff2268d62e97bff2cde7d5815dd6ed5b47097566f13b8d0ca110b04b60e07ed" "/opt/rustwide/cargo-home/bin/cargo" "+1.69.0" "doc" "--frozen" "--no-deps" "--document-private-items" "--message-format=json", kill_on_drop: false }`
[INFO] [stdout] f4c28b03bb7f935382b36cada68ff6aa5daddfb9da19dd69c95f8a3feb737d6c
[INFO] running `Command { std: "docker" "start" "-a" "f4c28b03bb7f935382b36cada68ff6aa5daddfb9da19dd69c95f8a3feb737d6c", kill_on_drop: false }`
[INFO] [stderr]    Compiling autocfg v1.0.0
[INFO] [stderr]    Compiling libc v0.2.68
[INFO] [stderr]    Compiling autocfg v0.1.7
[INFO] [stderr]    Compiling rand_core v0.4.2
[INFO] [stderr]     Checking lazy_static v1.4.0
[INFO] [stderr]     Checking cfg-if v0.1.10
[INFO] [stderr]    Compiling byteorder v1.3.4
[INFO] [stderr]    Compiling maybe-uninit v2.0.0
[INFO] [stderr]    Compiling proc-macro2 v0.4.30
[INFO] [stderr]    Compiling proc-macro2 v1.0.9
[INFO] [stderr]    Compiling rand_core v0.3.1
[INFO] [stderr]     Checking scopeguard v1.1.0
[INFO] [stderr]    Compiling num-traits v0.2.11
[INFO] [stderr]    Compiling crossbeam-utils v0.7.2
[INFO] [stderr]    Compiling memoffset v0.5.4
[INFO] [stderr]    Compiling rand_pcg v0.1.2
[INFO] [stderr]    Compiling rand_chacha v0.1.1
[INFO] [stderr]    Compiling crossbeam-epoch v0.8.2
[INFO] [stderr]    Compiling rand v0.6.5
[INFO] [stderr]    Compiling unicode-xid v0.1.0
[INFO] [stderr]    Compiling unicode-xid v0.2.0
[INFO] [stderr]    Compiling num-integer v0.1.42
[INFO] [stderr]    Compiling rand_xorshift v0.1.1
[INFO] [stderr]    Compiling rand_hc v0.1.0
[INFO] [stderr]    Compiling rand_isaac v0.1.1
[INFO] [stderr]    Compiling rand_os v0.1.3
[INFO] [stderr]    Compiling rand_jitter v0.1.4
[INFO] [stderr]    Compiling siphasher v0.2.3
[INFO] [stderr]     Checking adler32 v1.0.4
[INFO] [stderr]    Compiling bitflags v1.2.1
[INFO] [stderr]    Compiling crc32fast v1.2.0
[INFO] [stderr]    Compiling unicode-xid v0.0.4
[INFO] [stderr]    Compiling syn v0.15.44
[INFO] [stderr]    Compiling semver-parser v0.7.0
[INFO] [stderr]    Compiling rayon-core v1.7.0
[INFO] [stderr]    Compiling syn v1.0.17
[INFO] [stderr]    Compiling synom v0.11.3
[INFO] [stderr]     Checking crossbeam-deque v0.7.3
[INFO] [stderr]    Compiling semver v0.9.0
[INFO] [stderr]    Compiling phf_shared v0.7.24
[INFO] [stderr]    Compiling quote v1.0.3
[INFO] [stderr]    Compiling quote v0.6.13
[INFO] [stderr]     Checking crossbeam-queue v0.2.1
[INFO] [stderr]     Checking num_cpus v1.12.0
[INFO] [stderr]    Compiling num-derive v0.2.5
[INFO] [stderr]    Compiling quote v0.3.15
[INFO] [stderr]    Compiling syn v0.11.11
[INFO] [stderr]    Compiling rustc_version v0.2.3
[INFO] [stderr]     Checking inflate v0.4.5
[INFO] [stderr]     Checking deflate v0.7.20
[INFO] [stderr]    Compiling num-iter v0.1.40
[INFO] [stderr]    Compiling num-rational v0.2.4
[INFO] [stderr]    Compiling phf_generator v0.7.24
[INFO] [stderr]     Checking arrayvec v0.5.1
[INFO] [stderr]     Checking lzw v0.10.0
[INFO] [stderr]     Checking either v1.5.3
[INFO] [stderr]    Compiling pkg-config v0.3.17
[INFO] [stderr]     Checking png v0.15.3
[INFO] [stderr]     Checking rayon v1.3.0
[INFO] [stderr]    Compiling phf_codegen v0.7.24
[INFO] [stderr]    Compiling cast v0.2.3
[INFO] [stderr]     Checking euclid v0.20.7
[INFO] [stderr]    Compiling procedural-masquerade v0.1.6
[INFO] [stderr]    Compiling x11-dl v2.18.5
[INFO] [stderr]    Compiling cc v1.0.50
[INFO] [stderr]    Compiling cssparser v0.17.0
[INFO] [stderr]     Checking orbtk-utils v0.3.0-alpha1
[INFO] [stderr]     Checking color_quant v1.0.1
[INFO] [stderr]     Checking lyon_geom v0.15.1
[INFO] [stderr]     Checking gif v0.10.3
[INFO] [stderr]     Checking phf v0.7.24
[INFO] [stderr]     Checking ordered-float v1.0.2
[INFO] [stderr]     Checking approx v0.3.2
[INFO] [stderr]     Checking stb_truetype v0.3.1
[INFO] [stderr]     Checking typed-arena v2.0.1
[INFO] [stderr]     Checking sw-composite v0.7.6
[INFO] [stderr]     Checking scoped_threadpool v0.1.9
[INFO] [stderr]     Checking matches v0.1.8
[INFO] [stderr]     Checking raqote v0.7.14
[INFO] [stderr]     Checking rusttype v0.8.2
[INFO] [stderr]    Compiling minifb v0.13.0
[INFO] [stderr]     Checking time v0.1.42
[INFO] [stderr]     Checking jpeg-decoder v0.1.18
[INFO] [stderr]     Checking spin_sleep v0.3.7
[INFO] [stderr]     Checking dces v0.2.0
[INFO] [stdout] error[E0310]: the parameter type `C` may not live long enough
[INFO] [stdout]   --> /opt/rustwide/cargo-home/registry/src/github.com-1ecc6299db9ec823/dces-0.2.0/src/world.rs:30:13
[INFO] [stdout]    |
[INFO] [stdout] 30 | /             cleanup_system
[INFO] [stdout] 31 | |                 .system
[INFO] [stdout] 32 | |                 .run(&mut self.entity_component_manager);
[INFO] [stdout]    | |________________________________________________________^ ...so that the type `C` will meet its required lifetime bounds
[INFO] [stdout]    |
[INFO] [stdout] help: consider adding an explicit lifetime bound...
[INFO] [stdout]    |
[INFO] [stdout] 26 |     C: ComponentStore + 'static,
[INFO] [stdout]    |                       +++++++++
[INFO] [stdout] 
[INFO] [stdout] 
[INFO] [stdout] error[E0310]: the parameter type `E` may not live long enough
[INFO] [stdout]   --> /opt/rustwide/cargo-home/registry/src/github.com-1ecc6299db9ec823/dces-0.2.0/src/world.rs:30:13
[INFO] [stdout]    |
[INFO] [stdout] 30 | /             cleanup_system
[INFO] [stdout] 31 | |                 .system
[INFO] [stdout] 32 | |                 .run(&mut self.entity_component_manager);
[INFO] [stdout]    | |________________________________________________________^ ...so that the type `E` will meet its required lifetime bounds
[INFO] [stdout]    |
[INFO] [stdout] help: consider adding an explicit lifetime bound...
[INFO] [stdout]    |
[INFO] [stdout] 25 |     E: EntityStore + 'static,
[INFO] [stdout]    |                    +++++++++
[INFO] [stdout] 
[INFO] [stdout] 
[INFO] [stdout] error[E0310]: the parameter type `C` may not live long enough
[INFO] [stdout]    --> /opt/rustwide/cargo-home/registry/src/github.com-1ecc6299db9ec823/dces-0.2.0/src/world.rs:111:17
[INFO] [stdout]     |
[INFO] [stdout] 111 |                 init_system.system.run(&mut self.entity_component_manager);
[INFO] [stdout]     |                 ^^^^^^^^^^^^^^^^^^^^^^^^^^^^^^^^^^^^^^^^^^^^^^^^^^^^^^^^^^ ...so that the type `C` will meet its required lifetime bounds
[INFO] [stdout]     |
[INFO] [stdout] help: consider adding an explicit lifetime bound...
[INFO] [stdout]     |
[INFO] [stdout] 47  |     C: ComponentStore + 'static,
[INFO] [stdout]     |                       +++++++++
[INFO] [stdout] 
[INFO] [stdout] 
[INFO] [stdout] error[E0310]: the parameter type `E` may not live long enough
[INFO] [stdout]    --> /opt/rustwide/cargo-home/registry/src/github.com-1ecc6299db9ec823/dces-0.2.0/src/world.rs:111:17
[INFO] [stdout]     |
[INFO] [stdout] 111 |                 init_system.system.run(&mut self.entity_component_manager);
[INFO] [stdout]     |                 ^^^^^^^^^^^^^^^^^^^^^^^^^^^^^^^^^^^^^^^^^^^^^^^^^^^^^^^^^^ ...so that the type `E` will meet its required lifetime bounds
[INFO] [stdout]     |
[INFO] [stdout] help: consider adding an explicit lifetime bound...
[INFO] [stdout]     |
[INFO] [stdout] 46  |     E: EntityStore + 'static,
[INFO] [stdout]     |                    +++++++++
[INFO] [stdout] 
[INFO] [stdout] 
[INFO] [stdout] error[E0310]: the parameter type `C` may not live long enough
[INFO] [stdout]    --> /opt/rustwide/cargo-home/registry/src/github.com-1ecc6299db9ec823/dces-0.2.0/src/world.rs:119:17
[INFO] [stdout]     |
[INFO] [stdout] 119 | /                 self.system_store
[INFO] [stdout] 120 | |                     .borrow_entity_system(*system)
[INFO] [stdout] 121 | |                     .unwrap()
[INFO] [stdout] 122 | |                     .system
[INFO] [stdout] 123 | |                     .run(&mut self.entity_component_manager);
[INFO] [stdout]     | |____________________________________________________________^ ...so that the type `C` will meet its required lifetime bounds
[INFO] [stdout]     |
[INFO] [stdout] help: consider adding an explicit lifetime bound...
[INFO] [stdout]     |
[INFO] [stdout] 47  |     C: ComponentStore + 'static,
[INFO] [stdout]     |                       +++++++++
[INFO] [stdout] 
[INFO] [stdout] 
[INFO] [stdout] error[E0310]: the parameter type `E` may not live long enough
[INFO] [stdout]    --> /opt/rustwide/cargo-home/registry/src/github.com-1ecc6299db9ec823/dces-0.2.0/src/world.rs:119:17
[INFO] [stdout]     |
[INFO] [stdout] 119 | /                 self.system_store
[INFO] [stdout] 120 | |                     .borrow_entity_system(*system)
[INFO] [stdout] 121 | |                     .unwrap()
[INFO] [stdout] 122 | |                     .system
[INFO] [stdout] 123 | |                     .run(&mut self.entity_component_manager);
[INFO] [stdout]     | |____________________________________________________________^ ...so that the type `E` will meet its required lifetime bounds
[INFO] [stdout]     |
[INFO] [stdout] help: consider adding an explicit lifetime bound...
[INFO] [stdout]     |
[INFO] [stdout] 46  |     E: EntityStore + 'static,
[INFO] [stdout]     |                    +++++++++
[INFO] [stdout] 
[INFO] [stdout] 
[INFO] [stdout] error: aborting due to 6 previous errors
[INFO] [stdout] 
[INFO] [stdout] 
[INFO] [stdout] For more information about this error, try `rustc --explain E0310`.
[INFO] [stdout] 
[INFO] [stderr] error: could not compile `dces` due to 7 previous errors
[INFO] [stderr] warning: build failed, waiting for other jobs to finish...
[INFO] running `Command { std: "docker" "inspect" "f4c28b03bb7f935382b36cada68ff6aa5daddfb9da19dd69c95f8a3feb737d6c", kill_on_drop: false }`
[INFO] running `Command { std: "docker" "rm" "-f" "f4c28b03bb7f935382b36cada68ff6aa5daddfb9da19dd69c95f8a3feb737d6c", kill_on_drop: false }`
[INFO] [stdout] f4c28b03bb7f935382b36cada68ff6aa5daddfb9da19dd69c95f8a3feb737d6c
