[INFO] cloning repository https://github.com/mycorrhiza/ipfsdc-rs
[INFO] running `Command { std: "git" "-c" "credential.helper=" "-c" "credential.helper=/workspace/cargo-home/bin/git-credential-null" "clone" "--bare" "https://github.com/mycorrhiza/ipfsdc-rs" "/workspace/cache/git-repos/https%3A%2F%2Fgithub.com%2Fmycorrhiza%2Fipfsdc-rs", kill_on_drop: false }`
[INFO] [stderr] Cloning into bare repository '/workspace/cache/git-repos/https%3A%2F%2Fgithub.com%2Fmycorrhiza%2Fipfsdc-rs'...
[INFO] running `Command { std: "git" "rev-parse" "HEAD", kill_on_drop: false }`
[INFO] [stdout] 58d34792b2e6359494fdad25ad54e2af8e4669a3
[INFO] documenting mycorrhiza/ipfsdc-rs against beta-2023-04-20 for beta-1.70-rustdoc-1
[INFO] running `Command { std: "git" "clone" "/workspace/cache/git-repos/https%3A%2F%2Fgithub.com%2Fmycorrhiza%2Fipfsdc-rs" "/workspace/builds/worker-6-tc2/source", kill_on_drop: false }`
[INFO] [stderr] Cloning into '/workspace/builds/worker-6-tc2/source'...
[INFO] [stderr] done.
[INFO] validating manifest of git repo https://github.com/mycorrhiza/ipfsdc-rs on toolchain beta-2023-04-20
[INFO] running `Command { std: CARGO_HOME="/workspace/cargo-home" RUSTUP_HOME="/workspace/rustup-home" "/workspace/cargo-home/bin/cargo" "+beta-2023-04-20" "metadata" "--manifest-path" "Cargo.toml" "--no-deps", kill_on_drop: false }`
[INFO] started tweaking git repo https://github.com/mycorrhiza/ipfsdc-rs
[INFO] finished tweaking git repo https://github.com/mycorrhiza/ipfsdc-rs
[INFO] tweaked toml for git repo https://github.com/mycorrhiza/ipfsdc-rs written to /workspace/builds/worker-6-tc2/source/Cargo.toml
[INFO] crate git repo https://github.com/mycorrhiza/ipfsdc-rs already has a lockfile, it will not be regenerated
[INFO] running `Command { std: CARGO_HOME="/workspace/cargo-home" RUSTUP_HOME="/workspace/rustup-home" "/workspace/cargo-home/bin/cargo" "+beta-2023-04-20" "fetch" "--manifest-path" "Cargo.toml", kill_on_drop: false }`
[INFO] [stderr]     Blocking waiting for file lock on package cache
[INFO] [stderr]     Updating crates.io index
[INFO] [stderr]  Downloading crates ...
[INFO] [stderr]   Downloaded bs58 v0.1.3
[INFO] [stderr]   Downloaded varmint v0.1.2
[INFO] [stderr]   Downloaded nix v0.7.0
[INFO] [stderr]   Downloaded tokio-curl v0.1.3
[INFO] [stderr]   Downloaded maddr v0.2.0
[INFO] [stderr]   Downloaded tokio-core v0.1.0
[INFO] [stderr]   Downloaded mio v0.6.1
[INFO] [stderr]   Downloaded mhash v0.2.0
[INFO] [stderr]   Downloaded curl v0.3.9
[INFO] [stderr]   Downloaded futures v0.1.3
[INFO] [stderr]   Downloaded clap v2.17.1
[INFO] [stderr]   Downloaded libz-sys v1.0.6
[INFO] [stderr]   Downloaded curl-sys v0.2.4
[INFO] running `Command { std: "docker" "create" "-v" "/var/lib/crater-agent-workspace/builds/worker-6-tc2/target:/opt/rustwide/target:rw,Z" "-v" "/var/lib/crater-agent-workspace/builds/worker-6-tc2/source:/opt/rustwide/workdir:ro,Z" "-v" "/var/lib/crater-agent-workspace/cargo-home:/opt/rustwide/cargo-home:ro,Z" "-v" "/var/lib/crater-agent-workspace/rustup-home:/opt/rustwide/rustup-home:ro,Z" "-e" "SOURCE_DIR=/opt/rustwide/workdir" "-e" "CARGO_TARGET_DIR=/opt/rustwide/target" "-e" "CARGO_HOME=/opt/rustwide/cargo-home" "-e" "RUSTUP_HOME=/opt/rustwide/rustup-home" "-w" "/opt/rustwide/workdir" "-m" "1610612736" "--user" "0:0" "--network" "none" "ghcr.io/rust-lang/crates-build-env/linux@sha256:5ff2268d62e97bff2cde7d5815dd6ed5b47097566f13b8d0ca110b04b60e07ed" "/opt/rustwide/cargo-home/bin/cargo" "+beta-2023-04-20" "metadata" "--no-deps" "--format-version=1", kill_on_drop: false }`
[INFO] [stdout] 7dd9a89c3aab945afb125c783747b5fefaf8cf43b350e4b9990c523f3b68e0d6
[INFO] running `Command { std: "docker" "start" "-a" "7dd9a89c3aab945afb125c783747b5fefaf8cf43b350e4b9990c523f3b68e0d6", kill_on_drop: false }`
[INFO] running `Command { std: "docker" "inspect" "7dd9a89c3aab945afb125c783747b5fefaf8cf43b350e4b9990c523f3b68e0d6", kill_on_drop: false }`
[INFO] running `Command { std: "docker" "rm" "-f" "7dd9a89c3aab945afb125c783747b5fefaf8cf43b350e4b9990c523f3b68e0d6", kill_on_drop: false }`
[INFO] [stdout] 7dd9a89c3aab945afb125c783747b5fefaf8cf43b350e4b9990c523f3b68e0d6
[INFO] running `Command { std: "docker" "create" "-v" "/var/lib/crater-agent-workspace/builds/worker-6-tc2/target:/opt/rustwide/target:rw,Z" "-v" "/var/lib/crater-agent-workspace/builds/worker-6-tc2/source:/opt/rustwide/workdir:ro,Z" "-v" "/var/lib/crater-agent-workspace/cargo-home:/opt/rustwide/cargo-home:ro,Z" "-v" "/var/lib/crater-agent-workspace/rustup-home:/opt/rustwide/rustup-home:ro,Z" "-e" "SOURCE_DIR=/opt/rustwide/workdir" "-e" "CARGO_TARGET_DIR=/opt/rustwide/target" "-e" "CARGO_INCREMENTAL=0" "-e" "RUST_BACKTRACE=full" "-e" "RUSTFLAGS=--cap-lints=warn" "-e" "RUSTDOCFLAGS=--cap-lints=warn" "-e" "CARGO_HOME=/opt/rustwide/cargo-home" "-e" "RUSTUP_HOME=/opt/rustwide/rustup-home" "-w" "/opt/rustwide/workdir" "-m" "1610612736" "--user" "0:0" "--network" "none" "ghcr.io/rust-lang/crates-build-env/linux@sha256:5ff2268d62e97bff2cde7d5815dd6ed5b47097566f13b8d0ca110b04b60e07ed" "/opt/rustwide/cargo-home/bin/cargo" "+beta-2023-04-20" "doc" "--frozen" "--no-deps" "--document-private-items" "--message-format=json", kill_on_drop: false }`
[INFO] [stdout] 10e0e06d1c3e89d3069d43dfe46b89c842441cd7e9a0e573717eb51768581bea
[INFO] running `Command { std: "docker" "start" "-a" "10e0e06d1c3e89d3069d43dfe46b89c842441cd7e9a0e573717eb51768581bea", kill_on_drop: false }`
[INFO] [stderr]     Checking libc v0.2.17
[INFO] [stderr]    Compiling gcc v0.3.38
[INFO] [stderr]    Compiling winapi-build v0.1.1
[INFO] [stderr]    Compiling pkg-config v0.3.8
[INFO] [stderr]     Checking cfg-if v0.1.0
[INFO] [stderr]    Compiling semver v0.1.20
[INFO] [stderr]     Checking winapi v0.2.8
[INFO] [stderr]    Compiling backtrace v0.2.3
[INFO] [stderr]    Compiling quote v0.3.5
[INFO] [stderr]    Compiling unicode-xid v0.0.3
[INFO] [stderr]     Checking log v0.3.6
[INFO] [stderr]     Checking bitflags v0.4.0
[INFO] [stderr]     Checking rustc-demangle v0.1.2
[INFO] [stderr]     Checking void v1.0.2
[INFO] [stderr]     Checking lazycell v0.4.0
[INFO] [stderr]     Checking slab v0.3.0
[INFO] [stderr]     Checking smallvec v0.2.1
[INFO] [stderr]     Checking scoped-tls v0.1.0
[INFO] [stderr]     Checking bs58 v0.1.3
[INFO] [stderr]    Compiling syn v0.9.2
[INFO] [stderr]     Checking varmint v0.1.2
[INFO] [stderr]     Checking dtoa v0.2.2
[INFO] [stderr]     Checking futures v0.1.3
[INFO] [stderr]     Checking num-traits v0.1.36
[INFO] [stderr]     Checking serde v0.8.17
[INFO] [stderr]     Checking itoa v0.1.1
[INFO] [stderr]     Checking strsim v0.5.1
[INFO] [stderr]     Checking unicode-segmentation v0.1.2
[INFO] [stderr]     Checking bitflags v0.7.0
[INFO] [stderr]     Checking unicode-width v0.1.3
[INFO] [stderr]    Compiling dbghelp-sys v0.2.0
[INFO] [stderr]    Compiling kernel32-sys v0.2.2
[INFO] [stderr]    Compiling rustc_version v0.1.7
[INFO] [stderr]     Checking vec_map v0.6.0
[INFO] [stderr]    Compiling openssl-sys v0.7.17
[INFO] [stderr]     Checking ansi_term v0.9.0
[INFO] [stderr]     Checking net2 v0.2.26
[INFO] [stderr]     Checking term_size v0.2.1
[INFO] [stderr]    Compiling libz-sys v1.0.6
[INFO] [stderr]    Compiling backtrace-sys v0.1.4
[INFO] [stderr]    Compiling curl-sys v0.2.4
[INFO] [stderr]    Compiling nix v0.7.0
[INFO] [stderr]     Checking clap v2.17.1
[INFO] [stderr]    Compiling serde_codegen_internals v0.10.0
[INFO] [stderr]    Compiling post-expansion v0.1.0
[INFO] [stderr]    Compiling serde_codegen v0.8.17
[INFO] [stderr]     Checking curl v0.3.9
[INFO] [stdout] error[E0463]: can't find crate for `syntax`
[INFO] [stdout]   --> /opt/rustwide/cargo-home/registry/src/index.crates.io-6f17d22bba15001f/serde_codegen-0.8.17/src/lib.rs:21:1
[INFO] [stdout]    |
[INFO] [stdout] 21 | extern crate syntax;
[INFO] [stdout]    | ^^^^^^^^^^^^^^^^^^^^ can't find crate
[INFO] [stdout] 
[INFO] [stdout] 
[INFO] [stdout] error[E0463]: can't find crate for `rustc_plugin`
[INFO] [stdout]   --> /opt/rustwide/cargo-home/registry/src/index.crates.io-6f17d22bba15001f/serde_codegen-0.8.17/src/lib.rs:24:1
[INFO] [stdout]    |
[INFO] [stdout] 24 | extern crate rustc_plugin;
[INFO] [stdout]    | ^^^^^^^^^^^^^^^^^^^^^^^^^^ can't find crate
[INFO] [stdout]    |
[INFO] [stdout]    = help: maybe you need to install the missing components with: `rustup component add rust-src rustc-dev llvm-tools-preview`
[INFO] [stdout] 
[INFO] [stdout] 
[INFO] [stderr]     Checking error-chain v0.5.0
[INFO] [stdout] error[E0554]: `#![feature]` may not be used on the beta release channel
[INFO] [stdout]  --> /opt/rustwide/cargo-home/registry/src/index.crates.io-6f17d22bba15001f/serde_codegen-0.8.17/src/lib.rs:5:43
[INFO] [stdout]   |
[INFO] [stdout] 5 | #![cfg_attr(not(feature = "with-syntex"), feature(rustc_private, plugin))]
[INFO] [stdout]   |                                           ^^^^^^^^^^^^^^^^^^^^^^^^^^^^^^
[INFO] [stdout] 
[INFO] [stdout] 
[INFO] [stdout] error: aborting due to 3 previous errors
[INFO] [stdout] 
[INFO] [stdout] 
[INFO] [stdout] Some errors have detailed explanations: E0463, E0554.
[INFO] [stdout] 
[INFO] [stdout] For more information about an error, try `rustc --explain E0463`.
[INFO] [stdout] 
[INFO] [stderr] error: could not compile `serde_codegen` (lib) due to 4 previous errors
[INFO] [stderr] warning: build failed, waiting for other jobs to finish...
[INFO] running `Command { std: "docker" "inspect" "10e0e06d1c3e89d3069d43dfe46b89c842441cd7e9a0e573717eb51768581bea", kill_on_drop: false }`
[INFO] running `Command { std: "docker" "rm" "-f" "10e0e06d1c3e89d3069d43dfe46b89c842441cd7e9a0e573717eb51768581bea", kill_on_drop: false }`
[INFO] [stdout] 10e0e06d1c3e89d3069d43dfe46b89c842441cd7e9a0e573717eb51768581bea
