[INFO] cloning repository https://github.com/mvlabat/hello_amethyst
[INFO] running `Command { std: "git" "-c" "credential.helper=" "-c" "credential.helper=/workspace/cargo-home/bin/git-credential-null" "clone" "--bare" "https://github.com/mvlabat/hello_amethyst" "/workspace/cache/git-repos/https%3A%2F%2Fgithub.com%2Fmvlabat%2Fhello_amethyst", kill_on_drop: false }`
[INFO] [stderr] Cloning into bare repository '/workspace/cache/git-repos/https%3A%2F%2Fgithub.com%2Fmvlabat%2Fhello_amethyst'...
[INFO] running `Command { std: "git" "rev-parse" "HEAD", kill_on_drop: false }`
[INFO] [stdout] c513d92388311035ec9398d64d4e3b7fa839d2e5
[INFO] documenting mvlabat/hello_amethyst against beta-2023-04-20 for beta-1.70-rustdoc-1
[INFO] running `Command { std: "git" "clone" "/workspace/cache/git-repos/https%3A%2F%2Fgithub.com%2Fmvlabat%2Fhello_amethyst" "/workspace/builds/worker-6-tc2/source", kill_on_drop: false }`
[INFO] [stderr] Cloning into '/workspace/builds/worker-6-tc2/source'...
[INFO] [stderr] done.
[INFO] validating manifest of git repo https://github.com/mvlabat/hello_amethyst on toolchain beta-2023-04-20
[INFO] running `Command { std: CARGO_HOME="/workspace/cargo-home" RUSTUP_HOME="/workspace/rustup-home" "/workspace/cargo-home/bin/cargo" "+beta-2023-04-20" "metadata" "--manifest-path" "Cargo.toml" "--no-deps", kill_on_drop: false }`
[INFO] removed /workspace/builds/worker-6-tc2/source/.cargo/config
[INFO] removed /workspace/builds/worker-6-tc2/source/rust-toolchain
[INFO] started tweaking git repo https://github.com/mvlabat/hello_amethyst
[INFO] finished tweaking git repo https://github.com/mvlabat/hello_amethyst
[INFO] tweaked toml for git repo https://github.com/mvlabat/hello_amethyst written to /workspace/builds/worker-6-tc2/source/Cargo.toml
[INFO] crate git repo https://github.com/mvlabat/hello_amethyst already has a lockfile, it will not be regenerated
[INFO] running `Command { std: CARGO_HOME="/workspace/cargo-home" RUSTUP_HOME="/workspace/rustup-home" "/workspace/cargo-home/bin/cargo" "+beta-2023-04-20" "fetch" "--manifest-path" "Cargo.toml", kill_on_drop: false }`
[INFO] [stderr]     Updating crates.io index
[INFO] [stderr]  Downloading crates ...
[INFO] [stderr]   Downloaded imgui-winit-support v0.2.1
[INFO] [stderr]   Downloaded shrinkwraprs v0.2.3
[INFO] [stderr]   Downloaded shaderc v0.5.1
[INFO] [stderr]   Downloaded backtrace v0.3.52
[INFO] [stderr]   Downloaded texture_packer v0.16.0
[INFO] [stderr]   Downloaded amethyst_tiles v0.15.3
[INFO] [stderr]   Downloaded imgui-sys v0.2.0
[INFO] [stderr]   Downloaded imgui v0.2.1
[INFO] [stderr]   Downloaded amethyst-imgui v0.7.1
[INFO] [stderr]   Downloaded shaderc-sys v0.5.1
[INFO] running `Command { std: "docker" "create" "-v" "/var/lib/crater-agent-workspace/builds/worker-6-tc2/target:/opt/rustwide/target:rw,Z" "-v" "/var/lib/crater-agent-workspace/builds/worker-6-tc2/source:/opt/rustwide/workdir:ro,Z" "-v" "/var/lib/crater-agent-workspace/cargo-home:/opt/rustwide/cargo-home:ro,Z" "-v" "/var/lib/crater-agent-workspace/rustup-home:/opt/rustwide/rustup-home:ro,Z" "-e" "SOURCE_DIR=/opt/rustwide/workdir" "-e" "CARGO_TARGET_DIR=/opt/rustwide/target" "-e" "CARGO_HOME=/opt/rustwide/cargo-home" "-e" "RUSTUP_HOME=/opt/rustwide/rustup-home" "-w" "/opt/rustwide/workdir" "-m" "1610612736" "--user" "0:0" "--network" "none" "ghcr.io/rust-lang/crates-build-env/linux@sha256:5ff2268d62e97bff2cde7d5815dd6ed5b47097566f13b8d0ca110b04b60e07ed" "/opt/rustwide/cargo-home/bin/cargo" "+beta-2023-04-20" "metadata" "--no-deps" "--format-version=1", kill_on_drop: false }`
[INFO] [stdout] e791eb5cabfc3594a4234ec7722b5040124a0d7745b0f8253a50bb610b497986
[INFO] running `Command { std: "docker" "start" "-a" "e791eb5cabfc3594a4234ec7722b5040124a0d7745b0f8253a50bb610b497986", kill_on_drop: false }`
[INFO] running `Command { std: "docker" "inspect" "e791eb5cabfc3594a4234ec7722b5040124a0d7745b0f8253a50bb610b497986", kill_on_drop: false }`
[INFO] running `Command { std: "docker" "rm" "-f" "e791eb5cabfc3594a4234ec7722b5040124a0d7745b0f8253a50bb610b497986", kill_on_drop: false }`
[INFO] [stdout] e791eb5cabfc3594a4234ec7722b5040124a0d7745b0f8253a50bb610b497986
[INFO] running `Command { std: "docker" "create" "-v" "/var/lib/crater-agent-workspace/builds/worker-6-tc2/target:/opt/rustwide/target:rw,Z" "-v" "/var/lib/crater-agent-workspace/builds/worker-6-tc2/source:/opt/rustwide/workdir:ro,Z" "-v" "/var/lib/crater-agent-workspace/cargo-home:/opt/rustwide/cargo-home:ro,Z" "-v" "/var/lib/crater-agent-workspace/rustup-home:/opt/rustwide/rustup-home:ro,Z" "-e" "SOURCE_DIR=/opt/rustwide/workdir" "-e" "CARGO_TARGET_DIR=/opt/rustwide/target" "-e" "CARGO_INCREMENTAL=0" "-e" "RUST_BACKTRACE=full" "-e" "RUSTFLAGS=--cap-lints=warn" "-e" "RUSTDOCFLAGS=--cap-lints=warn" "-e" "CARGO_HOME=/opt/rustwide/cargo-home" "-e" "RUSTUP_HOME=/opt/rustwide/rustup-home" "-w" "/opt/rustwide/workdir" "-m" "1610612736" "--user" "0:0" "--network" "none" "ghcr.io/rust-lang/crates-build-env/linux@sha256:5ff2268d62e97bff2cde7d5815dd6ed5b47097566f13b8d0ca110b04b60e07ed" "/opt/rustwide/cargo-home/bin/cargo" "+beta-2023-04-20" "doc" "--frozen" "--no-deps" "--document-private-items" "--message-format=json", kill_on_drop: false }`
[INFO] [stdout] 65982a352c3e05a352a3473959065b1a34267f46d689b3ec2c3cad85690889a4
[INFO] running `Command { std: "docker" "start" "-a" "65982a352c3e05a352a3473959065b1a34267f46d689b3ec2c3cad85690889a4", kill_on_drop: false }`
[INFO] [stderr]    Compiling libc v0.2.79
[INFO] [stderr]    Compiling autocfg v1.0.1
[INFO] [stderr]    Compiling proc-macro2 v1.0.24
[INFO] [stderr]    Compiling unicode-xid v0.2.1
[INFO] [stderr]    Compiling syn v1.0.43
[INFO] [stderr]     Checking cfg-if v0.1.10
[INFO] [stderr]    Compiling serde_derive v1.0.116
[INFO] [stderr]    Compiling libm v0.2.1
[INFO] [stderr]    Compiling serde v1.0.116
[INFO] [stderr]     Checking lazy_static v1.4.0
[INFO] [stderr]    Compiling byteorder v1.3.4
[INFO] [stderr]    Compiling maybe-uninit v2.0.0
[INFO] [stderr]    Compiling bitflags v1.2.1
[INFO] [stderr]     Checking scopeguard v1.1.0
[INFO] [stderr]    Compiling cc v1.0.61
[INFO] [stderr]    Compiling log v0.4.11
[INFO] [stderr]    Compiling pkg-config v0.3.18
[INFO] [stderr]    Compiling proc-macro2 v0.4.30
[INFO] [stderr]    Compiling unicode-xid v0.1.0
[INFO] [stderr]    Compiling rayon-core v1.8.1
[INFO] [stderr]    Compiling semver-parser v0.7.0
[INFO] [stderr]    Compiling semver v0.9.0
[INFO] [stderr]     Checking either v1.6.1
[INFO] [stderr]    Compiling rustc_version v0.2.3
[INFO] [stderr]     Checking gimli v0.22.0
[INFO] [stderr]     Checking adler32 v1.2.0
[INFO] [stderr]     Checking adler v0.2.3
[INFO] [stderr]     Checking rustc-demangle v0.1.17
[INFO] [stderr]    Compiling syn v0.15.44
[INFO] [stderr]     Checking object v0.20.0
[INFO] [stderr]    Compiling xml-rs v0.8.3
[INFO] [stderr]    Compiling num-traits v0.2.12
[INFO] [stderr]    Compiling num-integer v0.1.43
[INFO] [stderr]    Compiling crossbeam-utils v0.7.2
[INFO] [stderr]    Compiling memoffset v0.5.6
[INFO] [stderr]    Compiling crossbeam-epoch v0.8.2
[INFO] [stderr]     Checking num_cpus v1.13.0
[INFO] [stderr]    Compiling quote v1.0.7
[INFO] [stderr]    Compiling quote v0.6.13
[INFO] [stderr]    Compiling rayon v1.4.1
[INFO] [stderr]    Compiling num-bigint v0.2.6
[INFO] [stderr]    Compiling num-rational v0.2.4
[INFO] [stderr]    Compiling miniz_oxide v0.4.3
[INFO] [stderr]    Compiling num-iter v0.1.41
[INFO] [stderr]    Compiling libloading v0.6.3
[INFO] [stderr]     Checking crossbeam-channel v0.4.4
[INFO] [stderr]    Compiling wayland-scanner v0.21.13
[INFO] [stderr]     Checking lock_api v0.3.4
[INFO] [stderr]    Compiling num-derive v0.2.5
[INFO] [stderr]     Checking crossbeam-deque v0.7.3
[INFO] [stderr]     Checking approx v0.3.2
[INFO] [stderr]     Checking addr2line v0.13.0
[INFO] [stderr]     Checking ordered-float v1.1.0
[INFO] [stderr]     Checking stb_truetype v0.3.1
[INFO] [stderr]    Compiling getrandom v0.1.15
[INFO] [stderr]     Checking linked-hash-map v0.5.3
[INFO] [stderr]     Checking lzw v0.10.0
[INFO] [stderr]     Checking backtrace v0.3.52
[INFO] [stderr]     Checking rustc-hash v1.1.0
[INFO] [stderr]    Compiling nix v0.14.1
[INFO] [stderr]     Checking dlib v0.4.2
[INFO] [stderr]     Checking deflate v0.7.20
[INFO] [stderr]     Checking inflate v0.4.5
[INFO] [stderr]     Checking void v1.0.2
[INFO] [stderr]     Checking rusttype v0.8.3
[INFO] [stderr]     Checking wayland-sys v0.21.13
[INFO] [stderr]    Compiling parking_lot_core v0.6.2
[INFO] [stderr]     Checking fxhash v0.2.1
[INFO] [stderr]     Checking same-file v1.0.6
[INFO] [stderr]     Checking color_quant v1.1.0
[INFO] [stderr]    Compiling parking_lot v0.9.0
[INFO] [stderr]     Checking downcast-rs v1.2.0
[INFO] [stderr]     Checking scoped_threadpool v0.1.9
[INFO] [stderr]     Checking walkdir v2.3.1
[INFO] [stderr]     Checking gif v0.10.3
[INFO] [stderr]    Compiling version_check v0.9.2
[INFO] [stderr]     Checking png v0.14.1
[INFO] [stderr]     Checking rusttype v0.7.9
[INFO] [stderr]     Checking line_drawing v0.7.0
[INFO] [stderr]    Compiling x11-dl v2.18.5
[INFO] [stderr]    Compiling memchr v2.3.3
[INFO] [stderr]    Compiling failure_derive v0.1.8
[INFO] [stderr]     Checking xdg v2.2.0
[INFO] [stderr]     Checking atom v0.3.6
[INFO] [stderr]    Compiling ryu v1.0.5
[INFO] [stderr]     Checking memmap v0.7.0
[INFO] [stderr]    Compiling arrayvec v0.4.12
[INFO] [stderr]    Compiling autocfg v0.1.7
[INFO] [stderr]     Checking raw-window-handle v0.3.3
[INFO] [stderr]     Checking nodrop v0.1.14
[INFO] [stderr]     Checking percent-encoding v2.1.0
[INFO] [stderr]    Compiling cmake v0.1.44
[INFO] [stderr]     Checking andrew v0.2.1
[INFO] [stderr]    Compiling core-foundation-sys v0.6.2
[INFO] [stderr]     Checking crossbeam-utils v0.6.6
[INFO] [stderr]    Compiling serde_json v1.0.58
[INFO] [stderr]     Checking rand_core v0.5.1
[INFO] [stderr]     Checking itoa v0.4.6
[INFO] [stderr]     Checking foreign-types-shared v0.1.1
[INFO] [stderr]    Compiling rand_core v0.4.2
[INFO] [stderr]     Checking foreign-types v0.3.2
[INFO] [stderr]     Checking time v0.1.44
[INFO] [stderr]     Checking malloc_buf v0.0.6
[INFO] [stderr]     Checking ppv-lite86 v0.2.9
[INFO] [stderr]    Compiling nom v5.1.2
[INFO] [stderr]     Checking core-foundation v0.6.4
[INFO] [stderr]    Compiling x11 v2.18.2
[INFO] [stderr]     Checking raw-window-handle v0.1.2
[INFO] [stderr]    Compiling num-complex v0.2.4
[INFO] [stderr]     Checking block v0.1.6
[INFO] [stderr]    Compiling typenum v1.12.0
[INFO] [stderr]    Compiling rand_pcg v0.1.2
[INFO] [stderr]    Compiling rand_chacha v0.1.1
[INFO] [stderr]     Checking core-graphics v0.17.3
[INFO] [stderr]     Checking jpeg-decoder v0.1.20
[INFO] [stderr]    Compiling synstructure v0.12.4
[INFO] [stderr]     Checking hibitset v0.6.3
[INFO] [stderr]     Checking rand_chacha v0.2.2
[INFO] [stdout] error[E0455]: link kind `framework` is only supported on Apple targets
[INFO] [stdout]   --> /opt/rustwide/cargo-home/registry/src/index.crates.io-6f17d22bba15001f/core-graphics-0.17.3/src/color.rs:31:38
[INFO] [stdout]    |
[INFO] [stdout] 31 | #[link(name = "CoreGraphics", kind = "framework")]
[INFO] [stdout]    |                                      ^^^^^^^^^^^
[INFO] [stdout] 
[INFO] [stdout] 
[INFO] [stdout] error[E0455]: link kind `framework` is only supported on Apple targets
[INFO] [stdout]   --> /opt/rustwide/cargo-home/registry/src/index.crates.io-6f17d22bba15001f/core-graphics-0.17.3/src/color_space.rs:54:38
[INFO] [stdout]    |
[INFO] [stdout] 54 | #[link(name = "CoreGraphics", kind = "framework")]
[INFO] [stdout]    |                                      ^^^^^^^^^^^
[INFO] [stdout] 
[INFO] [stdout] 
[INFO] [stdout] error[E0455]: link kind `framework` is only supported on Apple targets
[INFO] [stdout]    --> /opt/rustwide/cargo-home/registry/src/index.crates.io-6f17d22bba15001f/core-graphics-0.17.3/src/context.rs:343:38
[INFO] [stdout]     |
[INFO] [stdout] 343 | #[link(name = "CoreGraphics", kind = "framework")]
[INFO] [stdout]     |                                      ^^^^^^^^^^^
[INFO] [stdout] 
[INFO] [stdout] 
[INFO] [stdout] error[E0455]: link kind `framework` is only supported on Apple targets
[INFO] [stdout]    --> /opt/rustwide/cargo-home/registry/src/index.crates.io-6f17d22bba15001f/core-graphics-0.17.3/src/data_provider.rs:109:38
[INFO] [stdout]     |
[INFO] [stdout] 109 | #[link(name = "CoreGraphics", kind = "framework")]
[INFO] [stdout]     |                                      ^^^^^^^^^^^
[INFO] [stdout] 
[INFO] [stdout] 
[INFO] [stdout] error[E0455]: link kind `framework` is only supported on Apple targets
[INFO] [stdout]    --> /opt/rustwide/cargo-home/registry/src/index.crates.io-6f17d22bba15001f/core-graphics-0.17.3/src/font.rs:128:38
[INFO] [stdout]     |
[INFO] [stdout] 128 | #[link(name = "CoreGraphics", kind = "framework")]
[INFO] [stdout]     |                                      ^^^^^^^^^^^
[INFO] [stdout] 
[INFO] [stdout] 
[INFO] [stdout] error[E0455]: link kind `framework` is only supported on Apple targets
[INFO] [stdout]    --> /opt/rustwide/cargo-home/registry/src/index.crates.io-6f17d22bba15001f/core-graphics-0.17.3/src/geometry.rs:189:42
[INFO] [stdout]     |
[INFO] [stdout] 189 |     #[link(name = "CoreGraphics", kind = "framework")]
[INFO] [stdout]     |                                          ^^^^^^^^^^^
[INFO] [stdout] 
[INFO] [stdout] 
[INFO] [stdout] error[E0455]: link kind `framework` is only supported on Apple targets
[INFO] [stdout]    --> /opt/rustwide/cargo-home/registry/src/index.crates.io-6f17d22bba15001f/core-graphics-0.17.3/src/image.rs:138:38
[INFO] [stdout]     |
[INFO] [stdout] 138 | #[link(name = "CoreGraphics", kind = "framework")]
[INFO] [stdout]     |                                      ^^^^^^^^^^^
[INFO] [stdout] 
[INFO] [stdout] 
[INFO] [stdout] error[E0455]: link kind `framework` is only supported on Apple targets
[INFO] [stdout]    --> /opt/rustwide/cargo-home/registry/src/index.crates.io-6f17d22bba15001f/core-graphics-0.17.3/src/path.rs:124:38
[INFO] [stdout]     |
[INFO] [stdout] 124 | #[link(name = "CoreGraphics", kind = "framework")]
[INFO] [stdout]     |                                      ^^^^^^^^^^^
[INFO] [stdout] 
[INFO] [stdout] 
[INFO] [stdout] error: aborting due to 8 previous errors
[INFO] [stdout] 
[INFO] [stdout] 
[INFO] [stdout] For more information about this error, try `rustc --explain E0455`.
[INFO] [stdout] 
[INFO] [stderr] error: could not compile `core-graphics` (lib) due to 9 previous errors
[INFO] [stderr] warning: build failed, waiting for other jobs to finish...
[INFO] running `Command { std: "docker" "inspect" "65982a352c3e05a352a3473959065b1a34267f46d689b3ec2c3cad85690889a4", kill_on_drop: false }`
[INFO] running `Command { std: "docker" "rm" "-f" "65982a352c3e05a352a3473959065b1a34267f46d689b3ec2c3cad85690889a4", kill_on_drop: false }`
[INFO] [stdout] 65982a352c3e05a352a3473959065b1a34267f46d689b3ec2c3cad85690889a4
