[INFO] cloning repository https://github.com/murilocadanus/beholder_api
[INFO] running `Command { std: "git" "-c" "credential.helper=" "-c" "credential.helper=/workspace/cargo-home/bin/git-credential-null" "clone" "--bare" "https://github.com/murilocadanus/beholder_api" "/workspace/cache/git-repos/https%3A%2F%2Fgithub.com%2Fmurilocadanus%2Fbeholder_api", kill_on_drop: false }`
[INFO] [stderr] Cloning into bare repository '/workspace/cache/git-repos/https%3A%2F%2Fgithub.com%2Fmurilocadanus%2Fbeholder_api'...
[INFO] running `Command { std: "git" "rev-parse" "HEAD", kill_on_drop: false }`
[INFO] [stdout] b6dbb9ae99b9523b74634bae7f341609768edd58
[INFO] documenting murilocadanus/beholder_api against 1.69.0 for beta-1.70-rustdoc-1
[INFO] running `Command { std: "git" "clone" "/workspace/cache/git-repos/https%3A%2F%2Fgithub.com%2Fmurilocadanus%2Fbeholder_api" "/workspace/builds/worker-5-tc1/source", kill_on_drop: false }`
[INFO] [stderr] Cloning into '/workspace/builds/worker-5-tc1/source'...
[INFO] [stderr] done.
[INFO] validating manifest of git repo https://github.com/murilocadanus/beholder_api on toolchain 1.69.0
[INFO] running `Command { std: CARGO_HOME="/workspace/cargo-home" RUSTUP_HOME="/workspace/rustup-home" "/workspace/cargo-home/bin/cargo" "+1.69.0" "metadata" "--manifest-path" "Cargo.toml" "--no-deps", kill_on_drop: false }`
[INFO] started tweaking git repo https://github.com/murilocadanus/beholder_api
[INFO] finished tweaking git repo https://github.com/murilocadanus/beholder_api
[INFO] tweaked toml for git repo https://github.com/murilocadanus/beholder_api written to /workspace/builds/worker-5-tc1/source/Cargo.toml
[INFO] crate git repo https://github.com/murilocadanus/beholder_api already has a lockfile, it will not be regenerated
[INFO] running `Command { std: CARGO_HOME="/workspace/cargo-home" RUSTUP_HOME="/workspace/rustup-home" "/workspace/cargo-home/bin/cargo" "+1.69.0" "fetch" "--manifest-path" "Cargo.toml", kill_on_drop: false }`
[INFO] [stderr]  Downloading crates ...
[INFO] [stderr]   Downloaded serde_codegen v0.7.15
[INFO] [stderr]   Downloaded serde_codegen_internals v0.4.0
[INFO] [stderr]   Downloaded fnv v1.0.3
[INFO] [stderr]   Downloaded scan_fmt v0.1.1
[INFO] [stderr]   Downloaded quasi v0.16.0
[INFO] [stderr]   Downloaded env_logger v0.3.4
[INFO] [stderr]   Downloaded twox-hash v1.0.0
[INFO] [stderr]   Downloaded syntex_pos v0.39.0
[INFO] [stderr]   Downloaded jwt v0.4.0
[INFO] [stderr]   Downloaded syntex v0.39.0
[INFO] [stderr]   Downloaded quasi_codegen v0.16.0
[INFO] [stderr]   Downloaded term_size v0.1.1
[INFO] [stderr]   Downloaded bson v0.2.1
[INFO] [stderr]   Downloaded rust-ini v0.9.8
[INFO] [stderr]   Downloaded syntex_errors v0.39.0
[INFO] [stderr]   Downloaded aster v0.22.1
[INFO] [stderr]   Downloaded nickel v0.7.3
[INFO] [stderr]   Downloaded mustache v0.6.3
[INFO] [stderr]   Downloaded mysql v7.0.0
[INFO] [stderr]   Downloaded mongodb v0.1.4
[INFO] [stderr]   Downloaded clap v2.11.0
[INFO] [stderr]   Downloaded syntex_syntax v0.39.0
[INFO] [stderr]   Downloaded textnonce v0.3.4
[INFO] running `Command { std: "docker" "create" "-v" "/var/lib/crater-agent-workspace/builds/worker-5-tc1/target:/opt/rustwide/target:rw,Z" "-v" "/var/lib/crater-agent-workspace/builds/worker-5-tc1/source:/opt/rustwide/workdir:ro,Z" "-v" "/var/lib/crater-agent-workspace/cargo-home:/opt/rustwide/cargo-home:ro,Z" "-v" "/var/lib/crater-agent-workspace/rustup-home:/opt/rustwide/rustup-home:ro,Z" "-e" "SOURCE_DIR=/opt/rustwide/workdir" "-e" "CARGO_TARGET_DIR=/opt/rustwide/target" "-e" "CARGO_HOME=/opt/rustwide/cargo-home" "-e" "RUSTUP_HOME=/opt/rustwide/rustup-home" "-w" "/opt/rustwide/workdir" "-m" "1610612736" "--user" "0:0" "--network" "none" "ghcr.io/rust-lang/crates-build-env/linux@sha256:5ff2268d62e97bff2cde7d5815dd6ed5b47097566f13b8d0ca110b04b60e07ed" "/opt/rustwide/cargo-home/bin/cargo" "+1.69.0" "metadata" "--no-deps" "--format-version=1", kill_on_drop: false }`
[INFO] [stdout] 36507c707a7e5c3c2d275aee49b7dbcbea509f3715aebd9a0ea00241cbc709d1
[INFO] running `Command { std: "docker" "start" "-a" "36507c707a7e5c3c2d275aee49b7dbcbea509f3715aebd9a0ea00241cbc709d1", kill_on_drop: false }`
[INFO] running `Command { std: "docker" "inspect" "36507c707a7e5c3c2d275aee49b7dbcbea509f3715aebd9a0ea00241cbc709d1", kill_on_drop: false }`
[INFO] running `Command { std: "docker" "rm" "-f" "36507c707a7e5c3c2d275aee49b7dbcbea509f3715aebd9a0ea00241cbc709d1", kill_on_drop: false }`
[INFO] [stdout] 36507c707a7e5c3c2d275aee49b7dbcbea509f3715aebd9a0ea00241cbc709d1
[INFO] running `Command { std: "docker" "create" "-v" "/var/lib/crater-agent-workspace/builds/worker-5-tc1/target:/opt/rustwide/target:rw,Z" "-v" "/var/lib/crater-agent-workspace/builds/worker-5-tc1/source:/opt/rustwide/workdir:ro,Z" "-v" "/var/lib/crater-agent-workspace/cargo-home:/opt/rustwide/cargo-home:ro,Z" "-v" "/var/lib/crater-agent-workspace/rustup-home:/opt/rustwide/rustup-home:ro,Z" "-e" "SOURCE_DIR=/opt/rustwide/workdir" "-e" "CARGO_TARGET_DIR=/opt/rustwide/target" "-e" "CARGO_INCREMENTAL=0" "-e" "RUST_BACKTRACE=full" "-e" "RUSTFLAGS=--cap-lints=warn" "-e" "RUSTDOCFLAGS=--cap-lints=warn" "-e" "CARGO_HOME=/opt/rustwide/cargo-home" "-e" "RUSTUP_HOME=/opt/rustwide/rustup-home" "-w" "/opt/rustwide/workdir" "-m" "1610612736" "--user" "0:0" "--network" "none" "ghcr.io/rust-lang/crates-build-env/linux@sha256:5ff2268d62e97bff2cde7d5815dd6ed5b47097566f13b8d0ca110b04b60e07ed" "/opt/rustwide/cargo-home/bin/cargo" "+1.69.0" "doc" "--frozen" "--no-deps" "--document-private-items" "--message-format=json", kill_on_drop: false }`
[INFO] [stdout] 3b23ea564603001724eb4f42784505b021fd2e1f8c48ed0044c7b88165f47db8
[INFO] running `Command { std: "docker" "start" "-a" "3b23ea564603001724eb4f42784505b021fd2e1f8c48ed0044c7b88165f47db8", kill_on_drop: false }`
[INFO] [stderr]    Compiling winapi-build v0.1.1
[INFO] [stderr]     Checking libc v0.2.15
[INFO] [stderr]     Checking winapi v0.2.8
[INFO] [stderr]    Compiling rustc-serialize v0.3.19
[INFO] [stderr]    Compiling unicode-xid v0.0.3
[INFO] [stderr]    Compiling log v0.3.6
[INFO] [stderr]    Compiling bitflags v0.5.0
[INFO] [stderr]    Compiling gcc v0.3.32
[INFO] [stderr]     Checking num-traits v0.1.34
[INFO] [stderr]     Checking matches v0.1.2
[INFO] [stderr]     Checking libc v0.1.12
[INFO] [stderr]    Compiling pkg-config v0.3.8
[INFO] [stderr]    Compiling semver v0.1.20
[INFO] [stderr]     Checking lazy_static v0.1.16
[INFO] [stderr]     Checking bitflags v0.3.3
[INFO] [stderr]     Checking utf8-ranges v0.1.3
[INFO] [stderr]     Checking traitobject v0.0.3
[INFO] [stdout] error[E0642]: patterns aren't allowed in functions without bodies
[INFO] [stdout]    --> /opt/rustwide/cargo-home/registry/src/github.com-1ecc6299db9ec823/rustc-serialize-0.3.19/src/serialize.rs:147:45
[INFO] [stdout]     |
[INFO] [stdout] 147 | ...                   &f_name: &str,
[INFO] [stdout]     |                       ^^^^^^^ pattern not allowed in function without body
[INFO] [stdout] 
[INFO] [stdout] 
[INFO] [stderr]     Checking regex-syntax v0.3.4
[INFO] [stdout] error[E0642]: patterns aren't allowed in functions without bodies
[INFO] [stdout]    --> /opt/rustwide/cargo-home/registry/src/github.com-1ecc6299db9ec823/rustc-serialize-0.3.19/src/serialize.rs:147:45
[INFO] [stdout]     |
[INFO] [stdout] 147 | ...                   &f_name: &str,
[INFO] [stdout]     |                       ^^^^^^^ pattern not allowed in function without body
[INFO] [stdout] 
[INFO] [stdout] 
[INFO] [stderr]     Checking hpack v0.2.0
[INFO] [stderr]     Checking unicode-bidi v0.2.3
[INFO] [stderr]    Compiling kernel32-sys v0.2.2
[INFO] [stderr]     Checking unicode-normalization v0.1.2
[INFO] [stderr]     Checking serde v0.7.15
[INFO] [stderr]     Checking unsafe-any v0.4.1
[INFO] [stderr]     Checking httparse v1.1.2
[INFO] [stderr]     Checking rand v0.3.14
[INFO] [stderr]    Compiling rustc_version v0.1.7
[INFO] [stderr]     Checking memchr v0.1.11
[INFO] [stderr]     Checking solicit v0.4.4
[INFO] [stderr]     Checking typemap v0.3.3
[INFO] [stderr]     Checking num-integer v0.1.32
[INFO] [stderr]     Checking num_cpus v0.2.13
[INFO] [stderr]     Checking aho-corasick v0.5.2
[INFO] [stderr]     Checking language-tags v0.0.7
[INFO] [stderr]     Checking traitobject v0.0.1
[INFO] [stderr]     Checking time v0.1.35
[INFO] [stderr]     Checking thread-id v2.0.0
[INFO] [stderr]     Checking num-iter v0.1.32
[INFO] [stderr]    Compiling term v0.4.4
[INFO] [stderr]     Checking bufstream v0.1.2
[INFO] [stderr]    Compiling unicase v1.4.0
[INFO] [stderr]     Checking thread_local v0.2.6
[INFO] [stderr]    Compiling openssl-sys v0.6.7
[INFO] [stderr]    Compiling rust-crypto v0.2.36
[INFO] [stderr]     Checking byteorder v0.3.13
[INFO] [stderr]     Checking num v0.1.34
[INFO] [stderr]     Checking byteorder v0.5.3
[INFO] [stderr]     Checking serde v0.6.15
[INFO] [stderr]     Checking typeable v0.1.2
[INFO] [stderr]     Checking bitflags v0.7.0
[INFO] [stderr]     Checking linked-hash-map v0.0.9
[INFO] [stderr]     Checking twox-hash v1.0.0
[INFO] [stderr]     Checking idna v0.1.0
[INFO] [stderr]     Checking chrono v0.2.25
[INFO] [stderr]     Checking plugin v0.2.6
[INFO] [stderr]     Checking term_size v0.1.1
[INFO] [stderr]     Checking modifier v0.1.0
[INFO] [stderr]     Checking regex v0.1.73
[INFO] [stdout] error[E0214]: parenthesized type parameters may only be used with a `Fn` trait
[INFO] [stdout]   --> /opt/rustwide/cargo-home/registry/src/github.com-1ecc6299db9ec823/twox-hash-1.0.0/src/number_streams.rs:67:23
[INFO] [stdout]    |
[INFO] [stdout] 67 |     fn count(self) -> usize() {
[INFO] [stdout]    |                       ^^^^^^^ only `Fn` traits may use parentheses
[INFO] [stdout] ...
[INFO] [stdout] 74 | number_stream!(U32FromBytes, u32, U32_BYTES);
[INFO] [stdout]    | -------------------------------------------- in this macro invocation
[INFO] [stdout]    |
[INFO] [stdout]    = note: this error originates in the macro `number_stream` (in Nightly builds, run with -Z macro-backtrace for more info)
[INFO] [stdout] 
[INFO] [stdout] 
[INFO] [stdout] error[E0214]: parenthesized type parameters may only be used with a `Fn` trait
[INFO] [stdout]   --> /opt/rustwide/cargo-home/registry/src/github.com-1ecc6299db9ec823/twox-hash-1.0.0/src/number_streams.rs:67:23
[INFO] [stdout]    |
[INFO] [stdout] 67 |     fn count(self) -> usize() {
[INFO] [stdout]    |                       ^^^^^^^ only `Fn` traits may use parentheses
[INFO] [stdout] ...
[INFO] [stdout] 75 | number_stream!(U64FromBytes, u64, U64_BYTES);
[INFO] [stdout]    | -------------------------------------------- in this macro invocation
[INFO] [stdout]    |
[INFO] [stdout]    = note: this error originates in the macro `number_stream` (in Nightly builds, run with -Z macro-backtrace for more info)
[INFO] [stdout] 
[INFO] [stdout] 
[INFO] [stdout] error: aborting due to 2 previous errors
[INFO] [stdout] 
[INFO] [stdout] 
[INFO] [stdout] For more information about this error, try `rustc --explain E0214`.
[INFO] [stdout] 
[INFO] [stderr] error: could not compile `twox-hash` due to 3 previous errors
[INFO] [stderr] warning: build failed, waiting for other jobs to finish...
[INFO] [stdout] error: aborting due to previous error
[INFO] [stdout] 
[INFO] [stdout] 
[INFO] [stdout] For more information about this error, try `rustc --explain E0642`.
[INFO] [stdout] 
[INFO] [stderr] error: could not compile `rustc-serialize` due to 2 previous errors; 1 warning emitted
[INFO] [stdout] error: aborting due to previous error
[INFO] [stdout] 
[INFO] [stdout] 
[INFO] [stdout] For more information about this error, try `rustc --explain E0642`.
[INFO] [stdout] 
[INFO] [stderr] error: could not compile `rustc-serialize` due to 2 previous errors; 1 warning emitted
[INFO] running `Command { std: "docker" "inspect" "3b23ea564603001724eb4f42784505b021fd2e1f8c48ed0044c7b88165f47db8", kill_on_drop: false }`
[INFO] running `Command { std: "docker" "rm" "-f" "3b23ea564603001724eb4f42784505b021fd2e1f8c48ed0044c7b88165f47db8", kill_on_drop: false }`
[INFO] [stdout] 3b23ea564603001724eb4f42784505b021fd2e1f8c48ed0044c7b88165f47db8
