[INFO] cloning repository https://github.com/mtso/habits-api
[INFO] running `Command { std: "git" "-c" "credential.helper=" "-c" "credential.helper=/workspace/cargo-home/bin/git-credential-null" "clone" "--bare" "https://github.com/mtso/habits-api" "/workspace/cache/git-repos/https%3A%2F%2Fgithub.com%2Fmtso%2Fhabits-api", kill_on_drop: false }`
[INFO] [stderr] Cloning into bare repository '/workspace/cache/git-repos/https%3A%2F%2Fgithub.com%2Fmtso%2Fhabits-api'...
[INFO] running `Command { std: "git" "rev-parse" "HEAD", kill_on_drop: false }`
[INFO] [stdout] 4cab87f1e6493abd8231e6f9df8d1475d66ecb07
[INFO] documenting mtso/habits-api against 1.69.0 for beta-1.70-rustdoc-1
[INFO] running `Command { std: "git" "clone" "/workspace/cache/git-repos/https%3A%2F%2Fgithub.com%2Fmtso%2Fhabits-api" "/workspace/builds/worker-5-tc1/source", kill_on_drop: false }`
[INFO] [stderr] Cloning into '/workspace/builds/worker-5-tc1/source'...
[INFO] [stderr] done.
[INFO] validating manifest of git repo https://github.com/mtso/habits-api on toolchain 1.69.0
[INFO] running `Command { std: CARGO_HOME="/workspace/cargo-home" RUSTUP_HOME="/workspace/rustup-home" "/workspace/cargo-home/bin/cargo" "+1.69.0" "metadata" "--manifest-path" "Cargo.toml" "--no-deps", kill_on_drop: false }`
[INFO] started tweaking git repo https://github.com/mtso/habits-api
[INFO] finished tweaking git repo https://github.com/mtso/habits-api
[INFO] tweaked toml for git repo https://github.com/mtso/habits-api written to /workspace/builds/worker-5-tc1/source/Cargo.toml
[INFO] crate git repo https://github.com/mtso/habits-api already has a lockfile, it will not be regenerated
[INFO] running `Command { std: CARGO_HOME="/workspace/cargo-home" RUSTUP_HOME="/workspace/rustup-home" "/workspace/cargo-home/bin/cargo" "+1.69.0" "fetch" "--manifest-path" "Cargo.toml", kill_on_drop: false }`
[INFO] [stderr]     Updating git repository `https://github.com/mtso/ksuid.git`
[INFO] [stderr]     Updating git repository `https://github.com/mtso/rust-rocksdb.git`
[INFO] [stderr]     Updating git repository `https://github.com/alexcrichton/cookie-rs`
[INFO] [stderr]     Updating git repository `https://github.com/alexcrichton/bzip2-rs.git`
[INFO] [stderr]     Updating git repository `https://github.com/busyjay/libz-sys.git`
[INFO] [stderr]     Updating git submodule `https://github.com/madler/zlib`
[INFO] [stderr]     Updating git repository `https://github.com/busyjay/lz4-rs.git`
[INFO] [stderr]     Updating git submodule `https://github.com/lz4/lz4.git`
[INFO] [stderr]     Updating git repository `https://github.com/busyjay/rust-snappy.git`
[INFO] [stderr]     Updating git submodule `https://github.com/google/snappy.git`
[INFO] [stderr]     Updating git repository `https://github.com/gyscos/zstd-rs.git`
[INFO] [stderr]     Updating git submodule `https://github.com/facebook/zstd`
[INFO] [stderr]  Downloading crates ...
[INFO] [stderr]   Downloaded blob v0.2.0
[INFO] [stderr]   Downloaded serde_bytes v0.10.4
[INFO] [stderr]   Downloaded cmake v0.1.32
[INFO] [stderr]   Downloaded chrono v0.4.5
[INFO] running `Command { std: "docker" "create" "-v" "/var/lib/crater-agent-workspace/builds/worker-5-tc1/target:/opt/rustwide/target:rw,Z" "-v" "/var/lib/crater-agent-workspace/builds/worker-5-tc1/source:/opt/rustwide/workdir:ro,Z" "-v" "/var/lib/crater-agent-workspace/cargo-home:/opt/rustwide/cargo-home:ro,Z" "-v" "/var/lib/crater-agent-workspace/rustup-home:/opt/rustwide/rustup-home:ro,Z" "-e" "SOURCE_DIR=/opt/rustwide/workdir" "-e" "CARGO_TARGET_DIR=/opt/rustwide/target" "-e" "CARGO_HOME=/opt/rustwide/cargo-home" "-e" "RUSTUP_HOME=/opt/rustwide/rustup-home" "-w" "/opt/rustwide/workdir" "-m" "1610612736" "--user" "0:0" "--network" "none" "ghcr.io/rust-lang/crates-build-env/linux@sha256:5ff2268d62e97bff2cde7d5815dd6ed5b47097566f13b8d0ca110b04b60e07ed" "/opt/rustwide/cargo-home/bin/cargo" "+1.69.0" "metadata" "--no-deps" "--format-version=1", kill_on_drop: false }`
[INFO] [stdout] f4fab3d228b78cdf602aa08441bf4b32c5ed03eb4568a167f4f9ad150453e016
[INFO] running `Command { std: "docker" "start" "-a" "f4fab3d228b78cdf602aa08441bf4b32c5ed03eb4568a167f4f9ad150453e016", kill_on_drop: false }`
[INFO] running `Command { std: "docker" "inspect" "f4fab3d228b78cdf602aa08441bf4b32c5ed03eb4568a167f4f9ad150453e016", kill_on_drop: false }`
[INFO] running `Command { std: "docker" "rm" "-f" "f4fab3d228b78cdf602aa08441bf4b32c5ed03eb4568a167f4f9ad150453e016", kill_on_drop: false }`
[INFO] [stdout] f4fab3d228b78cdf602aa08441bf4b32c5ed03eb4568a167f4f9ad150453e016
[INFO] running `Command { std: "docker" "create" "-v" "/var/lib/crater-agent-workspace/builds/worker-5-tc1/target:/opt/rustwide/target:rw,Z" "-v" "/var/lib/crater-agent-workspace/builds/worker-5-tc1/source:/opt/rustwide/workdir:ro,Z" "-v" "/var/lib/crater-agent-workspace/cargo-home:/opt/rustwide/cargo-home:ro,Z" "-v" "/var/lib/crater-agent-workspace/rustup-home:/opt/rustwide/rustup-home:ro,Z" "-e" "SOURCE_DIR=/opt/rustwide/workdir" "-e" "CARGO_TARGET_DIR=/opt/rustwide/target" "-e" "CARGO_INCREMENTAL=0" "-e" "RUST_BACKTRACE=full" "-e" "RUSTFLAGS=--cap-lints=warn" "-e" "RUSTDOCFLAGS=--cap-lints=warn" "-e" "CARGO_HOME=/opt/rustwide/cargo-home" "-e" "RUSTUP_HOME=/opt/rustwide/rustup-home" "-w" "/opt/rustwide/workdir" "-m" "1610612736" "--user" "0:0" "--network" "none" "ghcr.io/rust-lang/crates-build-env/linux@sha256:5ff2268d62e97bff2cde7d5815dd6ed5b47097566f13b8d0ca110b04b60e07ed" "/opt/rustwide/cargo-home/bin/cargo" "+1.69.0" "doc" "--frozen" "--no-deps" "--document-private-items" "--message-format=json", kill_on_drop: false }`
[INFO] [stdout] b793eb6b3344ff4a8e2e8cdc70d8d7106d52bf27052ab9db6be71ed4144edd79
[INFO] running `Command { std: "docker" "start" "-a" "b793eb6b3344ff4a8e2e8cdc70d8d7106d52bf27052ab9db6be71ed4144edd79", kill_on_drop: false }`
[INFO] [stderr]    Compiling cc v1.0.18
[INFO] [stderr]    Compiling version_check v0.1.4
[INFO] [stderr]     Checking libc v0.2.42
[INFO] [stderr]    Compiling serde v1.0.70
[INFO] [stderr]    Compiling unicode-xid v0.1.0
[INFO] [stderr]    Compiling yansi v0.4.0
[INFO] [stderr]    Compiling byteorder v1.2.4
[INFO] [stderr]    Compiling httparse v1.3.2
[INFO] [stderr]    Compiling pkg-config v0.3.12
[INFO] [stderr]    Compiling num-traits v0.2.5
[INFO] [stderr]     Checking matches v0.1.7
[INFO] [stderr]     Checking cfg-if v0.1.4
[INFO] [stderr]     Checking safemem v0.2.0
[INFO] [stderr]    Compiling num-integer v0.1.39
[INFO] [stderr]    Compiling proc-macro2 v0.4.9
[INFO] [stderr]     Checking unicode-normalization v0.1.7
[INFO] [stderr]     Checking unicode-bidi v0.3.4
[INFO] [stderr]     Checking log v0.4.3
[INFO] [stderr]    Compiling base64 v0.5.2
[INFO] [stdout] error[E0554]: `#![feature]` may not be used on the stable release channel
[INFO] [stdout]   --> /opt/rustwide/cargo-home/registry/src/github.com-1ecc6299db9ec823/proc-macro2-0.4.9/src/lib.rs:47:42
[INFO] [stdout]    |
[INFO] [stdout] 47 | #![cfg_attr(feature = "nightly", feature(proc_macro_raw_ident, proc_macro_span))]
[INFO] [stdout]    |                                          ^^^^^^^^^^^^^^^^^^^^
[INFO] [stdout] 
[INFO] [stdout] 
[INFO] [stdout] error[E0554]: `#![feature]` may not be used on the stable release channel
[INFO] [stdout]   --> /opt/rustwide/cargo-home/registry/src/github.com-1ecc6299db9ec823/proc-macro2-0.4.9/src/lib.rs:47:64
[INFO] [stdout]    |
[INFO] [stdout] 47 | #![cfg_attr(feature = "nightly", feature(proc_macro_raw_ident, proc_macro_span))]
[INFO] [stdout]    |                                                                ^^^^^^^^^^^^^^^
[INFO] [stdout] 
[INFO] [stdout] 
[INFO] [stderr]    Compiling glob v0.2.11
[INFO] [stderr]     Checking percent-encoding v1.0.1
[INFO] [stdout] error[E0658]: use of unstable library feature 'proc_macro_def_site'
[INFO] [stdout]    --> /opt/rustwide/cargo-home/registry/src/github.com-1ecc6299db9ec823/proc-macro2-0.4.9/src/unstable.rs:347:27
[INFO] [stdout]     |
[INFO] [stdout] 347 |             Span::Nightly(proc_macro::Span::def_site())
[INFO] [stdout]     |                           ^^^^^^^^^^^^^^^^^^^^^^^^^^
[INFO] [stdout]     |
[INFO] [stdout]     = note: see issue #54724 <https://github.com/rust-lang/rust/issues/54724> for more information
[INFO] [stdout] 
[INFO] [stdout] 
[INFO] [stderr]    Compiling lazy_static v1.1.0
[INFO] [stdout] error: aborting due to 3 previous errors
[INFO] [stdout] 
[INFO] [stdout] 
[INFO] [stdout] Some errors have detailed explanations: E0554, E0658.
[INFO] [stdout] 
[INFO] [stdout] For more information about an error, try `rustc --explain E0554`.
[INFO] [stdout] 
[INFO] [stderr] error: could not compile `proc-macro2` due to 4 previous errors
[INFO] [stderr] warning: build failed, waiting for other jobs to finish...
[INFO] running `Command { std: "docker" "inspect" "b793eb6b3344ff4a8e2e8cdc70d8d7106d52bf27052ab9db6be71ed4144edd79", kill_on_drop: false }`
[INFO] running `Command { std: "docker" "rm" "-f" "b793eb6b3344ff4a8e2e8cdc70d8d7106d52bf27052ab9db6be71ed4144edd79", kill_on_drop: false }`
[INFO] [stdout] b793eb6b3344ff4a8e2e8cdc70d8d7106d52bf27052ab9db6be71ed4144edd79
