[INFO] cloning repository https://github.com/mraof/gbjam5
[INFO] running `Command { std: "git" "-c" "credential.helper=" "-c" "credential.helper=/workspace/cargo-home/bin/git-credential-null" "clone" "--bare" "https://github.com/mraof/gbjam5" "/workspace/cache/git-repos/https%3A%2F%2Fgithub.com%2Fmraof%2Fgbjam5", kill_on_drop: false }`
[INFO] [stderr] Cloning into bare repository '/workspace/cache/git-repos/https%3A%2F%2Fgithub.com%2Fmraof%2Fgbjam5'...
[INFO] running `Command { std: "git" "rev-parse" "HEAD", kill_on_drop: false }`
[INFO] [stdout] 3565160bede55c767e48da8d19e1460c3be4e564
[INFO] documenting mraof/gbjam5 against beta-2023-04-20 for beta-1.70-rustdoc-1
[INFO] running `Command { std: "git" "clone" "/workspace/cache/git-repos/https%3A%2F%2Fgithub.com%2Fmraof%2Fgbjam5" "/workspace/builds/worker-3-tc2/source", kill_on_drop: false }`
[INFO] [stderr] Cloning into '/workspace/builds/worker-3-tc2/source'...
[INFO] [stderr] done.
[INFO] validating manifest of git repo https://github.com/mraof/gbjam5 on toolchain beta-2023-04-20
[INFO] running `Command { std: CARGO_HOME="/workspace/cargo-home" RUSTUP_HOME="/workspace/rustup-home" "/workspace/cargo-home/bin/cargo" "+beta-2023-04-20" "metadata" "--manifest-path" "Cargo.toml" "--no-deps", kill_on_drop: false }`
[INFO] started tweaking git repo https://github.com/mraof/gbjam5
[INFO] finished tweaking git repo https://github.com/mraof/gbjam5
[INFO] tweaked toml for git repo https://github.com/mraof/gbjam5 written to /workspace/builds/worker-3-tc2/source/Cargo.toml
[INFO] crate git repo https://github.com/mraof/gbjam5 already has a lockfile, it will not be regenerated
[INFO] running `Command { std: CARGO_HOME="/workspace/cargo-home" RUSTUP_HOME="/workspace/rustup-home" "/workspace/cargo-home/bin/cargo" "+beta-2023-04-20" "fetch" "--manifest-path" "Cargo.toml", kill_on_drop: false }`
[INFO] [stderr]     Updating crates.io index
[INFO] [stderr]  Downloading crates ...
[INFO] [stderr]   Downloaded walkdir v0.1.8
[INFO] [stderr]   Downloaded coreaudio-rs v0.6.0
[INFO] [stderr]   Downloaded embed v0.1.1
[INFO] [stderr]   Downloaded vorbis v0.0.14
[INFO] [stderr]   Downloaded vorbisfile-sys v0.0.8
[INFO] [stderr]   Downloaded gif v0.9.0
[INFO] [stderr]   Downloaded rustc-demangle v0.1.2
[INFO] [stderr]   Downloaded alsa-sys v0.1.0
[INFO] [stderr]   Downloaded ogg-sys v0.0.9
[INFO] [stderr]   Downloaded serde v0.8.10
[INFO] [stderr]   Downloaded cpal v0.4.0
[INFO] [stderr]   Downloaded vorbis-sys v0.0.8
[INFO] [stderr]   Downloaded rodio v0.4.1
[INFO] running `Command { std: "docker" "create" "-v" "/var/lib/crater-agent-workspace/builds/worker-3-tc2/target:/opt/rustwide/target:rw,Z" "-v" "/var/lib/crater-agent-workspace/builds/worker-3-tc2/source:/opt/rustwide/workdir:ro,Z" "-v" "/var/lib/crater-agent-workspace/cargo-home:/opt/rustwide/cargo-home:ro,Z" "-v" "/var/lib/crater-agent-workspace/rustup-home:/opt/rustwide/rustup-home:ro,Z" "-e" "SOURCE_DIR=/opt/rustwide/workdir" "-e" "CARGO_TARGET_DIR=/opt/rustwide/target" "-e" "CARGO_HOME=/opt/rustwide/cargo-home" "-e" "RUSTUP_HOME=/opt/rustwide/rustup-home" "-w" "/opt/rustwide/workdir" "-m" "1610612736" "--user" "0:0" "--network" "none" "ghcr.io/rust-lang/crates-build-env/linux@sha256:5ff2268d62e97bff2cde7d5815dd6ed5b47097566f13b8d0ca110b04b60e07ed" "/opt/rustwide/cargo-home/bin/cargo" "+beta-2023-04-20" "metadata" "--no-deps" "--format-version=1", kill_on_drop: false }`
[INFO] [stdout] f237ad00315aa18f1ca1562644b8ee36875c45e2ecd8f9aeaa3e5288004ebd66
[INFO] running `Command { std: "docker" "start" "-a" "f237ad00315aa18f1ca1562644b8ee36875c45e2ecd8f9aeaa3e5288004ebd66", kill_on_drop: false }`
[INFO] running `Command { std: "docker" "inspect" "f237ad00315aa18f1ca1562644b8ee36875c45e2ecd8f9aeaa3e5288004ebd66", kill_on_drop: false }`
[INFO] running `Command { std: "docker" "rm" "-f" "f237ad00315aa18f1ca1562644b8ee36875c45e2ecd8f9aeaa3e5288004ebd66", kill_on_drop: false }`
[INFO] [stdout] f237ad00315aa18f1ca1562644b8ee36875c45e2ecd8f9aeaa3e5288004ebd66
[INFO] running `Command { std: "docker" "create" "-v" "/var/lib/crater-agent-workspace/builds/worker-3-tc2/target:/opt/rustwide/target:rw,Z" "-v" "/var/lib/crater-agent-workspace/builds/worker-3-tc2/source:/opt/rustwide/workdir:ro,Z" "-v" "/var/lib/crater-agent-workspace/cargo-home:/opt/rustwide/cargo-home:ro,Z" "-v" "/var/lib/crater-agent-workspace/rustup-home:/opt/rustwide/rustup-home:ro,Z" "-e" "SOURCE_DIR=/opt/rustwide/workdir" "-e" "CARGO_TARGET_DIR=/opt/rustwide/target" "-e" "CARGO_INCREMENTAL=0" "-e" "RUST_BACKTRACE=full" "-e" "RUSTFLAGS=--cap-lints=warn" "-e" "RUSTDOCFLAGS=--cap-lints=warn" "-e" "CARGO_HOME=/opt/rustwide/cargo-home" "-e" "RUSTUP_HOME=/opt/rustwide/rustup-home" "-w" "/opt/rustwide/workdir" "-m" "1610612736" "--user" "0:0" "--network" "none" "ghcr.io/rust-lang/crates-build-env/linux@sha256:5ff2268d62e97bff2cde7d5815dd6ed5b47097566f13b8d0ca110b04b60e07ed" "/opt/rustwide/cargo-home/bin/cargo" "+beta-2023-04-20" "doc" "--frozen" "--no-deps" "--document-private-items" "--message-format=json", kill_on_drop: false }`
[INFO] [stdout] 5bb272d0a63eda8c1a663aa31173796ef2ad44b7c2f78e90b27ba30be85ec8c1
[INFO] running `Command { std: "docker" "start" "-a" "5bb272d0a63eda8c1a663aa31173796ef2ad44b7c2f78e90b27ba30be85ec8c1", kill_on_drop: false }`
[INFO] [stderr]     Checking libc v0.2.16
[INFO] [stderr]    Compiling pkg-config v0.3.8
[INFO] [stderr]    Compiling gcc v0.3.35
[INFO] [stderr]    Compiling bitflags v0.7.0
[INFO] [stderr]     Checking lazy_static v0.2.1
[INFO] [stderr]    Compiling serde v0.8.10
[INFO] [stderr]    Compiling itoa v0.1.1
[INFO] [stderr]    Compiling num-traits v0.1.36
[INFO] [stderr]    Compiling dtoa v0.2.2
[INFO] [stderr]     Checking lazy_static v0.1.16
[INFO] [stderr]    Compiling khronos_api v1.0.0
[INFO] [stderr]    Compiling log v0.3.6
[INFO] [stderr]    Compiling semver v0.1.20
[INFO] [stderr]    Compiling dbghelp-sys v0.2.0
[INFO] [stderr]     Checking crossbeam v0.2.10
[INFO] [stderr]    Compiling xml-rs v0.3.4
[INFO] [stderr]    Compiling ole32-sys v0.2.0
[INFO] [stderr]    Compiling backtrace v0.2.3
[INFO] [stderr]     Checking byteorder v0.5.3
[INFO] [stderr]     Checking rustc-demangle v0.1.2
[INFO] [stderr]     Checking cfg-if v0.1.0
[INFO] [stderr]    Compiling rustc_version v0.1.7
[INFO] [stderr]     Checking futures v0.1.2
[INFO] [stderr]    Compiling walkdir v0.1.8
[INFO] [stderr]     Checking hound v1.1.0
[INFO] [stderr]     Checking smallvec v0.1.8
[INFO] [stderr]     Checking rand v0.3.14
[INFO] [stderr]     Checking fs2 v0.2.5
[INFO] [stderr]     Checking shared_library v0.1.5
[INFO] [stderr]     Checking lzw v0.10.0
[INFO] [stderr]    Compiling alsa-sys v0.1.0
[INFO] [stderr]    Compiling x11-dl v2.8.0
[INFO] [stderr]     Checking memmap v0.2.3
[INFO] [stderr]     Checking osmesa-sys v0.1.2
[INFO] [stderr]     Checking color_quant v1.0.0
[INFO] [stderr]    Compiling tempfile v2.1.4
[INFO] [stderr]    Compiling ogg-sys v0.0.9
[INFO] [stderr]    Compiling vorbis-sys v0.0.8
[INFO] [stderr]    Compiling backtrace-sys v0.1.4
[INFO] [stderr]    Compiling vorbisfile-sys v0.0.8
[INFO] [stderr]    Compiling embed v0.1.1
[INFO] [stderr]     Checking gif v0.9.0
[INFO] [stdout] error[E0557]: feature has been removed
[INFO] [stdout]  --> /opt/rustwide/cargo-home/registry/src/index.crates.io-6f17d22bba15001f/embed-0.1.1/src/lib.rs:2:12
[INFO] [stdout]   |
[INFO] [stdout] 2 | #![feature(plugin_registrar, rustc_private, quote)]
[INFO] [stdout]   |            ^^^^^^^^^^^^^^^^ feature has been removed
[INFO] [stdout]   |
[INFO] [stdout]   = note: a __rustc_plugin_registrar symbol must now be defined instead
[INFO] [stdout] 
[INFO] [stdout] 
[INFO] [stdout] error[E0557]: feature has been removed
[INFO] [stdout]  --> /opt/rustwide/cargo-home/registry/src/index.crates.io-6f17d22bba15001f/embed-0.1.1/src/lib.rs:2:45
[INFO] [stdout]   |
[INFO] [stdout] 2 | #![feature(plugin_registrar, rustc_private, quote)]
[INFO] [stdout]   |                                             ^^^^^ feature has been removed
[INFO] [stdout] 
[INFO] [stdout] 
[INFO] [stdout] error[E0463]: can't find crate for `syntax`
[INFO] [stdout]  --> /opt/rustwide/cargo-home/registry/src/index.crates.io-6f17d22bba15001f/embed-0.1.1/src/lib.rs:4:1
[INFO] [stdout]   |
[INFO] [stdout] 4 | extern crate syntax;
[INFO] [stdout]   | ^^^^^^^^^^^^^^^^^^^^ can't find crate
[INFO] [stdout] 
[INFO] [stdout] 
[INFO] [stdout] error[E0462]: found staticlib `rustc` instead of rlib or dylib
[INFO] [stdout]  --> /opt/rustwide/cargo-home/registry/src/index.crates.io-6f17d22bba15001f/embed-0.1.1/src/lib.rs:5:1
[INFO] [stdout]   |
[INFO] [stdout] 5 | extern crate rustc;
[INFO] [stdout]   | ^^^^^^^^^^^^^^^^^^^
[INFO] [stdout]   |
[INFO] [stdout]   = note: the following crate versions were found:
[INFO] [stdout]           crate `rustc`: /opt/rustwide/rustup-home/toolchains/beta-2023-04-20-x86_64-unknown-linux-gnu/lib/rustlib/x86_64-unknown-linux-gnu/lib/librustc-beta_rt.msan.a
[INFO] [stdout]           crate `rustc`: /opt/rustwide/rustup-home/toolchains/beta-2023-04-20-x86_64-unknown-linux-gnu/lib/rustlib/x86_64-unknown-linux-gnu/lib/librustc-beta_rt.asan.a
[INFO] [stdout]           crate `rustc`: /opt/rustwide/rustup-home/toolchains/beta-2023-04-20-x86_64-unknown-linux-gnu/lib/rustlib/x86_64-unknown-linux-gnu/lib/librustc-beta_rt.tsan.a
[INFO] [stdout]           crate `rustc`: /opt/rustwide/rustup-home/toolchains/beta-2023-04-20-x86_64-unknown-linux-gnu/lib/rustlib/x86_64-unknown-linux-gnu/lib/librustc-beta_rt.lsan.a
[INFO] [stdout]   = help: please recompile that crate using --crate-type lib
[INFO] [stdout] 
[INFO] [stdout] 
[INFO] [stdout] error[E0463]: can't find crate for `rustc_plugin`
[INFO] [stdout]  --> /opt/rustwide/cargo-home/registry/src/index.crates.io-6f17d22bba15001f/embed-0.1.1/src/lib.rs:6:1
[INFO] [stdout]   |
[INFO] [stdout] 6 | extern crate rustc_plugin;
[INFO] [stdout]   | ^^^^^^^^^^^^^^^^^^^^^^^^^^ can't find crate
[INFO] [stdout]   |
[INFO] [stdout]   = help: maybe you need to install the missing components with: `rustup component add rust-src rustc-dev llvm-tools-preview`
[INFO] [stdout] 
[INFO] [stdout] 
[INFO] [stdout] error: cannot find macro `quote_block` in this scope
[INFO] [stdout]    --> /opt/rustwide/cargo-home/registry/src/index.crates.io-6f17d22bba15001f/embed-0.1.1/src/lib.rs:111:17
[INFO] [stdout]     |
[INFO] [stdout] 111 |     let block = quote_block!(cx, {
[INFO] [stdout]     |                 ^^^^^^^^^^^
[INFO] [stdout] 
[INFO] [stdout] 
[INFO] [stdout] error: cannot find attribute `plugin_registrar` in this scope
[INFO] [stdout]    --> /opt/rustwide/cargo-home/registry/src/index.crates.io-6f17d22bba15001f/embed-0.1.1/src/lib.rs:122:3
[INFO] [stdout]     |
[INFO] [stdout] 122 | #[plugin_registrar]
[INFO] [stdout]     |   ^^^^^^^^^^^^^^^^
[INFO] [stdout]     |
[INFO] [stdout]     = note: `plugin_registrar` is in scope, but it is a function, not an attribute
[INFO] [stdout] 
[INFO] [stdout] 
[INFO] [stdout] error[E0554]: `#![feature]` may not be used on the beta release channel
[INFO] [stdout]  --> /opt/rustwide/cargo-home/registry/src/index.crates.io-6f17d22bba15001f/embed-0.1.1/src/lib.rs:2:1
[INFO] [stdout]   |
[INFO] [stdout] 2 | #![feature(plugin_registrar, rustc_private, quote)]
[INFO] [stdout]   | ^^^^^^^^^^^^^^^^^^^^^^^^^^^^^^^^^^^^^^^^^^^^^^^^^^^
[INFO] [stdout] 
[INFO] [stdout] 
[INFO] [stdout] error: aborting due to 8 previous errors
[INFO] [stdout] 
[INFO] [stdout] 
[INFO] [stdout] Some errors have detailed explanations: E0462, E0463, E0554, E0557.
[INFO] [stdout] 
[INFO] [stdout] For more information about an error, try `rustc --explain E0462`.
[INFO] [stdout] 
[INFO] [stderr] error: could not compile `embed` (lib) due to 9 previous errors
[INFO] [stderr] warning: build failed, waiting for other jobs to finish...
[INFO] running `Command { std: "docker" "inspect" "5bb272d0a63eda8c1a663aa31173796ef2ad44b7c2f78e90b27ba30be85ec8c1", kill_on_drop: false }`
[INFO] running `Command { std: "docker" "rm" "-f" "5bb272d0a63eda8c1a663aa31173796ef2ad44b7c2f78e90b27ba30be85ec8c1", kill_on_drop: false }`
[INFO] [stdout] 5bb272d0a63eda8c1a663aa31173796ef2ad44b7c2f78e90b27ba30be85ec8c1
