[INFO] cloning repository https://github.com/mmai/wbooks
[INFO] running `Command { std: "git" "-c" "credential.helper=" "-c" "credential.helper=/workspace/cargo-home/bin/git-credential-null" "clone" "--bare" "https://github.com/mmai/wbooks" "/workspace/cache/git-repos/https%3A%2F%2Fgithub.com%2Fmmai%2Fwbooks", kill_on_drop: false }`
[INFO] [stderr] Cloning into bare repository '/workspace/cache/git-repos/https%3A%2F%2Fgithub.com%2Fmmai%2Fwbooks'...
[INFO] running `Command { std: "git" "rev-parse" "HEAD", kill_on_drop: false }`
[INFO] [stdout] 5be726d5821c01eed3ba43a27c0a22d6a7f40f11
[INFO] documenting mmai/wbooks against 1.69.0 for beta-1.70-rustdoc-1
[INFO] running `Command { std: "git" "clone" "/workspace/cache/git-repos/https%3A%2F%2Fgithub.com%2Fmmai%2Fwbooks" "/workspace/builds/worker-1-tc1/source", kill_on_drop: false }`
[INFO] [stderr] Cloning into '/workspace/builds/worker-1-tc1/source'...
[INFO] [stderr] done.
[INFO] validating manifest of git repo https://github.com/mmai/wbooks on toolchain 1.69.0
[INFO] running `Command { std: CARGO_HOME="/workspace/cargo-home" RUSTUP_HOME="/workspace/rustup-home" "/workspace/cargo-home/bin/cargo" "+1.69.0" "metadata" "--manifest-path" "Cargo.toml" "--no-deps", kill_on_drop: false }`
[INFO] started tweaking git repo https://github.com/mmai/wbooks
[INFO] finished tweaking git repo https://github.com/mmai/wbooks
[INFO] tweaked toml for git repo https://github.com/mmai/wbooks written to /workspace/builds/worker-1-tc1/source/Cargo.toml
[INFO] crate git repo https://github.com/mmai/wbooks already has a lockfile, it will not be regenerated
[INFO] running `Command { std: CARGO_HOME="/workspace/cargo-home" RUSTUP_HOME="/workspace/rustup-home" "/workspace/cargo-home/bin/cargo" "+1.69.0" "fetch" "--manifest-path" "Cargo.toml", kill_on_drop: false }`
[INFO] [stderr]  Downloading crates ...
[INFO] [stderr]   Downloaded headers v0.3.0
[INFO] [stderr]   Downloaded tungstenite v0.9.2
[INFO] [stderr]   Downloaded warp v0.2.0
[INFO] [stderr]   Downloaded runtime-fmt v0.4.1
[INFO] [stderr]   Downloaded gettext-macros v0.5.2
[INFO] running `Command { std: "docker" "create" "-v" "/var/lib/crater-agent-workspace/builds/worker-1-tc1/target:/opt/rustwide/target:rw,Z" "-v" "/var/lib/crater-agent-workspace/builds/worker-1-tc1/source:/opt/rustwide/workdir:ro,Z" "-v" "/var/lib/crater-agent-workspace/cargo-home:/opt/rustwide/cargo-home:ro,Z" "-v" "/var/lib/crater-agent-workspace/rustup-home:/opt/rustwide/rustup-home:ro,Z" "-e" "SOURCE_DIR=/opt/rustwide/workdir" "-e" "CARGO_TARGET_DIR=/opt/rustwide/target" "-e" "CARGO_HOME=/opt/rustwide/cargo-home" "-e" "RUSTUP_HOME=/opt/rustwide/rustup-home" "-w" "/opt/rustwide/workdir" "-m" "1610612736" "--user" "0:0" "--network" "none" "ghcr.io/rust-lang/crates-build-env/linux@sha256:5ff2268d62e97bff2cde7d5815dd6ed5b47097566f13b8d0ca110b04b60e07ed" "/opt/rustwide/cargo-home/bin/cargo" "+1.69.0" "metadata" "--no-deps" "--format-version=1", kill_on_drop: false }`
[INFO] [stdout] 08d118720a07ec9861d210ce7102a88fa0351c4992dfb99ce2d51298f5c79282
[INFO] running `Command { std: "docker" "start" "-a" "08d118720a07ec9861d210ce7102a88fa0351c4992dfb99ce2d51298f5c79282", kill_on_drop: false }`
[INFO] running `Command { std: "docker" "inspect" "08d118720a07ec9861d210ce7102a88fa0351c4992dfb99ce2d51298f5c79282", kill_on_drop: false }`
[INFO] running `Command { std: "docker" "rm" "-f" "08d118720a07ec9861d210ce7102a88fa0351c4992dfb99ce2d51298f5c79282", kill_on_drop: false }`
[INFO] [stdout] 08d118720a07ec9861d210ce7102a88fa0351c4992dfb99ce2d51298f5c79282
[INFO] running `Command { std: "docker" "create" "-v" "/var/lib/crater-agent-workspace/builds/worker-1-tc1/target:/opt/rustwide/target:rw,Z" "-v" "/var/lib/crater-agent-workspace/builds/worker-1-tc1/source:/opt/rustwide/workdir:ro,Z" "-v" "/var/lib/crater-agent-workspace/cargo-home:/opt/rustwide/cargo-home:ro,Z" "-v" "/var/lib/crater-agent-workspace/rustup-home:/opt/rustwide/rustup-home:ro,Z" "-e" "SOURCE_DIR=/opt/rustwide/workdir" "-e" "CARGO_TARGET_DIR=/opt/rustwide/target" "-e" "CARGO_INCREMENTAL=0" "-e" "RUST_BACKTRACE=full" "-e" "RUSTFLAGS=--cap-lints=warn" "-e" "RUSTDOCFLAGS=--cap-lints=warn" "-e" "CARGO_HOME=/opt/rustwide/cargo-home" "-e" "RUSTUP_HOME=/opt/rustwide/rustup-home" "-w" "/opt/rustwide/workdir" "-m" "1610612736" "--user" "0:0" "--network" "none" "ghcr.io/rust-lang/crates-build-env/linux@sha256:5ff2268d62e97bff2cde7d5815dd6ed5b47097566f13b8d0ca110b04b60e07ed" "/opt/rustwide/cargo-home/bin/cargo" "+1.69.0" "doc" "--frozen" "--no-deps" "--document-private-items" "--message-format=json", kill_on_drop: false }`
[INFO] [stdout] f0ad4ccc5b62263f67fe70caa88db529e3d36e3e6d21451b01865ce0db312844
[INFO] running `Command { std: "docker" "start" "-a" "f0ad4ccc5b62263f67fe70caa88db529e3d36e3e6d21451b01865ce0db312844", kill_on_drop: false }`
[INFO] [stderr]    Compiling libc v0.2.66
[INFO] [stderr]    Compiling autocfg v0.1.7
[INFO] [stderr]     Checking cfg-if v0.1.10
[INFO] [stderr]    Compiling rand_core v0.4.2
[INFO] [stderr]    Compiling byteorder v1.3.2
[INFO] [stderr]    Compiling version_check v0.1.5
[INFO] [stderr]    Compiling log v0.4.8
[INFO] [stderr]    Compiling unicode-xid v0.2.0
[INFO] [stderr]    Compiling proc-macro2 v1.0.8
[INFO] [stderr]     Checking itoa v0.4.4
[INFO] [stderr]    Compiling memchr v2.3.0
[INFO] [stderr]    Compiling syn v1.0.13
[INFO] [stderr]    Compiling getrandom v0.1.14
[INFO] [stderr]    Compiling typenum v1.11.2
[INFO] [stderr]     Checking bytes v0.5.3
[INFO] [stderr]    Compiling encoding_index_tests v0.1.4
[INFO] [stderr]    Compiling version_check v0.9.1
[INFO] [stderr]     Checking futures-core v0.3.1
[INFO] [stderr]    Compiling siphasher v0.2.3
[INFO] [stderr]     Checking rand_core v0.3.1
[INFO] [stderr]    Compiling rand_jitter v0.1.4
[INFO] [stderr]    Compiling unicase v1.4.2
[INFO] [stderr]     Checking futures-sink v0.3.1
[INFO] [stderr]    Compiling rand_isaac v0.1.1
[INFO] [stderr]    Compiling rand_hc v0.1.0
[INFO] [stderr]    Compiling rand_xorshift v0.1.1
[INFO] [stderr]    Compiling rand_pcg v0.1.2
[INFO] [stderr]    Compiling rand_chacha v0.1.1
[INFO] [stderr]    Compiling rand v0.6.5
[INFO] [stderr]     Checking ppv-lite86 v0.2.6
[INFO] [stderr]    Compiling unicase v2.6.0
[INFO] [stderr]     Checking http v0.2.0
[INFO] [stderr]     Checking smallvec v1.1.0
[INFO] [stderr]     Checking matches v0.1.8
[INFO] [stderr]     Checking byte-tools v0.3.1
[INFO] [stderr]    Compiling httparse v1.3.4
[INFO] [stderr]    Compiling autocfg v1.0.0
[INFO] [stderr]     Checking block-padding v0.1.5
[INFO] [stderr]     Checking unicode-normalization v0.1.11
[INFO] [stderr]     Checking unicode-bidi v0.3.4
[INFO] [stderr]     Checking pin-utils v0.1.0-alpha.4
[INFO] [stderr]    Compiling phf_shared v0.7.24
[INFO] [stderr]     Checking c2-chacha v0.2.3
[INFO] [stderr]     Checking futures-task v0.3.1
[INFO] [stderr]     Checking pin-project-lite v0.1.2
[INFO] [stderr]    Compiling serde v1.0.104
[INFO] [stderr]    Compiling quote v1.0.2
[INFO] [stderr]     Checking iovec v0.1.4
[INFO] [stderr]    Compiling rand_os v0.1.3
[INFO] [stderr]     Checking net2 v0.2.33
[INFO] [stderr]    Compiling indexmap v1.3.1
[INFO] [stderr]     Checking futures-util v0.3.1
[INFO] [stderr]     Checking log v0.3.9
[INFO] [stderr]     Checking bytes v0.4.12
[INFO] [stderr]     Checking generic-array v0.12.3
[INFO] [stderr]     Checking rand_core v0.5.1
[INFO] [stderr]     Checking mio v0.6.21
[INFO] [stderr]     Checking fake-simd v0.1.2
[INFO] [stderr]     Checking opaque-debug v0.2.3
[INFO] [stderr]    Compiling ryu v1.0.2
[INFO] [stderr]     Checking percent-encoding v2.1.0
[INFO] [stderr]     Checking rand_chacha v0.2.1
[INFO] [stderr]     Checking phf v0.7.24
[INFO] [stderr]    Compiling mime_guess v2.0.1
[INFO] [stderr]     Checking mime v0.2.6
[INFO] [stderr]     Checking block-buffer v0.7.3
[INFO] [stderr]     Checking idna v0.2.0
[INFO] [stderr]     Checking digest v0.8.1
[INFO] [stderr]     Checking rand v0.7.3
[INFO] [stderr]     Checking time v0.1.42
[INFO] [stderr]     Checking futures-channel v0.3.1
[INFO] [stderr]     Checking sha-1 v0.8.2
[INFO] [stderr]    Compiling encoding-index-singlebyte v1.20141219.5
[INFO] [stderr]    Compiling encoding-index-tradchinese v1.20141219.5
[INFO] [stderr]    Compiling encoding-index-japanese v1.20141219.5
[INFO] [stderr]    Compiling encoding-index-korean v1.20141219.5
[INFO] [stderr]    Compiling encoding-index-simpchinese v1.20141219.5
[INFO] [stderr]     Checking remove_dir_all v0.5.2
[INFO] [stderr]     Checking try-lock v0.2.2
[INFO] [stderr]     Checking url v2.1.1
[INFO] [stderr]     Checking base64 v0.11.0
[INFO] [stderr]     Checking mime v0.3.16
[INFO] [stderr]     Checking safemem v0.3.3
[INFO] [stderr]     Checking want v0.3.0
[INFO] [stderr]    Compiling phf_generator v0.7.24
[INFO] [stderr]    Compiling encoding v0.2.33
[INFO] [stderr]     Checking buf_redux v0.8.4
[INFO] [stderr]     Checking http v0.1.21
[INFO] [stderr]    Compiling phf_codegen v0.7.24
[INFO] [stderr]     Checking input_buffer v0.2.0
[INFO] [stderr]     Checking headers-core v0.2.0
[INFO] [stderr]     Checking http-body v0.3.1
[INFO] [stderr]     Checking twoway v0.1.8
[INFO] [stderr]    Compiling mime_guess v1.8.7
[INFO] [stderr]     Checking tempfile v3.1.0
[INFO] [stderr]     Checking tower-service v0.3.0
[INFO] [stderr]     Checking futures-io v0.3.1
[INFO] [stderr]     Checking quick-error v1.2.3
[INFO] [stderr]     Checking utf-8 v0.7.5
[INFO] [stderr]     Checking dtoa v0.4.4
[INFO] [stderr]     Checking headers v0.3.0
[INFO] [stderr]     Checking futures v0.3.1
[INFO] [stderr]    Compiling gettext v0.4.0
[INFO] [stderr]    Compiling runtime-fmt v0.4.1
[INFO] [stderr]     Checking urlencoding v1.0.0
[INFO] [stderr]     Checking scoped-tls v1.0.0
[INFO] [stdout] error[E0432]: unresolved import `std::fmt::ArgumentV1`
[INFO] [stdout]   --> /opt/rustwide/cargo-home/registry/src/github.com-1ecc6299db9ec823/runtime-fmt-0.4.1/src/lib.rs:38:33
[INFO] [stdout]    |
[INFO] [stdout] 38 | use std::fmt::{self, Arguments, ArgumentV1};
[INFO] [stdout]    |                                 ^^^^^^^^^^
[INFO] [stdout]    |                                 |
[INFO] [stdout]    |                                 no `ArgumentV1` in `fmt`
[INFO] [stdout]    |                                 help: a similar name exists in the module: `Arguments`
[INFO] [stdout] 
[INFO] [stdout] 
[INFO] [stdout] error[E0433]: failed to resolve: could not find `ArgumentV1` in `fmt`
[INFO] [stdout]   --> /opt/rustwide/cargo-home/registry/src/github.com-1ecc6299db9ec823/runtime-fmt-0.4.1/src/erase.rs:54:48
[INFO] [stdout]    |
[INFO] [stdout] 54 |                               Some(f) => Ok(fmt::ArgumentV1::new(self, f)),
[INFO] [stdout]    |                                                  ^^^^^^^^^^
[INFO] [stdout]    |                                                  |
[INFO] [stdout]    |                                                  could not find `ArgumentV1` in `fmt`
[INFO] [stdout]    |                                                  help: a struct with a similar name exists: `Arguments`
[INFO] [stdout] ...
[INFO] [stdout] 85 | / traits! {
[INFO] [stdout] 86 | |     "", Display, display;
[INFO] [stdout] 87 | |     "?", Debug, debug;
[INFO] [stdout] 88 | |     "e", LowerExp, lower_exp;
[INFO] [stdout] ...  |
[INFO] [stdout] 94 | |     "X", UpperHex, upper_hex;
[INFO] [stdout] 95 | | }
[INFO] [stdout]    | |_- in this macro invocation
[INFO] [stdout]    |
[INFO] [stdout]    = note: this error originates in the macro `traits` (in Nightly builds, run with -Z macro-backtrace for more info)
[INFO] [stdout] 
[INFO] [stdout] 
[INFO] [stdout] error[E0412]: cannot find type `ArgumentV1` in module `fmt`
[INFO] [stdout]   --> /opt/rustwide/cargo-home/registry/src/github.com-1ecc6299db9ec823/runtime-fmt-0.4.1/src/erase.rs:42:77
[INFO] [stdout]    |
[INFO] [stdout] 42 |               fn by_name<'n>(&self, name: &'n str, idx: usize) -> Result<fmt::ArgumentV1, Error<'n>>;
[INFO] [stdout]    |                                                                               ^^^^^^^^^^ help: a struct with a similar name exists: `Arguments`
[INFO] [stdout] ...
[INFO] [stdout] 85 | / traits! {
[INFO] [stdout] 86 | |     "", Display, display;
[INFO] [stdout] 87 | |     "?", Debug, debug;
[INFO] [stdout] 88 | |     "e", LowerExp, lower_exp;
[INFO] [stdout] ...  |
[INFO] [stdout] 94 | |     "X", UpperHex, upper_hex;
[INFO] [stdout] 95 | | }
[INFO] [stdout]    | |_- in this macro invocation
[INFO] [stdout]   --> /rustc/84c898d65adf2f39a5a98507f1fe0ce10a2b8dbc/library/core/src/fmt/mod.rs:481:1
[INFO] [stdout]    |
[INFO] [stdout]    = note: similarly named struct `Arguments` defined here
[INFO] [stdout]    |
[INFO] [stdout]    = note: this error originates in the macro `traits` (in Nightly builds, run with -Z macro-backtrace for more info)
[INFO] [stdout] 
[INFO] [stdout] 
[INFO] [stdout] error[E0412]: cannot find type `ArgumentV1` in module `fmt`
[INFO] [stdout]   --> /opt/rustwide/cargo-home/registry/src/github.com-1ecc6299db9ec823/runtime-fmt-0.4.1/src/erase.rs:50:77
[INFO] [stdout]    |
[INFO] [stdout] 50 |               fn by_name<'n>(&self, name: &'n str, idx: usize) -> Result<fmt::ArgumentV1, Error<'n>> {
[INFO] [stdout]    |                                                                               ^^^^^^^^^^ help: a struct with a similar name exists: `Arguments`
[INFO] [stdout] ...
[INFO] [stdout] 85 | / traits! {
[INFO] [stdout] 86 | |     "", Display, display;
[INFO] [stdout] 87 | |     "?", Debug, debug;
[INFO] [stdout] 88 | |     "e", LowerExp, lower_exp;
[INFO] [stdout] ...  |
[INFO] [stdout] 94 | |     "X", UpperHex, upper_hex;
[INFO] [stdout] 95 | | }
[INFO] [stdout]    | |_- in this macro invocation
[INFO] [stdout]   --> /rustc/84c898d65adf2f39a5a98507f1fe0ce10a2b8dbc/library/core/src/fmt/mod.rs:481:1
[INFO] [stdout]    |
[INFO] [stdout]    = note: similarly named struct `Arguments` defined here
[INFO] [stdout]    |
[INFO] [stdout]    = note: this error originates in the macro `traits` (in Nightly builds, run with -Z macro-backtrace for more info)
[INFO] [stdout] 
[INFO] [stdout] 
[INFO] [stdout] error[E0433]: failed to resolve: could not find `Position` in `v1`
[INFO] [stdout]    --> /opt/rustwide/cargo-home/registry/src/github.com-1ecc6299db9ec823/runtime-fmt-0.4.1/src/lib.rs:521:39
[INFO] [stdout]     |
[INFO] [stdout] 521 |                         position: v1::Position::At(i),
[INFO] [stdout]     |                                       ^^^^^^^^ could not find `Position` in `v1`
[INFO] [stdout]     |
[INFO] [stdout] help: consider importing this enum
[INFO] [stdout]     |
[INFO] [stdout] 37  | use fmt_macros::Position;
[INFO] [stdout]     |
[INFO] [stdout] help: if you import `Position`, refer to it directly
[INFO] [stdout]     |
[INFO] [stdout] 521 -                         position: v1::Position::At(i),
[INFO] [stdout] 521 +                         position: Position::At(i),
[INFO] [stdout]     |
[INFO] [stdout] 
[INFO] [stdout] 
[INFO] [stdout] error[E0433]: failed to resolve: could not find `Position` in `v1`
[INFO] [stdout]    --> /opt/rustwide/cargo-home/registry/src/github.com-1ecc6299db9ec823/runtime-fmt-0.4.1/src/lib.rs:543:39
[INFO] [stdout]     |
[INFO] [stdout] 543 |                         position: v1::Position::At(argument_pos),
[INFO] [stdout]     |                                       ^^^^^^^^ could not find `Position` in `v1`
[INFO] [stdout]     |
[INFO] [stdout] help: consider importing this enum
[INFO] [stdout]     |
[INFO] [stdout] 37  | use fmt_macros::Position;
[INFO] [stdout]     |
[INFO] [stdout] help: if you import `Position`, refer to it directly
[INFO] [stdout]     |
[INFO] [stdout] 543 -                         position: v1::Position::At(argument_pos),
[INFO] [stdout] 543 +                         position: Position::At(argument_pos),
[INFO] [stdout]     |
[INFO] [stdout] 
[INFO] [stdout] 
[INFO] [stdout] error[E0554]: `#![feature]` may not be used on the stable release channel
[INFO] [stdout]   --> /opt/rustwide/cargo-home/registry/src/github.com-1ecc6299db9ec823/runtime-fmt-0.4.1/src/lib.rs:17:1
[INFO] [stdout]    |
[INFO] [stdout] 17 | #![feature(fmt_internals)]
[INFO] [stdout]    | ^^^^^^^^^^^^^^^^^^^^^^^^^^
[INFO] [stdout] 
[INFO] [stdout] 
[INFO] [stdout] error[E0554]: `#![feature]` may not be used on the stable release channel
[INFO] [stdout]   --> /opt/rustwide/cargo-home/registry/src/github.com-1ecc6299db9ec823/runtime-fmt-0.4.1/src/lib.rs:18:1
[INFO] [stdout]    |
[INFO] [stdout] 18 | #![feature(unicode_internals)]
[INFO] [stdout]    | ^^^^^^^^^^^^^^^^^^^^^^^^^^^^^^
[INFO] [stdout] 
[INFO] [stdout] 
[INFO] [stdout] error[E0554]: `#![feature]` may not be used on the stable release channel
[INFO] [stdout]   --> /opt/rustwide/cargo-home/registry/src/github.com-1ecc6299db9ec823/runtime-fmt-0.4.1/src/lib.rs:19:1
[INFO] [stdout]    |
[INFO] [stdout] 19 | #![feature(specialization)]
[INFO] [stdout]    | ^^^^^^^^^^^^^^^^^^^^^^^^^^^
[INFO] [stdout] 
[INFO] [stdout] 
[INFO] [stdout] error[E0554]: `#![feature]` may not be used on the stable release channel
[INFO] [stdout]   --> /opt/rustwide/cargo-home/registry/src/github.com-1ecc6299db9ec823/runtime-fmt-0.4.1/src/lib.rs:20:1
[INFO] [stdout]    |
[INFO] [stdout] 20 | #![feature(print_internals)]
[INFO] [stdout]    | ^^^^^^^^^^^^^^^^^^^^^^^^^^^^
[INFO] [stdout] 
[INFO] [stdout] 
[INFO] [stdout] error[E0554]: `#![feature]` may not be used on the stable release channel
[INFO] [stdout]   --> /opt/rustwide/cargo-home/registry/src/github.com-1ecc6299db9ec823/runtime-fmt-0.4.1/src/lib.rs:21:1
[INFO] [stdout]    |
[INFO] [stdout] 21 | #![feature(rustc_private)]
[INFO] [stdout]    | ^^^^^^^^^^^^^^^^^^^^^^^^^^
[INFO] [stdout] 
[INFO] [stdout] 
[INFO] [stdout] error[E0554]: `#![feature]` may not be used on the stable release channel
[INFO] [stdout]   --> /opt/rustwide/cargo-home/registry/src/github.com-1ecc6299db9ec823/runtime-fmt-0.4.1/src/lib.rs:17:12
[INFO] [stdout]    |
[INFO] [stdout] 17 | #![feature(fmt_internals)]
[INFO] [stdout]    |            ^^^^^^^^^^^^^
[INFO] [stdout] 
[INFO] [stdout] 
[INFO] [stdout] error[E0554]: `#![feature]` may not be used on the stable release channel
[INFO] [stdout]   --> /opt/rustwide/cargo-home/registry/src/github.com-1ecc6299db9ec823/runtime-fmt-0.4.1/src/lib.rs:18:12
[INFO] [stdout]    |
[INFO] [stdout] 18 | #![feature(unicode_internals)]
[INFO] [stdout]    |            ^^^^^^^^^^^^^^^^^
[INFO] [stdout] 
[INFO] [stdout] 
[INFO] [stdout] error[E0554]: `#![feature]` may not be used on the stable release channel
[INFO] [stdout]   --> /opt/rustwide/cargo-home/registry/src/github.com-1ecc6299db9ec823/runtime-fmt-0.4.1/src/lib.rs:20:12
[INFO] [stdout]    |
[INFO] [stdout] 20 | #![feature(print_internals)]
[INFO] [stdout]    |            ^^^^^^^^^^^^^^^
[INFO] [stdout] 
[INFO] [stdout] 
[INFO] [stdout] error[E0432]: unresolved import `std::fmt::ArgumentV1`
[INFO] [stdout]   --> /opt/rustwide/cargo-home/registry/src/github.com-1ecc6299db9ec823/runtime-fmt-0.4.1/src/lib.rs:38:33
[INFO] [stdout]    |
[INFO] [stdout] 38 | use std::fmt::{self, Arguments, ArgumentV1};
[INFO] [stdout]    |                                 ^^^^^^^^^^
[INFO] [stdout]    |                                 |
[INFO] [stdout]    |                                 no `ArgumentV1` in `fmt`
[INFO] [stdout]    |                                 help: a similar name exists in the module: `Arguments`
[INFO] [stdout] 
[INFO] [stdout] 
[INFO] [stdout] error[E0433]: failed to resolve: could not find `ArgumentV1` in `fmt`
[INFO] [stdout]   --> /opt/rustwide/cargo-home/registry/src/github.com-1ecc6299db9ec823/runtime-fmt-0.4.1/src/erase.rs:54:48
[INFO] [stdout]    |
[INFO] [stdout] 54 |                               Some(f) => Ok(fmt::ArgumentV1::new(self, f)),
[INFO] [stdout]    |                                                  ^^^^^^^^^^
[INFO] [stdout]    |                                                  |
[INFO] [stdout]    |                                                  could not find `ArgumentV1` in `fmt`
[INFO] [stdout]    |                                                  help: a struct with a similar name exists: `Arguments`
[INFO] [stdout] ...
[INFO] [stdout] 85 | / traits! {
[INFO] [stdout] 86 | |     "", Display, display;
[INFO] [stdout] 87 | |     "?", Debug, debug;
[INFO] [stdout] 88 | |     "e", LowerExp, lower_exp;
[INFO] [stdout] ...  |
[INFO] [stdout] 94 | |     "X", UpperHex, upper_hex;
[INFO] [stdout] 95 | | }
[INFO] [stdout]    | |_- in this macro invocation
[INFO] [stdout]    |
[INFO] [stdout]    = note: this error originates in the macro `traits` (in Nightly builds, run with -Z macro-backtrace for more info)
[INFO] [stdout] 
[INFO] [stdout] 
[INFO] [stdout] error[E0061]: this function takes 4 arguments but 3 arguments were supplied
[INFO] [stdout]    --> /opt/rustwide/cargo-home/registry/src/github.com-1ecc6299db9ec823/runtime-fmt-0.4.1/src/lib.rs:200:30
[INFO] [stdout]     |
[INFO] [stdout] 200 |             Some(ref fmt) => Arguments::new_v1_formatted(&pieces, &args, fmt),
[INFO] [stdout]     |                              ^^^^^^^^^^^^^^^^^^^^^^^^^^^--------------------- an argument of type `core::fmt::UnsafeArg` is missing
[INFO] [stdout]     |
[INFO] [stdout] note: associated function defined here
[INFO] [stdout]    --> /rustc/84c898d65adf2f39a5a98507f1fe0ce10a2b8dbc/library/core/src/fmt/mod.rs:421:18
[INFO] [stdout] help: provide the argument
[INFO] [stdout]     |
[INFO] [stdout] 200 |             Some(ref fmt) => Arguments::new_v1_formatted(&pieces, &args, fmt, /* core::fmt::UnsafeArg */),
[INFO] [stdout]     |                                                         ~~~~~~~~~~~~~~~~~~~~~~~~~~~~~~~~~~~~~~~~~~~~~~~~~
[INFO] [stdout] 
[INFO] [stdout] 
[INFO] [stdout] error[E0061]: this function takes 4 arguments but 3 arguments were supplied
[INFO] [stdout]    --> /opt/rustwide/cargo-home/registry/src/github.com-1ecc6299db9ec823/runtime-fmt-0.4.1/src/lib.rs:267:30
[INFO] [stdout]     |
[INFO] [stdout] 267 |             Some(ref fmt) => Arguments::new_v1_formatted(&pieces, &self.inner.args, fmt),
[INFO] [stdout]     |                              ^^^^^^^^^^^^^^^^^^^^^^^^^^^-------------------------------- an argument of type `core::fmt::UnsafeArg` is missing
[INFO] [stdout]     |
[INFO] [stdout] note: associated function defined here
[INFO] [stdout]    --> /rustc/84c898d65adf2f39a5a98507f1fe0ce10a2b8dbc/library/core/src/fmt/mod.rs:421:18
[INFO] [stdout] help: provide the argument
[INFO] [stdout]     |
[INFO] [stdout] 267 |             Some(ref fmt) => Arguments::new_v1_formatted(&pieces, &self.inner.args, fmt, /* core::fmt::UnsafeArg */),
[INFO] [stdout]     |                                                         ~~~~~~~~~~~~~~~~~~~~~~~~~~~~~~~~~~~~~~~~~~~~~~~~~~~~~~~~~~~~
[INFO] [stdout] 
[INFO] [stdout] 
[INFO] [stdout] error[E0412]: cannot find type `ArgumentV1` in module `fmt`
[INFO] [stdout]   --> /opt/rustwide/cargo-home/registry/src/github.com-1ecc6299db9ec823/runtime-fmt-0.4.1/src/erase.rs:42:77
[INFO] [stdout]    |
[INFO] [stdout] 42 |               fn by_name<'n>(&self, name: &'n str, idx: usize) -> Result<fmt::ArgumentV1, Error<'n>>;
[INFO] [stdout]    |                                                                               ^^^^^^^^^^ help: a struct with a similar name exists: `Arguments`
[INFO] [stdout] ...
[INFO] [stdout] 85 | / traits! {
[INFO] [stdout] 86 | |     "", Display, display;
[INFO] [stdout] 87 | |     "?", Debug, debug;
[INFO] [stdout] 88 | |     "e", LowerExp, lower_exp;
[INFO] [stdout] ...  |
[INFO] [stdout] 94 | |     "X", UpperHex, upper_hex;
[INFO] [stdout] 95 | | }
[INFO] [stdout]    | |_- in this macro invocation
[INFO] [stdout]   --> /rustc/84c898d65adf2f39a5a98507f1fe0ce10a2b8dbc/library/core/src/fmt/mod.rs:481:1
[INFO] [stdout]    |
[INFO] [stdout]    = note: similarly named struct `Arguments` defined here
[INFO] [stdout]    |
[INFO] [stdout]    = note: this error originates in the macro `traits` (in Nightly builds, run with -Z macro-backtrace for more info)
[INFO] [stdout] 
[INFO] [stdout] 
[INFO] [stdout] error[E0412]: cannot find type `ArgumentV1` in module `fmt`
[INFO] [stdout]   --> /opt/rustwide/cargo-home/registry/src/github.com-1ecc6299db9ec823/runtime-fmt-0.4.1/src/erase.rs:50:77
[INFO] [stdout]    |
[INFO] [stdout] 50 |               fn by_name<'n>(&self, name: &'n str, idx: usize) -> Result<fmt::ArgumentV1, Error<'n>> {
[INFO] [stdout]    |                                                                               ^^^^^^^^^^ help: a struct with a similar name exists: `Arguments`
[INFO] [stdout] ...
[INFO] [stdout] 85 | / traits! {
[INFO] [stdout] 86 | |     "", Display, display;
[INFO] [stdout] 87 | |     "?", Debug, debug;
[INFO] [stdout] 88 | |     "e", LowerExp, lower_exp;
[INFO] [stdout] ...  |
[INFO] [stdout] 94 | |     "X", UpperHex, upper_hex;
[INFO] [stdout] 95 | | }
[INFO] [stdout]    | |_- in this macro invocation
[INFO] [stdout]   --> /rustc/84c898d65adf2f39a5a98507f1fe0ce10a2b8dbc/library/core/src/fmt/mod.rs:481:1
[INFO] [stdout]    |
[INFO] [stdout]    = note: similarly named struct `Arguments` defined here
[INFO] [stdout]    |
[INFO] [stdout]    = note: this error originates in the macro `traits` (in Nightly builds, run with -Z macro-backtrace for more info)
[INFO] [stdout] 
[INFO] [stdout] 
[INFO] [stdout] error[E0433]: failed to resolve: could not find `Position` in `v1`
[INFO] [stdout]    --> /opt/rustwide/cargo-home/registry/src/github.com-1ecc6299db9ec823/runtime-fmt-0.4.1/src/lib.rs:521:39
[INFO] [stdout]     |
[INFO] [stdout] 521 |                         position: v1::Position::At(i),
[INFO] [stdout]     |                                       ^^^^^^^^ could not find `Position` in `v1`
[INFO] [stdout]     |
[INFO] [stdout] help: consider importing this enum
[INFO] [stdout]     |
[INFO] [stdout] 37  | use fmt_macros::Position;
[INFO] [stdout]     |
[INFO] [stdout] help: if you import `Position`, refer to it directly
[INFO] [stdout]     |
[INFO] [stdout] 521 -                         position: v1::Position::At(i),
[INFO] [stdout] 521 +                         position: Position::At(i),
[INFO] [stdout]     |
[INFO] [stdout] 
[INFO] [stdout] 
[INFO] [stdout] error[E0433]: failed to resolve: could not find `Position` in `v1`
[INFO] [stdout]    --> /opt/rustwide/cargo-home/registry/src/github.com-1ecc6299db9ec823/runtime-fmt-0.4.1/src/lib.rs:543:39
[INFO] [stdout]     |
[INFO] [stdout] 543 |                         position: v1::Position::At(argument_pos),
[INFO] [stdout]     |                                       ^^^^^^^^ could not find `Position` in `v1`
[INFO] [stdout]     |
[INFO] [stdout] help: consider importing this enum
[INFO] [stdout]     |
[INFO] [stdout] 37  | use fmt_macros::Position;
[INFO] [stdout]     |
[INFO] [stdout] help: if you import `Position`, refer to it directly
[INFO] [stdout]     |
[INFO] [stdout] 543 -                         position: v1::Position::At(argument_pos),
[INFO] [stdout] 543 +                         position: Position::At(argument_pos),
[INFO] [stdout]     |
[INFO] [stdout] 
[INFO] [stdout] 
[INFO] [stdout] error[E0554]: `#![feature]` may not be used on the stable release channel
[INFO] [stdout]   --> /opt/rustwide/cargo-home/registry/src/github.com-1ecc6299db9ec823/runtime-fmt-0.4.1/src/lib.rs:17:1
[INFO] [stdout]    |
[INFO] [stdout] 17 | #![feature(fmt_internals)]
[INFO] [stdout]    | ^^^^^^^^^^^^^^^^^^^^^^^^^^
[INFO] [stdout] 
[INFO] [stdout] 
[INFO] [stdout] error[E0554]: `#![feature]` may not be used on the stable release channel
[INFO] [stdout]   --> /opt/rustwide/cargo-home/registry/src/github.com-1ecc6299db9ec823/runtime-fmt-0.4.1/src/lib.rs:18:1
[INFO] [stdout]    |
[INFO] [stdout] 18 | #![feature(unicode_internals)]
[INFO] [stdout]    | ^^^^^^^^^^^^^^^^^^^^^^^^^^^^^^
[INFO] [stdout] 
[INFO] [stdout] 
[INFO] [stdout] error[E0554]: `#![feature]` may not be used on the stable release channel
[INFO] [stdout]   --> /opt/rustwide/cargo-home/registry/src/github.com-1ecc6299db9ec823/runtime-fmt-0.4.1/src/lib.rs:19:1
[INFO] [stdout]    |
[INFO] [stdout] 19 | #![feature(specialization)]
[INFO] [stdout]    | ^^^^^^^^^^^^^^^^^^^^^^^^^^^
[INFO] [stdout] 
[INFO] [stdout] 
[INFO] [stdout] error[E0554]: `#![feature]` may not be used on the stable release channel
[INFO] [stdout]   --> /opt/rustwide/cargo-home/registry/src/github.com-1ecc6299db9ec823/runtime-fmt-0.4.1/src/lib.rs:20:1
[INFO] [stdout]    |
[INFO] [stdout] 20 | #![feature(print_internals)]
[INFO] [stdout]    | ^^^^^^^^^^^^^^^^^^^^^^^^^^^^
[INFO] [stdout] 
[INFO] [stdout] 
[INFO] [stdout] error[E0554]: `#![feature]` may not be used on the stable release channel
[INFO] [stdout]   --> /opt/rustwide/cargo-home/registry/src/github.com-1ecc6299db9ec823/runtime-fmt-0.4.1/src/lib.rs:21:1
[INFO] [stdout]    |
[INFO] [stdout] 21 | #![feature(rustc_private)]
[INFO] [stdout]    | ^^^^^^^^^^^^^^^^^^^^^^^^^^
[INFO] [stdout] 
[INFO] [stdout] 
[INFO] [stdout] error: aborting due to 16 previous errors
[INFO] [stdout] 
[INFO] [stdout] 
[INFO] [stdout] Some errors have detailed explanations: E0061, E0412, E0432, E0433, E0554.
[INFO] [stdout] 
[INFO] [stdout] For more information about an error, try `rustc --explain E0061`.
[INFO] [stdout] 
[INFO] [stderr] error: could not compile `runtime-fmt` due to 17 previous errors
[INFO] [stderr] warning: build failed, waiting for other jobs to finish...
[INFO] [stdout] error[E0554]: `#![feature]` may not be used on the stable release channel
[INFO] [stdout]   --> /opt/rustwide/cargo-home/registry/src/github.com-1ecc6299db9ec823/runtime-fmt-0.4.1/src/lib.rs:17:12
[INFO] [stdout]    |
[INFO] [stdout] 17 | #![feature(fmt_internals)]
[INFO] [stdout]    |            ^^^^^^^^^^^^^
[INFO] [stdout] 
[INFO] [stdout] 
[INFO] [stdout] error[E0554]: `#![feature]` may not be used on the stable release channel
[INFO] [stdout]   --> /opt/rustwide/cargo-home/registry/src/github.com-1ecc6299db9ec823/runtime-fmt-0.4.1/src/lib.rs:18:12
[INFO] [stdout]    |
[INFO] [stdout] 18 | #![feature(unicode_internals)]
[INFO] [stdout]    |            ^^^^^^^^^^^^^^^^^
[INFO] [stdout] 
[INFO] [stdout] 
[INFO] [stdout] error[E0554]: `#![feature]` may not be used on the stable release channel
[INFO] [stdout]   --> /opt/rustwide/cargo-home/registry/src/github.com-1ecc6299db9ec823/runtime-fmt-0.4.1/src/lib.rs:20:12
[INFO] [stdout]    |
[INFO] [stdout] 20 | #![feature(print_internals)]
[INFO] [stdout]    |            ^^^^^^^^^^^^^^^
[INFO] [stdout] 
[INFO] [stdout] 
[INFO] [stdout] error[E0061]: this function takes 4 arguments but 3 arguments were supplied
[INFO] [stdout]    --> /opt/rustwide/cargo-home/registry/src/github.com-1ecc6299db9ec823/runtime-fmt-0.4.1/src/lib.rs:200:30
[INFO] [stdout]     |
[INFO] [stdout] 200 |             Some(ref fmt) => Arguments::new_v1_formatted(&pieces, &args, fmt),
[INFO] [stdout]     |                              ^^^^^^^^^^^^^^^^^^^^^^^^^^^--------------------- an argument of type `core::fmt::UnsafeArg` is missing
[INFO] [stdout]     |
[INFO] [stdout] note: associated function defined here
[INFO] [stdout]    --> /rustc/84c898d65adf2f39a5a98507f1fe0ce10a2b8dbc/library/core/src/fmt/mod.rs:421:18
[INFO] [stdout] help: provide the argument
[INFO] [stdout]     |
[INFO] [stdout] 200 |             Some(ref fmt) => Arguments::new_v1_formatted(&pieces, &args, fmt, /* core::fmt::UnsafeArg */),
[INFO] [stdout]     |                                                         ~~~~~~~~~~~~~~~~~~~~~~~~~~~~~~~~~~~~~~~~~~~~~~~~~
[INFO] [stdout] 
[INFO] [stdout] 
[INFO] [stdout] error[E0061]: this function takes 4 arguments but 3 arguments were supplied
[INFO] [stdout]    --> /opt/rustwide/cargo-home/registry/src/github.com-1ecc6299db9ec823/runtime-fmt-0.4.1/src/lib.rs:267:30
[INFO] [stdout]     |
[INFO] [stdout] 267 |             Some(ref fmt) => Arguments::new_v1_formatted(&pieces, &self.inner.args, fmt),
[INFO] [stdout]     |                              ^^^^^^^^^^^^^^^^^^^^^^^^^^^-------------------------------- an argument of type `core::fmt::UnsafeArg` is missing
[INFO] [stdout]     |
[INFO] [stdout] note: associated function defined here
[INFO] [stdout]    --> /rustc/84c898d65adf2f39a5a98507f1fe0ce10a2b8dbc/library/core/src/fmt/mod.rs:421:18
[INFO] [stdout] help: provide the argument
[INFO] [stdout]     |
[INFO] [stdout] 267 |             Some(ref fmt) => Arguments::new_v1_formatted(&pieces, &self.inner.args, fmt, /* core::fmt::UnsafeArg */),
[INFO] [stdout]     |                                                         ~~~~~~~~~~~~~~~~~~~~~~~~~~~~~~~~~~~~~~~~~~~~~~~~~~~~~~~~~~~~
[INFO] [stdout] 
[INFO] [stdout] 
[INFO] [stdout] error: aborting due to 16 previous errors
[INFO] [stdout] 
[INFO] [stdout] 
[INFO] [stdout] Some errors have detailed explanations: E0061, E0412, E0432, E0433, E0554.
[INFO] [stdout] 
[INFO] [stdout] For more information about an error, try `rustc --explain E0061`.
[INFO] [stdout] 
[INFO] [stderr] error: could not compile `runtime-fmt` due to 17 previous errors
[INFO] running `Command { std: "docker" "inspect" "f0ad4ccc5b62263f67fe70caa88db529e3d36e3e6d21451b01865ce0db312844", kill_on_drop: false }`
[INFO] running `Command { std: "docker" "rm" "-f" "f0ad4ccc5b62263f67fe70caa88db529e3d36e3e6d21451b01865ce0db312844", kill_on_drop: false }`
[INFO] [stdout] f0ad4ccc5b62263f67fe70caa88db529e3d36e3e6d21451b01865ce0db312844
