[INFO] cloning repository https://github.com/mkroli/pcapstreamer
[INFO] running `Command { std: "git" "-c" "credential.helper=" "-c" "credential.helper=/workspace/cargo-home/bin/git-credential-null" "clone" "--bare" "https://github.com/mkroli/pcapstreamer" "/workspace/cache/git-repos/https%3A%2F%2Fgithub.com%2Fmkroli%2Fpcapstreamer", kill_on_drop: false }`
[INFO] [stderr] Cloning into bare repository '/workspace/cache/git-repos/https%3A%2F%2Fgithub.com%2Fmkroli%2Fpcapstreamer'...
[INFO] running `Command { std: "git" "rev-parse" "HEAD", kill_on_drop: false }`
[INFO] [stdout] c380e5f9e854cf765051ecfe989b0964e54318c3
[INFO] documenting mkroli/pcapstreamer against beta-2023-04-20 for beta-1.70-rustdoc-1
[INFO] running `Command { std: "git" "clone" "/workspace/cache/git-repos/https%3A%2F%2Fgithub.com%2Fmkroli%2Fpcapstreamer" "/workspace/builds/worker-1-tc2/source", kill_on_drop: false }`
[INFO] [stderr] Cloning into '/workspace/builds/worker-1-tc2/source'...
[INFO] [stderr] done.
[INFO] validating manifest of git repo https://github.com/mkroli/pcapstreamer on toolchain beta-2023-04-20
[INFO] running `Command { std: CARGO_HOME="/workspace/cargo-home" RUSTUP_HOME="/workspace/rustup-home" "/workspace/cargo-home/bin/cargo" "+beta-2023-04-20" "metadata" "--manifest-path" "Cargo.toml" "--no-deps", kill_on_drop: false }`
[INFO] started tweaking git repo https://github.com/mkroli/pcapstreamer
[INFO] finished tweaking git repo https://github.com/mkroli/pcapstreamer
[INFO] tweaked toml for git repo https://github.com/mkroli/pcapstreamer written to /workspace/builds/worker-1-tc2/source/Cargo.toml
[INFO] crate git repo https://github.com/mkroli/pcapstreamer already has a lockfile, it will not be regenerated
[INFO] running `Command { std: CARGO_HOME="/workspace/cargo-home" RUSTUP_HOME="/workspace/rustup-home" "/workspace/cargo-home/bin/cargo" "+beta-2023-04-20" "fetch" "--manifest-path" "Cargo.toml", kill_on_drop: false }`
[INFO] [stderr]  Downloading crates ...
[INFO] [stderr]   Downloaded rdkafka-sys v0.11.6-1
[INFO] [stderr]   Downloaded rdkafka v0.20.0
[INFO] running `Command { std: "docker" "create" "-v" "/var/lib/crater-agent-workspace/builds/worker-1-tc2/target:/opt/rustwide/target:rw,Z" "-v" "/var/lib/crater-agent-workspace/builds/worker-1-tc2/source:/opt/rustwide/workdir:ro,Z" "-v" "/var/lib/crater-agent-workspace/cargo-home:/opt/rustwide/cargo-home:ro,Z" "-v" "/var/lib/crater-agent-workspace/rustup-home:/opt/rustwide/rustup-home:ro,Z" "-e" "SOURCE_DIR=/opt/rustwide/workdir" "-e" "CARGO_TARGET_DIR=/opt/rustwide/target" "-e" "CARGO_HOME=/opt/rustwide/cargo-home" "-e" "RUSTUP_HOME=/opt/rustwide/rustup-home" "-w" "/opt/rustwide/workdir" "-m" "1610612736" "--user" "0:0" "--network" "none" "ghcr.io/rust-lang/crates-build-env/linux@sha256:5ff2268d62e97bff2cde7d5815dd6ed5b47097566f13b8d0ca110b04b60e07ed" "/opt/rustwide/cargo-home/bin/cargo" "+beta-2023-04-20" "metadata" "--no-deps" "--format-version=1", kill_on_drop: false }`
[INFO] [stdout] 4711a7a292a8ef425bf691cb5629dd9e96f18e5f4ac78ce6be82b9d5467e4064
[INFO] running `Command { std: "docker" "start" "-a" "4711a7a292a8ef425bf691cb5629dd9e96f18e5f4ac78ce6be82b9d5467e4064", kill_on_drop: false }`
[INFO] running `Command { std: "docker" "inspect" "4711a7a292a8ef425bf691cb5629dd9e96f18e5f4ac78ce6be82b9d5467e4064", kill_on_drop: false }`
[INFO] running `Command { std: "docker" "rm" "-f" "4711a7a292a8ef425bf691cb5629dd9e96f18e5f4ac78ce6be82b9d5467e4064", kill_on_drop: false }`
[INFO] [stdout] 4711a7a292a8ef425bf691cb5629dd9e96f18e5f4ac78ce6be82b9d5467e4064
[INFO] running `Command { std: "docker" "create" "-v" "/var/lib/crater-agent-workspace/builds/worker-1-tc2/target:/opt/rustwide/target:rw,Z" "-v" "/var/lib/crater-agent-workspace/builds/worker-1-tc2/source:/opt/rustwide/workdir:ro,Z" "-v" "/var/lib/crater-agent-workspace/cargo-home:/opt/rustwide/cargo-home:ro,Z" "-v" "/var/lib/crater-agent-workspace/rustup-home:/opt/rustwide/rustup-home:ro,Z" "-e" "SOURCE_DIR=/opt/rustwide/workdir" "-e" "CARGO_TARGET_DIR=/opt/rustwide/target" "-e" "CARGO_INCREMENTAL=0" "-e" "RUST_BACKTRACE=full" "-e" "RUSTFLAGS=--cap-lints=warn" "-e" "RUSTDOCFLAGS=--cap-lints=warn" "-e" "CARGO_HOME=/opt/rustwide/cargo-home" "-e" "RUSTUP_HOME=/opt/rustwide/rustup-home" "-w" "/opt/rustwide/workdir" "-m" "1610612736" "--user" "0:0" "--network" "none" "ghcr.io/rust-lang/crates-build-env/linux@sha256:5ff2268d62e97bff2cde7d5815dd6ed5b47097566f13b8d0ca110b04b60e07ed" "/opt/rustwide/cargo-home/bin/cargo" "+beta-2023-04-20" "doc" "--frozen" "--no-deps" "--document-private-items" "--message-format=json", kill_on_drop: false }`
[INFO] [stdout] 419a8284edfb275abdf7d8f74ed10a2db819ce2bd650af7eb1480dbbde2cfc0a
[INFO] running `Command { std: "docker" "start" "-a" "419a8284edfb275abdf7d8f74ed10a2db819ce2bd650af7eb1480dbbde2cfc0a", kill_on_drop: false }`
[INFO] [stderr]    Compiling libc v0.2.126
[INFO] [stderr]    Compiling autocfg v1.1.0
[INFO] [stderr]     Checking cfg-if v0.1.10
[INFO] [stderr]     Checking cfg-if v1.0.0
[INFO] [stderr]    Compiling log v0.4.17
[INFO] [stderr]    Compiling maybe-uninit v2.0.0
[INFO] [stderr]     Checking futures v0.1.31
[INFO] [stderr]     Checking scopeguard v1.1.0
[INFO] [stderr]     Checking byteorder v1.4.3
[INFO] [stderr]    Compiling cc v1.0.73
[INFO] [stderr]     Checking slab v0.4.6
[INFO] [stderr]    Compiling proc-macro2 v1.0.39
[INFO] [stderr]    Compiling parking_lot_core v0.6.2
[INFO] [stderr]    Compiling crossbeam-utils v0.7.2
[INFO] [stderr]    Compiling unicode-ident v1.0.0
[INFO] [stderr]     Checking smallvec v0.6.14
[INFO] [stderr]    Compiling memoffset v0.5.6
[INFO] [stderr]    Compiling parking_lot v0.9.0
[INFO] [stderr]    Compiling syn v1.0.96
[INFO] [stderr]    Compiling pkg-config v0.3.25
[INFO] [stderr]     Checking iovec v0.1.4
[INFO] [stderr]     Checking num_cpus v1.13.1
[INFO] [stderr]     Checking net2 v0.2.37
[INFO] [stderr]     Checking bytes v0.4.12
[INFO] [stderr]    Compiling quote v1.0.18
[INFO] [stderr]     Checking mio v0.6.23
[INFO] [stderr]     Checking tokio-io v0.1.13
[INFO] [stderr]    Compiling crossbeam-epoch v0.8.2
[INFO] [stderr]     Checking lock_api v0.3.4
[INFO] [stderr]     Checking tokio-sync v0.1.8
[INFO] [stderr]     Checking tokio-executor v0.1.10
[INFO] [stderr]    Compiling libz-sys v1.1.8
[INFO] [stderr]    Compiling num-traits v0.2.15
[INFO] [stderr]    Compiling memchr v2.5.0
[INFO] [stderr]    Compiling num-integer v0.1.45
[INFO] [stderr]     Checking tokio-reactor v0.1.12
[INFO] [stderr]    Compiling unicode-xid v0.0.4
[INFO] [stderr]    Compiling serde v1.0.137
[INFO] [stderr]     Checking crossbeam-deque v0.7.4
[INFO] [stderr]    Compiling synom v0.11.3
[INFO] [stderr]    Compiling num_cpus v0.2.13
[INFO] [stderr]     Checking tokio-codec v0.1.2
[INFO] [stderr]     Checking crossbeam-queue v0.2.3
[INFO] [stderr]    Compiling backtrace v0.3.65
[INFO] [stderr]    Compiling rdkafka-sys v0.11.6-1
[INFO] [stderr]    Compiling serde_json v1.0.81
[INFO] [stderr]    Compiling quote v0.3.15
[INFO] [stderr]     Checking adler v1.0.2
[INFO] [stderr]     Checking gimli v0.26.1
[INFO] [stderr]    Compiling serde_derive v1.0.137
[INFO] [stderr]    Compiling version_check v0.9.4
[INFO] [stderr]    Compiling syn v0.11.11
[INFO] [stderr]     Checking miniz_oxide v0.5.3
[INFO] [stderr]     Checking tokio-threadpool v0.1.18
[INFO] [stderr]    Compiling error-chain v0.12.4
[INFO] [stderr]     Checking object v0.28.4
[INFO] [stderr]     Checking mio-uds v0.6.8
[INFO] [stderr]     Checking time v0.1.44
[INFO] [stderr]     Checking ryu v1.0.10
[INFO] [stderr]     Checking itoa v1.0.2
[INFO] [stderr]     Checking unicode-width v0.1.9
[INFO] [stderr]    Compiling pcap v0.7.0
[INFO] [stderr]     Checking rustc-demangle v0.1.21
[INFO] [stderr]     Checking addr2line v0.17.0
[INFO] [stderr]     Checking textwrap v0.11.0
[INFO] [stderr]     Checking chrono v0.4.19
[INFO] [stderr]    Compiling derive-into-owned v0.1.0
[INFO] [stderr]     Checking tokio-uds v0.2.7
[INFO] [stderr]    Compiling thiserror-impl v1.0.31
[INFO] [stderr]     Checking tokio-fs v0.1.7
[INFO] [stderr]     Checking tokio-udp v0.1.6
[INFO] [stderr]     Checking tokio-tcp v0.1.4
[INFO] [stderr]     Checking tokio-current-thread v0.1.7
[INFO] [stderr]     Checking tokio-timer v0.2.13
[INFO] [stderr]     Checking atty v0.2.14
[INFO] [stderr]     Checking log v0.3.9
[INFO] [stderr]     Checking ansi_term v0.12.1
[INFO] [stderr]     Checking bitflags v1.3.2
[INFO] [stderr]     Checking strsim v0.8.0
[INFO] [stderr]     Checking vec_map v0.8.2
[INFO] [stderr]     Checking tokio v0.1.22
[INFO] [stderr]     Checking fern v0.5.9
[INFO] [stderr]     Checking clap v2.34.0
[INFO] [stderr]     Checking thiserror v1.0.31
[INFO] [stderr]     Checking pcap-file v1.1.1
[INFO] [stderr] error: failed to run custom build command for `rdkafka-sys v0.11.6-1`
[INFO] [stderr] note: To improve backtraces for build dependencies, set the CARGO_PROFILE_DEV_BUILD_OVERRIDE_DEBUG=true environment variable to enable debug information generation.
[INFO] [stderr] 
[INFO] [stderr] Caused by:
[INFO] [stderr]   process didn't exit successfully: `/opt/rustwide/target/debug/build/rdkafka-sys-6eaaadff5f8b3edf/build-script-build` (exit status: 101)
[INFO] [stderr]   --- stdout
[INFO] [stderr]   Configuring librdkafka
[INFO] [stderr]   checking for OS or distribution... ok (Linux)
[INFO] [stderr]   checking for C compiler from CC env... failed
[INFO] [stderr]   checking for gcc (by command)... ok
[INFO] [stderr]   checking for C++ compiler from CXX env... failed
[INFO] [stderr]   checking for C++ compiler (g++)... ok
[INFO] [stderr]   checking executable ld... ok
[INFO] [stderr]   checking executable nm... ok
[INFO] [stderr]   checking executable objdump... ok
[INFO] [stderr]   checking executable strip... ok
[INFO] [stderr]   checking for pkgconfig (by command)... ok
[INFO] [stderr]   checking for install (by command)... ok
[INFO] [stderr]   checking for PIC (by compile)... failed (disable)
[INFO] [stderr]   checking for GNU-compatible linker options... failed
[INFO] [stderr]   checking for OSX linker options... failed
[INFO] [stderr]   checking for GNU linker-script ld flag... failed
[INFO] [stderr]   checking for Solaris linker-script ld flag... failed (ignore)
[INFO] [stderr]   checking for __atomic_32 (by compile)... failed
[INFO] [stderr]   checking for __atomic_32_lib (by compile)... failed
[INFO] [stderr]   checking for __sync_32 (by compile)... failed (disable)
[INFO] [stderr]   checking for __atomic_64 (by compile)... failed
[INFO] [stderr]   checking for __atomic_64_lib (by compile)... failed
[INFO] [stderr]   checking for __sync_64 (by compile)... failed (disable)
[INFO] [stderr]   checking for socket (by compile)... failed
[INFO] [stderr]   checking for socket_nsl (by compile)... failed (fail)
[INFO] [stderr]   parsing version '0x000b06ff'... ok (0.11.6)
[INFO] [stderr]   checking for librt (by pkg-config)... failed
[INFO] [stderr]   checking for librt (by compile)... failed
[INFO] [stderr]   checking for c11threads (by pkg-config)... failed
[INFO] [stderr]   checking for c11threads (by compile)... failed (disable)
[INFO] [stderr]   checking for libpthread (by pkg-config)... failed
[INFO] [stderr]   checking for libpthread (by compile)... failed (fail)
[INFO] [stderr]   checking for libdl (by pkg-config)... failed
[INFO] [stderr]   checking for libdl (by compile)... failed (disable)
[INFO] [stderr]   checking for zlib (by pkg-config)... ok
[INFO] [stderr]   checking for zlib (by compile)... ok (cached)
[INFO] [stderr]   checking for libcrypto (by pkg-config)... ok
[INFO] [stderr]   checking for libcrypto (by compile)... ok (cached)
[INFO] [stderr]   checking for libm (by pkg-config)... failed
[INFO] [stderr]   checking for libm (by compile)... failed (disable)
[INFO] [stderr]   checking for rapidjson (by compile)... failed (disable)
[INFO] [stderr]   checking for crc32chw (by compile)... failed (disable)
[INFO] [stderr]   checking for regex (by compile)... failed (disable)
[INFO] [stderr]   checking for strndup (by compile)... failed (disable)
[INFO] [stderr]   checking for strerror_r (by compile)... failed (disable)
[INFO] [stderr]   checking for pthread_setname_gnu (by compile)... failed (disable)
[INFO] [stderr]   checking for nm (by env NM)... ok (cached)
[INFO] [stderr] 
[INFO] [stderr] 
[INFO] [stderr] 
[INFO] [stderr] 
[INFO] [stderr]   --- stderr
[INFO] [stderr]   Building and linking librdkafka statically
[INFO] [stderr]   Running command: "./configure --disable-sasl --disable-ssl --disable-lz4 --enable-static" in dir: librdkafka
[INFO] [stderr]   mklove/modules/configure.base: line 611: config.log: Read-only file system
[INFO] [stderr]   mklove/modules/configure.base: line 611: config.log: Read-only file system
[INFO] [stderr]   mklove/modules/configure.base: line 611: config.log: Read-only file system
[INFO] [stderr]   mklove/modules/configure.base: line 611: config.log: Read-only file system
[INFO] [stderr]   mklove/modules/configure.base: line 611: config.log: Read-only file system
[INFO] [stderr]   mklove/modules/configure.base: line 611: config.log: Read-only file system
[INFO] [stderr]   mklove/modules/configure.base: line 611: config.log: Read-only file system
[INFO] [stderr]   mklove/modules/configure.base: line 611: config.log: Read-only file system
[INFO] [stderr]   mklove/modules/configure.base: line 611: config.log: Read-only file system
[INFO] [stderr]   mklove/modules/configure.base: line 611: config.log: Read-only file system
[INFO] [stderr]   mklove/modules/configure.base: line 611: config.log: Read-only file system
[INFO] [stderr]   mklove/modules/configure.base: line 611: config.log: Read-only file system
[INFO] [stderr]   mklove/modules/configure.base: line 611: config.log: Read-only file system
[INFO] [stderr]   ./configure: line 186: config.log: Read-only file system
[INFO] [stderr]   ./configure: line 187: config.log: Read-only file system
[INFO] [stderr]   mklove/modules/configure.base: line 611: config.log: Read-only file system
[INFO] [stderr]   mklove/modules/configure.base: line 611: config.log: Read-only file system
[INFO] [stderr]   mklove/modules/configure.base: line 611: config.log: Read-only file system
[INFO] [stderr]   mklove/modules/configure.base: line 611: config.log: Read-only file system
[INFO] [stderr]   mktemp: failed to create file via template '_mkltmpXXXXXX': Read-only file system
[INFO] [stderr]   mv: cannot stat '': No such file or directory
[INFO] [stderr]   mklove/modules/configure.base: line 953: .c: Read-only file system
[INFO] [stderr]   mklove/modules/configure.base: line 956: .c: Read-only file system
[INFO] [stderr]   mklove/modules/configure.base: line 611: config.log: Read-only file system
[INFO] [stderr]   mklove/modules/configure.base: line 611: config.log: Read-only file system
[INFO] [stderr]   mklove/modules/configure.base: line 611: config.log: Read-only file system
[INFO] [stderr]   mktemp: failed to create file via template '_mkltmpXXXXXX': Read-only file system
[INFO] [stderr]   mv: cannot stat '': No such file or directory
[INFO] [stderr]   mklove/modules/configure.base: line 953: .c: Read-only file system
[INFO] [stderr]   mklove/modules/configure.base: line 956: .c: Read-only file system
[INFO] [stderr]   mklove/modules/configure.base: line 611: config.log: Read-only file system
[INFO] [stderr]   mklove/modules/configure.base: line 611: config.log: Read-only file system
[INFO] [stderr]   mklove/modules/configure.base: line 611: config.log: Read-only file system
[INFO] [stderr]   mktemp: failed to create file via template '_mkltmpXXXXXX': Read-only file system
[INFO] [stderr]   mv: cannot stat '': No such file or directory
[INFO] [stderr]   mklove/modules/configure.base: line 953: .c: Read-only file system
[INFO] [stderr]   mklove/modules/configure.base: line 956: .c: Read-only file system
[INFO] [stderr]   mklove/modules/configure.base: line 611: config.log: Read-only file system
[INFO] [stderr]   mklove/modules/configure.base: line 611: config.log: Read-only file system
[INFO] [stderr]   mklove/modules/configure.base: line 611: config.log: Read-only file system
[INFO] [stderr]   mktemp: failed to create file via template '_mkltmpXXXXXX': Read-only file system
[INFO] [stderr]   mklove/modules/configure.base: line 693: $ldsfile: ambiguous redirect
[INFO] [stderr]   mktemp: failed to create file via template '_mkltmpXXXXXX': Read-only file system
[INFO] [stderr]   mv: cannot stat '': No such file or directory
[INFO] [stderr]   mklove/modules/configure.base: line 953: .c: Read-only file system
[INFO] [stderr]   mklove/modules/configure.base: line 956: .c: Read-only file system
[INFO] [stderr]   mklove/modules/configure.base: line 611: config.log: Read-only file system
[INFO] [stderr]   mklove/modules/configure.base: line 611: config.log: Read-only file system
[INFO] [stderr]   mklove/modules/configure.base: line 611: config.log: Read-only file system
[INFO] [stderr]   mktemp: failed to create file via template '_mkltmpXXXXXX': Read-only file system
[INFO] [stderr]   mv: cannot stat '': No such file or directory
[INFO] [stderr]   mklove/modules/configure.base: line 953: .c: Read-only file system
[INFO] [stderr]   mklove/modules/configure.base: line 956: .c: Read-only file system
[INFO] [stderr]   mklove/modules/configure.base: line 611: config.log: Read-only file system
[INFO] [stderr]   mklove/modules/configure.base: line 611: config.log: Read-only file system
[INFO] [stderr]   mklove/modules/configure.base: line 611: config.log: Read-only file system
[INFO] [stderr]   mktemp: failed to create file via template '_mkltmpXXXXXX': Read-only file system
[INFO] [stderr]   mv: cannot stat '': No such file or directory
[INFO] [stderr]   mklove/modules/configure.base: line 953: .c: Read-only file system
[INFO] [stderr]   mklove/modules/configure.base: line 956: .c: Read-only file system
[INFO] [stderr]   mklove/modules/configure.base: line 611: config.log: Read-only file system
[INFO] [stderr]   mklove/modules/configure.base: line 611: config.log: Read-only file system
[INFO] [stderr]   mklove/modules/configure.base: line 611: config.log: Read-only file system
[INFO] [stderr]   mktemp: failed to create file via template '_mkltmpXXXXXX': Read-only file system
[INFO] [stderr]   mv: cannot stat '': No such file or directory
[INFO] [stderr]   mklove/modules/configure.base: line 953: .c: Read-only file system
[INFO] [stderr]   mklove/modules/configure.base: line 956: .c: Read-only file system
[INFO] [stderr]   mklove/modules/configure.base: line 611: config.log: Read-only file system
[INFO] [stderr]   mklove/modules/configure.base: line 611: config.log: Read-only file system
[INFO] [stderr]   mklove/modules/configure.base: line 611: config.log: Read-only file system
[INFO] [stderr]   mktemp: failed to create file via template '_mkltmpXXXXXX': Read-only file system
[INFO] [stderr]   mv: cannot stat '': No such file or directory
[INFO] [stderr]   mklove/modules/configure.base: line 953: .c: Read-only file system
[INFO] [stderr]   mklove/modules/configure.base: line 956: .c: Read-only file system
[INFO] [stderr]   mklove/modules/configure.base: line 611: config.log: Read-only file system
[INFO] [stderr]   mklove/modules/configure.base: line 611: config.log: Read-only file system
[INFO] [stderr]   mklove/modules/configure.base: line 611: config.log: Read-only file system
[INFO] [stderr]   mktemp: failed to create file via template '_mkltmpXXXXXX': Read-only file system
[INFO] [stderr]   mv: cannot stat '': No such file or directory
[INFO] [stderr]   mklove/modules/configure.base: line 953: .c: Read-only file system
[INFO] [stderr]   mklove/modules/configure.base: line 956: .c: Read-only file system
[INFO] [stderr]   mklove/modules/configure.base: line 611: config.log: Read-only file system
[INFO] [stderr]   mklove/modules/configure.base: line 611: config.log: Read-only file system
[INFO] [stderr]   mklove/modules/configure.base: line 611: config.log: Read-only file system
[INFO] [stderr]   mktemp: failed to create file via template '_mkltmpXXXXXX': Read-only file system
[INFO] [stderr]   mv: cannot stat '': No such file or directory
[INFO] [stderr]   mklove/modules/configure.base: line 953: .c: Read-only file system
[INFO] [stderr]   mklove/modules/configure.base: line 956: .c: Read-only file system
[INFO] [stderr]   mklove/modules/configure.base: line 611: config.log: Read-only file system
[INFO] [stderr]   mklove/modules/configure.base: line 611: config.log: Read-only file system
[INFO] [stderr]   mklove/modules/configure.base: line 611: config.log: Read-only file system
[INFO] [stderr]   mktemp: failed to create file via template '_mkltmpXXXXXX': Read-only file system
[INFO] [stderr]   mv: cannot stat '': No such file or directory
[INFO] [stderr]   mklove/modules/configure.base: line 953: .c: Read-only file system
[INFO] [stderr]   mklove/modules/configure.base: line 956: .c: Read-only file system
[INFO] [stderr]   mklove/modules/configure.base: line 611: config.log: Read-only file system
[INFO] [stderr]   mklove/modules/configure.base: line 611: config.log: Read-only file system
[INFO] [stderr]   mklove/modules/configure.base: line 611: config.log: Read-only file system
[INFO] [stderr]   mktemp: failed to create file via template '_mkltmpXXXXXX': Read-only file system
[INFO] [stderr]   mv: cannot stat '': No such file or directory
[INFO] [stderr]   mklove/modules/configure.base: line 953: .c: Read-only file system
[INFO] [stderr]   mklove/modules/configure.base: line 956: .c: Read-only file system
[INFO] [stderr]   mklove/modules/configure.base: line 611: config.log: Read-only file system
[INFO] [stderr]   mklove/modules/configure.base: line 611: config.log: Read-only file system
[INFO] [stderr]   mklove/modules/configure.base: line 611: config.log: Read-only file system
[INFO] [stderr]   mktemp: failed to create file via template '_mkltmpXXXXXX': Read-only file system
[INFO] [stderr]   mv: cannot stat '': No such file or directory
[INFO] [stderr]   mklove/modules/configure.base: line 953: .c: Read-only file system
[INFO] [stderr]   mklove/modules/configure.base: line 956: .c: Read-only file system
[INFO] [stderr]   mklove/modules/configure.base: line 611: config.log: Read-only file system
[INFO] [stderr]   mklove/modules/configure.base: line 611: config.log: Read-only file system
[INFO] [stderr]   mklove/modules/configure.base: line 611: config.log: Read-only file system
[INFO] [stderr]   mklove/modules/configure.base: line 611: config.log: Read-only file system
[INFO] [stderr]   mklove/modules/configure.base: line 611: config.log: Read-only file system
[INFO] [stderr]   mklove/modules/configure.base: line 611: config.log: Read-only file system
[INFO] [stderr]   mktemp: failed to create file via template '_mkltmpXXXXXX': Read-only file system
[INFO] [stderr]   mv: cannot stat '': No such file or directory
[INFO] [stderr]   mklove/modules/configure.base: line 953: .c: Read-only file system
[INFO] [stderr]   mklove/modules/configure.base: line 956: .c: Read-only file system
[INFO] [stderr]   mklove/modules/configure.base: line 611: config.log: Read-only file system
[INFO] [stderr]   mklove/modules/configure.base: line 611: config.log: Read-only file system
[INFO] [stderr]   mklove/modules/configure.base: line 611: config.log: Read-only file system
[INFO] [stderr]   mklove/modules/configure.base: line 611: config.log: Read-only file system
[INFO] [stderr]   mklove/modules/configure.base: line 611: config.log: Read-only file system
[INFO] [stderr]   mklove/modules/configure.base: line 611: config.log: Read-only file system
[INFO] [stderr]   mktemp: failed to create file via template '_mkltmpXXXXXX': Read-only file system
[INFO] [stderr]   mv: cannot stat '': No such file or directory
[INFO] [stderr]   mklove/modules/configure.base: line 953: .c: Read-only file system
[INFO] [stderr]   mklove/modules/configure.base: line 956: .c: Read-only file system
[INFO] [stderr]   mklove/modules/configure.base: line 611: config.log: Read-only file system
[INFO] [stderr]   mklove/modules/configure.base: line 611: config.log: Read-only file system
[INFO] [stderr]   mklove/modules/configure.base: line 611: config.log: Read-only file system
[INFO] [stderr]   mklove/modules/configure.base: line 611: config.log: Read-only file system
[INFO] [stderr]   mklove/modules/configure.base: line 611: config.log: Read-only file system
[INFO] [stderr]   mklove/modules/configure.base: line 611: config.log: Read-only file system
[INFO] [stderr]   mktemp: failed to create file via template '_mkltmpXXXXXX': Read-only file system
[INFO] [stderr]   mv: cannot stat '': No such file or directory
[INFO] [stderr]   mklove/modules/configure.base: line 953: .c: Read-only file system
[INFO] [stderr]   mklove/modules/configure.base: line 956: .c: Read-only file system
[INFO] [stderr]   mklove/modules/configure.base: line 611: config.log: Read-only file system
[INFO] [stderr]   mklove/modules/configure.base: line 611: config.log: Read-only file system
[INFO] [stderr]   mklove/modules/configure.base: line 611: config.log: Read-only file system
[INFO] [stderr]   mklove/modules/configure.base: line 611: config.log: Read-only file system
[INFO] [stderr]   mklove/modules/configure.base: line 611: config.log: Read-only file system
[INFO] [stderr]   mklove/modules/configure.base: line 611: config.log: Read-only file system
[INFO] [stderr]   mktemp: failed to create file via template '_mkltmpXXXXXX': Read-only file system
[INFO] [stderr]   mv: cannot stat '': No such file or directory
[INFO] [stderr]   mklove/modules/configure.base: line 953: .c: Read-only file system
[INFO] [stderr]   mklove/modules/configure.base: line 956: .c: Read-only file system
[INFO] [stderr]   mklove/modules/configure.base: line 611: config.log: Read-only file system
[INFO] [stderr]   mklove/modules/configure.base: line 611: config.log: Read-only file system
[INFO] [stderr]   mklove/modules/configure.base: line 611: config.log: Read-only file system
[INFO] [stderr]   mklove/modules/configure.base: line 611: config.log: Read-only file system
[INFO] [stderr]   mklove/modules/configure.base: line 611: config.log: Read-only file system
[INFO] [stderr]   mklove/modules/configure.base: line 611: config.log: Read-only file system
[INFO] [stderr]   mklove/modules/configure.base: line 611: config.log: Read-only file system
[INFO] [stderr]   mklove/modules/configure.base: line 611: config.log: Read-only file system
[INFO] [stderr]   mktemp: failed to create file via template '_mkltmpXXXXXX': Read-only file system
[INFO] [stderr]   mv: cannot stat '': No such file or directory
[INFO] [stderr]   mklove/modules/configure.base: line 953: .c: Read-only file system
[INFO] [stderr]   mklove/modules/configure.base: line 956: .c: Read-only file system
[INFO] [stderr]   mklove/modules/configure.base: line 611: config.log: Read-only file system
[INFO] [stderr]   mklove/modules/configure.base: line 611: config.log: Read-only file system
[INFO] [stderr]   mklove/modules/configure.base: line 611: config.log: Read-only file system
[INFO] [stderr]   mktemp: failed to create file via template '_mkltmpXXXXXX': Read-only file system
[INFO] [stderr]   mv: cannot stat '': No such file or directory
[INFO] [stderr]   mklove/modules/configure.base: line 953: .cpp: Read-only file system
[INFO] [stderr]   mklove/modules/configure.base: line 956: .cpp: Read-only file system
[INFO] [stderr]   mklove/modules/configure.base: line 611: config.log: Read-only file system
[INFO] [stderr]   mklove/modules/configure.base: line 611: config.log: Read-only file system
[INFO] [stderr]   mklove/modules/configure.base: line 611: config.log: Read-only file system
[INFO] [stderr]   mktemp: failed to create file via template '_mkltmpXXXXXX': Read-only file system
[INFO] [stderr]   mv: cannot stat '': No such file or directory
[INFO] [stderr]   mklove/modules/configure.base: line 953: .c: Read-only file system
[INFO] [stderr]   mklove/modules/configure.base: line 956: .c: Read-only file system
[INFO] [stderr]   mklove/modules/configure.base: line 611: config.log: Read-only file system
[INFO] [stderr]   mklove/modules/configure.base: line 611: config.log: Read-only file system
[INFO] [stderr]   mklove/modules/configure.base: line 611: config.log: Read-only file system
[INFO] [stderr]   mktemp: failed to create file via template '_mkltmpXXXXXX': Read-only file system
[INFO] [stderr]   mv: cannot stat '': No such file or directory
[INFO] [stderr]   mklove/modules/configure.base: line 953: .c: Read-only file system
[INFO] [stderr]   mklove/modules/configure.base: line 956: .c: Read-only file system
[INFO] [stderr]   mklove/modules/configure.base: line 611: config.log: Read-only file system
[INFO] [stderr]   mklove/modules/configure.base: line 611: config.log: Read-only file system
[INFO] [stderr]   mklove/modules/configure.base: line 611: config.log: Read-only file system
[INFO] [stderr]   mktemp: failed to create file via template '_mkltmpXXXXXX': Read-only file system
[INFO] [stderr]   mv: cannot stat '': No such file or directory
[INFO] [stderr]   mklove/modules/configure.base: line 953: .c: Read-only file system
[INFO] [stderr]   mklove/modules/configure.base: line 956: .c: Read-only file system
[INFO] [stderr]   mklove/modules/configure.base: line 611: config.log: Read-only file system
[INFO] [stderr]   mklove/modules/configure.base: line 611: config.log: Read-only file system
[INFO] [stderr]   mklove/modules/configure.base: line 611: config.log: Read-only file system
[INFO] [stderr]   mktemp: failed to create file via template '_mkltmpXXXXXX': Read-only file system
[INFO] [stderr]   mv: cannot stat '': No such file or directory
[INFO] [stderr]   mklove/modules/configure.base: line 953: .c: Read-only file system
[INFO] [stderr]   mklove/modules/configure.base: line 956: .c: Read-only file system
[INFO] [stderr]   mklove/modules/configure.base: line 611: config.log: Read-only file system
[INFO] [stderr]   mklove/modules/configure.base: line 611: config.log: Read-only file system
[INFO] [stderr]   mklove/modules/configure.base: line 611: config.log: Read-only file system
[INFO] [stderr]   mktemp: failed to create file via template '_mkltmpXXXXXX': Read-only file system
[INFO] [stderr]   mv: cannot stat '': No such file or directory
[INFO] [stderr]   mklove/modules/configure.base: line 953: .c: Read-only file system
[INFO] [stderr]   mklove/modules/configure.base: line 956: .c: Read-only file system
[INFO] [stderr]   mklove/modules/configure.base: line 611: config.log: Read-only file system
[INFO] [stderr]   mklove/modules/configure.base: line 611: config.log: Read-only file system
[INFO] [stderr]   mklove/modules/configure.base: line 611: config.log: Read-only file system
[INFO] [stderr]   ###########################################################
[INFO] [stderr]   mklove/modules/configure.base: line 620: config.log: Read-only file system
[INFO] [stderr]   ###                  Configure failed                   ###
[INFO] [stderr]   mklove/modules/configure.base: line 620: config.log: Read-only file system
[INFO] [stderr]   ###########################################################
[INFO] [stderr]   mklove/modules/configure.base: line 620: config.log: Read-only file system
[INFO] [stderr]   ### Accumulated failures:                               ###
[INFO] [stderr]   mklove/modules/configure.base: line 620: config.log: Read-only file system
[INFO] [stderr]   ###########################################################
[INFO] [stderr]   mklove/modules/configure.base: line 620: config.log: Read-only file system
[INFO] [stderr]    socket_nsl () 
[INFO] [stderr]   mklove/modules/configure.base: line 620: config.log: Read-only file system
[INFO] [stderr]       module: socket
[INFO] [stderr]   mklove/modules/configure.base: line 628: config.log: Read-only file system
[INFO] [stderr]       action: fail
[INFO] [stderr]   mklove/modules/configure.base: line 628: config.log: Read-only file system
[INFO] [stderr]       reason:
[INFO] [stderr]   compile check failed:
[INFO] [stderr]   CC: CC
[INFO] [stderr]   flags: 
[INFO] [stderr]   gcc  -g -O2 -Wall -Wsign-compare -Wfloat-equal -Wpointer-arith -Wcast-align -Wall -Werror .c -o .c.o -lsocket -lnsl  :
[INFO] [stderr]   /usr/bin/ld: cannot open output file .c.o: Read-only file system
[INFO] [stderr]   collect2: error: ld returned 1 exit status
[INFO] [stderr]   source: 
[INFO] [stderr]   #include <sys/types.h>
[INFO] [stderr]   #include <sys/socket.h>
[INFO] [stderr]   #include <unistd.h>
[INFO] [stderr]   void foo (void) {
[INFO] [stderr]      int s = socket(0, 0, 0);
[INFO] [stderr]      close(s);
[INFO] [stderr]   }
[INFO] [stderr] 
[INFO] [stderr]   mklove/modules/configure.base: line 628: config.log: Read-only file system
[INFO] [stderr]    libpthread () 
[INFO] [stderr]   mklove/modules/configure.base: line 620: config.log: Read-only file system
[INFO] [stderr]       module: librdkafka
[INFO] [stderr]   mklove/modules/configure.base: line 628: config.log: Read-only file system
[INFO] [stderr]       action: fail
[INFO] [stderr]   mklove/modules/configure.base: line 628: config.log: Read-only file system
[INFO] [stderr]       reason:
[INFO] [stderr]   compile check failed:
[INFO] [stderr]   CC: CC
[INFO] [stderr]   flags: -lpthread
[INFO] [stderr]   gcc  -g -O2 -Wall -Wsign-compare -Wfloat-equal -Wpointer-arith -Wcast-align -Wall -Werror .c -o .c.o   -lpthread:
[INFO] [stderr]   /usr/bin/ld: cannot open output file .c.o: Read-only file system
[INFO] [stderr]   collect2: error: ld returned 1 exit status
[INFO] [stderr]   source: #include <pthread.h>
[INFO] [stderr] 
[INFO] [stderr]   mklove/modules/configure.base: line 628: config.log: Read-only file system
[INFO] [stderr]   thread 'main' panicked at 'Command failed with error code 1', /opt/rustwide/cargo-home/registry/src/index.crates.io-6f17d22bba15001f/rdkafka-sys-0.11.6-1/build.rs:23:35
[INFO] [stderr]   stack backtrace:
[INFO] [stderr]      0:     0x55d9f691f6ba - std::backtrace_rs::backtrace::libunwind::trace::h2f05d0192276a8f6
[INFO] [stderr]                                  at /rustc/1b7dd2252b99671ce5d1cb9664c5f8636329436d/library/std/src/../../backtrace/src/backtrace/libunwind.rs:93:5
[INFO] [stderr]      1:     0x55d9f691f6ba - std::backtrace_rs::backtrace::trace_unsynchronized::hedc23dff7a1af150
[INFO] [stderr]                                  at /rustc/1b7dd2252b99671ce5d1cb9664c5f8636329436d/library/std/src/../../backtrace/src/backtrace/mod.rs:66:5
[INFO] [stderr]      2:     0x55d9f691f6ba - std::sys_common::backtrace::_print_fmt::h17541ef7592f3ce2
[INFO] [stderr]                                  at /rustc/1b7dd2252b99671ce5d1cb9664c5f8636329436d/library/std/src/sys_common/backtrace.rs:65:5
[INFO] [stderr]      3:     0x55d9f691f6ba - <std::sys_common::backtrace::_print::DisplayBacktrace as core::fmt::Display>::fmt::h20f75df5ab0c0792
[INFO] [stderr]                                  at /rustc/1b7dd2252b99671ce5d1cb9664c5f8636329436d/library/std/src/sys_common/backtrace.rs:44:22
[INFO] [stderr]      4:     0x55d9f693e54f - core::fmt::write::h78109e6f466b3af6
[INFO] [stderr]                                  at /rustc/1b7dd2252b99671ce5d1cb9664c5f8636329436d/library/core/src/fmt/mod.rs:1254:17
[INFO] [stderr]      5:     0x55d9f691cad5 - std::io::Write::write_fmt::hc59e1b02dd273c8a
[INFO] [stderr]                                  at /rustc/1b7dd2252b99671ce5d1cb9664c5f8636329436d/library/std/src/io/mod.rs:1698:15
[INFO] [stderr]      6:     0x55d9f691f485 - std::sys_common::backtrace::_print::h8dac57a9f8fbf9a5
[INFO] [stderr]                                  at /rustc/1b7dd2252b99671ce5d1cb9664c5f8636329436d/library/std/src/sys_common/backtrace.rs:47:5
[INFO] [stderr]      7:     0x55d9f691f485 - std::sys_common::backtrace::print::hf9ecbf41d1aa712f
[INFO] [stderr]                                  at /rustc/1b7dd2252b99671ce5d1cb9664c5f8636329436d/library/std/src/sys_common/backtrace.rs:34:9
[INFO] [stderr]      8:     0x55d9f6920c2e - std::panicking::default_hook::{{closure}}::h04c07acfc84ca028
[INFO] [stderr]                                  at /rustc/1b7dd2252b99671ce5d1cb9664c5f8636329436d/library/std/src/panicking.rs:269:22
[INFO] [stderr]      9:     0x55d9f69209d5 - std::panicking::default_hook::h01f6bb23e1eceb2c
[INFO] [stderr]                                  at /rustc/1b7dd2252b99671ce5d1cb9664c5f8636329436d/library/std/src/panicking.rs:288:9
[INFO] [stderr]     10:     0x55d9f692118e - std::panicking::rust_panic_with_hook::h2bb3722bbaf2f6df
[INFO] [stderr]                                  at /rustc/1b7dd2252b99671ce5d1cb9664c5f8636329436d/library/std/src/panicking.rs:691:13
[INFO] [stderr]     11:     0x55d9f6921089 - std::panicking::begin_panic_handler::{{closure}}::h91bc7f36a4be011b
[INFO] [stderr]                                  at /rustc/1b7dd2252b99671ce5d1cb9664c5f8636329436d/library/std/src/panicking.rs:582:13
[INFO] [stderr]     12:     0x55d9f691fb26 - std::sys_common::backtrace::__rust_end_short_backtrace::h8b3d3717114f9e59
[INFO] [stderr]                                  at /rustc/1b7dd2252b99671ce5d1cb9664c5f8636329436d/library/std/src/sys_common/backtrace.rs:150:18
[INFO] [stderr]     13:     0x55d9f6920de2 - rust_begin_unwind
[INFO] [stderr]                                  at /rustc/1b7dd2252b99671ce5d1cb9664c5f8636329436d/library/std/src/panicking.rs:578:5
[INFO] [stderr]     14:     0x55d9f68dd3c3 - core::panicking::panic_fmt::hfd368e3fbdabea26
[INFO] [stderr]                                  at /rustc/1b7dd2252b99671ce5d1cb9664c5f8636329436d/library/core/src/panicking.rs:67:14
[INFO] [stderr]     15:     0x55d9f68de772 - build_script_build::run_command_or_fail::hc01f054e72bb7188
[INFO] [stderr]     16:     0x55d9f68df384 - build_script_build::build_librdkafka::h6f3c747a001aa94f
[INFO] [stderr]     17:     0x55d9f68defdf - build_script_build::main::h4a3051bbf90db810
[INFO] [stderr]     18:     0x55d9f68dfab3 - core::ops::function::FnOnce::call_once::h98c6f454f8d0b37e
[INFO] [stderr]     19:     0x55d9f68df716 - std::sys_common::backtrace::__rust_begin_short_backtrace::hb549e02fccceec41
[INFO] [stderr]     20:     0x55d9f68dfbd9 - std::rt::lang_start::{{closure}}::h7f38246a40a1232f
[INFO] [stderr]     21:     0x55d9f6919dce - core::ops::function::impls::<impl core::ops::function::FnOnce<A> for &F>::call_once::h2eb19b8ce4148df4
[INFO] [stderr]                                  at /rustc/1b7dd2252b99671ce5d1cb9664c5f8636329436d/library/core/src/ops/function.rs:287:13
[INFO] [stderr]     22:     0x55d9f6919dce - std::panicking::try::do_call::h2e900feff5d504c5
[INFO] [stderr]                                  at /rustc/1b7dd2252b99671ce5d1cb9664c5f8636329436d/library/std/src/panicking.rs:485:40
[INFO] [stderr]     23:     0x55d9f6919dce - std::panicking::try::h8854836cb85aa9f2
[INFO] [stderr]                                  at /rustc/1b7dd2252b99671ce5d1cb9664c5f8636329436d/library/std/src/panicking.rs:449:19
[INFO] [stderr]     24:     0x55d9f6919dce - std::panic::catch_unwind::h706025dd4c48f64b
[INFO] [stderr]                                  at /rustc/1b7dd2252b99671ce5d1cb9664c5f8636329436d/library/std/src/panic.rs:140:14
[INFO] [stderr]     25:     0x55d9f6919dce - std::rt::lang_start_internal::{{closure}}::h7be5b97f4a07a91a
[INFO] [stderr]                                  at /rustc/1b7dd2252b99671ce5d1cb9664c5f8636329436d/library/std/src/rt.rs:148:48
[INFO] [stderr]     26:     0x55d9f6919dce - std::panicking::try::do_call::h59847e9d0a176965
[INFO] [stderr]                                  at /rustc/1b7dd2252b99671ce5d1cb9664c5f8636329436d/library/std/src/panicking.rs:485:40
[INFO] [stderr]     27:     0x55d9f6919dce - std::panicking::try::h399a918ba8522823
[INFO] [stderr]                                  at /rustc/1b7dd2252b99671ce5d1cb9664c5f8636329436d/library/std/src/panicking.rs:449:19
[INFO] [stderr]     28:     0x55d9f6919dce - std::panic::catch_unwind::hca7ca6c55b2a2e26
[INFO] [stderr]                                  at /rustc/1b7dd2252b99671ce5d1cb9664c5f8636329436d/library/std/src/panic.rs:140:14
[INFO] [stderr]     29:     0x55d9f6919dce - std::rt::lang_start_internal::h2c807a81560459eb
[INFO] [stderr]                                  at /rustc/1b7dd2252b99671ce5d1cb9664c5f8636329436d/library/std/src/rt.rs:148:20
[INFO] [stderr]     30:     0x55d9f68dfbb7 - std::rt::lang_start::h794c119fdb213973
[INFO] [stderr]     31:     0x55d9f68df655 - main
[INFO] [stderr]     32:     0x7ff0217d5d90 - <unknown>
[INFO] [stderr]     33:     0x7ff0217d5e40 - __libc_start_main
[INFO] [stderr]     34:     0x55d9f68dd9e5 - _start
[INFO] [stderr]     35:                0x0 - <unknown>
[INFO] [stderr] warning: build failed, waiting for other jobs to finish...
[INFO] running `Command { std: "docker" "inspect" "419a8284edfb275abdf7d8f74ed10a2db819ce2bd650af7eb1480dbbde2cfc0a", kill_on_drop: false }`
[INFO] running `Command { std: "docker" "rm" "-f" "419a8284edfb275abdf7d8f74ed10a2db819ce2bd650af7eb1480dbbde2cfc0a", kill_on_drop: false }`
[INFO] [stdout] 419a8284edfb275abdf7d8f74ed10a2db819ce2bd650af7eb1480dbbde2cfc0a
