[INFO] cloning repository https://github.com/mhazoglou/tts-reader
[INFO] running `Command { std: "git" "-c" "credential.helper=" "-c" "credential.helper=/workspace/cargo-home/bin/git-credential-null" "clone" "--bare" "https://github.com/mhazoglou/tts-reader" "/workspace/cache/git-repos/https%3A%2F%2Fgithub.com%2Fmhazoglou%2Ftts-reader", kill_on_drop: false }`
[INFO] [stderr] Cloning into bare repository '/workspace/cache/git-repos/https%3A%2F%2Fgithub.com%2Fmhazoglou%2Ftts-reader'...
[INFO] running `Command { std: "git" "rev-parse" "HEAD", kill_on_drop: false }`
[INFO] [stdout] ad40900ba5758492fddfd2bd342d62e56359b827
[INFO] documenting mhazoglou/tts-reader against 1.69.0 for beta-1.70-rustdoc-1
[INFO] running `Command { std: "git" "clone" "/workspace/cache/git-repos/https%3A%2F%2Fgithub.com%2Fmhazoglou%2Ftts-reader" "/workspace/builds/worker-6-tc1/source", kill_on_drop: false }`
[INFO] [stderr] Cloning into '/workspace/builds/worker-6-tc1/source'...
[INFO] [stderr] done.
[INFO] validating manifest of git repo https://github.com/mhazoglou/tts-reader on toolchain 1.69.0
[INFO] running `Command { std: CARGO_HOME="/workspace/cargo-home" RUSTUP_HOME="/workspace/rustup-home" "/workspace/cargo-home/bin/cargo" "+1.69.0" "metadata" "--manifest-path" "Cargo.toml" "--no-deps", kill_on_drop: false }`
[INFO] started tweaking git repo https://github.com/mhazoglou/tts-reader
[INFO] finished tweaking git repo https://github.com/mhazoglou/tts-reader
[INFO] tweaked toml for git repo https://github.com/mhazoglou/tts-reader written to /workspace/builds/worker-6-tc1/source/Cargo.toml
[INFO] crate git repo https://github.com/mhazoglou/tts-reader already has a lockfile, it will not be regenerated
[INFO] running `Command { std: CARGO_HOME="/workspace/cargo-home" RUSTUP_HOME="/workspace/rustup-home" "/workspace/cargo-home/bin/cargo" "+1.69.0" "fetch" "--manifest-path" "Cargo.toml", kill_on_drop: false }`
[INFO] [stderr]  Downloading crates ...
[INFO] [stderr]   Downloaded winrt_macros v0.7.2
[INFO] [stderr]   Downloaded enum_derive v0.1.7
[INFO] [stderr]   Downloaded ioctl-sys v0.5.2
[INFO] [stderr]   Downloaded speech-dispatcher v0.7.0
[INFO] [stderr]   Downloaded uinput-sys v0.1.7
[INFO] [stderr]   Downloaded udev v0.4.0
[INFO] [stderr]   Downloaded input v0.5.0
[INFO] [stderr]   Downloaded tts_winrt_bindings v0.2.0
[INFO] [stderr]   Downloaded inputbot v0.5.0
[INFO] [stderr]   Downloaded tts v0.14.0
[INFO] [stderr]   Downloaded uinput v0.1.3
[INFO] [stderr]   Downloaded input-sys v1.15.0
[INFO] [stderr]   Downloaded clang-sys v1.1.1
[INFO] [stderr]   Downloaded winrt v0.7.2
[INFO] [stderr]   Downloaded terminal-clipboard v0.2.1
[INFO] running `Command { std: "docker" "create" "-v" "/var/lib/crater-agent-workspace/builds/worker-6-tc1/target:/opt/rustwide/target:rw,Z" "-v" "/var/lib/crater-agent-workspace/builds/worker-6-tc1/source:/opt/rustwide/workdir:ro,Z" "-v" "/var/lib/crater-agent-workspace/cargo-home:/opt/rustwide/cargo-home:ro,Z" "-v" "/var/lib/crater-agent-workspace/rustup-home:/opt/rustwide/rustup-home:ro,Z" "-e" "SOURCE_DIR=/opt/rustwide/workdir" "-e" "CARGO_TARGET_DIR=/opt/rustwide/target" "-e" "CARGO_HOME=/opt/rustwide/cargo-home" "-e" "RUSTUP_HOME=/opt/rustwide/rustup-home" "-w" "/opt/rustwide/workdir" "-m" "1610612736" "--user" "0:0" "--network" "none" "ghcr.io/rust-lang/crates-build-env/linux@sha256:5ff2268d62e97bff2cde7d5815dd6ed5b47097566f13b8d0ca110b04b60e07ed" "/opt/rustwide/cargo-home/bin/cargo" "+1.69.0" "metadata" "--no-deps" "--format-version=1", kill_on_drop: false }`
[INFO] [stdout] ace476ca6b3b1fa4cd507368380211fd4c30fa9d3cea1cd891f11bf9fd51587e
[INFO] running `Command { std: "docker" "start" "-a" "ace476ca6b3b1fa4cd507368380211fd4c30fa9d3cea1cd891f11bf9fd51587e", kill_on_drop: false }`
[INFO] running `Command { std: "docker" "inspect" "ace476ca6b3b1fa4cd507368380211fd4c30fa9d3cea1cd891f11bf9fd51587e", kill_on_drop: false }`
[INFO] running `Command { std: "docker" "rm" "-f" "ace476ca6b3b1fa4cd507368380211fd4c30fa9d3cea1cd891f11bf9fd51587e", kill_on_drop: false }`
[INFO] [stdout] ace476ca6b3b1fa4cd507368380211fd4c30fa9d3cea1cd891f11bf9fd51587e
[INFO] running `Command { std: "docker" "create" "-v" "/var/lib/crater-agent-workspace/builds/worker-6-tc1/target:/opt/rustwide/target:rw,Z" "-v" "/var/lib/crater-agent-workspace/builds/worker-6-tc1/source:/opt/rustwide/workdir:ro,Z" "-v" "/var/lib/crater-agent-workspace/cargo-home:/opt/rustwide/cargo-home:ro,Z" "-v" "/var/lib/crater-agent-workspace/rustup-home:/opt/rustwide/rustup-home:ro,Z" "-e" "SOURCE_DIR=/opt/rustwide/workdir" "-e" "CARGO_TARGET_DIR=/opt/rustwide/target" "-e" "CARGO_INCREMENTAL=0" "-e" "RUST_BACKTRACE=full" "-e" "RUSTFLAGS=--cap-lints=warn" "-e" "RUSTDOCFLAGS=--cap-lints=warn" "-e" "CARGO_HOME=/opt/rustwide/cargo-home" "-e" "RUSTUP_HOME=/opt/rustwide/rustup-home" "-w" "/opt/rustwide/workdir" "-m" "1610612736" "--user" "0:0" "--network" "none" "ghcr.io/rust-lang/crates-build-env/linux@sha256:5ff2268d62e97bff2cde7d5815dd6ed5b47097566f13b8d0ca110b04b60e07ed" "/opt/rustwide/cargo-home/bin/cargo" "+1.69.0" "doc" "--frozen" "--no-deps" "--document-private-items" "--message-format=json", kill_on_drop: false }`
[INFO] [stdout] 99fd37d6ede1a141c51298f5512a5716332c48d356ba646cc67df1e6871a191b
[INFO] running `Command { std: "docker" "start" "-a" "99fd37d6ede1a141c51298f5512a5716332c48d356ba646cc67df1e6871a191b", kill_on_drop: false }`
[INFO] [stderr]    Compiling libc v0.2.88
[INFO] [stderr]    Compiling bitflags v1.2.1
[INFO] [stderr]    Compiling proc-macro2 v1.0.24
[INFO] [stderr]    Compiling memchr v2.3.4
[INFO] [stderr]    Compiling log v0.4.14
[INFO] [stderr]    Compiling unicode-xid v0.2.1
[INFO] [stderr]    Compiling glob v0.3.0
[INFO] [stderr]    Compiling cfg-if v1.0.0
[INFO] [stderr]    Compiling version_check v0.9.2
[INFO] [stderr]    Compiling once_cell v1.7.2
[INFO] [stderr]    Compiling pkg-config v0.3.19
[INFO] [stderr]    Compiling unicode-width v0.1.8
[INFO] [stderr]    Compiling regex-syntax v0.6.22
[INFO] [stderr]    Compiling syn v1.0.62
[INFO] [stderr]    Compiling strsim v0.8.0
[INFO] [stderr]    Compiling bindgen v0.57.0
[INFO] [stderr]    Compiling textwrap v0.11.0
[INFO] [stderr]    Compiling libloading v0.7.0
[INFO] [stderr]    Compiling humantime v2.1.0
[INFO] [stderr]    Compiling thread_local v1.1.3
[INFO] [stderr]    Compiling vec_map v0.8.2
[INFO] [stderr]    Compiling nom v5.1.2
[INFO] [stderr]    Compiling ansi_term v0.11.0
[INFO] [stderr]    Compiling termcolor v1.1.2
[INFO] [stderr]    Compiling shlex v0.1.1
[INFO] [stderr]    Compiling lazy_static v1.4.0
[INFO] [stderr]    Compiling lazycell v1.3.0
[INFO] [stderr]    Compiling clang-sys v1.1.1
[INFO] [stderr]    Compiling aho-corasick v0.7.15
[INFO] [stderr]    Compiling rustc-hash v1.1.0
[INFO] [stderr]    Compiling peeking_take_while v0.1.2
[INFO] [stderr]    Compiling libudev-sys v0.1.4
[INFO] [stderr]    Compiling gcc v0.3.55
[INFO] [stderr]     Checking byteorder v1.4.3
[INFO] [stderr]    Compiling input-sys v1.15.0
[INFO] [stderr]     Checking cfg-if v0.1.10
[INFO] [stderr]     Checking void v1.0.2
[INFO] [stderr]    Compiling nix v0.10.0
[INFO] [stderr]    Compiling x11 v2.18.2
[INFO] [stderr]    Compiling quote v1.0.9
[INFO] [stderr]    Compiling nix v0.17.0
[INFO] [stderr]     Checking ioctl-sys v0.5.2
[INFO] [stderr]     Checking enum_derive v0.1.7
[INFO] [stderr]    Compiling tts v0.14.0
[INFO] [stderr]     Checking dyn-clone v1.0.4
[INFO] [stderr]     Checking custom_derive v0.1.7
[INFO] [stderr]     Checking iovec v0.1.4
[INFO] [stderr]     Checking uinput-sys v0.1.7
[INFO] [stderr]    Compiling atty v0.2.14
[INFO] [stderr]    Compiling which v3.1.1
[INFO] [stderr]    Compiling clap v2.33.3
[INFO] [stderr]     Checking bytes v0.4.12
[INFO] [stderr]     Checking udev v0.4.0
[INFO] [stderr]    Compiling xcb v0.9.0
[INFO] [stderr]     Checking input v0.5.0
[INFO] [stderr]    Compiling regex v1.4.3
[INFO] [stderr]    Compiling cexpr v0.4.0
[INFO] [stderr]    Compiling env_logger v0.8.3
[INFO] [stderr]     Checking uinput v0.1.3
[INFO] [stderr]    Compiling dyn-clonable-impl v0.9.0
[INFO] [stderr]    Compiling thiserror-impl v1.0.24
[INFO] [stderr]     Checking dyn-clonable v0.9.0
[INFO] [stderr]     Checking inputbot v0.5.0
[INFO] [stderr]     Checking thiserror v1.0.24
[INFO] [stderr]    Compiling speech-dispatcher-sys v0.5.2
[INFO] [stderr]     Checking x11-clipboard v0.5.1
[INFO] [stderr]     Checking terminal-clipboard v0.2.1
[INFO] [stderr]     Checking speech-dispatcher v0.7.0
[INFO] [stdout] error[E0308]: mismatched types
[INFO] [stdout]   --> /opt/rustwide/cargo-home/registry/src/github.com-1ecc6299db9ec823/speech-dispatcher-0.7.0/src/lib.rs:31:13
[INFO] [stdout]    |
[INFO] [stdout] 31 |     Male1 = SPDVoiceType::SPD_MALE1,
[INFO] [stdout]    |             ^^^^^^^^^^^^^^^^^^^^^^^ expected `u32`, found `i32`
[INFO] [stdout] 
[INFO] [stdout] 
[INFO] [stdout] error[E0308]: mismatched types
[INFO] [stdout]   --> /opt/rustwide/cargo-home/registry/src/github.com-1ecc6299db9ec823/speech-dispatcher-0.7.0/src/lib.rs:32:13
[INFO] [stdout]    |
[INFO] [stdout] 32 |     Male2 = SPDVoiceType::SPD_MALE2,
[INFO] [stdout]    |             ^^^^^^^^^^^^^^^^^^^^^^^ expected `u32`, found `i32`
[INFO] [stdout] 
[INFO] [stdout] 
[INFO] [stdout] error[E0308]: mismatched types
[INFO] [stdout]   --> /opt/rustwide/cargo-home/registry/src/github.com-1ecc6299db9ec823/speech-dispatcher-0.7.0/src/lib.rs:33:13
[INFO] [stdout]    |
[INFO] [stdout] 33 |     Male3 = SPDVoiceType::SPD_MALE3,
[INFO] [stdout]    |             ^^^^^^^^^^^^^^^^^^^^^^^ expected `u32`, found `i32`
[INFO] [stdout] 
[INFO] [stdout] 
[INFO] [stdout] error[E0308]: mismatched types
[INFO] [stdout]   --> /opt/rustwide/cargo-home/registry/src/github.com-1ecc6299db9ec823/speech-dispatcher-0.7.0/src/lib.rs:34:15
[INFO] [stdout]    |
[INFO] [stdout] 34 |     Female1 = SPDVoiceType::SPD_FEMALE1,
[INFO] [stdout]    |               ^^^^^^^^^^^^^^^^^^^^^^^^^ expected `u32`, found `i32`
[INFO] [stdout] 
[INFO] [stdout] 
[INFO] [stdout] error[E0308]: mismatched types
[INFO] [stdout]   --> /opt/rustwide/cargo-home/registry/src/github.com-1ecc6299db9ec823/speech-dispatcher-0.7.0/src/lib.rs:35:15
[INFO] [stdout]    |
[INFO] [stdout] 35 |     Female2 = SPDVoiceType::SPD_FEMALE2,
[INFO] [stdout]    |               ^^^^^^^^^^^^^^^^^^^^^^^^^ expected `u32`, found `i32`
[INFO] [stdout] 
[INFO] [stdout] 
[INFO] [stdout] error[E0308]: mismatched types
[INFO] [stdout]   --> /opt/rustwide/cargo-home/registry/src/github.com-1ecc6299db9ec823/speech-dispatcher-0.7.0/src/lib.rs:36:15
[INFO] [stdout]    |
[INFO] [stdout] 36 |     Female3 = SPDVoiceType::SPD_FEMALE3,
[INFO] [stdout]    |               ^^^^^^^^^^^^^^^^^^^^^^^^^ expected `u32`, found `i32`
[INFO] [stdout] 
[INFO] [stdout] 
[INFO] [stdout] error[E0308]: mismatched types
[INFO] [stdout]   --> /opt/rustwide/cargo-home/registry/src/github.com-1ecc6299db9ec823/speech-dispatcher-0.7.0/src/lib.rs:37:17
[INFO] [stdout]    |
[INFO] [stdout] 37 |     ChildMale = SPDVoiceType::SPD_CHILD_MALE,
[INFO] [stdout]    |                 ^^^^^^^^^^^^^^^^^^^^^^^^^^^^ expected `u32`, found `i32`
[INFO] [stdout] 
[INFO] [stdout] 
[INFO] [stdout] error[E0308]: mismatched types
[INFO] [stdout]   --> /opt/rustwide/cargo-home/registry/src/github.com-1ecc6299db9ec823/speech-dispatcher-0.7.0/src/lib.rs:38:19
[INFO] [stdout]    |
[INFO] [stdout] 38 |     ChildFemale = SPDVoiceType::SPD_CHILD_FEMALE,
[INFO] [stdout]    |                   ^^^^^^^^^^^^^^^^^^^^^^^^^^^^^^ expected `u32`, found `i32`
[INFO] [stdout] 
[INFO] [stdout] 
[INFO] [stdout] error: aborting due to 8 previous errors
[INFO] [stdout] 
[INFO] [stdout] 
[INFO] [stdout] For more information about this error, try `rustc --explain E0308`.
[INFO] [stdout] 
[INFO] [stderr] error: could not compile `speech-dispatcher` due to 9 previous errors
[INFO] running `Command { std: "docker" "inspect" "99fd37d6ede1a141c51298f5512a5716332c48d356ba646cc67df1e6871a191b", kill_on_drop: false }`
[INFO] running `Command { std: "docker" "rm" "-f" "99fd37d6ede1a141c51298f5512a5716332c48d356ba646cc67df1e6871a191b", kill_on_drop: false }`
[INFO] [stdout] 99fd37d6ede1a141c51298f5512a5716332c48d356ba646cc67df1e6871a191b
