[INFO] cloning repository https://github.com/mgottschlag/rust-stm32f4-blinky
[INFO] running `Command { std: "git" "-c" "credential.helper=" "-c" "credential.helper=/workspace/cargo-home/bin/git-credential-null" "clone" "--bare" "https://github.com/mgottschlag/rust-stm32f4-blinky" "/workspace/cache/git-repos/https%3A%2F%2Fgithub.com%2Fmgottschlag%2Frust-stm32f4-blinky", kill_on_drop: false }`
[INFO] [stderr] Cloning into bare repository '/workspace/cache/git-repos/https%3A%2F%2Fgithub.com%2Fmgottschlag%2Frust-stm32f4-blinky'...
[INFO] running `Command { std: "git" "rev-parse" "HEAD", kill_on_drop: false }`
[INFO] [stdout] 0fb4a0c7c5f741719d2055a7c98de084d0abda9d
[INFO] documenting mgottschlag/rust-stm32f4-blinky against 1.69.0 for beta-1.70-rustdoc-1
[INFO] running `Command { std: "git" "clone" "/workspace/cache/git-repos/https%3A%2F%2Fgithub.com%2Fmgottschlag%2Frust-stm32f4-blinky" "/workspace/builds/worker-6-tc1/source", kill_on_drop: false }`
[INFO] [stderr] Cloning into '/workspace/builds/worker-6-tc1/source'...
[INFO] [stderr] done.
[INFO] validating manifest of git repo https://github.com/mgottschlag/rust-stm32f4-blinky on toolchain 1.69.0
[INFO] running `Command { std: CARGO_HOME="/workspace/cargo-home" RUSTUP_HOME="/workspace/rustup-home" "/workspace/cargo-home/bin/cargo" "+1.69.0" "metadata" "--manifest-path" "Cargo.toml" "--no-deps", kill_on_drop: false }`
[INFO] removed /workspace/builds/worker-6-tc1/source/.cargo/config
[INFO] started tweaking git repo https://github.com/mgottschlag/rust-stm32f4-blinky
[INFO] finished tweaking git repo https://github.com/mgottschlag/rust-stm32f4-blinky
[INFO] tweaked toml for git repo https://github.com/mgottschlag/rust-stm32f4-blinky written to /workspace/builds/worker-6-tc1/source/Cargo.toml
[INFO] crate git repo https://github.com/mgottschlag/rust-stm32f4-blinky already has a lockfile, it will not be regenerated
[INFO] running `Command { std: CARGO_HOME="/workspace/cargo-home" RUSTUP_HOME="/workspace/rustup-home" "/workspace/cargo-home/bin/cargo" "+1.69.0" "fetch" "--manifest-path" "Cargo.toml", kill_on_drop: false }`
[INFO] [stderr]     Updating git repository `https://github.com/mgottschlag/stm32f429.git`
[INFO] [stderr]  Downloading crates ...
[INFO] [stderr]   Downloaded aligned v0.1.1
[INFO] [stderr]   Downloaded cortex-m-rt v0.3.6
[INFO] [stderr]   Downloaded cortex-m-semihosting v0.2.0
[INFO] [stderr]   Downloaded bare-metal v0.1.1
[INFO] [stderr]   Downloaded vcell v0.1.0
[INFO] running `Command { std: "docker" "create" "-v" "/var/lib/crater-agent-workspace/builds/worker-6-tc1/target:/opt/rustwide/target:rw,Z" "-v" "/var/lib/crater-agent-workspace/builds/worker-6-tc1/source:/opt/rustwide/workdir:ro,Z" "-v" "/var/lib/crater-agent-workspace/cargo-home:/opt/rustwide/cargo-home:ro,Z" "-v" "/var/lib/crater-agent-workspace/rustup-home:/opt/rustwide/rustup-home:ro,Z" "-e" "SOURCE_DIR=/opt/rustwide/workdir" "-e" "CARGO_TARGET_DIR=/opt/rustwide/target" "-e" "CARGO_HOME=/opt/rustwide/cargo-home" "-e" "RUSTUP_HOME=/opt/rustwide/rustup-home" "-w" "/opt/rustwide/workdir" "-m" "1610612736" "--user" "0:0" "--network" "none" "ghcr.io/rust-lang/crates-build-env/linux@sha256:5ff2268d62e97bff2cde7d5815dd6ed5b47097566f13b8d0ca110b04b60e07ed" "/opt/rustwide/cargo-home/bin/cargo" "+1.69.0" "metadata" "--no-deps" "--format-version=1", kill_on_drop: false }`
[INFO] [stdout] a971082f175002ad55b25e4db2423d472665566a40f1d934469740f1d844a68b
[INFO] running `Command { std: "docker" "start" "-a" "a971082f175002ad55b25e4db2423d472665566a40f1d934469740f1d844a68b", kill_on_drop: false }`
[INFO] running `Command { std: "docker" "inspect" "a971082f175002ad55b25e4db2423d472665566a40f1d934469740f1d844a68b", kill_on_drop: false }`
[INFO] running `Command { std: "docker" "rm" "-f" "a971082f175002ad55b25e4db2423d472665566a40f1d934469740f1d844a68b", kill_on_drop: false }`
[INFO] [stdout] a971082f175002ad55b25e4db2423d472665566a40f1d934469740f1d844a68b
[INFO] running `Command { std: "docker" "create" "-v" "/var/lib/crater-agent-workspace/builds/worker-6-tc1/target:/opt/rustwide/target:rw,Z" "-v" "/var/lib/crater-agent-workspace/builds/worker-6-tc1/source:/opt/rustwide/workdir:ro,Z" "-v" "/var/lib/crater-agent-workspace/cargo-home:/opt/rustwide/cargo-home:ro,Z" "-v" "/var/lib/crater-agent-workspace/rustup-home:/opt/rustwide/rustup-home:ro,Z" "-e" "SOURCE_DIR=/opt/rustwide/workdir" "-e" "CARGO_TARGET_DIR=/opt/rustwide/target" "-e" "CARGO_INCREMENTAL=0" "-e" "RUST_BACKTRACE=full" "-e" "RUSTFLAGS=--cap-lints=warn" "-e" "RUSTDOCFLAGS=--cap-lints=warn" "-e" "CARGO_HOME=/opt/rustwide/cargo-home" "-e" "RUSTUP_HOME=/opt/rustwide/rustup-home" "-w" "/opt/rustwide/workdir" "-m" "1610612736" "--user" "0:0" "--network" "none" "ghcr.io/rust-lang/crates-build-env/linux@sha256:5ff2268d62e97bff2cde7d5815dd6ed5b47097566f13b8d0ca110b04b60e07ed" "/opt/rustwide/cargo-home/bin/cargo" "+1.69.0" "doc" "--frozen" "--no-deps" "--document-private-items" "--message-format=json", kill_on_drop: false }`
[INFO] [stdout] 1551352bf73dc51f1dfcd32f592a41219210c8f38afdcc34f8eed2b4eb611b0c
[INFO] running `Command { std: "docker" "start" "-a" "1551352bf73dc51f1dfcd32f592a41219210c8f38afdcc34f8eed2b4eb611b0c", kill_on_drop: false }`
[INFO] [stderr]    Compiling cortex-m v0.3.1
[INFO] [stderr]     Checking vcell v0.1.0
[INFO] [stderr]     Checking aligned v0.1.1
[INFO] [stderr]     Checking bare-metal v0.1.1
[INFO] [stderr]    Compiling cortex-m-rt v0.3.6
[INFO] [stderr]     Checking r0 v0.2.2
[INFO] [stderr]     Checking cortex-m-semihosting v0.2.0
[INFO] [stderr]     Checking cast v0.2.2
[INFO] [stdout] error[E0557]: feature has been removed
[INFO] [stdout]   --> /opt/rustwide/cargo-home/registry/src/github.com-1ecc6299db9ec823/aligned-0.1.1/src/lib.rs:32:12
[INFO] [stdout]    |
[INFO] [stdout] 32 | #![feature(const_fn)]
[INFO] [stdout]    |            ^^^^^^^^ feature has been removed
[INFO] [stdout]    |
[INFO] [stdout]    = note: split into finer-grained feature gates
[INFO] [stdout] 
[INFO] [stdout] 
[INFO] [stdout] error[E0557]: feature has been removed
[INFO] [stdout]  --> /opt/rustwide/cargo-home/registry/src/github.com-1ecc6299db9ec823/bare-metal-0.1.1/src/lib.rs:5:12
[INFO] [stdout]   |
[INFO] [stdout] 5 | #![feature(const_fn,const_unsafe_cell_new)]
[INFO] [stdout]   |            ^^^^^^^^ feature has been removed
[INFO] [stdout]   |
[INFO] [stdout]   = note: split into finer-grained feature gates
[INFO] [stdout] 
[INFO] [stdout] 
[INFO] [stdout] error[E0554]: `#![feature]` may not be used on the stable release channel
[INFO] [stdout]  --> /opt/rustwide/cargo-home/registry/src/github.com-1ecc6299db9ec823/bare-metal-0.1.1/src/lib.rs:5:21
[INFO] [stdout]   |
[INFO] [stdout] 5 | #![feature(const_fn,const_unsafe_cell_new)]
[INFO] [stdout]   |                     ^^^^^^^^^^^^^^^^^^^^^
[INFO] [stdout] 
[INFO] [stdout] 
[INFO] [stdout] error[E0554]: `#![feature]` may not be used on the stable release channel
[INFO] [stdout]    --> /opt/rustwide/cargo-home/registry/src/github.com-1ecc6299db9ec823/cortex-m-semihosting-0.2.0/src/lib.rs:106:12
[INFO] [stdout]     |
[INFO] [stdout] 106 | #![feature(asm)]
[INFO] [stdout]     |            ^^^
[INFO] [stdout] 
[INFO] [stdout] 
[INFO] [stderr]     Checking volatile-register v0.2.0
[INFO] [stdout] error: aborting due to 2 previous errors
[INFO] [stdout] 
[INFO] [stdout] 
[INFO] [stdout] Some errors have detailed explanations: E0554, E0557.
[INFO] [stdout] 
[INFO] [stdout] For more information about an error, try `rustc --explain E0554`.
[INFO] [stdout] 
[INFO] [stdout] error: aborting due to previous error
[INFO] [stdout] 
[INFO] [stdout] 
[INFO] [stdout] For more information about this error, try `rustc --explain E0554`.
[INFO] [stdout] 
[INFO] [stderr] error: could not compile `bare-metal` due to 3 previous errors
[INFO] [stderr] warning: build failed, waiting for other jobs to finish...
[INFO] [stderr] error: could not compile `cortex-m-semihosting` due to 2 previous errors
[INFO] [stdout] error: aborting due to previous error
[INFO] [stdout] 
[INFO] [stdout] 
[INFO] [stdout] For more information about this error, try `rustc --explain E0557`.
[INFO] [stdout] 
[INFO] [stderr] error: could not compile `aligned` due to 2 previous errors
[INFO] running `Command { std: "docker" "inspect" "1551352bf73dc51f1dfcd32f592a41219210c8f38afdcc34f8eed2b4eb611b0c", kill_on_drop: false }`
[INFO] running `Command { std: "docker" "rm" "-f" "1551352bf73dc51f1dfcd32f592a41219210c8f38afdcc34f8eed2b4eb611b0c", kill_on_drop: false }`
[INFO] [stdout] 1551352bf73dc51f1dfcd32f592a41219210c8f38afdcc34f8eed2b4eb611b0c
