[INFO] cloning repository https://github.com/messense/pyo3-issue-71
[INFO] running `Command { std: "git" "-c" "credential.helper=" "-c" "credential.helper=/workspace/cargo-home/bin/git-credential-null" "clone" "--bare" "https://github.com/messense/pyo3-issue-71" "/workspace/cache/git-repos/https%3A%2F%2Fgithub.com%2Fmessense%2Fpyo3-issue-71", kill_on_drop: false }`
[INFO] [stderr] Cloning into bare repository '/workspace/cache/git-repos/https%3A%2F%2Fgithub.com%2Fmessense%2Fpyo3-issue-71'...
[INFO] running `Command { std: "git" "rev-parse" "HEAD", kill_on_drop: false }`
[INFO] [stdout] ff1d59bb0a49b44ffb46ef818f9c0b63ce49d8b0
[INFO] documenting messense/pyo3-issue-71 against beta-2023-04-20 for beta-1.70-rustdoc-1
[INFO] running `Command { std: "git" "clone" "/workspace/cache/git-repos/https%3A%2F%2Fgithub.com%2Fmessense%2Fpyo3-issue-71" "/workspace/builds/worker-3-tc2/source", kill_on_drop: false }`
[INFO] [stderr] Cloning into '/workspace/builds/worker-3-tc2/source'...
[INFO] [stderr] done.
[INFO] validating manifest of git repo https://github.com/messense/pyo3-issue-71 on toolchain beta-2023-04-20
[INFO] running `Command { std: CARGO_HOME="/workspace/cargo-home" RUSTUP_HOME="/workspace/rustup-home" "/workspace/cargo-home/bin/cargo" "+beta-2023-04-20" "metadata" "--manifest-path" "Cargo.toml" "--no-deps", kill_on_drop: false }`
[INFO] started tweaking git repo https://github.com/messense/pyo3-issue-71
[INFO] finished tweaking git repo https://github.com/messense/pyo3-issue-71
[INFO] tweaked toml for git repo https://github.com/messense/pyo3-issue-71 written to /workspace/builds/worker-3-tc2/source/Cargo.toml
[INFO] crate git repo https://github.com/messense/pyo3-issue-71 already has a lockfile, it will not be regenerated
[INFO] running `Command { std: CARGO_HOME="/workspace/cargo-home" RUSTUP_HOME="/workspace/rustup-home" "/workspace/cargo-home/bin/cargo" "+beta-2023-04-20" "fetch" "--manifest-path" "Cargo.toml", kill_on_drop: false }`
[INFO] [stderr]  Downloading crates ...
[INFO] [stderr]   Downloaded pyo3cls v0.2.1
[INFO] [stderr]   Downloaded spin v0.4.6
[INFO] [stderr]   Downloaded pyo3 v0.2.4
[INFO] running `Command { std: "docker" "create" "-v" "/var/lib/crater-agent-workspace/builds/worker-3-tc2/target:/opt/rustwide/target:rw,Z" "-v" "/var/lib/crater-agent-workspace/builds/worker-3-tc2/source:/opt/rustwide/workdir:ro,Z" "-v" "/var/lib/crater-agent-workspace/cargo-home:/opt/rustwide/cargo-home:ro,Z" "-v" "/var/lib/crater-agent-workspace/rustup-home:/opt/rustwide/rustup-home:ro,Z" "-e" "SOURCE_DIR=/opt/rustwide/workdir" "-e" "CARGO_TARGET_DIR=/opt/rustwide/target" "-e" "CARGO_HOME=/opt/rustwide/cargo-home" "-e" "RUSTUP_HOME=/opt/rustwide/rustup-home" "-w" "/opt/rustwide/workdir" "-m" "1610612736" "--user" "0:0" "--network" "none" "ghcr.io/rust-lang/crates-build-env/linux@sha256:5ff2268d62e97bff2cde7d5815dd6ed5b47097566f13b8d0ca110b04b60e07ed" "/opt/rustwide/cargo-home/bin/cargo" "+beta-2023-04-20" "metadata" "--no-deps" "--format-version=1", kill_on_drop: false }`
[INFO] [stdout] ff7c6e842d6e5bc4e4e35a48105f533fb568300c5d098fba8d26b39b6dcaf89d
[INFO] running `Command { std: "docker" "start" "-a" "ff7c6e842d6e5bc4e4e35a48105f533fb568300c5d098fba8d26b39b6dcaf89d", kill_on_drop: false }`
[INFO] running `Command { std: "docker" "inspect" "ff7c6e842d6e5bc4e4e35a48105f533fb568300c5d098fba8d26b39b6dcaf89d", kill_on_drop: false }`
[INFO] running `Command { std: "docker" "rm" "-f" "ff7c6e842d6e5bc4e4e35a48105f533fb568300c5d098fba8d26b39b6dcaf89d", kill_on_drop: false }`
[INFO] [stdout] ff7c6e842d6e5bc4e4e35a48105f533fb568300c5d098fba8d26b39b6dcaf89d
[INFO] running `Command { std: "docker" "create" "-v" "/var/lib/crater-agent-workspace/builds/worker-3-tc2/target:/opt/rustwide/target:rw,Z" "-v" "/var/lib/crater-agent-workspace/builds/worker-3-tc2/source:/opt/rustwide/workdir:ro,Z" "-v" "/var/lib/crater-agent-workspace/cargo-home:/opt/rustwide/cargo-home:ro,Z" "-v" "/var/lib/crater-agent-workspace/rustup-home:/opt/rustwide/rustup-home:ro,Z" "-e" "SOURCE_DIR=/opt/rustwide/workdir" "-e" "CARGO_TARGET_DIR=/opt/rustwide/target" "-e" "CARGO_INCREMENTAL=0" "-e" "RUST_BACKTRACE=full" "-e" "RUSTFLAGS=--cap-lints=warn" "-e" "RUSTDOCFLAGS=--cap-lints=warn" "-e" "CARGO_HOME=/opt/rustwide/cargo-home" "-e" "RUSTUP_HOME=/opt/rustwide/rustup-home" "-w" "/opt/rustwide/workdir" "-m" "1610612736" "--user" "0:0" "--network" "none" "ghcr.io/rust-lang/crates-build-env/linux@sha256:5ff2268d62e97bff2cde7d5815dd6ed5b47097566f13b8d0ca110b04b60e07ed" "/opt/rustwide/cargo-home/bin/cargo" "+beta-2023-04-20" "doc" "--frozen" "--no-deps" "--document-private-items" "--message-format=json", kill_on_drop: false }`
[INFO] [stdout] f8a954b1df06d19b0b1c44015523f87443132aee37a94903df7d3fd1144b03ac
[INFO] running `Command { std: "docker" "start" "-a" "f8a954b1df06d19b0b1c44015523f87443132aee37a94903df7d3fd1144b03ac", kill_on_drop: false }`
[INFO] [stderr]    Compiling void v1.0.2
[INFO] [stderr]    Compiling libc v0.2.30
[INFO] [stderr]    Compiling lazy_static v0.2.8
[INFO] [stderr]    Compiling unicode-xid v0.0.4
[INFO] [stderr]    Compiling regex-syntax v0.4.1
[INFO] [stderr]    Compiling utf8-ranges v1.0.0
[INFO] [stderr]    Compiling quote v0.3.15
[INFO] [stderr]    Compiling version_check v0.1.3
[INFO] [stderr]    Compiling unreachable v1.0.0
[INFO] [stderr]    Compiling synom v0.11.3
[INFO] [stderr]     Checking cfg-if v0.1.2
[INFO] [stderr]    Compiling thread_local v0.3.4
[INFO] [stderr]    Compiling log v0.3.8
[INFO] [stderr]    Compiling syn v0.11.11
[INFO] [stderr]     Checking log v0.4.1
[INFO] [stderr]    Compiling memchr v1.0.1
[INFO] [stderr]     Checking spin v0.4.6
[INFO] [stdout] error[E0557]: feature has been removed
[INFO] [stdout]  --> /opt/rustwide/cargo-home/registry/src/index.crates.io-6f17d22bba15001f/spin-0.4.6/src/lib.rs:8:43
[INFO] [stdout]   |
[INFO] [stdout] 8 | #![cfg_attr(feature = "const_fn", feature(const_fn, const_unsafe_cell_new, const_atomic_usize_new))]
[INFO] [stdout]   |                                           ^^^^^^^^ feature has been removed
[INFO] [stdout]   |
[INFO] [stdout]   = note: split into finer-grained feature gates
[INFO] [stdout] 
[INFO] [stdout] 
[INFO] [stdout] error: cannot find macro `asm` in this scope
[INFO] [stdout]  --> /opt/rustwide/cargo-home/registry/src/index.crates.io-6f17d22bba15001f/spin-0.4.6/src/util.rs:8:14
[INFO] [stdout]   |
[INFO] [stdout] 8 |     unsafe { asm!("pause" :::: "volatile"); }
[INFO] [stdout]   |              ^^^
[INFO] [stdout]   |
[INFO] [stdout]   = help: consider importing this macro:
[INFO] [stdout]           core::arch::asm
[INFO] [stdout] 
[INFO] [stdout] 
[INFO] [stdout] error[E0554]: `#![feature]` may not be used on the beta release channel
[INFO] [stdout]  --> /opt/rustwide/cargo-home/registry/src/index.crates.io-6f17d22bba15001f/spin-0.4.6/src/lib.rs:6:38
[INFO] [stdout]   |
[INFO] [stdout] 6 | #![cfg_attr(feature = "asm", feature(asm))]
[INFO] [stdout]   |                                      ^^^
[INFO] [stdout] 
[INFO] [stdout] 
[INFO] [stdout] error[E0554]: `#![feature]` may not be used on the beta release channel
[INFO] [stdout]  --> /opt/rustwide/cargo-home/registry/src/index.crates.io-6f17d22bba15001f/spin-0.4.6/src/lib.rs:7:50
[INFO] [stdout]   |
[INFO] [stdout] 7 | #![cfg_attr(feature = "core_intrinsics", feature(core_intrinsics))]
[INFO] [stdout]   |                                                  ^^^^^^^^^^^^^^^
[INFO] [stdout] 
[INFO] [stdout] 
[INFO] [stdout] error[E0554]: `#![feature]` may not be used on the beta release channel
[INFO] [stdout]  --> /opt/rustwide/cargo-home/registry/src/index.crates.io-6f17d22bba15001f/spin-0.4.6/src/lib.rs:8:53
[INFO] [stdout]   |
[INFO] [stdout] 8 | #![cfg_attr(feature = "const_fn", feature(const_fn, const_unsafe_cell_new, const_atomic_usize_new))]
[INFO] [stdout]   |                                                     ^^^^^^^^^^^^^^^^^^^^^
[INFO] [stdout] 
[INFO] [stdout] 
[INFO] [stdout] error[E0554]: `#![feature]` may not be used on the beta release channel
[INFO] [stdout]  --> /opt/rustwide/cargo-home/registry/src/index.crates.io-6f17d22bba15001f/spin-0.4.6/src/lib.rs:8:76
[INFO] [stdout]   |
[INFO] [stdout] 8 | #![cfg_attr(feature = "const_fn", feature(const_fn, const_unsafe_cell_new, const_atomic_usize_new))]
[INFO] [stdout]   |                                                                            ^^^^^^^^^^^^^^^^^^^^^^
[INFO] [stdout] 
[INFO] [stdout] 
[INFO] [stdout] error[E0635]: unknown feature `const_atomic_usize_new`
[INFO] [stdout]  --> /opt/rustwide/cargo-home/registry/src/index.crates.io-6f17d22bba15001f/spin-0.4.6/src/lib.rs:8:76
[INFO] [stdout]   |
[INFO] [stdout] 8 | #![cfg_attr(feature = "const_fn", feature(const_fn, const_unsafe_cell_new, const_atomic_usize_new))]
[INFO] [stdout]   |                                                                            ^^^^^^^^^^^^^^^^^^^^^^
[INFO] [stdout] 
[INFO] [stdout] 
[INFO] [stderr]     Checking num-traits v0.1.40
[INFO] [stdout] error: aborting due to 7 previous errors
[INFO] [stdout] 
[INFO] [stdout] 
[INFO] [stdout] Some errors have detailed explanations: E0554, E0557, E0635.
[INFO] [stdout] 
[INFO] [stdout] For more information about an error, try `rustc --explain E0554`.
[INFO] [stdout] 
[INFO] [stderr] error: could not compile `spin` (lib) due to 8 previous errors
[INFO] [stderr] warning: build failed, waiting for other jobs to finish...
[INFO] running `Command { std: "docker" "inspect" "f8a954b1df06d19b0b1c44015523f87443132aee37a94903df7d3fd1144b03ac", kill_on_drop: false }`
[INFO] running `Command { std: "docker" "rm" "-f" "f8a954b1df06d19b0b1c44015523f87443132aee37a94903df7d3fd1144b03ac", kill_on_drop: false }`
[INFO] [stdout] f8a954b1df06d19b0b1c44015523f87443132aee37a94903df7d3fd1144b03ac
