[INFO] cloning repository https://github.com/mesosphere/star
[INFO] running `Command { std: "git" "-c" "credential.helper=" "-c" "credential.helper=/workspace/cargo-home/bin/git-credential-null" "clone" "--bare" "https://github.com/mesosphere/star" "/workspace/cache/git-repos/https%3A%2F%2Fgithub.com%2Fmesosphere%2Fstar", kill_on_drop: false }`
[INFO] [stderr] Cloning into bare repository '/workspace/cache/git-repos/https%3A%2F%2Fgithub.com%2Fmesosphere%2Fstar'...
[INFO] running `Command { std: "git" "rev-parse" "HEAD", kill_on_drop: false }`
[INFO] [stdout] aaff79eb0a8ed1a58ace475dd2e6131d5b20e224
[INFO] documenting mesosphere/star against 1.69.0 for beta-1.70-rustdoc-1
[INFO] running `Command { std: "git" "clone" "/workspace/cache/git-repos/https%3A%2F%2Fgithub.com%2Fmesosphere%2Fstar" "/workspace/builds/worker-3-tc1/source", kill_on_drop: false }`
[INFO] [stderr] Cloning into '/workspace/builds/worker-3-tc1/source'...
[INFO] [stderr] done.
[INFO] validating manifest of git repo https://github.com/mesosphere/star on toolchain 1.69.0
[INFO] running `Command { std: CARGO_HOME="/workspace/cargo-home" RUSTUP_HOME="/workspace/rustup-home" "/workspace/cargo-home/bin/cargo" "+1.69.0" "metadata" "--manifest-path" "Cargo.toml" "--no-deps", kill_on_drop: false }`
[INFO] started tweaking git repo https://github.com/mesosphere/star
[INFO] finished tweaking git repo https://github.com/mesosphere/star
[INFO] tweaked toml for git repo https://github.com/mesosphere/star written to /workspace/builds/worker-3-tc1/source/Cargo.toml
[INFO] crate git repo https://github.com/mesosphere/star already has a lockfile, it will not be regenerated
[INFO] running `Command { std: CARGO_HOME="/workspace/cargo-home" RUSTUP_HOME="/workspace/rustup-home" "/workspace/cargo-home/bin/cargo" "+1.69.0" "fetch" "--manifest-path" "Cargo.toml", kill_on_drop: false }`
[INFO] [stderr]     Updating git repository `https://github.com/carllerche/mio`
[INFO] [stderr]     Updating git repository `https://github.com/carllerche/bytes`
[INFO] [stderr]  Downloading crates ...
[INFO] [stderr]   Downloaded threadpool v0.1.4
[INFO] [stderr]   Downloaded memchr v0.1.3
[INFO] [stderr]   Downloaded regex v0.1.41
[INFO] [stderr]   Downloaded regex-syntax v0.2.1
[INFO] [stderr]   Downloaded docopt v0.6.69
[INFO] [stderr]   Downloaded hyper v0.6.6
[INFO] [stderr]   Downloaded aho-corasick v0.3.0
[INFO] [stderr]   Downloaded gcc v0.3.11
[INFO] [stderr]   Downloaded clock_ticks v0.0.5
[INFO] [stderr]   Downloaded jsonway v0.3.4
[INFO] [stderr]   Downloaded lazy_static v0.1.12
[INFO] [stderr]   Downloaded nix v0.3.9
[INFO] [stderr]   Downloaded winapi v0.1.23
[INFO] [stderr]   Downloaded pnacl-build-helper v1.4.7
[INFO] [stderr]   Downloaded slab v0.1.2
[INFO] [stderr]   Downloaded kernel32-sys v0.1.3
[INFO] running `Command { std: "docker" "create" "-v" "/var/lib/crater-agent-workspace/builds/worker-3-tc1/target:/opt/rustwide/target:rw,Z" "-v" "/var/lib/crater-agent-workspace/builds/worker-3-tc1/source:/opt/rustwide/workdir:ro,Z" "-v" "/var/lib/crater-agent-workspace/cargo-home:/opt/rustwide/cargo-home:ro,Z" "-v" "/var/lib/crater-agent-workspace/rustup-home:/opt/rustwide/rustup-home:ro,Z" "-e" "SOURCE_DIR=/opt/rustwide/workdir" "-e" "CARGO_TARGET_DIR=/opt/rustwide/target" "-e" "CARGO_HOME=/opt/rustwide/cargo-home" "-e" "RUSTUP_HOME=/opt/rustwide/rustup-home" "-w" "/opt/rustwide/workdir" "-m" "1610612736" "--user" "0:0" "--network" "none" "ghcr.io/rust-lang/crates-build-env/linux@sha256:5ff2268d62e97bff2cde7d5815dd6ed5b47097566f13b8d0ca110b04b60e07ed" "/opt/rustwide/cargo-home/bin/cargo" "+1.69.0" "metadata" "--no-deps" "--format-version=1", kill_on_drop: false }`
[INFO] [stdout] c3d7a62bf0ebdcf53015110f5a7d9fde681762be989195f847ffb1f9799e2b80
[INFO] running `Command { std: "docker" "start" "-a" "c3d7a62bf0ebdcf53015110f5a7d9fde681762be989195f847ffb1f9799e2b80", kill_on_drop: false }`
[INFO] running `Command { std: "docker" "inspect" "c3d7a62bf0ebdcf53015110f5a7d9fde681762be989195f847ffb1f9799e2b80", kill_on_drop: false }`
[INFO] running `Command { std: "docker" "rm" "-f" "c3d7a62bf0ebdcf53015110f5a7d9fde681762be989195f847ffb1f9799e2b80", kill_on_drop: false }`
[INFO] [stdout] c3d7a62bf0ebdcf53015110f5a7d9fde681762be989195f847ffb1f9799e2b80
[INFO] running `Command { std: "docker" "create" "-v" "/var/lib/crater-agent-workspace/builds/worker-3-tc1/target:/opt/rustwide/target:rw,Z" "-v" "/var/lib/crater-agent-workspace/builds/worker-3-tc1/source:/opt/rustwide/workdir:ro,Z" "-v" "/var/lib/crater-agent-workspace/cargo-home:/opt/rustwide/cargo-home:ro,Z" "-v" "/var/lib/crater-agent-workspace/rustup-home:/opt/rustwide/rustup-home:ro,Z" "-e" "SOURCE_DIR=/opt/rustwide/workdir" "-e" "CARGO_TARGET_DIR=/opt/rustwide/target" "-e" "CARGO_INCREMENTAL=0" "-e" "RUST_BACKTRACE=full" "-e" "RUSTFLAGS=--cap-lints=warn" "-e" "RUSTDOCFLAGS=--cap-lints=warn" "-e" "CARGO_HOME=/opt/rustwide/cargo-home" "-e" "RUSTUP_HOME=/opt/rustwide/rustup-home" "-w" "/opt/rustwide/workdir" "-m" "1610612736" "--user" "0:0" "--network" "none" "ghcr.io/rust-lang/crates-build-env/linux@sha256:5ff2268d62e97bff2cde7d5815dd6ed5b47097566f13b8d0ca110b04b60e07ed" "/opt/rustwide/cargo-home/bin/cargo" "+1.69.0" "doc" "--frozen" "--no-deps" "--document-private-items" "--message-format=json", kill_on_drop: false }`
[INFO] [stdout] 0e46f67239fd618ce78e698878a9691de63a75431bc6a3ec2b1f8b22a2698ec9
[INFO] running `Command { std: "docker" "start" "-a" "0e46f67239fd618ce78e698878a9691de63a75431bc6a3ec2b1f8b22a2698ec9", kill_on_drop: false }`
[INFO] [stderr]     Checking libc v0.1.8
[INFO] [stderr]    Compiling winapi-build v0.1.0
[INFO] [stderr]    Compiling pkg-config v0.3.5
[INFO] [stderr]    Compiling gcc v0.3.11
[INFO] [stderr]     Checking rustc-serialize v0.3.15
[INFO] [stderr]     Checking winapi v0.2.1
[INFO] [stderr]     Checking bitflags v0.3.2
[INFO] [stderr]     Checking lazy_static v0.1.12
[INFO] [stderr]     Checking log v0.3.1
[INFO] [stderr]     Checking memchr v0.1.3
[INFO] [stderr]     Checking matches v0.1.2
[INFO] [stderr]     Checking bitflags v0.1.1
[INFO] [stdout] error[E0642]: patterns aren't allowed in functions without bodies
[INFO] [stdout]    --> /opt/rustwide/cargo-home/registry/src/github.com-1ecc6299db9ec823/rustc-serialize-0.3.15/src/serialize.rs:145:45
[INFO] [stdout]     |
[INFO] [stdout] 145 | ...                   &f_name: &str,
[INFO] [stdout]     |                       ^^^^^^^ pattern not allowed in function without body
[INFO] [stdout] 
[INFO] [stdout] 
[INFO] [stderr]    Compiling kernel32-sys v0.1.3
[INFO] [stderr]     Checking hpack v0.2.0
[INFO] [stderr]     Checking regex-syntax v0.2.1
[INFO] [stderr]     Checking aho-corasick v0.3.0
[INFO] [stderr]     Checking nix v0.3.9
[INFO] [stdout] error[E0277]: the size for values of type `Self` cannot be known at compilation time
[INFO] [stdout]    --> /opt/rustwide/cargo-home/registry/src/github.com-1ecc6299db9ec823/rustc-serialize-0.3.15/src/serialize.rs:201:41
[INFO] [stdout]     |
[INFO] [stdout] 201 |     fn decode<D: Decoder>(d: &mut D) -> Result<Self, D::Error>;
[INFO] [stdout]     |                                         ^^^^^^^^^^^^^^^^^^^^^^ doesn't have a size known at compile-time
[INFO] [stdout]     |
[INFO] [stdout] note: required by a bound in `Result`
[INFO] [stdout]    --> /rustc/84c898d65adf2f39a5a98507f1fe0ce10a2b8dbc/library/core/src/result.rs:503:1
[INFO] [stdout] help: consider further restricting `Self`
[INFO] [stdout]     |
[INFO] [stdout] 201 |     fn decode<D: Decoder>(d: &mut D) -> Result<Self, D::Error> where Self: Sized;
[INFO] [stdout]     |                                                                +++++++++++++++++
[INFO] [stdout] 
[INFO] [stdout] 
[INFO] [stdout] error: aborting due to 2 previous errors
[INFO] [stdout] 
[INFO] [stdout] 
[INFO] [stderr]     Checking solicit v0.4.0
[INFO] [stdout] Some errors have detailed explanations: E0277, E0642.
[INFO] [stdout] 
[INFO] [stdout] For more information about an error, try `rustc --explain E0277`.
[INFO] [stdout] 
[INFO] [stderr] error: could not compile `rustc-serialize` due to 3 previous errors
[INFO] [stderr] warning: build failed, waiting for other jobs to finish...
[INFO] [stdout] error[E0591]: can't transmute zero-sized type
[INFO] [stdout]    --> /opt/rustwide/cargo-home/registry/src/github.com-1ecc6299db9ec823/nix-0.3.9/src/sched.rs:168:20
[INFO] [stdout]     |
[INFO] [stdout] 168 |         ffi::clone(mem::transmute(callback), ptr as *mut c_void, flags, &mut cb)
[INFO] [stdout]     |                    ^^^^^^^^^^^^^^
[INFO] [stdout]     |
[INFO] [stdout]     = note: source type: for<'a> extern "C" fn(*mut Box<(dyn FnMut() -> isize + 'a)>) -> i32 {callback}
[INFO] [stdout]     = note: target type: *const for<'a> extern "C" fn(*const Box<(dyn FnMut() -> isize + 'a)>) -> i32
[INFO] [stdout]     = help: cast with `as` to a pointer instead
[INFO] [stdout] 
[INFO] [stdout] 
[INFO] [stdout] error: aborting due to previous error
[INFO] [stdout] 
[INFO] [stdout] 
[INFO] [stdout] For more information about this error, try `rustc --explain E0591`.
[INFO] [stdout] 
[INFO] [stderr] error: could not compile `nix` due to 2 previous errors
[INFO] [stdout] error[E0277]: the size for values of type `Self` cannot be known at compilation time
[INFO] [stdout]    --> /opt/rustwide/cargo-home/registry/src/github.com-1ecc6299db9ec823/solicit-0.4.0/src/http/frame/mod.rs:134:41
[INFO] [stdout]     |
[INFO] [stdout] 134 |     fn from_raw(raw_frame: RawFrame) -> Option<Self>;
[INFO] [stdout]     |                                         ^^^^^^^^^^^^ doesn't have a size known at compile-time
[INFO] [stdout]     |
[INFO] [stdout] note: required by a bound in `Option`
[INFO] [stdout]    --> /rustc/84c898d65adf2f39a5a98507f1fe0ce10a2b8dbc/library/core/src/option.rs:563:1
[INFO] [stdout] help: consider further restricting `Self`
[INFO] [stdout]     |
[INFO] [stdout] 134 |     fn from_raw(raw_frame: RawFrame) -> Option<Self> where Self: Sized;
[INFO] [stdout]     |                                                      +++++++++++++++++
[INFO] [stdout] 
[INFO] [stdout] 
[INFO] [stdout] error[E0277]: the size for values of type `Self` cannot be known at compilation time
[INFO] [stdout]   --> /opt/rustwide/cargo-home/registry/src/github.com-1ecc6299db9ec823/solicit-0.4.0/src/http/transport.rs:60:28
[INFO] [stdout]    |
[INFO] [stdout] 60 |     fn try_split(&self) -> Result<Self, io::Error>;
[INFO] [stdout]    |                            ^^^^^^^^^^^^^^^^^^^^^^^ doesn't have a size known at compile-time
[INFO] [stdout]    |
[INFO] [stdout] note: required by a bound in `Result`
[INFO] [stdout]   --> /rustc/84c898d65adf2f39a5a98507f1fe0ce10a2b8dbc/library/core/src/result.rs:503:1
[INFO] [stdout] help: consider further restricting `Self`
[INFO] [stdout]    |
[INFO] [stdout] 60 |     fn try_split(&self) -> Result<Self, io::Error> where Self: Sized;
[INFO] [stdout]    |                                                    +++++++++++++++++
[INFO] [stdout] 
[INFO] [stdout] 
[INFO] [stdout] error: aborting due to 2 previous errors
[INFO] [stdout] 
[INFO] [stdout] 
[INFO] [stdout] For more information about this error, try `rustc --explain E0277`.
[INFO] [stdout] 
[INFO] [stderr] error: could not compile `solicit` due to 3 previous errors
[INFO] running `Command { std: "docker" "inspect" "0e46f67239fd618ce78e698878a9691de63a75431bc6a3ec2b1f8b22a2698ec9", kill_on_drop: false }`
[INFO] running `Command { std: "docker" "rm" "-f" "0e46f67239fd618ce78e698878a9691de63a75431bc6a3ec2b1f8b22a2698ec9", kill_on_drop: false }`
[INFO] [stdout] 0e46f67239fd618ce78e698878a9691de63a75431bc6a3ec2b1f8b22a2698ec9
