[INFO] cloning repository https://github.com/meshx-org/meshx
[INFO] running `Command { std: "git" "-c" "credential.helper=" "-c" "credential.helper=/workspace/cargo-home/bin/git-credential-null" "clone" "--bare" "https://github.com/meshx-org/meshx" "/workspace/cache/git-repos/https%3A%2F%2Fgithub.com%2Fmeshx-org%2Fmeshx", kill_on_drop: false }`
[INFO] [stderr] Cloning into bare repository '/workspace/cache/git-repos/https%3A%2F%2Fgithub.com%2Fmeshx-org%2Fmeshx'...
[INFO] running `Command { std: "git" "rev-parse" "HEAD", kill_on_drop: false }`
[INFO] [stdout] 67cfeb3ff5e97cc7736d85f173324a7f8a573369
[INFO] documenting meshx-org/meshx against beta-2023-04-20 for beta-1.70-rustdoc-1
[INFO] running `Command { std: "git" "clone" "/workspace/cache/git-repos/https%3A%2F%2Fgithub.com%2Fmeshx-org%2Fmeshx" "/workspace/builds/worker-0-tc2/source", kill_on_drop: false }`
[INFO] [stderr] Cloning into '/workspace/builds/worker-0-tc2/source'...
[INFO] [stderr] done.
[INFO] validating manifest of git repo https://github.com/meshx-org/meshx on toolchain beta-2023-04-20
[INFO] running `Command { std: CARGO_HOME="/workspace/cargo-home" RUSTUP_HOME="/workspace/rustup-home" "/workspace/cargo-home/bin/cargo" "+beta-2023-04-20" "metadata" "--manifest-path" "Cargo.toml" "--no-deps", kill_on_drop: false }`
[INFO] started tweaking git repo https://github.com/meshx-org/meshx
[INFO] finished tweaking git repo https://github.com/meshx-org/meshx
[INFO] tweaked toml for git repo https://github.com/meshx-org/meshx written to /workspace/builds/worker-0-tc2/source/Cargo.toml
[INFO] crate git repo https://github.com/meshx-org/meshx already has a lockfile, it will not be regenerated
[INFO] running `Command { std: CARGO_HOME="/workspace/cargo-home" RUSTUP_HOME="/workspace/rustup-home" "/workspace/cargo-home/bin/cargo" "+beta-2023-04-20" "fetch" "--manifest-path" "Cargo.toml", kill_on_drop: false }`
[INFO] [stderr] warning: /workspace/builds/worker-0-tc2/source/src/crates/fiber_kernel/Cargo.toml: unused manifest key: package.crate-type
[INFO] [stderr]     Updating crates.io index
[INFO] [stderr]  Downloading crates ...
[INFO] [stderr]   Downloaded iota v0.2.3
[INFO] [stderr]   Downloaded tikv-client-proto v0.1.0
[INFO] [stderr]   Downloaded prost-build v0.11.6
[INFO] [stderr]   Downloaded grpcio v0.8.3
[INFO] [stderr]   Downloaded tikv-client v0.1.0
[INFO] [stderr]   Downloaded tikv-client-store v0.1.0
[INFO] [stderr]   Downloaded async-trait v0.1.63
[INFO] [stderr]   Downloaded phf_generator v0.11.0
[INFO] [stderr]   Downloaded tikv-client-pd v0.1.0
[INFO] [stderr]   Downloaded tikv-client-common v0.1.0
[INFO] [stderr]   Downloaded security-framework v2.8.1
[INFO] [stderr]   Downloaded vecmap-rs v0.1.9
[INFO] [stderr]   Downloaded hyper v0.14.22
[INFO] [stderr]   Downloaded grpcio-compiler v0.12.0
[INFO] [stderr]   Downloaded hcl-rs v0.12.3
[INFO] [stderr]   Downloaded boringssl-src v0.2.0
[INFO] [stderr]   Downloaded protobuf-build v0.12.3
[INFO] [stderr]   Downloaded grpcio-sys v0.8.1
[INFO] running `Command { std: "docker" "create" "-v" "/var/lib/crater-agent-workspace/builds/worker-0-tc2/target:/opt/rustwide/target:rw,Z" "-v" "/var/lib/crater-agent-workspace/builds/worker-0-tc2/source:/opt/rustwide/workdir:ro,Z" "-v" "/var/lib/crater-agent-workspace/cargo-home:/opt/rustwide/cargo-home:ro,Z" "-v" "/var/lib/crater-agent-workspace/rustup-home:/opt/rustwide/rustup-home:ro,Z" "-e" "SOURCE_DIR=/opt/rustwide/workdir" "-e" "CARGO_TARGET_DIR=/opt/rustwide/target" "-e" "CARGO_HOME=/opt/rustwide/cargo-home" "-e" "RUSTUP_HOME=/opt/rustwide/rustup-home" "-w" "/opt/rustwide/workdir" "-m" "1610612736" "--user" "0:0" "--network" "none" "ghcr.io/rust-lang/crates-build-env/linux@sha256:5ff2268d62e97bff2cde7d5815dd6ed5b47097566f13b8d0ca110b04b60e07ed" "/opt/rustwide/cargo-home/bin/cargo" "+beta-2023-04-20" "metadata" "--no-deps" "--format-version=1", kill_on_drop: false }`
[INFO] [stdout] f5ed207e7d0b2fb949945ef5a12e2d9f7ef6f613d444399b244f5d184743c560
[INFO] running `Command { std: "docker" "start" "-a" "f5ed207e7d0b2fb949945ef5a12e2d9f7ef6f613d444399b244f5d184743c560", kill_on_drop: false }`
[INFO] running `Command { std: "docker" "inspect" "f5ed207e7d0b2fb949945ef5a12e2d9f7ef6f613d444399b244f5d184743c560", kill_on_drop: false }`
[INFO] running `Command { std: "docker" "rm" "-f" "f5ed207e7d0b2fb949945ef5a12e2d9f7ef6f613d444399b244f5d184743c560", kill_on_drop: false }`
[INFO] [stdout] f5ed207e7d0b2fb949945ef5a12e2d9f7ef6f613d444399b244f5d184743c560
[INFO] running `Command { std: "docker" "create" "-v" "/var/lib/crater-agent-workspace/builds/worker-0-tc2/target:/opt/rustwide/target:rw,Z" "-v" "/var/lib/crater-agent-workspace/builds/worker-0-tc2/source:/opt/rustwide/workdir:ro,Z" "-v" "/var/lib/crater-agent-workspace/cargo-home:/opt/rustwide/cargo-home:ro,Z" "-v" "/var/lib/crater-agent-workspace/rustup-home:/opt/rustwide/rustup-home:ro,Z" "-e" "SOURCE_DIR=/opt/rustwide/workdir" "-e" "CARGO_TARGET_DIR=/opt/rustwide/target" "-e" "CARGO_INCREMENTAL=0" "-e" "RUST_BACKTRACE=full" "-e" "RUSTFLAGS=--cap-lints=warn" "-e" "RUSTDOCFLAGS=--cap-lints=warn" "-e" "CARGO_HOME=/opt/rustwide/cargo-home" "-e" "RUSTUP_HOME=/opt/rustwide/rustup-home" "-w" "/opt/rustwide/workdir" "-m" "1610612736" "--user" "0:0" "--network" "none" "ghcr.io/rust-lang/crates-build-env/linux@sha256:5ff2268d62e97bff2cde7d5815dd6ed5b47097566f13b8d0ca110b04b60e07ed" "/opt/rustwide/cargo-home/bin/cargo" "+beta-2023-04-20" "doc" "--frozen" "--no-deps" "--document-private-items" "--message-format=json", kill_on_drop: false }`
[INFO] [stdout] cbe0bafac393d42e52a46dc7220409a3a080a67b6b98718698625c0c277c791b
[INFO] running `Command { std: "docker" "start" "-a" "cbe0bafac393d42e52a46dc7220409a3a080a67b6b98718698625c0c277c791b", kill_on_drop: false }`
[INFO] [stderr] warning: /opt/rustwide/workdir/src/crates/fiber_kernel/Cargo.toml: unused manifest key: package.crate-type
[INFO] [stderr]    Compiling proc-macro2 v1.0.50
[INFO] [stderr]    Compiling unicode-ident v1.0.6
[INFO] [stderr]    Compiling libc v0.2.139
[INFO] [stderr]    Compiling syn v1.0.107
[INFO] [stderr]    Compiling memchr v2.5.0
[INFO] [stderr]    Compiling serde_derive v1.0.152
[INFO] [stderr]    Compiling serde v1.0.152
[INFO] [stderr]    Compiling futures-core v0.3.25
[INFO] [stderr]    Compiling thiserror v1.0.38
[INFO] [stderr]     Checking futures-io v0.3.25
[INFO] [stderr]    Compiling indexmap v1.9.2
[INFO] [stderr]    Compiling either v1.6.1
[INFO] [stderr]    Compiling pkg-config v0.3.26
[INFO] [stderr]     Checking slab v0.4.6
[INFO] [stderr]    Compiling anyhow v1.0.68
[INFO] [stderr]    Compiling openssl-src v111.24.0+1.1.1s
[INFO] [stderr]     Checking itoa v1.0.5
[INFO] [stderr]    Compiling quote v1.0.18
[INFO] [stderr]     Checking bytes v1.3.0
[INFO] [stderr]    Compiling openssl-sys v0.9.80
[INFO] [stderr]    Compiling aho-corasick v0.7.18
[INFO] [stderr]     Checking futures-sink v0.3.25
[INFO] [stderr]     Checking num_cpus v1.15.0
[INFO] [stderr]     Checking socket2 v0.4.4
[INFO] [stderr]    Compiling futures-channel v0.3.25
[INFO] [stderr]    Compiling futures-task v0.3.25
[INFO] [stderr]    Compiling regex-syntax v0.6.25
[INFO] [stderr]     Checking signal-hook-registry v1.4.0
[INFO] [stderr]    Compiling futures-util v0.3.25
[INFO] [stderr]    Compiling lazy_static v1.4.0
[INFO] [stderr]    Compiling itertools v0.9.0
[INFO] [stderr]    Compiling hashbrown v0.12.3
[INFO] [stderr]    Compiling glob v0.3.1
[INFO] [stderr]     Checking futures v0.1.31
[INFO] [stderr]    Compiling clang-sys v1.4.0
[INFO] [stderr]    Compiling which v4.4.0
[INFO] [stderr]    Compiling itertools v0.10.3
[INFO] [stderr]    Compiling nom v5.1.2
[INFO] [stderr]    Compiling bitflags v1.3.2
[INFO] [stderr]     Checking ryu v1.0.12
[INFO] [stderr]    Compiling remove_dir_all v0.5.3
[INFO] [stderr]    Compiling prettyplease v0.1.23
[INFO] [stderr]    Compiling parking_lot_core v0.9.6
[INFO] [stderr]    Compiling fastrand v1.7.0
[INFO] [stderr]    Compiling regex v1.5.5
[INFO] [stderr]    Compiling tempfile v3.3.0
[INFO] [stderr]    Compiling libloading v0.7.4
[INFO] [stderr]    Compiling log v0.4.17
[INFO] [stderr]    Compiling fixedbitset v0.4.2
[INFO] [stderr]    Compiling multimap v0.8.3
[INFO] [stderr]     Checking cache-padded v1.2.0
[INFO] [stderr]    Compiling bindgen v0.57.0
[INFO] [stderr]     Checking concurrent-queue v1.2.2
[INFO] [stderr]    Compiling prost-build v0.7.0
[INFO] [stderr]    Compiling libz-sys v1.1.8
[INFO] [stderr]    Compiling cmake v0.1.49
[INFO] [stderr]    Compiling tokio v1.24.2
[INFO] [stderr]    Compiling cexpr v0.4.0
[INFO] [stderr]    Compiling lazycell v1.3.0
[INFO] [stderr]    Compiling unicode-segmentation v1.10.0
[INFO] [stderr]    Compiling rustc-hash v1.1.0
[INFO] [stderr]    Compiling parking_lot_core v0.8.6
[INFO] [stderr]    Compiling peeking_take_while v0.1.2
[INFO] [stderr]    Compiling same-file v1.0.6
[INFO] [stderr]    Compiling shlex v0.1.1
[INFO] [stderr]    Compiling ucd-trie v0.1.5
[INFO] [stderr]    Compiling fixedbitset v0.2.0
[INFO] [stderr]    Compiling walkdir v2.3.2
[INFO] [stderr]     Checking futures-lite v1.12.0
[INFO] [stderr]    Compiling heck v0.3.3
[INFO] [stderr]    Compiling boringssl-src v0.2.0
[INFO] [stderr]     Checking parking_lot v0.12.1
[INFO] [stderr]     Checking mio v0.8.5
[INFO] [stderr]     Checking instant v0.1.12
[INFO] [stderr]     Checking event-listener v2.5.2
[INFO] [stderr]    Compiling io-lifetimes v1.0.4
[INFO] [stderr]    Compiling once_cell v1.17.1
[INFO] [stderr]     Checking tracing-core v0.1.30
[INFO] [stderr]    Compiling thiserror-impl v1.0.38
[INFO] [stderr]    Compiling futures-macro v0.3.25
[INFO] [stderr]    Compiling prost-derive v0.7.0
[INFO] [stderr]    Compiling prost-derive v0.11.6
[INFO] [stderr]    Compiling derive-new v0.5.9
[INFO] [stderr]    Compiling tokio-macros v1.8.2
[INFO] [stderr]    Compiling pest v2.5.4
[INFO] [stderr]    Compiling prost v0.7.0
[INFO] [stderr]    Compiling prost v0.11.6
[INFO] [stderr]    Compiling prost-types v0.7.0
[INFO] [stderr]    Compiling pest_meta v2.5.4
[INFO] [stderr]    Compiling prost-types v0.11.6
[INFO] [stderr]    Compiling rustix v0.36.7
[INFO] [stderr]    Compiling grpcio-sys v0.8.1
[INFO] [stderr]    Compiling protobuf v2.28.0
[INFO] [stderr]    Compiling openssl v0.10.45
[INFO] [stderr]     Checking http v0.2.8
[INFO] [stderr]     Checking futures-executor v0.3.25
[INFO] [stderr]    Compiling pest_generator v2.5.4
[INFO] [stderr]     Checking tracing v0.1.37
[INFO] [stderr]    Compiling openssl-macros v0.1.0
[INFO] [stderr]     Checking parking_lot v0.11.2
[INFO] [stderr]     Checking linux-raw-sys v0.1.4
[INFO] [stderr]    Compiling native-tls v0.2.11
[INFO] [stderr]    Compiling httparse v1.8.0
[INFO] [stderr]     Checking termcolor v1.1.3
[INFO] [stderr]     Checking async-task v4.2.0
[INFO] [stderr]    Compiling pest_derive v2.5.4
[INFO] [stderr]     Checking tinyvec v1.6.0
[INFO] [stderr]     Checking tokio-util v0.7.4
[INFO] [stderr]     Checking futures v0.3.25
[INFO] [stderr]     Checking async-channel v1.6.1
[INFO] [stderr]    Compiling getrandom v0.2.8
[INFO] [stderr]     Checking polling v2.2.0
[INFO] [stderr]     Checking try-lock v0.2.4
[INFO] [stderr]     Checking openssl-probe v0.1.5
[INFO] [stderr]    Compiling signal-hook v0.3.13
[INFO] [stderr]     Checking fiber_types v0.1.0 (/opt/rustwide/workdir/src/crates/fiber_types)
[INFO] [stderr]    Compiling crc32fast v1.3.2
[INFO] [stderr]     Checking atomic-waker v1.0.0
[INFO] [stderr]     Checking percent-encoding v2.2.0
[INFO] [stderr]     Checking form_urlencoded v1.1.0
[INFO] [stderr]     Checking blocking v1.2.0
[INFO] [stderr]     Checking async-io v1.6.0
[INFO] [stderr]     Checking want v0.3.0
[INFO] [stderr]     Checking serde_json v1.0.91
[INFO] [stderr]    Compiling rand_core v0.6.3
[INFO] [stderr]     Checking is-terminal v0.4.2
[INFO] [stderr]     Checking h2 v0.3.15
[INFO] [stderr]     Checking unicode-normalization v0.1.22
[INFO] [stderr]    Compiling proc-macro-error-attr v1.0.4
[INFO] [stderr]     Checking getrandom v0.1.16
[INFO] [stderr]     Checking http-body v0.4.5
[INFO] [stderr]     Checking adler v1.0.2
[INFO] [stderr]    Compiling petgraph v0.6.3
[INFO] [stderr]    Compiling petgraph v0.5.1
[INFO] [stderr]    Compiling async-trait v0.1.63
[INFO] [stderr]     Checking unicode-bidi v0.3.10
[INFO] [stderr]     Checking httpdate v1.0.2
[INFO] [stderr]     Checking tower-service v0.3.2
[INFO] [stderr]    Compiling encoding_rs v0.8.31
[INFO] [stderr]    Compiling ppv-lite86 v0.2.16
[INFO] [stderr]     Checking idna v0.3.0
[INFO] [stderr]     Checking miniz_oxide v0.6.2
[INFO] [stderr]    Compiling rand_chacha v0.3.1
[INFO] [stderr]     Checking handlebars v4.3.6
[INFO] [stderr]    Compiling proc-macro-error v1.0.4
[INFO] [stderr]     Checking rand_core v0.5.1
[INFO] [stderr]    Compiling prost-build v0.11.6
[INFO] [stderr]     Checking fiber_sys v0.1.0 (/opt/rustwide/workdir/src/crates/fiber_sys)
[INFO] [stderr]     Checking async-lock v2.5.0
[INFO] [stderr]     Checking hyper v0.14.22
[INFO] [stderr]     Checking os_str_bytes v6.4.1
[INFO] [stderr]    Compiling siphasher v0.3.10
[INFO] [stderr]     Checking async-fs v1.5.0
[INFO] [stderr]     Checking async-process v1.4.0
[INFO] [stderr]     Checking clap_lex v0.3.1
[INFO] [stderr]    Compiling grpcio-compiler v0.12.0
[INFO] [stderr]    Compiling phf_shared v0.11.1
[INFO] [stderr]     Checking flate2 v1.0.25
[INFO] [stderr]     Checking rand_chacha v0.2.2
[INFO] [stderr]    Compiling clap_derive v4.1.0
[INFO] [stderr]    Compiling rand v0.8.5
[INFO] [stderr]    Compiling protobuf-build v0.12.3
[INFO] [stderr]     Checking url v2.3.1
[INFO] [stderr]     Checking async-net v1.6.1
[INFO] [stderr]    Compiling tikv-client-proto v0.1.0
[INFO] [stderr]     Checking serde_urlencoded v0.7.1
[INFO] [stderr]     Checking async-executor v1.4.1
[INFO] [stderr]     Checking atty v0.2.14
[INFO] [stderr]     Checking ipnet v2.7.1
[INFO] [stderr]     Checking humantime v2.1.0
[INFO] [stderr]     Checking strsim v0.10.0
[INFO] [stderr]     Checking base64 v0.21.0
[INFO] [stderr]    Compiling prometheus v0.12.0
[INFO] [stderr]     Checking generational-arena v0.2.8
[INFO] [stderr]     Checking procfs v0.9.1
[INFO] [stderr]     Checking smol v1.2.5
[INFO] [stderr]    Compiling phf_generator v0.11.0
[INFO] [stderr]     Checking rand v0.7.3
[INFO] [stderr]     Checking midlgen v0.1.0 (/opt/rustwide/workdir/tools/midl/midlgen)
[INFO] [stderr]     Checking moniker v0.1.0 (/opt/rustwide/workdir/src/crates/moniker)
[INFO] [stdout] warning: unused import: `JsonValue`
[INFO] [stdout]  --> tools/midl/midlgen/src/helpers.rs:1:72
[INFO] [stdout]   |
[INFO] [stdout] 1 | use handlebars::{Context, Handlebars, Helper, HelperDef, HelperResult, JsonValue, Output, RenderError};
[INFO] [stdout]   |                                                                        ^^^^^^^^^
[INFO] [stdout]   |
[INFO] [stdout]   = note: `#[warn(unused_imports)]` on by default
[INFO] [stdout] 
[INFO] [stdout] 
[INFO] [stderr]     Checking id-arena v2.2.1
[INFO] [stdout] warning: type alias `PrimitiveSubtype` is never used
[INFO] [stdout]  --> tools/midl/midlgen/src/ir/mod.rs:5:6
[INFO] [stdout]   |
[INFO] [stdout] 5 | type PrimitiveSubtype<'a> = &'a str;
[INFO] [stdout]   |      ^^^^^^^^^^^^^^^^
[INFO] [stdout]   |
[INFO] [stdout]   = note: `#[warn(dead_code)]` on by default
[INFO] [stdout] 
[INFO] [stdout] 
[INFO] [stdout] warning: static `BOOL` is never used
[INFO] [stdout]  --> tools/midl/midlgen/src/ir/mod.rs:6:8
[INFO] [stdout]   |
[INFO] [stdout] 6 | static BOOL: PrimitiveSubtype = "bool";
[INFO] [stdout]   |        ^^^^
[INFO] [stdout] 
[INFO] [stdout] 
[INFO] [stdout] warning: static `INT8` is never used
[INFO] [stdout]  --> tools/midl/midlgen/src/ir/mod.rs:7:8
[INFO] [stdout]   |
[INFO] [stdout] 7 | static INT8: PrimitiveSubtype = "int8";
[INFO] [stdout]   |        ^^^^
[INFO] [stdout] 
[INFO] [stdout] 
[INFO] [stdout] warning: static `INT16` is never used
[INFO] [stdout]  --> tools/midl/midlgen/src/ir/mod.rs:8:8
[INFO] [stdout]   |
[INFO] [stdout] 8 | static INT16: PrimitiveSubtype = "int16";
[INFO] [stdout]   |        ^^^^^
[INFO] [stdout] 
[INFO] [stdout] 
[INFO] [stdout] warning: static `INT32` is never used
[INFO] [stdout]  --> tools/midl/midlgen/src/ir/mod.rs:9:8
[INFO] [stdout]   |
[INFO] [stdout] 9 | static INT32: PrimitiveSubtype = "int32";
[INFO] [stdout]   |        ^^^^^
[INFO] [stdout] 
[INFO] [stdout] 
[INFO] [stdout] warning: static `INT64` is never used
[INFO] [stdout]   --> tools/midl/midlgen/src/ir/mod.rs:10:8
[INFO] [stdout]    |
[INFO] [stdout] 10 | static INT64: PrimitiveSubtype = "int64";
[INFO] [stdout]    |        ^^^^^
[INFO] [stdout] 
[INFO] [stdout] 
[INFO] [stdout] warning: static `UINT8` is never used
[INFO] [stdout]   --> tools/midl/midlgen/src/ir/mod.rs:11:8
[INFO] [stdout]    |
[INFO] [stdout] 11 | static UINT8: PrimitiveSubtype = "uint8";
[INFO] [stdout]    |        ^^^^^
[INFO] [stdout] 
[INFO] [stdout] 
[INFO] [stdout] warning: static `UINT16` is never used
[INFO] [stdout]   --> tools/midl/midlgen/src/ir/mod.rs:12:8
[INFO] [stdout]    |
[INFO] [stdout] 12 | static UINT16: PrimitiveSubtype = "uint16";
[INFO] [stdout]    |        ^^^^^^
[INFO] [stdout] 
[INFO] [stdout] 
[INFO] [stdout] warning: static `UINT32` is never used
[INFO] [stdout]   --> tools/midl/midlgen/src/ir/mod.rs:13:8
[INFO] [stdout]    |
[INFO] [stdout] 13 | static UINT32: PrimitiveSubtype = "uint32";
[INFO] [stdout]    |        ^^^^^^
[INFO] [stdout] 
[INFO] [stdout] 
[INFO] [stdout] warning: static `UINT64` is never used
[INFO] [stdout]   --> tools/midl/midlgen/src/ir/mod.rs:14:8
[INFO] [stdout]    |
[INFO] [stdout] 14 | static UINT64: PrimitiveSubtype = "uint64";
[INFO] [stdout]    |        ^^^^^^
[INFO] [stdout] 
[INFO] [stdout] 
[INFO] [stdout] warning: static `FLOAT32` is never used
[INFO] [stdout]   --> tools/midl/midlgen/src/ir/mod.rs:15:8
[INFO] [stdout]    |
[INFO] [stdout] 15 | static FLOAT32: PrimitiveSubtype = "float32";
[INFO] [stdout]    |        ^^^^^^^
[INFO] [stdout] 
[INFO] [stdout] 
[INFO] [stdout] warning: static `FLOAT64` is never used
[INFO] [stdout]   --> tools/midl/midlgen/src/ir/mod.rs:16:8
[INFO] [stdout]    |
[INFO] [stdout] 16 | static FLOAT64: PrimitiveSubtype = "float64";
[INFO] [stdout]    |        ^^^^^^^
[INFO] [stdout] 
[INFO] [stdout] 
[INFO] [stdout] warning: type alias `HandleSubtype` is never used
[INFO] [stdout]   --> tools/midl/midlgen/src/ir/mod.rs:18:6
[INFO] [stdout]    |
[INFO] [stdout] 18 | type HandleSubtype = &'static str;
[INFO] [stdout]    |      ^^^^^^^^^^^^^
[INFO] [stdout] 
[INFO] [stdout] 
[INFO] [stdout] warning: static `HANDLE_SUBTYPE_NONE` is never used
[INFO] [stdout]   --> tools/midl/midlgen/src/ir/mod.rs:19:8
[INFO] [stdout]    |
[INFO] [stdout] 19 | static HANDLE_SUBTYPE_NONE: HandleSubtype = "handle";
[INFO] [stdout]    |        ^^^^^^^^^^^^^^^^^^^
[INFO] [stdout] 
[INFO] [stdout] 
[INFO] [stdout] warning: static `HANDLE_SUBTYPE_CHANNEL` is never used
[INFO] [stdout]   --> tools/midl/midlgen/src/ir/mod.rs:20:8
[INFO] [stdout]    |
[INFO] [stdout] 20 | static HANDLE_SUBTYPE_CHANNEL: HandleSubtype = "channel";
[INFO] [stdout]    |        ^^^^^^^^^^^^^^^^^^^^^^
[INFO] [stdout] 
[INFO] [stdout] 
[INFO] [stdout] warning: static `HANDLE_SUBTYPE_EVENT` is never used
[INFO] [stdout]   --> tools/midl/midlgen/src/ir/mod.rs:21:8
[INFO] [stdout]    |
[INFO] [stdout] 21 | static HANDLE_SUBTYPE_EVENT: HandleSubtype = "event";
[INFO] [stdout]    |        ^^^^^^^^^^^^^^^^^^^^
[INFO] [stdout] 
[INFO] [stdout] 
[INFO] [stdout] warning: static `HANDLE_SUBTYPE_EVENTPAIR` is never used
[INFO] [stdout]   --> tools/midl/midlgen/src/ir/mod.rs:22:8
[INFO] [stdout]    |
[INFO] [stdout] 22 | static HANDLE_SUBTYPE_EVENTPAIR: HandleSubtype = "eventpair";
[INFO] [stdout]    |        ^^^^^^^^^^^^^^^^^^^^^^^^
[INFO] [stdout] 
[INFO] [stdout] 
[INFO] [stdout] warning: static `HANDLE_SUBTYPE_EXCEPTION` is never used
[INFO] [stdout]   --> tools/midl/midlgen/src/ir/mod.rs:23:8
[INFO] [stdout]    |
[INFO] [stdout] 23 | static HANDLE_SUBTYPE_EXCEPTION: HandleSubtype = "exception";
[INFO] [stdout]    |        ^^^^^^^^^^^^^^^^^^^^^^^^
[INFO] [stdout] 
[INFO] [stdout] 
[INFO] [stdout] warning: static `HANDLE_SUBTYPE_JOB` is never used
[INFO] [stdout]   --> tools/midl/midlgen/src/ir/mod.rs:24:8
[INFO] [stdout]    |
[INFO] [stdout] 24 | static HANDLE_SUBTYPE_JOB: HandleSubtype = "job";
[INFO] [stdout]    |        ^^^^^^^^^^^^^^^^^^
[INFO] [stdout] 
[INFO] [stdout] 
[INFO] [stdout] warning: static `HANDLE_SUBTYPE_PROCESS` is never used
[INFO] [stdout]   --> tools/midl/midlgen/src/ir/mod.rs:25:8
[INFO] [stdout]    |
[INFO] [stdout] 25 | static HANDLE_SUBTYPE_PROCESS: HandleSubtype = "process";
[INFO] [stdout]    |        ^^^^^^^^^^^^^^^^^^^^^^
[INFO] [stdout] 
[INFO] [stdout] 
[INFO] [stdout] warning: static `HANDLE_SUBTYPE_STREAM` is never used
[INFO] [stdout]   --> tools/midl/midlgen/src/ir/mod.rs:26:8
[INFO] [stdout]    |
[INFO] [stdout] 26 | static HANDLE_SUBTYPE_STREAM: HandleSubtype = "stream";
[INFO] [stdout]    |        ^^^^^^^^^^^^^^^^^^^^^
[INFO] [stdout] 
[INFO] [stdout] 
[INFO] [stdout] warning: static `HANDLE_SUBTYPE_THREAD` is never used
[INFO] [stdout]   --> tools/midl/midlgen/src/ir/mod.rs:27:8
[INFO] [stdout]    |
[INFO] [stdout] 27 | static HANDLE_SUBTYPE_THREAD: HandleSubtype = "thread";
[INFO] [stdout]    |        ^^^^^^^^^^^^^^^^^^^^^
[INFO] [stdout] 
[INFO] [stdout] 
[INFO] [stdout] warning: static `HANDLE_SUBTYPE_TIME` is never used
[INFO] [stdout]   --> tools/midl/midlgen/src/ir/mod.rs:28:8
[INFO] [stdout]    |
[INFO] [stdout] 28 | static HANDLE_SUBTYPE_TIME: HandleSubtype = "timer";
[INFO] [stdout]    |        ^^^^^^^^^^^^^^^^^^^
[INFO] [stdout] 
[INFO] [stdout] 
[INFO] [stdout] warning: static `HANDLE_SUBTYPE_VMAR` is never used
[INFO] [stdout]   --> tools/midl/midlgen/src/ir/mod.rs:29:8
[INFO] [stdout]    |
[INFO] [stdout] 29 | static HANDLE_SUBTYPE_VMAR: HandleSubtype = "vmar";
[INFO] [stdout]    |        ^^^^^^^^^^^^^^^^^^^
[INFO] [stdout] 
[INFO] [stdout] 
[INFO] [stdout] warning: static `HANDLE_SUBTYPE_VMO` is never used
[INFO] [stdout]   --> tools/midl/midlgen/src/ir/mod.rs:30:8
[INFO] [stdout]    |
[INFO] [stdout] 30 | static HANDLE_SUBTYPE_VMO: HandleSubtype = "vmo";
[INFO] [stdout]    |        ^^^^^^^^^^^^^^^^^^
[INFO] [stdout] 
[INFO] [stdout] 
[INFO] [stdout] warning: field `member` is never read
[INFO] [stdout]   --> tools/midl/midlgen/src/ir/mod.rs:91:5
[INFO] [stdout]    |
[INFO] [stdout] 84 | pub struct CompoundIdentifier {
[INFO] [stdout]    |            ------------------ field in this struct
[INFO] [stdout] ...
[INFO] [stdout] 91 |     member: Option<Identifier>,
[INFO] [stdout]    |     ^^^^^^
[INFO] [stdout]    |
[INFO] [stdout]    = note: `CompoundIdentifier` has a derived impl for the trait `Debug`, but this is intentionally ignored during dead code analysis
[INFO] [stdout] 
[INFO] [stdout] 
[INFO] [stdout] warning: static variable `StringLiteral` should have an upper case name
[INFO] [stdout]   --> tools/midl/midlgen/src/ir/mod.rs:33:12
[INFO] [stdout]    |
[INFO] [stdout] 33 | pub static StringLiteral: LiteralKind = "string";
[INFO] [stdout]    |            ^^^^^^^^^^^^^ help: convert the identifier to upper case: `STRING_LITERAL`
[INFO] [stdout]    |
[INFO] [stdout]    = note: `#[warn(non_upper_case_globals)]` on by default
[INFO] [stdout] 
[INFO] [stdout] 
[INFO] [stdout] warning: static variable `NumericLiteral` should have an upper case name
[INFO] [stdout]   --> tools/midl/midlgen/src/ir/mod.rs:34:12
[INFO] [stdout]    |
[INFO] [stdout] 34 | pub static NumericLiteral: LiteralKind = "numeric";
[INFO] [stdout]    |            ^^^^^^^^^^^^^^ help: convert the identifier to upper case: `NUMERIC_LITERAL`
[INFO] [stdout] 
[INFO] [stdout] 
[INFO] [stdout] warning: static variable `BoolLiteral` should have an upper case name
[INFO] [stdout]   --> tools/midl/midlgen/src/ir/mod.rs:35:12
[INFO] [stdout]    |
[INFO] [stdout] 35 | pub static BoolLiteral: LiteralKind = "bool";
[INFO] [stdout]    |            ^^^^^^^^^^^ help: convert the identifier to upper case: `BOOL_LITERAL`
[INFO] [stdout] 
[INFO] [stdout] 
[INFO] [stdout] warning: static variable `DefaultLiteral` should have an upper case name
[INFO] [stdout]   --> tools/midl/midlgen/src/ir/mod.rs:36:12
[INFO] [stdout]    |
[INFO] [stdout] 36 | pub static DefaultLiteral: LiteralKind = "default";
[INFO] [stdout]    |            ^^^^^^^^^^^^^^ help: convert the identifier to upper case: `DEFAULT_LITERAL`
[INFO] [stdout] 
[INFO] [stdout] 
[INFO] [stdout] warning: 31 warnings emitted
[INFO] [stdout] 
[INFO] [stdout] 
[INFO] [stderr]     Checking typed-arena v2.0.1
[INFO] [stderr]     Checking fail v0.4.0
[INFO] [stderr]    Compiling phf_macros v0.11.1
[INFO] [stderr]     Checking vecmap-rs v0.1.9
[INFO] [stderr]     Checking clap v4.1.4
[INFO] [stderr]     Checking futures-timer v3.0.2
[INFO] [stderr]     Checking iota v0.2.3
[INFO] [stderr]     Checking hcl-rs v0.12.3
[INFO] [stderr]     Checking fiber_kernel v0.1.0 (/opt/rustwide/workdir/src/crates/fiber_kernel)
[INFO] [stderr]     Checking component_manager v0.1.0 (/opt/rustwide/workdir/src/crates/component_manager)
[INFO] [stderr]     Checking env_logger v0.10.0
[INFO] [stdout] error[E0423]: expected value, found struct `Index`
[INFO] [stdout]    --> src/crates/fiber_kernel/src/object/handle_table.rs:40:9
[INFO] [stdout]     |
[INFO] [stdout] 40  | /         Index::
[INFO] [stdout] 41  | |         (a, b)
[INFO] [stdout]     | |______________^ help: use struct literal syntax instead: `Index { index: val, generation: val }`
[INFO] [stdout]     |
[INFO] [stdout]    ::: /opt/rustwide/cargo-home/registry/src/index.crates.io-6f17d22bba15001f/generational-arena-0.2.8/src/lib.rs:200:1
[INFO] [stdout]     |
[INFO] [stdout] 200 |   pub struct Index {
[INFO] [stdout]     |   ---------------- `Index` defined here
[INFO] [stdout] 
[INFO] [stdout] 
[INFO] [stdout] error[E0412]: cannot find type `a` in this scope
[INFO] [stdout]   --> src/crates/fiber_kernel/src/object/handle_table.rs:41:10
[INFO] [stdout]    |
[INFO] [stdout] 41 |         (a, b)
[INFO] [stdout]    |          ^ not found in this scope
[INFO] [stdout] 
[INFO] [stdout] 
[INFO] [stdout] error[E0412]: cannot find type `b` in this scope
[INFO] [stdout]   --> src/crates/fiber_kernel/src/object/handle_table.rs:41:13
[INFO] [stdout]    |
[INFO] [stdout] 41 |         (a, b)
[INFO] [stdout]    |             ^ not found in this scope
[INFO] [stdout] 
[INFO] [stdout] 
[INFO] [stdout] error[E0425]: cannot find value `addr` in this scope
[INFO] [stdout]   --> src/crates/fiber_kernel/src/object/handle_table.rs:90:34
[INFO] [stdout]    |
[INFO] [stdout] 90 |         (idx, get_new_base_value(addr))
[INFO] [stdout]    |                                  ^^^^ not found in this scope
[INFO] [stdout] 
[INFO] [stdout] 
[INFO] [stdout] warning: unused import: `std::any::Any`
[INFO] [stdout]  --> src/crates/fiber_kernel/src/object/handle.rs:8:5
[INFO] [stdout]   |
[INFO] [stdout] 8 | use std::any::Any;
[INFO] [stdout]   |     ^^^^^^^^^^^^^
[INFO] [stdout]   |
[INFO] [stdout]   = note: `#[warn(unused_imports)]` on by default
[INFO] [stdout] 
[INFO] [stdout] 
[INFO] [stdout] warning: unused import: `std::arch::asm`
[INFO] [stdout]  --> src/crates/fiber_kernel/src/object/handle.rs:9:5
[INFO] [stdout]   |
[INFO] [stdout] 9 | use std::arch::asm;
[INFO] [stdout]   |     ^^^^^^^^^^^^^^
[INFO] [stdout] 
[INFO] [stdout] 
[INFO] [stdout] warning: unused import: `std::mem::size_of`
[INFO] [stdout]   --> src/crates/fiber_kernel/src/object/handle.rs:10:5
[INFO] [stdout]    |
[INFO] [stdout] 10 | use std::mem::size_of;
[INFO] [stdout]    |     ^^^^^^^^^^^^^^^^^
[INFO] [stdout] 
[INFO] [stdout] 
[INFO] [stdout] warning: unused imports: `BaseDispatcher`, `HANDLE_TABLE`
[INFO] [stdout]   --> src/crates/fiber_kernel/src/object/handle.rs:14:21
[INFO] [stdout]    |
[INFO] [stdout] 14 | use crate::object::{BaseDispatcher, Dispatcher, HANDLE_TABLE};
[INFO] [stdout]    |                     ^^^^^^^^^^^^^^              ^^^^^^^^^^^^
[INFO] [stdout] 
[INFO] [stdout] 
[INFO] [stdout] warning: unused import: `static_assertions::const_assert`
[INFO] [stdout]  --> src/crates/fiber_kernel/src/object/handle_table.rs:9:5
[INFO] [stdout]   |
[INFO] [stdout] 9 | use static_assertions::const_assert;
[INFO] [stdout]   |     ^^^^^^^^^^^^^^^^^^^^^^^^^^^^^^^
[INFO] [stdout] 
[INFO] [stdout] 
[INFO] [stdout] warning: unnecessary parentheses around block return value
[INFO] [stdout]    --> src/crates/fiber_kernel/src/object/handle_table.rs:116:32
[INFO] [stdout]     |
[INFO] [stdout] 116 |         debug_assert!(unsafe { (*base_value) } == old_base_value);
[INFO] [stdout]     |                                ^           ^
[INFO] [stdout]     |
[INFO] [stdout]     = note: `#[warn(unused_parens)]` on by default
[INFO] [stdout] help: remove these parentheses
[INFO] [stdout]     |
[INFO] [stdout] 116 -         debug_assert!(unsafe { (*base_value) } == old_base_value);
[INFO] [stdout] 116 +         debug_assert!(unsafe { *base_value } == old_base_value);
[INFO] [stdout]     |
[INFO] [stdout] 
[INFO] [stdout] 
[INFO] [stdout] warning: variants `Exact`, `Realm`, and `Collection` are never constructed
[INFO] [stdout]    --> src/crates/component_manager/src/config.rs:113:5
[INFO] [stdout]     |
[INFO] [stdout] 110 | pub enum AllowlistEntry {
[INFO] [stdout]     |          -------------- variants in this enum
[INFO] [stdout] ...
[INFO] [stdout] 113 |     Exact(AbsoluteMoniker),
[INFO] [stdout]     |     ^^^^^
[INFO] [stdout] ...
[INFO] [stdout] 117 |     Realm(AbsoluteMoniker),
[INFO] [stdout]     |     ^^^^^
[INFO] [stdout] ...
[INFO] [stdout] 122 |     Collection(AbsoluteMoniker, String),
[INFO] [stdout]     |     ^^^^^^^^^^
[INFO] [stdout]     |
[INFO] [stdout]     = note: `AllowlistEntry` has derived impls for the traits `Clone` and `Debug`, but these are intentionally ignored during dead code analysis
[INFO] [stdout]     = note: `#[warn(dead_code)]` on by default
[INFO] [stdout] 
[INFO] [stdout] 
[INFO] [stdout] warning: variants `Self_`, `Framework`, and `Capability` are never constructed
[INFO] [stdout]    --> src/crates/component_manager/src/config.rs:137:5
[INFO] [stdout]     |
[INFO] [stdout] 136 | pub enum CapabilityAllowlistSource {
[INFO] [stdout]     |          ------------------------- variants in this enum
[INFO] [stdout] 137 |     Self_,
[INFO] [stdout]     |     ^^^^^
[INFO] [stdout] 138 |     Framework,
[INFO] [stdout]     |     ^^^^^^^^^
[INFO] [stdout] 139 |     Capability,
[INFO] [stdout]     |     ^^^^^^^^^^
[INFO] [stdout]     |
[INFO] [stdout]     = note: `CapabilityAllowlistSource` has derived impls for the traits `Clone` and `Debug`, but these are intentionally ignored during dead code analysis
[INFO] [stdout] 
[INFO] [stdout] 
[INFO] [stdout] warning: constant `MAX_DYNAMIC_NAME_LENGTH` is never used
[INFO] [stdout]  --> src/crates/component_manager/src/types.rs:7:11
[INFO] [stdout]   |
[INFO] [stdout] 7 | pub const MAX_DYNAMIC_NAME_LENGTH: usize = 1024;
[INFO] [stdout]   |           ^^^^^^^^^^^^^^^^^^^^^^^
[INFO] [stdout] 
[INFO] [stdout] 
[INFO] [stdout] warning: multiple variants are never constructed
[INFO] [stdout]    --> src/crates/component_manager/src/types.rs:183:5
[INFO] [stdout]     |
[INFO] [stdout] 182 | pub enum CapabilityTypeName {
[INFO] [stdout]     |          ------------------ variants in this enum
[INFO] [stdout] 183 |     Directory,
[INFO] [stdout]     |     ^^^^^^^^^
[INFO] [stdout] 184 |     Event,
[INFO] [stdout]     |     ^^^^^
[INFO] [stdout] 185 |     EventStreamDeprecated,
[INFO] [stdout]     |     ^^^^^^^^^^^^^^^^^^^^^
[INFO] [stdout] 186 |     EventStream,
[INFO] [stdout]     |     ^^^^^^^^^^^
[INFO] [stdout] 187 |     Protocol,
[INFO] [stdout]     |     ^^^^^^^^
[INFO] [stdout] 188 |     Resolver,
[INFO] [stdout]     |     ^^^^^^^^
[INFO] [stdout] 189 |     Runner,
[INFO] [stdout]     |     ^^^^^^
[INFO] [stdout] 190 |     Service,
[INFO] [stdout]     |     ^^^^^^^
[INFO] [stdout] 191 |     Storage,
[INFO] [stdout]     |     ^^^^^^^
[INFO] [stdout]     |
[INFO] [stdout]     = note: `CapabilityTypeName` has derived impls for the traits `Clone` and `Debug`, but these are intentionally ignored during dead code analysis
[INFO] [stdout] 
[INFO] [stdout] 
[INFO] [stdout] error[E0277]: the trait bound `Rc<dyn dispatcher::Dispatcher>: dispatcher::Dispatcher` is not satisfied
[INFO] [stdout]   --> src/crates/fiber_kernel/src/object/handle.rs:93:25
[INFO] [stdout]    |
[INFO] [stdout] 93 |             dispatcher: Rc::new(unsafe { (*rhs).dispatcher.clone() }),
[INFO] [stdout]    |                         ^^^^^^^^^^^^^^^^^^^^^^^^^^^^^^^^^^^^^^^^^^^^^ the trait `dispatcher::Dispatcher` is not implemented for `Rc<dyn dispatcher::Dispatcher>`
[INFO] [stdout]    |
[INFO] [stdout]    = help: the following other types implement trait `dispatcher::Dispatcher`:
[INFO] [stdout]              do_dispatcher::DataObjectDispatcher
[INFO] [stdout]              dv_dispatcher::DataViewDispatcher
[INFO] [stdout]              job_dispatcher::JobDispatcher
[INFO] [stdout]              process_dispatcher::ProcessDispatcher
[INFO] [stdout]    = note: required for the cast from `Rc<dyn dispatcher::Dispatcher>` to the object type `dyn dispatcher::Dispatcher`
[INFO] [stdout] 
[INFO] [stdout] 
[INFO] [stdout] error[E0277]: the trait bound `T: dispatcher::Dispatcher` is not satisfied
[INFO] [stdout]    --> src/crates/fiber_kernel/src/object/handle.rs:119:30
[INFO] [stdout]     |
[INFO] [stdout] 119 |         Box::new(Handle::new(dispatcher, rights, 0))
[INFO] [stdout]     |                              ^^^^^^^^^^ the trait `dispatcher::Dispatcher` is not implemented for `T`
[INFO] [stdout]     |
[INFO] [stdout]     = note: required for the cast from `T` to the object type `dyn dispatcher::Dispatcher`
[INFO] [stdout] help: consider further restricting this bound
[INFO] [stdout]     |
[INFO] [stdout] 118 |     pub(crate) fn make_from_dispatcher<T: 'static + object::dispatcher::Dispatcher>(dispatcher: Rc<T>, rights: fx_rights_t) -> HandleOwner {
[INFO] [stdout]     |                                                   ++++++++++++++++++++++++++++++++
[INFO] [stdout] 
[INFO] [stdout] 
[INFO] [stdout] error[E0277]: the trait bound `T: dispatcher::Dispatcher` is not satisfied
[INFO] [stdout]    --> src/crates/fiber_kernel/src/object/handle.rs:123:30
[INFO] [stdout]     |
[INFO] [stdout] 123 |         Box::new(Handle::new(handle.dispatcher().clone(), rights, 0))
[INFO] [stdout]     |                              ^^^^^^^^^^^^^^^^^^^^^^^^^^^ the trait `dispatcher::Dispatcher` is not implemented for `T`
[INFO] [stdout]     |
[INFO] [stdout]     = note: required for the cast from `T` to the object type `dyn dispatcher::Dispatcher`
[INFO] [stdout] help: consider further restricting this bound
[INFO] [stdout]     |
[INFO] [stdout] 122 |     pub(crate) fn make<T: 'static + object::dispatcher::Dispatcher>(handle: KernelHandle<T>, rights: fx_rights_t) -> HandleOwner {
[INFO] [stdout]     |                                   ++++++++++++++++++++++++++++++++
[INFO] [stdout] 
[INFO] [stdout] 
[INFO] [stdout] warning: 4 warnings emitted
[INFO] [stdout] 
[INFO] [stdout] 
[INFO] [stderr]     Checking env_logger v0.9.1
[INFO] [stdout] error[E0425]: cannot find function `handle_to_index` in this scope
[INFO] [stdout]   --> src/crates/fiber_kernel/src/object/handle_table.rs:49:28
[INFO] [stdout]    |
[INFO] [stdout] 49 |         let handle_index = handle_to_index(addr as *const Handle);
[INFO] [stdout]    |                            ^^^^^^^^^^^^^^^ not found in this scope
[INFO] [stdout]    |
[INFO] [stdout] help: consider using the associated function
[INFO] [stdout]    |
[INFO] [stdout] 49 |         let handle_index = self.handle_to_index(addr as *const Handle);
[INFO] [stdout]    |                            +++++
[INFO] [stdout] 
[INFO] [stdout] 
[INFO] [stdout] warning: unreachable expression
[INFO] [stdout]   --> src/crates/fiber_kernel/src/object/handle_table.rs:65:28
[INFO] [stdout]    |
[INFO] [stdout] 64 |             dispatcher: todo!(),
[INFO] [stdout]    |                         ------- any code following this expression is unreachable
[INFO] [stdout] 65 |             handle_rights: todo!(),
[INFO] [stdout]    |                            ^^^^^^^ unreachable expression
[INFO] [stdout]    |
[INFO] [stdout]    = note: `#[warn(unreachable_code)]` on by default
[INFO] [stdout]    = note: this warning originates in the macro `todo` (in Nightly builds, run with -Z macro-backtrace for more info)
[INFO] [stdout] 
[INFO] [stdout] 
[INFO] [stdout] error[E0425]: cannot find function `get_new_base_value` in this scope
[INFO] [stdout]   --> src/crates/fiber_kernel/src/object/handle_table.rs:90:15
[INFO] [stdout]    |
[INFO] [stdout] 90 |         (idx, get_new_base_value(addr))
[INFO] [stdout]    |               ^^^^^^^^^^^^^^^^^^ not found in this scope
[INFO] [stdout]    |
[INFO] [stdout] help: consider using the associated function
[INFO] [stdout]    |
[INFO] [stdout] 90 |         (idx, Self::get_new_base_value(addr))
[INFO] [stdout]    |               ++++++
[INFO] [stdout] 
[INFO] [stdout] 
[INFO] [stdout] error[E0308]: mismatched types
[INFO] [stdout]    --> src/crates/fiber_kernel/src/object/handle_table.rs:119:27
[INFO] [stdout]     |
[INFO] [stdout] 119 |         self.arena.remove(handle);
[INFO] [stdout]     |                    ------ ^^^^^^ expected `Index`, found `&Handle`
[INFO] [stdout]     |                    |
[INFO] [stdout]     |                    arguments to this method are incorrect
[INFO] [stdout]     |
[INFO] [stdout] note: method defined here
[INFO] [stdout]    --> /opt/rustwide/cargo-home/registry/src/index.crates.io-6f17d22bba15001f/generational-arena-0.2.8/src/lib.rs:497:12
[INFO] [stdout]     |
[INFO] [stdout] 497 |     pub fn remove(&mut self, i: Index) -> Option<T> {
[INFO] [stdout]     |            ^^^^^^
[INFO] [stdout] 
[INFO] [stdout] 
[INFO] [stdout] error[E0658]: cannot cast `dyn dispatcher::Dispatcher` to `dyn Any`, trait upcasting coercion is experimental
[INFO] [stdout]    --> src/crates/fiber_kernel/src/object/handle_table.rs:276:12
[INFO] [stdout]     |
[INFO] [stdout] 276 |         Ok(handle.dispatcher().clone())
[INFO] [stdout]     |            ^^^^^^^^^^^^^^^^^^^^^^^^^^^
[INFO] [stdout]     |
[INFO] [stdout]     = note: see issue #65991 <https://github.com/rust-lang/rust/issues/65991> for more information
[INFO] [stdout]     = note: required when coercing `Rc<dyn dispatcher::Dispatcher>` into `Rc<dyn Any>`
[INFO] [stdout] 
[INFO] [stdout] 
[INFO] [stdout] error: aborting due to 11 previous errors; 7 warnings emitted
[INFO] [stdout] 
[INFO] [stdout] 
[INFO] [stdout] Some errors have detailed explanations: E0277, E0308, E0412, E0423, E0425, E0658.
[INFO] [stdout] 
[INFO] [stdout] For more information about an error, try `rustc --explain E0277`.
[INFO] [stdout] 
[INFO] [stderr] error: could not compile `fiber_kernel` (lib) due to 12 previous errors; 7 warnings emitted
[INFO] [stderr] warning: build failed, waiting for other jobs to finish...
[INFO] running `Command { std: "docker" "inspect" "cbe0bafac393d42e52a46dc7220409a3a080a67b6b98718698625c0c277c791b", kill_on_drop: false }`
[INFO] running `Command { std: "docker" "rm" "-f" "cbe0bafac393d42e52a46dc7220409a3a080a67b6b98718698625c0c277c791b", kill_on_drop: false }`
[INFO] [stdout] cbe0bafac393d42e52a46dc7220409a3a080a67b6b98718698625c0c277c791b
