[INFO] cloning repository https://github.com/mehcode/xchip
[INFO] running `Command { std: "git" "-c" "credential.helper=" "-c" "credential.helper=/workspace/cargo-home/bin/git-credential-null" "clone" "--bare" "https://github.com/mehcode/xchip" "/workspace/cache/git-repos/https%3A%2F%2Fgithub.com%2Fmehcode%2Fxchip", kill_on_drop: false }`
[INFO] [stderr] Cloning into bare repository '/workspace/cache/git-repos/https%3A%2F%2Fgithub.com%2Fmehcode%2Fxchip'...
[INFO] running `Command { std: "git" "rev-parse" "HEAD", kill_on_drop: false }`
[INFO] [stdout] 11e15a41e36a96a570146448741c14c4de6692e8
[INFO] documenting mehcode/xchip against beta-2023-04-20 for beta-1.70-rustdoc-1
[INFO] running `Command { std: "git" "clone" "/workspace/cache/git-repos/https%3A%2F%2Fgithub.com%2Fmehcode%2Fxchip" "/workspace/builds/worker-6-tc2/source", kill_on_drop: false }`
[INFO] [stderr] Cloning into '/workspace/builds/worker-6-tc2/source'...
[INFO] [stderr] done.
[INFO] validating manifest of git repo https://github.com/mehcode/xchip on toolchain beta-2023-04-20
[INFO] running `Command { std: CARGO_HOME="/workspace/cargo-home" RUSTUP_HOME="/workspace/rustup-home" "/workspace/cargo-home/bin/cargo" "+beta-2023-04-20" "metadata" "--manifest-path" "Cargo.toml" "--no-deps", kill_on_drop: false }`
[INFO] started tweaking git repo https://github.com/mehcode/xchip
[INFO] finished tweaking git repo https://github.com/mehcode/xchip
[INFO] tweaked toml for git repo https://github.com/mehcode/xchip written to /workspace/builds/worker-6-tc2/source/Cargo.toml
[INFO] crate git repo https://github.com/mehcode/xchip already has a lockfile, it will not be regenerated
[INFO] running `Command { std: CARGO_HOME="/workspace/cargo-home" RUSTUP_HOME="/workspace/rustup-home" "/workspace/cargo-home/bin/cargo" "+beta-2023-04-20" "fetch" "--manifest-path" "Cargo.toml", kill_on_drop: false }`
[INFO] running `Command { std: "docker" "create" "-v" "/var/lib/crater-agent-workspace/builds/worker-6-tc2/target:/opt/rustwide/target:rw,Z" "-v" "/var/lib/crater-agent-workspace/builds/worker-6-tc2/source:/opt/rustwide/workdir:ro,Z" "-v" "/var/lib/crater-agent-workspace/cargo-home:/opt/rustwide/cargo-home:ro,Z" "-v" "/var/lib/crater-agent-workspace/rustup-home:/opt/rustwide/rustup-home:ro,Z" "-e" "SOURCE_DIR=/opt/rustwide/workdir" "-e" "CARGO_TARGET_DIR=/opt/rustwide/target" "-e" "CARGO_HOME=/opt/rustwide/cargo-home" "-e" "RUSTUP_HOME=/opt/rustwide/rustup-home" "-w" "/opt/rustwide/workdir" "-m" "1610612736" "--user" "0:0" "--network" "none" "ghcr.io/rust-lang/crates-build-env/linux@sha256:5ff2268d62e97bff2cde7d5815dd6ed5b47097566f13b8d0ca110b04b60e07ed" "/opt/rustwide/cargo-home/bin/cargo" "+beta-2023-04-20" "metadata" "--no-deps" "--format-version=1", kill_on_drop: false }`
[INFO] [stdout] c4e6bfdb5a5aa0e3a490218cbf55991254f206c22de2f08d1f2e0360bd0b00c8
[INFO] running `Command { std: "docker" "start" "-a" "c4e6bfdb5a5aa0e3a490218cbf55991254f206c22de2f08d1f2e0360bd0b00c8", kill_on_drop: false }`
[INFO] running `Command { std: "docker" "inspect" "c4e6bfdb5a5aa0e3a490218cbf55991254f206c22de2f08d1f2e0360bd0b00c8", kill_on_drop: false }`
[INFO] running `Command { std: "docker" "rm" "-f" "c4e6bfdb5a5aa0e3a490218cbf55991254f206c22de2f08d1f2e0360bd0b00c8", kill_on_drop: false }`
[INFO] [stdout] c4e6bfdb5a5aa0e3a490218cbf55991254f206c22de2f08d1f2e0360bd0b00c8
[INFO] running `Command { std: "docker" "create" "-v" "/var/lib/crater-agent-workspace/builds/worker-6-tc2/target:/opt/rustwide/target:rw,Z" "-v" "/var/lib/crater-agent-workspace/builds/worker-6-tc2/source:/opt/rustwide/workdir:ro,Z" "-v" "/var/lib/crater-agent-workspace/cargo-home:/opt/rustwide/cargo-home:ro,Z" "-v" "/var/lib/crater-agent-workspace/rustup-home:/opt/rustwide/rustup-home:ro,Z" "-e" "SOURCE_DIR=/opt/rustwide/workdir" "-e" "CARGO_TARGET_DIR=/opt/rustwide/target" "-e" "CARGO_INCREMENTAL=0" "-e" "RUST_BACKTRACE=full" "-e" "RUSTFLAGS=--cap-lints=warn" "-e" "RUSTDOCFLAGS=--cap-lints=warn" "-e" "CARGO_HOME=/opt/rustwide/cargo-home" "-e" "RUSTUP_HOME=/opt/rustwide/rustup-home" "-w" "/opt/rustwide/workdir" "-m" "1610612736" "--user" "0:0" "--network" "none" "ghcr.io/rust-lang/crates-build-env/linux@sha256:5ff2268d62e97bff2cde7d5815dd6ed5b47097566f13b8d0ca110b04b60e07ed" "/opt/rustwide/cargo-home/bin/cargo" "+beta-2023-04-20" "doc" "--frozen" "--no-deps" "--document-private-items" "--message-format=json", kill_on_drop: false }`
[INFO] [stdout] 0d0b83ba1aaf583122856038f1ef5ee2571109e375b0f5f31f856eeb7b9eb901
[INFO] running `Command { std: "docker" "start" "-a" "0d0b83ba1aaf583122856038f1ef5ee2571109e375b0f5f31f856eeb7b9eb901", kill_on_drop: false }`
[INFO] [stderr]    Compiling gcc v0.3.41
[INFO] [stderr]     Checking libc v0.2.19
[INFO] [stderr]    Compiling cmake v0.1.20
[INFO] [stderr]     Checking rand v0.3.15
[INFO] [stderr]    Compiling axal v0.1.0 (https://github.com/mehcode/axal.git#d213c9f7)
[INFO] [stderr] error: failed to run custom build command for `axal v0.1.0 (https://github.com/mehcode/axal.git#d213c9f7)`
[INFO] [stderr] note: To improve backtraces for build dependencies, set the CARGO_PROFILE_DEV_BUILD_OVERRIDE_DEBUG=true environment variable to enable debug information generation.
[INFO] [stderr] 
[INFO] [stderr] Caused by:
[INFO] [stderr]   process didn't exit successfully: `/opt/rustwide/target/debug/build/axal-3f94558a49a5d731/build-script-build` (exit status: 101)
[INFO] [stderr]   --- stdout
[INFO] [stderr]   running: cd "/opt/rustwide/target/debug/build/axal-099a56f11ef44453/out/build" && CMAKE_PREFIX_PATH="" "cmake" "/opt/rustwide/cargo-home/git/checkouts/axal-0e1e59d9a9800212/d213c9f/" "-DCMAKE_INSTALL_PREFIX=/opt/rustwide/target/debug/build/axal-099a56f11ef44453/out" "-DCMAKE_C_FLAGS= -ffunction-sections -fdata-sections -m64 -fPIC" "-DCMAKE_C_COMPILER=/usr/bin/cc" "-DCMAKE_CXX_FLAGS= -ffunction-sections -fdata-sections -m64 -fPIC" "-DCMAKE_CXX_COMPILER=/usr/bin/c++" "-DCMAKE_BUILD_TYPE=Debug"
[INFO] [stderr]   -- The C compiler identification is GNU 11.3.0
[INFO] [stderr]   -- The CXX compiler identification is GNU 11.3.0
[INFO] [stderr]   -- Detecting C compiler ABI info
[INFO] [stderr]   -- Detecting C compiler ABI info - done
[INFO] [stderr]   -- Check for working C compiler: /usr/bin/cc - skipped
[INFO] [stderr]   -- Detecting C compile features
[INFO] [stderr]   -- Detecting C compile features - done
[INFO] [stderr]   -- Detecting CXX compiler ABI info
[INFO] [stderr]   -- Detecting CXX compiler ABI info - done
[INFO] [stderr]   -- Check for working CXX compiler: /usr/bin/c++ - skipped
[INFO] [stderr]   -- Detecting CXX compile features
[INFO] [stderr]   -- Detecting CXX compile features - done
[INFO] [stderr]   -- Found OpenGL: /usr/lib/x86_64-linux-gnu/libOpenGL.so   
[INFO] [stderr]   -- Looking for pthread.h
[INFO] [stderr]   -- Looking for pthread.h - found
[INFO] [stderr]   -- Performing Test CMAKE_HAVE_LIBC_PTHREAD
[INFO] [stderr]   -- Performing Test CMAKE_HAVE_LIBC_PTHREAD - Success
[INFO] [stderr]   -- Found Threads: TRUE  
[INFO] [stderr]   -- Configuring done
[INFO] [stderr]   -- Generating done
[INFO] [stderr]   -- Build files have been written to: /opt/rustwide/target/debug/build/axal-099a56f11ef44453/out/build
[INFO] [stderr]   running: cd "/opt/rustwide/target/debug/build/axal-099a56f11ef44453/out/build" && "cmake" "--build" "." "--target" "install" "--config" "Debug" "--" "-j16"
[INFO] [stderr]   [ 12%] Automatic MOC for target libaxal
[INFO] [stderr]   [ 12%] Automatic MOC for target axal
[INFO] [stderr]   [ 12%] Built target libaxal_autogen
[INFO] [stderr]   [ 12%] Built target axal_autogen
[INFO] [stderr]   [ 18%] Building CXX object CMakeFiles/libaxal.dir/libaxal_autogen/mocs_compilation.cpp.o
[INFO] [stderr]   [ 25%] Building CXX object CMakeFiles/libaxal.dir/src/library.cpp.o
[INFO] [stderr]   [ 31%] Building CXX object CMakeFiles/axal.dir/axal_autogen/mocs_compilation.cpp.o
[INFO] [stderr]   [ 37%] Building CXX object CMakeFiles/axal.dir/src/player.cpp.o
[INFO] [stderr]   [ 43%] Building CXX object CMakeFiles/axal.dir/src/library.cpp.o
[INFO] [stderr]   [ 50%] Building CXX object CMakeFiles/axal.dir/src/runtime.cpp.o
[INFO] [stderr]   [ 56%] Building CXX object CMakeFiles/axal.dir/src/main.cpp.o
[INFO] [stderr]   [ 62%] Building CXX object CMakeFiles/axal.dir/src/viewport.cpp.o
[INFO] [stderr]   [ 68%] Building CXX object CMakeFiles/libaxal.dir/src/player.cpp.o
[INFO] [stderr]   [ 75%] Building CXX object CMakeFiles/libaxal.dir/src/main.cpp.o
[INFO] [stderr]   [ 81%] Building CXX object CMakeFiles/libaxal.dir/src/viewport.cpp.o
[INFO] [stderr]   [ 87%] Building CXX object CMakeFiles/libaxal.dir/src/runtime.cpp.o
[INFO] [stderr] 
[INFO] [stderr]   --- stderr
[INFO] [stderr]   CMake Deprecation Warning at CMakeLists.txt:1 (cmake_minimum_required):
[INFO] [stderr]     Compatibility with CMake < 2.8.12 will be removed from a future version of
[INFO] [stderr]     CMake.
[INFO] [stderr] 
[INFO] [stderr]     Update the VERSION argument <min> value or use a ...<max> suffix to tell
[INFO] [stderr]     CMake that the project does not need compatibility with older versions.
[INFO] [stderr] 
[INFO] [stderr] 
[INFO] [stderr]   CMake Warning (dev) at /usr/share/cmake-3.22/Modules/FindOpenGL.cmake:315 (message):
[INFO] [stderr]     Policy CMP0072 is not set: FindOpenGL prefers GLVND by default when
[INFO] [stderr]     available.  Run "cmake --help-policy CMP0072" for policy details.  Use the
[INFO] [stderr]     cmake_policy command to set the policy and suppress this warning.
[INFO] [stderr] 
[INFO] [stderr]     FindOpenGL found both a legacy GL library:
[INFO] [stderr] 
[INFO] [stderr]       OPENGL_gl_LIBRARY: /usr/lib/x86_64-linux-gnu/libGL.so
[INFO] [stderr] 
[INFO] [stderr]     and GLVND libraries for OpenGL and GLX:
[INFO] [stderr] 
[INFO] [stderr]       OPENGL_opengl_LIBRARY: /usr/lib/x86_64-linux-gnu/libOpenGL.so
[INFO] [stderr]       OPENGL_glx_LIBRARY: /usr/lib/x86_64-linux-gnu/libGLX.so
[INFO] [stderr] 
[INFO] [stderr]     OpenGL_GL_PREFERENCE has not been set to "GLVND" or "LEGACY", so for
[INFO] [stderr]     compatibility with CMake 3.10 and below the legacy GL library will be used.
[INFO] [stderr]   Call Stack (most recent call first):
[INFO] [stderr]     CMakeLists.txt:14 (find_package)
[INFO] [stderr]   This warning is for project developers.  Use -Wno-dev to suppress it.
[INFO] [stderr] 
[INFO] [stderr]   c++: fatal error: Killed signal terminated program cc1plus
[INFO] [stderr]   compilation terminated.
[INFO] [stderr]   gmake[2]: *** [CMakeFiles/libaxal.dir/build.make:118: CMakeFiles/libaxal.dir/src/player.cpp.o] Error 1
[INFO] [stderr]   gmake[2]: *** Waiting for unfinished jobs....
[INFO] [stderr]   c++: fatal error: Killed signal terminated program cc1plus
[INFO] [stderr]   compilation terminated.
[INFO] [stderr]   gmake[2]: *** [CMakeFiles/libaxal.dir/build.make:76: CMakeFiles/libaxal.dir/libaxal_autogen/mocs_compilation.cpp.o] Error 1
[INFO] [stderr]   c++: fatal error: Killed signal terminated program cc1plus
[INFO] [stderr]   compilation terminated.
[INFO] [stderr]   gmake[2]: *** [CMakeFiles/axal.dir/build.make:104: CMakeFiles/axal.dir/src/main.cpp.o] Error 1
[INFO] [stderr]   gmake[2]: *** Waiting for unfinished jobs....
[INFO] [stderr]   gmake[1]: *** [CMakeFiles/Makefile2:113: CMakeFiles/libaxal.dir/all] Error 2
[INFO] [stderr]   gmake[1]: *** Waiting for unfinished jobs....
[INFO] [stderr]   gmake[1]: *** [CMakeFiles/Makefile2:87: CMakeFiles/axal.dir/all] Error 2
[INFO] [stderr]   gmake: *** [Makefile:136: all] Error 2
[INFO] [stderr]   thread 'main' panicked at '
[INFO] [stderr]   command did not execute successfully, got: exit status: 2
[INFO] [stderr] 
[INFO] [stderr]   build script failed, must exit now', /opt/rustwide/cargo-home/registry/src/index.crates.io-6f17d22bba15001f/cmake-0.1.20/src/lib.rs:573:5
[INFO] [stderr]   stack backtrace:
[INFO] [stderr]      0:     0x562ffb36e46a - std::backtrace_rs::backtrace::libunwind::trace::h2f05d0192276a8f6
[INFO] [stderr]                                  at /rustc/1b7dd2252b99671ce5d1cb9664c5f8636329436d/library/std/src/../../backtrace/src/backtrace/libunwind.rs:93:5
[INFO] [stderr]      1:     0x562ffb36e46a - std::backtrace_rs::backtrace::trace_unsynchronized::hedc23dff7a1af150
[INFO] [stderr]                                  at /rustc/1b7dd2252b99671ce5d1cb9664c5f8636329436d/library/std/src/../../backtrace/src/backtrace/mod.rs:66:5
[INFO] [stderr]      2:     0x562ffb36e46a - std::sys_common::backtrace::_print_fmt::h17541ef7592f3ce2
[INFO] [stderr]                                  at /rustc/1b7dd2252b99671ce5d1cb9664c5f8636329436d/library/std/src/sys_common/backtrace.rs:65:5
[INFO] [stderr]      3:     0x562ffb36e46a - <std::sys_common::backtrace::_print::DisplayBacktrace as core::fmt::Display>::fmt::h20f75df5ab0c0792
[INFO] [stderr]                                  at /rustc/1b7dd2252b99671ce5d1cb9664c5f8636329436d/library/std/src/sys_common/backtrace.rs:44:22
[INFO] [stderr]      4:     0x562ffb38ddcf - core::fmt::write::h78109e6f466b3af6
[INFO] [stderr]                                  at /rustc/1b7dd2252b99671ce5d1cb9664c5f8636329436d/library/core/src/fmt/mod.rs:1254:17
[INFO] [stderr]      5:     0x562ffb36b835 - std::io::Write::write_fmt::hc59e1b02dd273c8a
[INFO] [stderr]                                  at /rustc/1b7dd2252b99671ce5d1cb9664c5f8636329436d/library/std/src/io/mod.rs:1698:15
[INFO] [stderr]      6:     0x562ffb36e235 - std::sys_common::backtrace::_print::h8dac57a9f8fbf9a5
[INFO] [stderr]                                  at /rustc/1b7dd2252b99671ce5d1cb9664c5f8636329436d/library/std/src/sys_common/backtrace.rs:47:5
[INFO] [stderr]      7:     0x562ffb36e235 - std::sys_common::backtrace::print::hf9ecbf41d1aa712f
[INFO] [stderr]                                  at /rustc/1b7dd2252b99671ce5d1cb9664c5f8636329436d/library/std/src/sys_common/backtrace.rs:34:9
[INFO] [stderr]      8:     0x562ffb36f9de - std::panicking::default_hook::{{closure}}::h04c07acfc84ca028
[INFO] [stderr]                                  at /rustc/1b7dd2252b99671ce5d1cb9664c5f8636329436d/library/std/src/panicking.rs:269:22
[INFO] [stderr]      9:     0x562ffb36f785 - std::panicking::default_hook::h01f6bb23e1eceb2c
[INFO] [stderr]                                  at /rustc/1b7dd2252b99671ce5d1cb9664c5f8636329436d/library/std/src/panicking.rs:288:9
[INFO] [stderr]     10:     0x562ffb36ff3e - std::panicking::rust_panic_with_hook::h2bb3722bbaf2f6df
[INFO] [stderr]                                  at /rustc/1b7dd2252b99671ce5d1cb9664c5f8636329436d/library/std/src/panicking.rs:691:13
[INFO] [stderr]     11:     0x562ffb36fe39 - std::panicking::begin_panic_handler::{{closure}}::h91bc7f36a4be011b
[INFO] [stderr]                                  at /rustc/1b7dd2252b99671ce5d1cb9664c5f8636329436d/library/std/src/panicking.rs:582:13
[INFO] [stderr]     12:     0x562ffb36e8d6 - std::sys_common::backtrace::__rust_end_short_backtrace::h8b3d3717114f9e59
[INFO] [stderr]                                  at /rustc/1b7dd2252b99671ce5d1cb9664c5f8636329436d/library/std/src/sys_common/backtrace.rs:150:18
[INFO] [stderr]     13:     0x562ffb36fb92 - rust_begin_unwind
[INFO] [stderr]                                  at /rustc/1b7dd2252b99671ce5d1cb9664c5f8636329436d/library/std/src/panicking.rs:578:5
[INFO] [stderr]     14:     0x562ffb32b723 - core::panicking::panic_fmt::hfd368e3fbdabea26
[INFO] [stderr]                                  at /rustc/1b7dd2252b99671ce5d1cb9664c5f8636329436d/library/core/src/panicking.rs:67:14
[INFO] [stderr]     15:     0x562ffb33186f - cmake::fail::hd882ddc1cd8b6e58
[INFO] [stderr]     16:     0x562ffb3312d3 - cmake::run::h7c2b3a746d2324d1
[INFO] [stderr]     17:     0x562ffb32f069 - cmake::Config::build::h1d784450dfba6699
[INFO] [stderr]     18:     0x562ffb32be93 - cmake::build::h518f4c732ebdf337
[INFO] [stderr]     19:     0x562ffb32c331 - build_script_build::main::hf403807d49173154
[INFO] [stderr]     20:     0x562ffb32c823 - core::ops::function::FnOnce::call_once::h0e843c71f0dd7b07
[INFO] [stderr]     21:     0x562ffb32c806 - std::sys_common::backtrace::__rust_begin_short_backtrace::h5ee53ede20b0b170
[INFO] [stderr]     22:     0x562ffb32cc09 - std::rt::lang_start::{{closure}}::hee1ea34b5075ebdd
[INFO] [stderr]     23:     0x562ffb36837e - core::ops::function::impls::<impl core::ops::function::FnOnce<A> for &F>::call_once::h2eb19b8ce4148df4
[INFO] [stderr]                                  at /rustc/1b7dd2252b99671ce5d1cb9664c5f8636329436d/library/core/src/ops/function.rs:287:13
[INFO] [stderr]     24:     0x562ffb36837e - std::panicking::try::do_call::h2e900feff5d504c5
[INFO] [stderr]                                  at /rustc/1b7dd2252b99671ce5d1cb9664c5f8636329436d/library/std/src/panicking.rs:485:40
[INFO] [stderr]     25:     0x562ffb36837e - std::panicking::try::h8854836cb85aa9f2
[INFO] [stderr]                                  at /rustc/1b7dd2252b99671ce5d1cb9664c5f8636329436d/library/std/src/panicking.rs:449:19
[INFO] [stderr]     26:     0x562ffb36837e - std::panic::catch_unwind::h706025dd4c48f64b
[INFO] [stderr]                                  at /rustc/1b7dd2252b99671ce5d1cb9664c5f8636329436d/library/std/src/panic.rs:140:14
[INFO] [stderr]     27:     0x562ffb36837e - std::rt::lang_start_internal::{{closure}}::h7be5b97f4a07a91a
[INFO] [stderr]                                  at /rustc/1b7dd2252b99671ce5d1cb9664c5f8636329436d/library/std/src/rt.rs:148:48
[INFO] [stderr]     28:     0x562ffb36837e - std::panicking::try::do_call::h59847e9d0a176965
[INFO] [stderr]                                  at /rustc/1b7dd2252b99671ce5d1cb9664c5f8636329436d/library/std/src/panicking.rs:485:40
[INFO] [stderr]     29:     0x562ffb36837e - std::panicking::try::h399a918ba8522823
[INFO] [stderr]                                  at /rustc/1b7dd2252b99671ce5d1cb9664c5f8636329436d/library/std/src/panicking.rs:449:19
[INFO] [stderr]     30:     0x562ffb36837e - std::panic::catch_unwind::hca7ca6c55b2a2e26
[INFO] [stderr]                                  at /rustc/1b7dd2252b99671ce5d1cb9664c5f8636329436d/library/std/src/panic.rs:140:14
[INFO] [stderr]     31:     0x562ffb36837e - std::rt::lang_start_internal::h2c807a81560459eb
[INFO] [stderr]                                  at /rustc/1b7dd2252b99671ce5d1cb9664c5f8636329436d/library/std/src/rt.rs:148:20
[INFO] [stderr]     32:     0x562ffb32cbe7 - std::rt::lang_start::h01da38a50f17554b
[INFO] [stderr]     33:     0x562ffb32c575 - main
[INFO] [stderr]     34:     0x7f5267aedd90 - <unknown>
[INFO] [stderr]     35:     0x7f5267aede40 - __libc_start_main
[INFO] [stderr]     36:     0x562ffb32bd45 - _start
[INFO] [stderr]     37:                0x0 - <unknown>
[INFO] running `Command { std: "docker" "inspect" "0d0b83ba1aaf583122856038f1ef5ee2571109e375b0f5f31f856eeb7b9eb901", kill_on_drop: false }`
[INFO] running `Command { std: "docker" "rm" "-f" "0d0b83ba1aaf583122856038f1ef5ee2571109e375b0f5f31f856eeb7b9eb901", kill_on_drop: false }`
[INFO] [stdout] 0d0b83ba1aaf583122856038f1ef5ee2571109e375b0f5f31f856eeb7b9eb901
