[INFO] cloning repository https://github.com/megrxu/eva
[INFO] running `Command { std: "git" "-c" "credential.helper=" "-c" "credential.helper=/workspace/cargo-home/bin/git-credential-null" "clone" "--bare" "https://github.com/megrxu/eva" "/workspace/cache/git-repos/https%3A%2F%2Fgithub.com%2Fmegrxu%2Feva", kill_on_drop: false }`
[INFO] [stderr] Cloning into bare repository '/workspace/cache/git-repos/https%3A%2F%2Fgithub.com%2Fmegrxu%2Feva'...
[INFO] running `Command { std: "git" "rev-parse" "HEAD", kill_on_drop: false }`
[INFO] [stdout] 62b555556174276f0d5a4fb17533c825a8a6392d
[INFO] documenting megrxu/eva against 1.69.0 for beta-1.70-rustdoc-1
[INFO] running `Command { std: "git" "clone" "/workspace/cache/git-repos/https%3A%2F%2Fgithub.com%2Fmegrxu%2Feva" "/workspace/builds/worker-3-tc1/source", kill_on_drop: false }`
[INFO] [stderr] Cloning into '/workspace/builds/worker-3-tc1/source'...
[INFO] [stderr] done.
[INFO] validating manifest of git repo https://github.com/megrxu/eva on toolchain 1.69.0
[INFO] running `Command { std: CARGO_HOME="/workspace/cargo-home" RUSTUP_HOME="/workspace/rustup-home" "/workspace/cargo-home/bin/cargo" "+1.69.0" "metadata" "--manifest-path" "Cargo.toml" "--no-deps", kill_on_drop: false }`
[INFO] started tweaking git repo https://github.com/megrxu/eva
[INFO] finished tweaking git repo https://github.com/megrxu/eva
[INFO] tweaked toml for git repo https://github.com/megrxu/eva written to /workspace/builds/worker-3-tc1/source/Cargo.toml
[INFO] crate git repo https://github.com/megrxu/eva already has a lockfile, it will not be regenerated
[INFO] running `Command { std: CARGO_HOME="/workspace/cargo-home" RUSTUP_HOME="/workspace/rustup-home" "/workspace/cargo-home/bin/cargo" "+1.69.0" "fetch" "--manifest-path" "Cargo.toml", kill_on_drop: false }`
[INFO] [stderr]  Downloading crates ...
[INFO] [stderr]   Downloaded cryptominisat v5.6.3
[INFO] running `Command { std: "docker" "create" "-v" "/var/lib/crater-agent-workspace/builds/worker-3-tc1/target:/opt/rustwide/target:rw,Z" "-v" "/var/lib/crater-agent-workspace/builds/worker-3-tc1/source:/opt/rustwide/workdir:ro,Z" "-v" "/var/lib/crater-agent-workspace/cargo-home:/opt/rustwide/cargo-home:ro,Z" "-v" "/var/lib/crater-agent-workspace/rustup-home:/opt/rustwide/rustup-home:ro,Z" "-e" "SOURCE_DIR=/opt/rustwide/workdir" "-e" "CARGO_TARGET_DIR=/opt/rustwide/target" "-e" "CARGO_HOME=/opt/rustwide/cargo-home" "-e" "RUSTUP_HOME=/opt/rustwide/rustup-home" "-w" "/opt/rustwide/workdir" "-m" "1610612736" "--user" "0:0" "--network" "none" "ghcr.io/rust-lang/crates-build-env/linux@sha256:5ff2268d62e97bff2cde7d5815dd6ed5b47097566f13b8d0ca110b04b60e07ed" "/opt/rustwide/cargo-home/bin/cargo" "+1.69.0" "metadata" "--no-deps" "--format-version=1", kill_on_drop: false }`
[INFO] [stdout] 01103b166d58d291f9c40455405ded1f6bd036c84e49893f5b41c5e3fb584203
[INFO] running `Command { std: "docker" "start" "-a" "01103b166d58d291f9c40455405ded1f6bd036c84e49893f5b41c5e3fb584203", kill_on_drop: false }`
[INFO] running `Command { std: "docker" "inspect" "01103b166d58d291f9c40455405ded1f6bd036c84e49893f5b41c5e3fb584203", kill_on_drop: false }`
[INFO] running `Command { std: "docker" "rm" "-f" "01103b166d58d291f9c40455405ded1f6bd036c84e49893f5b41c5e3fb584203", kill_on_drop: false }`
[INFO] [stdout] 01103b166d58d291f9c40455405ded1f6bd036c84e49893f5b41c5e3fb584203
[INFO] running `Command { std: "docker" "create" "-v" "/var/lib/crater-agent-workspace/builds/worker-3-tc1/target:/opt/rustwide/target:rw,Z" "-v" "/var/lib/crater-agent-workspace/builds/worker-3-tc1/source:/opt/rustwide/workdir:ro,Z" "-v" "/var/lib/crater-agent-workspace/cargo-home:/opt/rustwide/cargo-home:ro,Z" "-v" "/var/lib/crater-agent-workspace/rustup-home:/opt/rustwide/rustup-home:ro,Z" "-e" "SOURCE_DIR=/opt/rustwide/workdir" "-e" "CARGO_TARGET_DIR=/opt/rustwide/target" "-e" "CARGO_INCREMENTAL=0" "-e" "RUST_BACKTRACE=full" "-e" "RUSTFLAGS=--cap-lints=warn" "-e" "RUSTDOCFLAGS=--cap-lints=warn" "-e" "CARGO_HOME=/opt/rustwide/cargo-home" "-e" "RUSTUP_HOME=/opt/rustwide/rustup-home" "-w" "/opt/rustwide/workdir" "-m" "1610612736" "--user" "0:0" "--network" "none" "ghcr.io/rust-lang/crates-build-env/linux@sha256:5ff2268d62e97bff2cde7d5815dd6ed5b47097566f13b8d0ca110b04b60e07ed" "/opt/rustwide/cargo-home/bin/cargo" "+1.69.0" "doc" "--frozen" "--no-deps" "--document-private-items" "--message-format=json", kill_on_drop: false }`
[INFO] [stdout] 37ce4318200c2cab005306623a2e3eda99a37f5c6316c59dc25db4656c6b5b85
[INFO] running `Command { std: "docker" "start" "-a" "37ce4318200c2cab005306623a2e3eda99a37f5c6316c59dc25db4656c6b5b85", kill_on_drop: false }`
[INFO] [stderr]    Compiling cc v1.0.48
[INFO] [stderr]    Compiling libc v0.2.66
[INFO] [stderr]     Checking eva-crypto v0.1.1 (/opt/rustwide/workdir/eva-crypto)
[INFO] [stderr]  Documenting eva-crypto v0.1.1 (/opt/rustwide/workdir/eva-crypto)
[INFO] [stderr]     Checking eva-builder v0.1.0 (/opt/rustwide/workdir/eva-builder)
[INFO] [stderr]  Documenting eva-builder v0.1.0 (/opt/rustwide/workdir/eva-builder)
[INFO] [stdout] warning: fields `leakage_type` and `clauses` are never read
[INFO] [stdout]  --> eva-builder/src/leakage.rs:4:5
[INFO] [stdout]   |
[INFO] [stdout] 3 | pub struct Leakage {
[INFO] [stdout]   |            ------- fields in this struct
[INFO] [stdout] 4 |     leakage_type: LeakageType,
[INFO] [stdout]   |     ^^^^^^^^^^^^
[INFO] [stdout] 5 |     clauses: Vec<Clause>,
[INFO] [stdout]   |     ^^^^^^^
[INFO] [stdout]   |
[INFO] [stdout]   = note: `#[warn(dead_code)]` on by default
[INFO] [stdout] 
[INFO] [stdout] 
[INFO] [stdout] warning: 1 warning emitted
[INFO] [stdout] 
[INFO] [stdout] 
[INFO] [stderr]    Compiling cmake v0.1.42
[INFO] [stderr]    Compiling cryptominisat v5.6.3
[INFO] [stderr] error: failed to run custom build command for `cryptominisat v5.6.3`
[INFO] [stderr] note: To improve backtraces for build dependencies, set the CARGO_PROFILE_DEV_BUILD_OVERRIDE_DEBUG=true environment variable to enable debug information generation.
[INFO] [stderr] 
[INFO] [stderr] Caused by:
[INFO] [stderr]   process didn't exit successfully: `/opt/rustwide/target/debug/build/cryptominisat-0ff22240d98e91cd/build-script-build` (exit status: 101)
[INFO] [stderr]   --- stdout
[INFO] [stderr]   running: cd "/opt/rustwide/target/debug/build/cryptominisat-18ae35f39ff2c2ab/out/build" && CMAKE_PREFIX_PATH="" "cmake" "/opt/rustwide/cargo-home/registry/src/github.com-1ecc6299db9ec823/cryptominisat-5.6.3/cryptominisat" "-DCMAKE_INSTALL_PREFIX=/opt/rustwide/target/debug/build/cryptominisat-18ae35f39ff2c2ab/out" "-DCMAKE_C_FLAGS= -ffunction-sections -fdata-sections -fPIC -m64" "-DCMAKE_C_COMPILER=/usr/bin/cc" "-DCMAKE_CXX_FLAGS= -ffunction-sections -fdata-sections -fPIC -m64" "-DCMAKE_CXX_COMPILER=/usr/bin/c++" "-DCMAKE_BUILD_TYPE=Debug"
[INFO] [stderr]   -- LIB directory is 'lib'
[INFO] [stderr]   -- BIN directory is 'bin'
[INFO] [stderr]   -- Doing a Debug build
[INFO] [stderr]   -- The C compiler identification is GNU 11.3.0
[INFO] [stderr]   -- The CXX compiler identification is GNU 11.3.0
[INFO] [stderr]   -- Detecting C compiler ABI info
[INFO] [stderr]   -- Detecting C compiler ABI info - done
[INFO] [stderr]   -- Check for working C compiler: /usr/bin/cc - skipped
[INFO] [stderr]   -- Detecting C compile features
[INFO] [stderr]   -- Detecting C compile features - done
[INFO] [stderr]   -- Detecting CXX compiler ABI info
[INFO] [stderr]   -- Detecting CXX compiler ABI info - done
[INFO] [stderr]   -- Check for working CXX compiler: /usr/bin/c++ - skipped
[INFO] [stderr]   -- Detecting CXX compile features
[INFO] [stderr]   -- Detecting CXX compile features - done
[INFO] [stderr]   -- Looking for pthread.h
[INFO] [stderr]   -- Looking for pthread.h - found
[INFO] [stderr]   -- Performing Test CMAKE_HAVE_LIBC_PTHREAD
[INFO] [stderr]   -- Performing Test CMAKE_HAVE_LIBC_PTHREAD - Success
[INFO] [stderr]   -- Found Threads: TRUE  
[INFO] [stderr]   -- build type is Debug
[INFO] [stderr]   -- Performing Test HAVE_FLAG_-mtune=native
[INFO] [stderr]   -- Performing Test HAVE_FLAG_-mtune=native - Success
[INFO] [stderr]   -- Performing Test HAVE_FLAG_-Wall
[INFO] [stderr]   -- Performing Test HAVE_FLAG_-Wall - Success
[INFO] [stderr]   -- Performing Test HAVE_FLAG_-Wextra
[INFO] [stderr]   -- Performing Test HAVE_FLAG_-Wextra - Success
[INFO] [stderr]   -- Performing Test HAVE_FLAG_-Wunused
[INFO] [stderr]   -- Performing Test HAVE_FLAG_-Wunused - Success
[INFO] [stderr]   -- Performing Test HAVE_FLAG_-Wsign-compare
[INFO] [stderr]   -- Performing Test HAVE_FLAG_-Wsign-compare - Success
[INFO] [stderr]   -- Performing Test HAVE_FLAG_-fno-omit-frame-pointer
[INFO] [stderr]   -- Performing Test HAVE_FLAG_-fno-omit-frame-pointer - Success
[INFO] [stderr]   -- Performing Test HAVE_FLAG_-Wtype-limits
[INFO] [stderr]   -- Performing Test HAVE_FLAG_-Wtype-limits - Success
[INFO] [stderr]   -- Performing Test HAVE_FLAG_-Wuninitialized
[INFO] [stderr]   -- Performing Test HAVE_FLAG_-Wuninitialized - Success
[INFO] [stderr]   -- Performing Test HAVE_FLAG_-Wno-deprecated
[INFO] [stderr]   -- Performing Test HAVE_FLAG_-Wno-deprecated - Success
[INFO] [stderr]   -- Performing Test HAVE_FLAG_-Wstrict-aliasing
[INFO] [stderr]   -- Performing Test HAVE_FLAG_-Wstrict-aliasing - Success
[INFO] [stderr]   -- Performing Test HAVE_FLAG_-Wpointer-arith
[INFO] [stderr]   -- Performing Test HAVE_FLAG_-Wpointer-arith - Success
[INFO] [stderr]   -- Performing Test HAVE_FLAG_-Wheader-guard
[INFO] [stderr]   -- Performing Test HAVE_FLAG_-Wheader-guard - Failed
[INFO] [stderr]   -- Performing Test HAVE_FLAG_-Wformat-nonliteral
[INFO] [stderr]   -- Performing Test HAVE_FLAG_-Wformat-nonliteral - Success
[INFO] [stderr]   -- Performing Test HAVE_FLAG_-Winit-self
[INFO] [stderr]   -- Performing Test HAVE_FLAG_-Winit-self - Success
[INFO] [stderr]   -- Performing Test HAVE_FLAG_-Wparentheses
[INFO] [stderr]   -- Performing Test HAVE_FLAG_-Wparentheses - Success
[INFO] [stderr]   -- Performing Test HAVE_FLAG_-Wunreachable-code
[INFO] [stderr]   -- Performing Test HAVE_FLAG_-Wunreachable-code - Success
[INFO] [stderr]   -- Performing Test HAVE_FLAG_-ggdb3
[INFO] [stderr]   -- Performing Test HAVE_FLAG_-ggdb3 - Success
[INFO] [stderr]   -- Compiling for dynamic library use
[INFO] [stderr]   -- GIT hash found: GIT-notfound
[INFO] [stderr]   -- PROJECT_VERSION: 5.6.3
[INFO] [stderr]   -- PROJECT_VERSION_MAJOR: 5
[INFO] [stderr]   -- PROJECT_VERSION_MINOR: 6
[INFO] [stderr]   -- PROJECT_VERSION_PATCH: 3
[INFO] [stderr]   -- Could NOT find Boost: missing: program_options (found /usr/lib/x86_64-linux-gnu/cmake/Boost-1.74.0/BoostConfig.cmake (found suitable version "1.74.0", minimum required is "1.46"))
[INFO] [stderr]   -- Not compiling detailed statistics. The system is faster without them
[INFO] [stderr]   -- Cannot find help2man, not creating manpage
[INFO] [stderr]   -- Found ZLIB: /usr/lib/x86_64-linux-gnu/libz.so (found version "1.2.11") 
[INFO] [stderr]   -- OK, Found ZLIB!
[INFO] [stderr]   -- Valgrind Prefix: 
[INFO] [stderr]   -- Could NOT find VALGRIND (missing: VALGRIND_INCLUDE_DIR VALGRIND_PROGRAM) 
[INFO] [stderr]   -- Cannot find valgrind or it's disabled, we will not be able to mark memory pool objects as undefined
[INFO] [stderr]   -- Found PkgConfig: /usr/bin/pkg-config (found version "0.29.2") 
[INFO] [stderr]   -- Could NOT find m4ri (missing: M4RI_LIBRARIES M4RI_INCLUDE_DIRS) 
[INFO] [stderr]   -- All defines at startup:  -DBOOST_TEST_DYN_LINK -DUSE_ZLIB
[INFO] [stderr]   -- Found PythonInterp: /usr/bin/python3 (found suitable version "3.10.6", minimum required is "3") 
[INFO] [stderr]   -- Found PythonLibs: /usr/lib/x86_64-linux-gnu/libpython3.10.so (found suitable version "3.10.6", minimum required is "3") 
[INFO] [stderr]   -- Python 3 -- PYTHON_EXECUTABLE=/usr/bin/python3
[INFO] [stderr]   -- Python 3 -- PYTHON_LIBRARIES=/usr/lib/x86_64-linux-gnu/libpython3.10.so
[INFO] [stderr]   -- Python 3 -- PYTHON_INCLUDE_DIRS=/usr/include/python3.10
[INFO] [stderr]   -- Python 3 -- PYTHONLIBS_VERSION_STRING=3.10.6
[INFO] [stderr]   -- Only building executable with few command-line options because the boost program_options library were not available
[INFO] [stderr]   -- Performing Test HAVE_FLAG_-Wno-bitfield-constant-conversion
[INFO] [stderr]   -- Performing Test HAVE_FLAG_-Wno-bitfield-constant-conversion - Failed
[INFO] [stderr]   -- Performing Test HAVE_FLAG_-Wlogical-op
[INFO] [stderr]   -- Performing Test HAVE_FLAG_-Wlogical-op - Success
[INFO] [stderr]   -- Performing Test HAVE_FLAG_-Wrestrict
[INFO] [stderr]   -- Performing Test HAVE_FLAG_-Wrestrict - Success
[INFO] [stderr]   -- Performing Test HAVE_FLAG_-Wnull-dereference
[INFO] [stderr]   -- Performing Test HAVE_FLAG_-Wnull-dereference - Success
[INFO] [stderr]   -- Performing Test HAVE_FLAG_-Wjump-misses-init
[INFO] [stderr]   -- Performing Test HAVE_FLAG_-Wjump-misses-init - Failed
[INFO] [stderr]   -- Performing Test HAVE_FLAG_-Wdouble-promotion
[INFO] [stderr]   -- Performing Test HAVE_FLAG_-Wdouble-promotion - Success
[INFO] [stderr]   -- Performing Test HAVE_FLAG_-Wshadow
[INFO] [stderr]   -- Performing Test HAVE_FLAG_-Wshadow - Success
[INFO] [stderr]   -- Performing Test HAVE_FLAG_-Wformat=2
[INFO] [stderr]   -- Performing Test HAVE_FLAG_-Wformat=2 - Success
[INFO] [stderr]   -- Performing Test HAVE_FLAG_-Wextra-semi
[INFO] [stderr]   -- Performing Test HAVE_FLAG_-Wextra-semi - Success
[INFO] [stderr]   -- Performing Test HAVE_FLAG_-pedantic
[INFO] [stderr]   -- Performing Test HAVE_FLAG_-pedantic - Success
[INFO] [stderr]   -- Performing Test HAVE_FLAG_-Wno-class-memaccess
[INFO] [stderr]   -- Performing Test HAVE_FLAG_-Wno-class-memaccess - Success
[INFO] [stderr]   -- Performing Test COMPILER_HAS_HIDDEN_VISIBILITY
[INFO] [stderr]   -- Performing Test COMPILER_HAS_HIDDEN_VISIBILITY - Success
[INFO] [stderr]   -- Performing Test COMPILER_HAS_HIDDEN_INLINE_VISIBILITY
[INFO] [stderr]   -- Performing Test COMPILER_HAS_HIDDEN_INLINE_VISIBILITY - Success
[INFO] [stderr]   -- Performing Test COMPILER_HAS_DEPRECATED_ATTR
[INFO] [stderr]   -- Performing Test COMPILER_HAS_DEPRECATED_ATTR - Success
[INFO] [stderr]   -- Found python interpreter, libs and header files
[INFO] [stderr]   -- Building python interface
[INFO] [stderr]   -- Python CFLAGS:  '-Wno-unused-result -Wsign-compare -DNDEBUG -g -fwrapv -O2 -Wall -g       -fstack-protector-strong -Wformat -Werror=format-security  -g -fwrapv -O2   '
[INFO] [stderr]   -- Python LDFLAGS: '-lcrypt -ldl  -lm'
[INFO] [stderr]   -- Python module will be installed to : '/opt/rustwide/target/debug/build/cryptominisat-18ae35f39ff2c2ab/out'
[INFO] [stderr]   -- Configuring done
[INFO] [stderr]   -- Generating done
[INFO] [stderr]   -- Build files have been written to: /opt/rustwide/target/debug/build/cryptominisat-18ae35f39ff2c2ab/out/build
[INFO] [stderr]   running: cd "/opt/rustwide/target/debug/build/cryptominisat-18ae35f39ff2c2ab/out/build" && MAKEFLAGS="-j --jobserver-fds=11,12 --jobserver-auth=11,12" "cmake" "--build" "." "--target" "install" "--config" "Debug" "--"
[INFO] [stderr]   [  2%] Building CXX object cmsat5-src/CMakeFiles/libcryptominisat5.dir/cnf.cpp.o
[INFO] [stderr]   [  4%] Building CXX object cmsat5-src/CMakeFiles/libcryptominisat5.dir/propengine.cpp.o
[INFO] [stderr]   [  7%] Building CXX object cmsat5-src/CMakeFiles/libcryptominisat5.dir/clausecleaner.cpp.o
[INFO] [stderr]   [  9%] Building CXX object cmsat5-src/CMakeFiles/libcryptominisat5.dir/varreplacer.cpp.o
[INFO] [stderr]   [ 11%] Building CXX object cmsat5-src/CMakeFiles/libcryptominisat5.dir/clauseusagestats.cpp.o
[INFO] [stderr]   [ 14%] Building CXX object cmsat5-src/CMakeFiles/libcryptominisat5.dir/occsimplifier.cpp.o
[INFO] [stderr]   [ 16%] Building CXX object cmsat5-src/CMakeFiles/libcryptominisat5.dir/subsumestrengthen.cpp.o
[INFO] [stderr]   [ 19%] Building CXX object cmsat5-src/CMakeFiles/libcryptominisat5.dir/clauseallocator.cpp.o
[INFO] [stderr]   [ 23%] Building CXX object cmsat5-src/CMakeFiles/libcryptominisat5.dir/sccfinder.cpp.o
[INFO] [stderr]   [ 23%] Building CXX object cmsat5-src/CMakeFiles/libcryptominisat5.dir/prober.cpp.o
[INFO] [stderr]   [ 28%] Building CXX object cmsat5-src/CMakeFiles/libcryptominisat5.dir/solverconf.cpp.o
[INFO] [stderr]   [ 28%] Building CXX object cmsat5-src/CMakeFiles/libcryptominisat5.dir/distillerlong.cpp.o
[INFO] [stderr]   [ 30%] Building CXX object cmsat5-src/CMakeFiles/libcryptominisat5.dir/distillerlongwithimpl.cpp.o
[INFO] [stderr]   [ 33%] Building CXX object cmsat5-src/CMakeFiles/libcryptominisat5.dir/str_impl_w_impl_stamp.cpp.o
[INFO] [stderr]   Copying cryptominisat_c.h to /opt/rustwide/target/debug/build/cryptominisat-18ae35f39ff2c2ab/out/build/include/cryptominisat5
[INFO] [stderr]   [ 35%] Building CXX object cmsat5-src/CMakeFiles/libcryptominisat5.dir/solutionextender.cpp.o
[INFO] [stderr]   Copying cryptominisat.h to /opt/rustwide/target/debug/build/cryptominisat-18ae35f39ff2c2ab/out/build/include/cryptominisat5
[INFO] [stderr]   Copying solvertypesmini.h to /opt/rustwide/target/debug/build/cryptominisat-18ae35f39ff2c2ab/out/build/include/cryptominisat5
[INFO] [stderr]   Copying dimacsparser.h to /opt/rustwide/target/debug/build/cryptominisat-18ae35f39ff2c2ab/out/build/include/cryptominisat5
[INFO] [stderr]   Copying streambuffer.h to /opt/rustwide/target/debug/build/cryptominisat-18ae35f39ff2c2ab/out/build/include/cryptominisat5
[INFO] [stderr]   [ 35%] Built target CopyPublicHeaders
[INFO] [stderr]   [ 38%] Building CXX object cmsat5-src/CMakeFiles/libcryptominisat5.dir/completedetachreattacher.cpp.o
[INFO] [stderr]   [ 40%] Building CXX object cmsat5-src/CMakeFiles/libcryptominisat5.dir/searcher.cpp.o
[INFO] [stderr]   [ 42%] Building CXX object cmsat5-src/CMakeFiles/libcryptominisat5.dir/solver.cpp.o
[INFO] [stderr] 
[INFO] [stderr]   --- stderr
[INFO] [stderr]   CMake Warning (dev) at /usr/share/cmake-3.22/Modules/GNUInstallDirs.cmake:239 (message):
[INFO] [stderr]     Unable to determine default CMAKE_INSTALL_LIBDIR directory because no
[INFO] [stderr]     target architecture is known.  Please enable at least one language before
[INFO] [stderr]     including GNUInstallDirs.
[INFO] [stderr]   Call Stack (most recent call first):
[INFO] [stderr]     CMakeLists.txt:26 (include)
[INFO] [stderr]   This warning is for project developers.  Use -Wno-dev to suppress it.
[INFO] [stderr] 
[INFO] [stderr]   CMake Warning (dev) at /usr/share/cmake-3.22/Modules/FindPackageHandleStandardArgs.cmake:438 (message):
[INFO] [stderr]     The package name passed to `find_package_handle_standard_args` (VALGRIND)
[INFO] [stderr]     does not match the name of the calling package (Valgrind).  This can lead
[INFO] [stderr]     to problems in calling code that expects `find_package` result variables
[INFO] [stderr]     (e.g., `_FOUND`) to follow a certain pattern.
[INFO] [stderr]   Call Stack (most recent call first):
[INFO] [stderr]     cmake/FindValgrind.cmake:18 (find_package_handle_standard_args)
[INFO] [stderr]     CMakeLists.txt:491 (find_package)
[INFO] [stderr]   This warning is for project developers.  Use -Wno-dev to suppress it.
[INFO] [stderr] 
[INFO] [stderr]   CMake Warning (dev) at /usr/share/cmake-3.22/Modules/FindPackageHandleStandardArgs.cmake:438 (message):
[INFO] [stderr]     The package name passed to `find_package_handle_standard_args` (m4ri) does
[INFO] [stderr]     not match the name of the calling package (M4RI).  This can lead to
[INFO] [stderr]     problems in calling code that expects `find_package` result variables
[INFO] [stderr]     (e.g., `_FOUND`) to follow a certain pattern.
[INFO] [stderr]   Call Stack (most recent call first):
[INFO] [stderr]     cmake/FindM4RI.cmake:60 (find_package_handle_standard_args)
[INFO] [stderr]     CMakeLists.txt:506 (find_package)
[INFO] [stderr]   This warning is for project developers.  Use -Wno-dev to suppress it.
[INFO] [stderr] 
[INFO] [stderr]   CMake Warning at CMakeLists.txt:511 (MESSAGE):
[INFO] [stderr]     Did not find M4RI, XOR detection&manipulation disabled
[INFO] [stderr] 
[INFO] [stderr] 
[INFO] [stderr]   CMake Warning at CMakeLists.txt:635 (message):
[INFO] [stderr]     Testing is disabled
[INFO] [stderr] 
[INFO] [stderr] 
[INFO] [stderr]   /opt/rustwide/cargo-home/registry/src/github.com-1ecc6299db9ec823/cryptominisat-5.6.3/cryptominisat/src/varreplacer.cpp: In member function 'void CMSat::VarReplacer::save_state(CMSat::SimpleOutFile&) const':
[INFO] [stderr]   /opt/rustwide/cargo-home/registry/src/github.com-1ecc6299db9ec823/cryptominisat-5.6.3/cryptominisat/src/varreplacer.cpp:1277:55: warning: loop variable 'elem' of type 'const std::pair<unsigned int, std::vector<unsigned int> >&' binds to a temporary constructed from type 'const std::pair<const unsigned int, std::vector<unsigned int> >' [-Wrange-loop-construct]
[INFO] [stderr]    1277 |     for(const std::pair<uint32_t, vector<uint32_t> >& elem: reverseTable)
[INFO] [stderr]         |                                                       ^~~~
[INFO] [stderr]   /opt/rustwide/cargo-home/registry/src/github.com-1ecc6299db9ec823/cryptominisat-5.6.3/cryptominisat/src/varreplacer.cpp:1277:55: note: use non-reference type 'const std::pair<unsigned int, std::vector<unsigned int> >' to make the copy explicit or 'const std::pair<const unsigned int, std::vector<unsigned int> >&' to prevent copying
[INFO] [stderr]   c++: fatal error: Killed signal terminated program cc1plus
[INFO] [stderr]   compilation terminated.
[INFO] [stderr]   gmake[2]: *** [cmsat5-src/CMakeFiles/libcryptominisat5.dir/build.make:160: cmsat5-src/CMakeFiles/libcryptominisat5.dir/occsimplifier.cpp.o] Error 1
[INFO] [stderr]   gmake[2]: *** Waiting for unfinished jobs....
[INFO] [stderr]   c++: fatal error: Killed signal terminated program cc1plus
[INFO] [stderr]   compilation terminated.
[INFO] [stderr]   gmake[2]: *** [cmsat5-src/CMakeFiles/libcryptominisat5.dir/build.make:272: cmsat5-src/CMakeFiles/libcryptominisat5.dir/solutionextender.cpp.o] Error 1
[INFO] [stderr]   c++: fatal error: Killed signal terminated program cc1plus
[INFO] [stderr]   compilation terminated.
[INFO] [stderr]   gmake[2]: *** [cmsat5-src/CMakeFiles/libcryptominisat5.dir/build.make:244: cmsat5-src/CMakeFiles/libcryptominisat5.dir/distillerlongwithimpl.cpp.o] Error 1
[INFO] [stderr]   /opt/rustwide/cargo-home/registry/src/github.com-1ecc6299db9ec823/cryptominisat-5.6.3/cryptominisat/src/searcher.cpp: In member function 'CMSat::lbool CMSat::Searcher::solve(uint64_t, unsigned int)':
[INFO] [stderr]   /opt/rustwide/cargo-home/registry/src/github.com-1ecc6299db9ec823/cryptominisat-5.6.3/cryptominisat/src/searcher.cpp:2179:22: warning: unused parameter 'upper_level_iteration_num' [-Wunused-parameter]
[INFO] [stderr]    2179 |     , const unsigned upper_level_iteration_num
[INFO] [stderr]         |       ~~~~~~~~~~~~~~~^~~~~~~~~~~~~~~~~~~~~~~~~
[INFO] [stderr]   /opt/rustwide/cargo-home/registry/src/github.com-1ecc6299db9ec823/cryptominisat-5.6.3/cryptominisat/src/solver.cpp: In member function 'std::vector<std::pair<CMSat::Lit, CMSat::Lit> > CMSat::Solver::get_all_binary_xors() const':
[INFO] [stderr]   /opt/rustwide/cargo-home/registry/src/github.com-1ecc6299db9ec823/cryptominisat-5.6.3/cryptominisat/src/solver.cpp:3019:35: warning: loop variable 'val' creates a copy from type 'const std::pair<CMSat::Lit, CMSat::Lit>' [-Wrange-loop-construct]
[INFO] [stderr]    3019 |     for(const std::pair<Lit, Lit> val: ret) {
[INFO] [stderr]         |                                   ^~~
[INFO] [stderr]   /opt/rustwide/cargo-home/registry/src/github.com-1ecc6299db9ec823/cryptominisat-5.6.3/cryptominisat/src/solver.cpp:3019:35: note: use reference type to prevent copying
[INFO] [stderr]    3019 |     for(const std::pair<Lit, Lit> val: ret) {
[INFO] [stderr]         |                                   ^~~
[INFO] [stderr]         |                                   &
[INFO] [stderr]   gmake[1]: *** [CMakeFiles/Makefile2:148: cmsat5-src/CMakeFiles/libcryptominisat5.dir/all] Error 2
[INFO] [stderr]   gmake: *** [Makefile:136: all] Error 2
[INFO] [stderr]   thread 'main' panicked at '
[INFO] [stderr]   command did not execute successfully, got: exit status: 2
[INFO] [stderr] 
[INFO] [stderr]   build script failed, must exit now', /opt/rustwide/cargo-home/registry/src/github.com-1ecc6299db9ec823/cmake-0.1.42/src/lib.rs:861:5
[INFO] [stderr]   stack backtrace:
[INFO] [stderr]      0:     0x55eadc3ffb1a - std::backtrace_rs::backtrace::libunwind::trace::ha9053a9a07ca49cb
[INFO] [stderr]                                  at /rustc/84c898d65adf2f39a5a98507f1fe0ce10a2b8dbc/library/std/src/../../backtrace/src/backtrace/libunwind.rs:93:5
[INFO] [stderr]      1:     0x55eadc3ffb1a - std::backtrace_rs::backtrace::trace_unsynchronized::h9c2852a457ad564e
[INFO] [stderr]                                  at /rustc/84c898d65adf2f39a5a98507f1fe0ce10a2b8dbc/library/std/src/../../backtrace/src/backtrace/mod.rs:66:5
[INFO] [stderr]      2:     0x55eadc3ffb1a - std::sys_common::backtrace::_print_fmt::h457936fbfaa0070f
[INFO] [stderr]                                  at /rustc/84c898d65adf2f39a5a98507f1fe0ce10a2b8dbc/library/std/src/sys_common/backtrace.rs:65:5
[INFO] [stderr]      3:     0x55eadc3ffb1a - <std::sys_common::backtrace::_print::DisplayBacktrace as core::fmt::Display>::fmt::h5779d7bf7f70cb0c
[INFO] [stderr]                                  at /rustc/84c898d65adf2f39a5a98507f1fe0ce10a2b8dbc/library/std/src/sys_common/backtrace.rs:44:22
[INFO] [stderr]      4:     0x55eadc41f5de - core::fmt::write::h5a4baaff1bcd3eb5
[INFO] [stderr]                                  at /rustc/84c898d65adf2f39a5a98507f1fe0ce10a2b8dbc/library/core/src/fmt/mod.rs:1232:17
[INFO] [stderr]      5:     0x55eadc3fce55 - std::io::Write::write_fmt::h4bc1f301cb9e9cce
[INFO] [stderr]                                  at /rustc/84c898d65adf2f39a5a98507f1fe0ce10a2b8dbc/library/std/src/io/mod.rs:1684:15
[INFO] [stderr]      6:     0x55eadc3ff8e5 - std::sys_common::backtrace::_print::h5fcdc36060f177e8
[INFO] [stderr]                                  at /rustc/84c898d65adf2f39a5a98507f1fe0ce10a2b8dbc/library/std/src/sys_common/backtrace.rs:47:5
[INFO] [stderr]      7:     0x55eadc3ff8e5 - std::sys_common::backtrace::print::h54ca9458b876c8bf
[INFO] [stderr]                                  at /rustc/84c898d65adf2f39a5a98507f1fe0ce10a2b8dbc/library/std/src/sys_common/backtrace.rs:34:9
[INFO] [stderr]      8:     0x55eadc40115f - std::panicking::default_hook::{{closure}}::hbe471161c7664ed6
[INFO] [stderr]                                  at /rustc/84c898d65adf2f39a5a98507f1fe0ce10a2b8dbc/library/std/src/panicking.rs:271:22
[INFO] [stderr]      9:     0x55eadc400e9b - std::panicking::default_hook::ha3500da57aa4ac4f
[INFO] [stderr]                                  at /rustc/84c898d65adf2f39a5a98507f1fe0ce10a2b8dbc/library/std/src/panicking.rs:290:9
[INFO] [stderr]     10:     0x55eadc401708 - std::panicking::rust_panic_with_hook::h50c09d000dc561d2
[INFO] [stderr]                                  at /rustc/84c898d65adf2f39a5a98507f1fe0ce10a2b8dbc/library/std/src/panicking.rs:692:13
[INFO] [stderr]     11:     0x55eadc401609 - std::panicking::begin_panic_handler::{{closure}}::h9e2b2176e00e0d9c
[INFO] [stderr]                                  at /rustc/84c898d65adf2f39a5a98507f1fe0ce10a2b8dbc/library/std/src/panicking.rs:583:13
[INFO] [stderr]     12:     0x55eadc3fff86 - std::sys_common::backtrace::__rust_end_short_backtrace::h5739b8e512c09d02
[INFO] [stderr]                                  at /rustc/84c898d65adf2f39a5a98507f1fe0ce10a2b8dbc/library/std/src/sys_common/backtrace.rs:150:18
[INFO] [stderr]     13:     0x55eadc401312 - rust_begin_unwind
[INFO] [stderr]                                  at /rustc/84c898d65adf2f39a5a98507f1fe0ce10a2b8dbc/library/std/src/panicking.rs:579:5
[INFO] [stderr]     14:     0x55eadc39c753 - core::panicking::panic_fmt::hf33a1475b4dc5c3e
[INFO] [stderr]                                  at /rustc/84c898d65adf2f39a5a98507f1fe0ce10a2b8dbc/library/core/src/panicking.rs:64:14
[INFO] [stderr]     15:     0x55eadc3a488f - cmake::fail::h31371555030ff92b
[INFO] [stderr]     16:     0x55eadc3a42f3 - cmake::run::h7f2c00a382562cc2
[INFO] [stderr]     17:     0x55eadc3a19d5 - cmake::Config::build::h5e8c3fc7e072dfc2
[INFO] [stderr]     18:     0x55eadc39cdd3 - cmake::build::ha13a0a4645471dc6
[INFO] [stderr]     19:     0x55eadc39d412 - build_script_build::main::hd63785445089d973
[INFO] [stderr]     20:     0x55eadc39d763 - core::ops::function::FnOnce::call_once::h9f74f654beff2761
[INFO] [stderr]     21:     0x55eadc39d579 - std::sys_common::backtrace::__rust_begin_short_backtrace::h9198647649008fa1
[INFO] [stderr]     22:     0x55eadc39d5c9 - std::rt::lang_start::{{closure}}::hfddbf3381b138fb8
[INFO] [stderr]     23:     0x55eadc3f922c - core::ops::function::impls::<impl core::ops::function::FnOnce<A> for &F>::call_once::hd6efcd3bec896f2c
[INFO] [stderr]                                  at /rustc/84c898d65adf2f39a5a98507f1fe0ce10a2b8dbc/library/core/src/ops/function.rs:287:13
[INFO] [stderr]     24:     0x55eadc3f922c - std::panicking::try::do_call::hce04e543bb1f4cbb
[INFO] [stderr]                                  at /rustc/84c898d65adf2f39a5a98507f1fe0ce10a2b8dbc/library/std/src/panicking.rs:487:40
[INFO] [stderr]     25:     0x55eadc3f922c - std::panicking::try::h3342dd4e1f680968
[INFO] [stderr]                                  at /rustc/84c898d65adf2f39a5a98507f1fe0ce10a2b8dbc/library/std/src/panicking.rs:451:19
[INFO] [stderr]     26:     0x55eadc3f922c - std::panic::catch_unwind::h148ce1e59ac0cee7
[INFO] [stderr]                                  at /rustc/84c898d65adf2f39a5a98507f1fe0ce10a2b8dbc/library/std/src/panic.rs:140:14
[INFO] [stderr]     27:     0x55eadc3f922c - std::rt::lang_start_internal::{{closure}}::h25f9dda2057a67fe
[INFO] [stderr]                                  at /rustc/84c898d65adf2f39a5a98507f1fe0ce10a2b8dbc/library/std/src/rt.rs:148:48
[INFO] [stderr]     28:     0x55eadc3f922c - std::panicking::try::do_call::h7caaaeaf9401650b
[INFO] [stderr]                                  at /rustc/84c898d65adf2f39a5a98507f1fe0ce10a2b8dbc/library/std/src/panicking.rs:487:40
[INFO] [stderr]     29:     0x55eadc3f922c - std::panicking::try::he7d15285746cbbc2
[INFO] [stderr]                                  at /rustc/84c898d65adf2f39a5a98507f1fe0ce10a2b8dbc/library/std/src/panicking.rs:451:19
[INFO] [stderr]     30:     0x55eadc3f922c - std::panic::catch_unwind::h89fb4f50c0301fe0
[INFO] [stderr]                                  at /rustc/84c898d65adf2f39a5a98507f1fe0ce10a2b8dbc/library/std/src/panic.rs:140:14
[INFO] [stderr]     31:     0x55eadc3f922c - std::rt::lang_start_internal::h078acd489417d3c1
[INFO] [stderr]                                  at /rustc/84c898d65adf2f39a5a98507f1fe0ce10a2b8dbc/library/std/src/rt.rs:148:20
[INFO] [stderr]     32:     0x55eadc39d5a7 - std::rt::lang_start::h44f434d6a3d9c9c4
[INFO] [stderr]     33:     0x55eadc39d535 - main
[INFO] [stderr]     34:     0x7f2a3d7a5d90 - <unknown>
[INFO] [stderr]     35:     0x7f2a3d7a5e40 - __libc_start_main
[INFO] [stderr]     36:     0x55eadc39cc85 - _start
[INFO] [stderr]     37:                0x0 - <unknown>
[INFO] running `Command { std: "docker" "inspect" "37ce4318200c2cab005306623a2e3eda99a37f5c6316c59dc25db4656c6b5b85", kill_on_drop: false }`
[INFO] running `Command { std: "docker" "rm" "-f" "37ce4318200c2cab005306623a2e3eda99a37f5c6316c59dc25db4656c6b5b85", kill_on_drop: false }`
[INFO] [stdout] 37ce4318200c2cab005306623a2e3eda99a37f5c6316c59dc25db4656c6b5b85
