[INFO] cloning repository https://github.com/meech1109/solana
[INFO] running `Command { std: "git" "-c" "credential.helper=" "-c" "credential.helper=/workspace/cargo-home/bin/git-credential-null" "clone" "--bare" "https://github.com/meech1109/solana" "/workspace/cache/git-repos/https%3A%2F%2Fgithub.com%2Fmeech1109%2Fsolana", kill_on_drop: false }`
[INFO] [stderr] Cloning into bare repository '/workspace/cache/git-repos/https%3A%2F%2Fgithub.com%2Fmeech1109%2Fsolana'...
[INFO] running `Command { std: "git" "rev-parse" "HEAD", kill_on_drop: false }`
[INFO] [stdout] 613c7b8444d51824fd4f2168e9e6ce1cd9f66bb2
[INFO] documenting meech1109/solana against 1.69.0 for beta-1.70-rustdoc-1
[INFO] running `Command { std: "git" "clone" "/workspace/cache/git-repos/https%3A%2F%2Fgithub.com%2Fmeech1109%2Fsolana" "/workspace/builds/worker-1-tc1/source", kill_on_drop: false }`
[INFO] [stderr] Cloning into '/workspace/builds/worker-1-tc1/source'...
[INFO] [stderr] done.
[INFO] validating manifest of git repo https://github.com/meech1109/solana on toolchain 1.69.0
[INFO] running `Command { std: CARGO_HOME="/workspace/cargo-home" RUSTUP_HOME="/workspace/rustup-home" "/workspace/cargo-home/bin/cargo" "+1.69.0" "metadata" "--manifest-path" "Cargo.toml" "--no-deps", kill_on_drop: false }`
[INFO] started tweaking git repo https://github.com/meech1109/solana
[INFO] finished tweaking git repo https://github.com/meech1109/solana
[INFO] tweaked toml for git repo https://github.com/meech1109/solana written to /workspace/builds/worker-1-tc1/source/Cargo.toml
[INFO] crate git repo https://github.com/meech1109/solana already has a lockfile, it will not be regenerated
[INFO] running `Command { std: CARGO_HOME="/workspace/cargo-home" RUSTUP_HOME="/workspace/rustup-home" "/workspace/cargo-home/bin/cargo" "+1.69.0" "fetch" "--manifest-path" "Cargo.toml", kill_on_drop: false }`
[INFO] [stderr]     Blocking waiting for file lock on package cache
[INFO] [stderr]  Downloading crates ...
[INFO] [stderr]   Downloaded solana-logger v1.7.6
[INFO] [stderr]   Downloaded solana-frozen-abi-macro v1.7.6
[INFO] [stderr]   Downloaded solana-frozen-abi v1.7.6
[INFO] [stderr]   Downloaded solana-sdk-macro v1.7.6
[INFO] [stderr]   Downloaded sysctl v0.4.2
[INFO] [stderr]   Downloaded arc-swap v1.2.0
[INFO] [stderr]   Downloaded goblin v0.4.2
[INFO] [stderr]   Downloaded tarpc-plugins v0.11.0
[INFO] [stderr]   Downloaded tarpc v0.26.2
[INFO] [stderr]   Downloaded utf8-width v0.1.3
[INFO] [stderr]   Downloaded fd-lock v3.0.0
[INFO] [stderr]   Downloaded tikv-jemallocator v0.4.1
[INFO] [stderr]   Downloaded systemstat v0.1.8
[INFO] [stderr]   Downloaded filedescriptor v0.8.0
[INFO] [stderr]   Downloaded blake3 v1.1.0
[INFO] [stderr]   Downloaded solana_rbpf v0.2.14
[INFO] [stderr]   Downloaded solana-program v1.7.6
[INFO] [stderr]   Downloaded byte-unit v4.0.13
[INFO] [stderr]   Downloaded signal-hook v0.2.3
[INFO] [stderr]   Downloaded criterion-stats v0.3.0
[INFO] [stderr]   Downloaded etcd-client v0.7.2
[INFO] [stderr]   Downloaded tikv-jemalloc-sys v0.4.2+5.2.1-patched.2
[INFO] [stderr]   Downloaded raptorq v1.6.4
[INFO] [stderr]   Downloaded bytesize v1.0.1
[INFO] [stderr]   Downloaded soketto v0.7.0
[INFO] running `Command { std: "docker" "create" "-v" "/var/lib/crater-agent-workspace/builds/worker-1-tc1/target:/opt/rustwide/target:rw,Z" "-v" "/var/lib/crater-agent-workspace/builds/worker-1-tc1/source:/opt/rustwide/workdir:ro,Z" "-v" "/var/lib/crater-agent-workspace/cargo-home:/opt/rustwide/cargo-home:ro,Z" "-v" "/var/lib/crater-agent-workspace/rustup-home:/opt/rustwide/rustup-home:ro,Z" "-e" "SOURCE_DIR=/opt/rustwide/workdir" "-e" "CARGO_TARGET_DIR=/opt/rustwide/target" "-e" "CARGO_HOME=/opt/rustwide/cargo-home" "-e" "RUSTUP_HOME=/opt/rustwide/rustup-home" "-w" "/opt/rustwide/workdir" "-m" "1610612736" "--user" "0:0" "--network" "none" "ghcr.io/rust-lang/crates-build-env/linux@sha256:5ff2268d62e97bff2cde7d5815dd6ed5b47097566f13b8d0ca110b04b60e07ed" "/opt/rustwide/cargo-home/bin/cargo" "+1.69.0" "metadata" "--no-deps" "--format-version=1", kill_on_drop: false }`
[INFO] [stdout] f8153b6beb8079cdccc81788f79ed831b389a07b2e63e87f1614921346a1c4b6
[INFO] running `Command { std: "docker" "start" "-a" "f8153b6beb8079cdccc81788f79ed831b389a07b2e63e87f1614921346a1c4b6", kill_on_drop: false }`
[INFO] running `Command { std: "docker" "inspect" "f8153b6beb8079cdccc81788f79ed831b389a07b2e63e87f1614921346a1c4b6", kill_on_drop: false }`
[INFO] running `Command { std: "docker" "rm" "-f" "f8153b6beb8079cdccc81788f79ed831b389a07b2e63e87f1614921346a1c4b6", kill_on_drop: false }`
[INFO] [stdout] f8153b6beb8079cdccc81788f79ed831b389a07b2e63e87f1614921346a1c4b6
[INFO] running `Command { std: "docker" "create" "-v" "/var/lib/crater-agent-workspace/builds/worker-1-tc1/target:/opt/rustwide/target:rw,Z" "-v" "/var/lib/crater-agent-workspace/builds/worker-1-tc1/source:/opt/rustwide/workdir:ro,Z" "-v" "/var/lib/crater-agent-workspace/cargo-home:/opt/rustwide/cargo-home:ro,Z" "-v" "/var/lib/crater-agent-workspace/rustup-home:/opt/rustwide/rustup-home:ro,Z" "-e" "SOURCE_DIR=/opt/rustwide/workdir" "-e" "CARGO_TARGET_DIR=/opt/rustwide/target" "-e" "CARGO_INCREMENTAL=0" "-e" "RUST_BACKTRACE=full" "-e" "RUSTFLAGS=--cap-lints=warn" "-e" "RUSTDOCFLAGS=--cap-lints=warn" "-e" "CARGO_HOME=/opt/rustwide/cargo-home" "-e" "RUSTUP_HOME=/opt/rustwide/rustup-home" "-w" "/opt/rustwide/workdir" "-m" "1610612736" "--user" "0:0" "--network" "none" "ghcr.io/rust-lang/crates-build-env/linux@sha256:5ff2268d62e97bff2cde7d5815dd6ed5b47097566f13b8d0ca110b04b60e07ed" "/opt/rustwide/cargo-home/bin/cargo" "+1.69.0" "doc" "--frozen" "--no-deps" "--document-private-items" "--message-format=json", kill_on_drop: false }`
[INFO] [stdout] 7263261cf70aa4f6c382399d0e6ea5b80c717bbded5fe12f0dca4bba2ff55823
[INFO] running `Command { std: "docker" "start" "-a" "7263261cf70aa4f6c382399d0e6ea5b80c717bbded5fe12f0dca4bba2ff55823", kill_on_drop: false }`
[INFO] [stderr] warning: output filename collision.
[INFO] [stderr] The bin target `solana-faucet` in package `solana-faucet v1.9.0 (/opt/rustwide/workdir/faucet)` has the same output filename as the lib target `solana_faucet` in package `solana-faucet v1.9.0 (/opt/rustwide/workdir/faucet)`.
[INFO] [stderr] Colliding filename is: /opt/rustwide/target/doc/solana_faucet/index.html
[INFO] [stderr] The output filenames should be unique.
[INFO] [stderr] This is a known bug where multiple crates with the same name use
[INFO] [stderr] the same path; see <https://github.com/rust-lang/cargo/issues/6313>.
[INFO] [stderr] If this looks unexpected, it may be a bug in Cargo. Please file a bug report at
[INFO] [stderr] https://github.com/rust-lang/cargo/issues/ with as much information as you
[INFO] [stderr] can provide.
[INFO] [stderr] cargo 1.69.0 (6e9a83356 2023-04-12) running on `x86_64-unknown-linux-gnu` target `x86_64-unknown-linux-gnu`
[INFO] [stderr] First unit: Unit { pkg: Package { id: PackageId { name: "solana-faucet", version: "1.9.0", source: "/opt/rustwide/workdir/faucet" }, ..: ".." }, target: TargetInner { name: "solana-faucet", doc: true, ..: with_path("/opt/rustwide/workdir/faucet/src/bin/faucet.rs", Edition2018) }, profile: Profile { split_debuginfo: Some("unpacked"), incremental: false, ..: default_dev() }, kind: Host, mode: Doc { deps: false }, features: [], artifact: false, artifact_target_for_features: None, is_std: false, dep_hash: 2224292185441109591 }
[INFO] [stderr] Second unit: Unit { pkg: Package { id: PackageId { name: "solana-faucet", version: "1.9.0", source: "/opt/rustwide/workdir/faucet" }, ..: ".." }, target: TargetInner { ..: lib_target("solana_faucet", ["lib"], "/opt/rustwide/workdir/faucet/src/lib.rs", Edition2018) }, profile: Profile { split_debuginfo: Some("unpacked"), incremental: false, ..: default_dev() }, kind: Host, mode: Doc { deps: false }, features: [], artifact: false, artifact_target_for_features: None, is_std: false, dep_hash: 5061779034037610468 }
[INFO] [stderr] warning: output filename collision.
[INFO] [stderr] The bin target `solana-genesis` in package `solana-genesis v1.9.0 (/opt/rustwide/workdir/genesis)` has the same output filename as the lib target `solana_genesis` in package `solana-genesis v1.9.0 (/opt/rustwide/workdir/genesis)`.
[INFO] [stderr] Colliding filename is: /opt/rustwide/target/doc/solana_genesis/index.html
[INFO] [stderr] The output filenames should be unique.
[INFO] [stderr] This is a known bug where multiple crates with the same name use
[INFO] [stderr] the same path; see <https://github.com/rust-lang/cargo/issues/6313>.
[INFO] [stderr] If this looks unexpected, it may be a bug in Cargo. Please file a bug report at
[INFO] [stderr] https://github.com/rust-lang/cargo/issues/ with as much information as you
[INFO] [stderr] can provide.
[INFO] [stderr] cargo 1.69.0 (6e9a83356 2023-04-12) running on `x86_64-unknown-linux-gnu` target `x86_64-unknown-linux-gnu`
[INFO] [stderr] First unit: Unit { pkg: Package { id: PackageId { name: "solana-genesis", version: "1.9.0", source: "/opt/rustwide/workdir/genesis" }, ..: ".." }, target: TargetInner { name: "solana-genesis", doc: true, ..: with_path("/opt/rustwide/workdir/genesis/src/main.rs", Edition2018) }, profile: Profile { split_debuginfo: Some("unpacked"), incremental: false, ..: default_dev() }, kind: Host, mode: Doc { deps: false }, features: [], artifact: false, artifact_target_for_features: None, is_std: false, dep_hash: 12316519574273739838 }
[INFO] [stderr] Second unit: Unit { pkg: Package { id: PackageId { name: "solana-genesis", version: "1.9.0", source: "/opt/rustwide/workdir/genesis" }, ..: ".." }, target: TargetInner { ..: lib_target("solana_genesis", ["lib"], "/opt/rustwide/workdir/genesis/src/lib.rs", Edition2018) }, profile: Profile { split_debuginfo: Some("unpacked"), incremental: false, ..: default_dev() }, kind: Host, mode: Doc { deps: false }, features: [], artifact: false, artifact_target_for_features: None, is_std: false, dep_hash: 4934543192529598327 }
[INFO] [stderr] warning: output filename collision.
[INFO] [stderr] The bin target `solana-sys-tuner` in package `solana-sys-tuner v1.9.0 (/opt/rustwide/workdir/sys-tuner)` has the same output filename as the lib target `solana_sys_tuner` in package `solana-sys-tuner v1.9.0 (/opt/rustwide/workdir/sys-tuner)`.
[INFO] [stderr] Colliding filename is: /opt/rustwide/target/doc/solana_sys_tuner/index.html
[INFO] [stderr] The output filenames should be unique.
[INFO] [stderr] This is a known bug where multiple crates with the same name use
[INFO] [stderr] the same path; see <https://github.com/rust-lang/cargo/issues/6313>.
[INFO] [stderr] If this looks unexpected, it may be a bug in Cargo. Please file a bug report at
[INFO] [stderr] https://github.com/rust-lang/cargo/issues/ with as much information as you
[INFO] [stderr] can provide.
[INFO] [stderr] cargo 1.69.0 (6e9a83356 2023-04-12) running on `x86_64-unknown-linux-gnu` target `x86_64-unknown-linux-gnu`
[INFO] [stderr] First unit: Unit { pkg: Package { id: PackageId { name: "solana-sys-tuner", version: "1.9.0", source: "/opt/rustwide/workdir/sys-tuner" }, ..: ".." }, target: TargetInner { name: "solana-sys-tuner", doc: true, ..: with_path("/opt/rustwide/workdir/sys-tuner/src/main.rs", Edition2018) }, profile: Profile { split_debuginfo: Some("unpacked"), incremental: false, ..: default_dev() }, kind: Host, mode: Doc { deps: false }, features: [], artifact: false, artifact_target_for_features: None, is_std: false, dep_hash: 13442350101967846057 }
[INFO] [stderr] Second unit: Unit { pkg: Package { id: PackageId { name: "solana-sys-tuner", version: "1.9.0", source: "/opt/rustwide/workdir/sys-tuner" }, ..: ".." }, target: TargetInner { ..: lib_target("solana_sys_tuner", ["lib"], "/opt/rustwide/workdir/sys-tuner/src/lib.rs", Edition2018) }, profile: Profile { split_debuginfo: Some("unpacked"), incremental: false, ..: default_dev() }, kind: Host, mode: Doc { deps: false }, features: [], artifact: false, artifact_target_for_features: None, is_std: false, dep_hash: 10151240732043784939 }
[INFO] [stderr]    Compiling proc-macro2 v1.0.24
[INFO] [stderr]    Compiling unicode-xid v0.2.0
[INFO] [stderr]    Compiling syn v1.0.67
[INFO] [stderr]    Compiling libc v0.2.104
[INFO] [stderr]    Compiling autocfg v1.0.0
[INFO] [stderr]     Checking cfg-if v1.0.0
[INFO] [stderr]    Compiling version_check v0.9.2
[INFO] [stderr]    Compiling serde_derive v1.0.130
[INFO] [stderr]    Compiling serde v1.0.130
[INFO] [stderr]     Checking spin v0.5.2
[INFO] [stderr]    Compiling memchr v2.4.0
[INFO] [stderr]    Compiling log v0.4.14
[INFO] [stderr]    Compiling typenum v1.12.0
[INFO] [stderr]     Checking cfg-if v0.1.10
[INFO] [stderr]     Checking once_cell v1.8.0
[INFO] [stderr]     Checking scopeguard v1.1.0
[INFO] [stderr]     Checking either v1.5.3
[INFO] [stderr]     Checking byteorder v1.4.3
[INFO] [stderr]     Checking lazy_static v1.4.0
[INFO] [stderr]     Checking pin-project-lite v0.2.7
[INFO] [stderr]     Checking ppv-lite86 v0.2.8
[INFO] [stderr]     Checking futures v0.1.29
[INFO] [stderr]     Checking bytes v1.0.1
[INFO] [stderr]    Compiling futures-core v0.3.17
[INFO] [stderr]     Checking slab v0.4.2
[INFO] [stderr]    Compiling proc-macro-hack v0.5.19
[INFO] [stderr]    Compiling generic-array v0.14.4
[INFO] [stderr]     Checking smallvec v1.6.1
[INFO] [stderr]    Compiling parking_lot_core v0.8.5
[INFO] [stderr]     Checking instant v0.1.10
[INFO] [stderr]     Checking subtle v2.2.2
[INFO] [stderr]    Compiling semver v1.0.4
[INFO] [stderr]     Checking futures-sink v0.3.17
[INFO] [stderr]    Compiling futures-macro v0.3.17
[INFO] [stderr]     Checking lock_api v0.4.5
[INFO] [stderr]    Compiling futures-channel v0.3.17
[INFO] [stderr]    Compiling proc-macro-nested v0.1.4
[INFO] [stderr]    Compiling futures-task v0.3.17
[INFO] [stderr]     Checking arc-swap v0.4.8
[INFO] [stderr]    Compiling quote v1.0.9
[INFO] [stderr]    Compiling tokio v1.12.0
[INFO] [stderr]    Compiling futures-util v0.3.17
[INFO] [stderr]     Checking futures-io v0.3.17
[INFO] [stderr]     Checking pin-utils v0.1.0
[INFO] [stderr]     Checking itoa v0.4.5
[INFO] [stderr]    Compiling jobserver v0.1.21
[INFO] [stderr]    Compiling getrandom v0.1.14
[INFO] [stderr]    Compiling memoffset v0.6.4
[INFO] [stderr]    Compiling rustc_version v0.4.0
[INFO] [stderr]     Checking regex-syntax v0.6.25
[INFO] [stderr]     Checking fnv v1.0.7
[INFO] [stderr]    Compiling crossbeam-utils v0.8.5
[INFO] [stderr]     Checking block-padding v0.2.1
[INFO] [stderr]     Checking aho-corasick v0.7.18
[INFO] [stderr]    Compiling cc v1.0.67
[INFO] [stderr]     Checking opaque-debug v0.3.0
[INFO] [stderr]    Compiling pkg-config v0.3.17
[INFO] [stderr]     Checking tinyvec_macros v0.1.0
[INFO] [stderr]    Compiling crossbeam-epoch v0.9.5
[INFO] [stderr]     Checking matches v0.1.9
[INFO] [stderr]     Checking bitflags v1.3.2
[INFO] [stderr]     Checking tinyvec v1.1.1
[INFO] [stderr]    Compiling rayon-core v1.9.1
[INFO] [stderr]    Compiling ahash v0.7.6
[INFO] [stderr]     Checking unicode-bidi v0.3.4
[INFO] [stderr]    Compiling rayon v1.5.1
[INFO] [stderr]     Checking num_cpus v1.13.0
[INFO] [stderr]     Checking getrandom v0.2.3
[INFO] [stderr]     Checking signal-hook-registry v1.2.0
[INFO] [stderr]     Checking mio v0.7.13
[INFO] [stderr]     Checking crossbeam-channel v0.5.1
[INFO] [stderr]    Compiling ryu v1.0.4
[INFO] [stderr]    Compiling httparse v1.4.1
[INFO] [stderr]     Checking parking_lot v0.11.2
[INFO] [stderr]     Checking cpufeatures v0.2.1
[INFO] [stderr]     Checking rand_core v0.5.1
[INFO] [stderr]    Compiling indexmap v1.7.0
[INFO] [stderr]     Checking percent-encoding v2.1.0
[INFO] [stderr]     Checking base64 v0.13.0
[INFO] [stderr]     Checking crossbeam-deque v0.8.1
[INFO] [stderr]    Compiling crunchy v0.2.2
[INFO] [stderr]     Checking hashbrown v0.11.2
[INFO] [stderr]     Checking rand_chacha v0.2.2
[INFO] [stderr]     Checking rand_pcg v0.2.1
[INFO] [stderr]     Checking tracing-core v0.1.18
[INFO] [stderr]     Checking unicode-normalization v0.1.16
[INFO] [stderr]    Compiling serde_json v1.0.68
[INFO] [stderr]     Checking atty v0.2.14
[INFO] [stderr]     Checking rand v0.7.3
[INFO] [stderr]    Compiling num-traits v0.2.14
[INFO] [stderr]     Checking humantime v2.0.1
[INFO] [stderr]    Compiling openssl-sys v0.9.57
[INFO] [stderr]    Compiling ring v0.16.20
[INFO] [stderr]    Compiling openssl v0.10.29
[INFO] [stderr]     Checking termcolor v1.1.0
[INFO] [stderr]     Checking foreign-types-shared v0.1.1
[INFO] [stderr]     Checking foreign-types v0.3.2
[INFO] [stderr]     Checking iovec v0.1.4
[INFO] [stderr]     Checking http v0.2.4
[INFO] [stderr]     Checking regex v1.5.4
[INFO] [stderr]     Checking untrusted v0.7.1
[INFO] [stderr]     Checking socket2 v0.4.2
[INFO] [stderr]    Compiling native-tls v0.2.8
[INFO] [stderr]     Checking tower-service v0.3.1
[INFO] [stderr]    Compiling feature-probe v0.1.1
[INFO] [stderr]     Checking openssl-probe v0.1.2
[INFO] [stderr]     Checking try-lock v0.2.2
[INFO] [stderr]     Checking bytes v0.4.12
[INFO] [stderr]     Checking form_urlencoded v1.0.0
[INFO] [stderr]     Checking want v0.3.0
[INFO] [stderr]    Compiling rustversion v1.0.5
[INFO] [stderr]     Checking httpdate v1.0.1
[INFO] [stderr]     Checking idna v0.2.0
[INFO] [stderr]    Compiling bv v0.11.1
[INFO] [stderr]     Checking arrayref v0.3.6
[INFO] [stderr]    Compiling proc-macro2 v0.4.30
[INFO] [stderr]     Checking time v0.1.43
[INFO] [stderr] The following warnings were emitted during compilation:
[INFO] [stderr] 
[INFO] [stderr] warning: build/expando.c:4:24: error: pasting "RUST_VERSION_OPENSSL_" and "(" does not give a valid preprocessing token
[INFO] [stderr] warning:     4 | #define VERSION2(n, v) RUST_VERSION_##n##_##v
[INFO] [stderr] warning:       |                        ^~~~~~~~~~~~~
[INFO] [stderr] warning: build/expando.c:5:23: note: in expansion of macro 'VERSION2'
[INFO] [stderr] warning:     5 | #define VERSION(n, v) VERSION2(n, v)
[INFO] [stderr] warning:       |                       ^~~~~~~~
[INFO] [stderr] warning: build/expando.c:10:1: note: in expansion of macro 'VERSION'
[INFO] [stderr] warning:    10 | VERSION(OPENSSL, OPENSSL_VERSION_NUMBER)
[INFO] [stderr] warning:       | ^~~~~~~
[INFO] [stderr] 
[INFO] [stderr] error: failed to run custom build command for `openssl-sys v0.9.57`
[INFO] [stderr] note: To improve backtraces for build dependencies, set the CARGO_PROFILE_DEV_BUILD_OVERRIDE_DEBUG=true environment variable to enable debug information generation.
[INFO] [stderr] 
[INFO] [stderr] Caused by:
[INFO] [stderr]   process didn't exit successfully: `/opt/rustwide/target/debug/build/openssl-sys-eb809f7a54bd17c6/build-script-main` (exit status: 101)
[INFO] [stderr]   --- stdout
[INFO] [stderr]   cargo:rustc-cfg=const_fn
[INFO] [stderr]   cargo:rerun-if-env-changed=X86_64_UNKNOWN_LINUX_GNU_OPENSSL_LIB_DIR
[INFO] [stderr]   X86_64_UNKNOWN_LINUX_GNU_OPENSSL_LIB_DIR unset
[INFO] [stderr]   cargo:rerun-if-env-changed=OPENSSL_LIB_DIR
[INFO] [stderr]   OPENSSL_LIB_DIR unset
[INFO] [stderr]   cargo:rerun-if-env-changed=X86_64_UNKNOWN_LINUX_GNU_OPENSSL_INCLUDE_DIR
[INFO] [stderr]   X86_64_UNKNOWN_LINUX_GNU_OPENSSL_INCLUDE_DIR unset
[INFO] [stderr]   cargo:rerun-if-env-changed=OPENSSL_INCLUDE_DIR
[INFO] [stderr]   OPENSSL_INCLUDE_DIR unset
[INFO] [stderr]   cargo:rerun-if-env-changed=X86_64_UNKNOWN_LINUX_GNU_OPENSSL_DIR
[INFO] [stderr]   X86_64_UNKNOWN_LINUX_GNU_OPENSSL_DIR unset
[INFO] [stderr]   cargo:rerun-if-env-changed=OPENSSL_DIR
[INFO] [stderr]   OPENSSL_DIR unset
[INFO] [stderr]   cargo:rustc-link-lib=ssl
[INFO] [stderr]   cargo:rustc-link-lib=crypto
[INFO] [stderr]   OPT_LEVEL = Some("0")
[INFO] [stderr]   TARGET = Some("x86_64-unknown-linux-gnu")
[INFO] [stderr]   HOST = Some("x86_64-unknown-linux-gnu")
[INFO] [stderr]   CC_x86_64-unknown-linux-gnu = None
[INFO] [stderr]   CC_x86_64_unknown_linux_gnu = None
[INFO] [stderr]   HOST_CC = None
[INFO] [stderr]   CC = None
[INFO] [stderr]   CFLAGS_x86_64-unknown-linux-gnu = None
[INFO] [stderr]   CFLAGS_x86_64_unknown_linux_gnu = None
[INFO] [stderr]   HOST_CFLAGS = None
[INFO] [stderr]   CFLAGS = None
[INFO] [stderr]   CRATE_CC_NO_DEFAULTS = None
[INFO] [stderr]   DEBUG = Some("true")
[INFO] [stderr]   CARGO_CFG_TARGET_FEATURE = Some("fxsr,sse,sse2")
[INFO] [stderr]   running: "cc" "-O0" "-ffunction-sections" "-fdata-sections" "-fPIC" "-g" "-fno-omit-frame-pointer" "-m64" "-I" "/usr/include" "-Wall" "-Wextra" "-E" "build/expando.c"
[INFO] [stderr]   cargo:warning=build/expando.c:4:24: error: pasting "RUST_VERSION_OPENSSL_" and "(" does not give a valid preprocessing token
[INFO] [stderr]   cargo:warning=    4 | #define VERSION2(n, v) RUST_VERSION_##n##_##v
[INFO] [stderr]   cargo:warning=      |                        ^~~~~~~~~~~~~
[INFO] [stderr]   cargo:warning=build/expando.c:5:23: note: in expansion of macro 'VERSION2'
[INFO] [stderr]   cargo:warning=    5 | #define VERSION(n, v) VERSION2(n, v)
[INFO] [stderr]   cargo:warning=      |                       ^~~~~~~~
[INFO] [stderr]   cargo:warning=build/expando.c:10:1: note: in expansion of macro 'VERSION'
[INFO] [stderr]   cargo:warning=   10 | VERSION(OPENSSL, OPENSSL_VERSION_NUMBER)
[INFO] [stderr]   cargo:warning=      | ^~~~~~~
[INFO] [stderr]   exit status: 1
[INFO] [stderr] 
[INFO] [stderr]   --- stderr
[INFO] [stderr]   thread 'main' panicked at '
[INFO] [stderr]   Header expansion error:
[INFO] [stderr]   Error { kind: ToolExecError, message: "Command \"cc\" \"-O0\" \"-ffunction-sections\" \"-fdata-sections\" \"-fPIC\" \"-g\" \"-fno-omit-frame-pointer\" \"-m64\" \"-I\" \"/usr/include\" \"-Wall\" \"-Wextra\" \"-E\" \"build/expando.c\" with args \"cc\" did not execute successfully (status code exit status: 1)." }
[INFO] [stderr] 
[INFO] [stderr]   Failed to find OpenSSL development headers.
[INFO] [stderr] 
[INFO] [stderr]   You can try fixing this setting the `OPENSSL_DIR` environment variable
[INFO] [stderr]   pointing to your OpenSSL installation or installing OpenSSL headers package
[INFO] [stderr]   specific to your distribution:
[INFO] [stderr] 
[INFO] [stderr]       # On Ubuntu
[INFO] [stderr]       sudo apt-get install libssl-dev
[INFO] [stderr]       # On Arch Linux
[INFO] [stderr]       sudo pacman -S openssl
[INFO] [stderr]       # On Fedora
[INFO] [stderr]       sudo dnf install openssl-devel
[INFO] [stderr] 
[INFO] [stderr]   See rust-openssl README for more information:
[INFO] [stderr] 
[INFO] [stderr]       https://github.com/sfackler/rust-openssl#linux
[INFO] [stderr]   ', /opt/rustwide/cargo-home/registry/src/github.com-1ecc6299db9ec823/openssl-sys-0.9.57/build/main.rs:138:13
[INFO] [stderr]   stack backtrace:
[INFO] [stderr]      0:     0x555d892676ca - std::backtrace_rs::backtrace::libunwind::trace::ha9053a9a07ca49cb
[INFO] [stderr]                                  at /rustc/84c898d65adf2f39a5a98507f1fe0ce10a2b8dbc/library/std/src/../../backtrace/src/backtrace/libunwind.rs:93:5
[INFO] [stderr]      1:     0x555d892676ca - std::backtrace_rs::backtrace::trace_unsynchronized::h9c2852a457ad564e
[INFO] [stderr]                                  at /rustc/84c898d65adf2f39a5a98507f1fe0ce10a2b8dbc/library/std/src/../../backtrace/src/backtrace/mod.rs:66:5
[INFO] [stderr]      2:     0x555d892676ca - std::sys_common::backtrace::_print_fmt::h457936fbfaa0070f
[INFO] [stderr]                                  at /rustc/84c898d65adf2f39a5a98507f1fe0ce10a2b8dbc/library/std/src/sys_common/backtrace.rs:65:5
[INFO] [stderr]      3:     0x555d892676ca - <std::sys_common::backtrace::_print::DisplayBacktrace as core::fmt::Display>::fmt::h5779d7bf7f70cb0c
[INFO] [stderr]                                  at /rustc/84c898d65adf2f39a5a98507f1fe0ce10a2b8dbc/library/std/src/sys_common/backtrace.rs:44:22
[INFO] [stderr]      4:     0x555d8928785e - core::fmt::write::h5a4baaff1bcd3eb5
[INFO] [stderr]                                  at /rustc/84c898d65adf2f39a5a98507f1fe0ce10a2b8dbc/library/core/src/fmt/mod.rs:1232:17
[INFO] [stderr]      5:     0x555d89264875 - std::io::Write::write_fmt::h4bc1f301cb9e9cce
[INFO] [stderr]                                  at /rustc/84c898d65adf2f39a5a98507f1fe0ce10a2b8dbc/library/std/src/io/mod.rs:1684:15
[INFO] [stderr]      6:     0x555d89267495 - std::sys_common::backtrace::_print::h5fcdc36060f177e8
[INFO] [stderr]                                  at /rustc/84c898d65adf2f39a5a98507f1fe0ce10a2b8dbc/library/std/src/sys_common/backtrace.rs:47:5
[INFO] [stderr]      7:     0x555d89267495 - std::sys_common::backtrace::print::h54ca9458b876c8bf
[INFO] [stderr]                                  at /rustc/84c898d65adf2f39a5a98507f1fe0ce10a2b8dbc/library/std/src/sys_common/backtrace.rs:34:9
[INFO] [stderr]      8:     0x555d89268e6f - std::panicking::default_hook::{{closure}}::hbe471161c7664ed6
[INFO] [stderr]                                  at /rustc/84c898d65adf2f39a5a98507f1fe0ce10a2b8dbc/library/std/src/panicking.rs:271:22
[INFO] [stderr]      9:     0x555d89268bab - std::panicking::default_hook::ha3500da57aa4ac4f
[INFO] [stderr]                                  at /rustc/84c898d65adf2f39a5a98507f1fe0ce10a2b8dbc/library/std/src/panicking.rs:290:9
[INFO] [stderr]     10:     0x555d89269418 - std::panicking::rust_panic_with_hook::h50c09d000dc561d2
[INFO] [stderr]                                  at /rustc/84c898d65adf2f39a5a98507f1fe0ce10a2b8dbc/library/std/src/panicking.rs:692:13
[INFO] [stderr]     11:     0x555d89269319 - std::panicking::begin_panic_handler::{{closure}}::h9e2b2176e00e0d9c
[INFO] [stderr]                                  at /rustc/84c898d65adf2f39a5a98507f1fe0ce10a2b8dbc/library/std/src/panicking.rs:583:13
[INFO] [stderr]     12:     0x555d89267b36 - std::sys_common::backtrace::__rust_end_short_backtrace::h5739b8e512c09d02
[INFO] [stderr]                                  at /rustc/84c898d65adf2f39a5a98507f1fe0ce10a2b8dbc/library/std/src/sys_common/backtrace.rs:150:18
[INFO] [stderr]     13:     0x555d89269022 - rust_begin_unwind
[INFO] [stderr]                                  at /rustc/84c898d65adf2f39a5a98507f1fe0ce10a2b8dbc/library/std/src/panicking.rs:579:5
[INFO] [stderr]     14:     0x555d891ca7c3 - core::panicking::panic_fmt::hf33a1475b4dc5c3e
[INFO] [stderr]                                  at /rustc/84c898d65adf2f39a5a98507f1fe0ce10a2b8dbc/library/core/src/panicking.rs:64:14
[INFO] [stderr]     15:     0x555d891d1acc - build_script_main::validate_headers::h887645a88f25d559
[INFO] [stderr]     16:     0x555d891d6716 - build_script_main::find_normal::try_pkg_config::hbfb994e88e47a6ac
[INFO] [stderr]     17:     0x555d891d5416 - build_script_main::find_normal::find_openssl_dir::h1cb7c52fcadd73bc
[INFO] [stderr]     18:     0x555d891d5262 - build_script_main::find_normal::get_openssl::{{closure}}::h6ee3227b01a5115e
[INFO] [stderr]     19:     0x555d891d469a - core::option::Option<T>::unwrap_or_else::hefc72979b98c5cff
[INFO] [stderr]     20:     0x555d891d4f60 - build_script_main::find_normal::get_openssl::h768fb41d47c9805b
[INFO] [stderr]     21:     0x555d891d084d - build_script_main::find_openssl::hd531a2a37f515611
[INFO] [stderr]     22:     0x555d891d0925 - build_script_main::main::he568b5ee906d6fca
[INFO] [stderr]     23:     0x555d891d7983 - core::ops::function::FnOnce::call_once::he8e7b8cea509361f
[INFO] [stderr]     24:     0x555d891cdf99 - std::sys_common::backtrace::__rust_begin_short_backtrace::h4e42030c4319017f
[INFO] [stderr]     25:     0x555d891d4349 - std::rt::lang_start::{{closure}}::hef541d6d873d2d9e
[INFO] [stderr]     26:     0x555d892610ec - core::ops::function::impls::<impl core::ops::function::FnOnce<A> for &F>::call_once::hd6efcd3bec896f2c
[INFO] [stderr]                                  at /rustc/84c898d65adf2f39a5a98507f1fe0ce10a2b8dbc/library/core/src/ops/function.rs:287:13
[INFO] [stderr]     27:     0x555d892610ec - std::panicking::try::do_call::hce04e543bb1f4cbb
[INFO] [stderr]                                  at /rustc/84c898d65adf2f39a5a98507f1fe0ce10a2b8dbc/library/std/src/panicking.rs:487:40
[INFO] [stderr]     28:     0x555d892610ec - std::panicking::try::h3342dd4e1f680968
[INFO] [stderr]                                  at /rustc/84c898d65adf2f39a5a98507f1fe0ce10a2b8dbc/library/std/src/panicking.rs:451:19
[INFO] [stderr]     29:     0x555d892610ec - std::panic::catch_unwind::h148ce1e59ac0cee7
[INFO] [stderr]                                  at /rustc/84c898d65adf2f39a5a98507f1fe0ce10a2b8dbc/library/std/src/panic.rs:140:14
[INFO] [stderr]     30:     0x555d892610ec - std::rt::lang_start_internal::{{closure}}::h25f9dda2057a67fe
[INFO] [stderr]                                  at /rustc/84c898d65adf2f39a5a98507f1fe0ce10a2b8dbc/library/std/src/rt.rs:148:48
[INFO] [stderr]     31:     0x555d892610ec - std::panicking::try::do_call::h7caaaeaf9401650b
[INFO] [stderr]                                  at /rustc/84c898d65adf2f39a5a98507f1fe0ce10a2b8dbc/library/std/src/panicking.rs:487:40
[INFO] [stderr]     32:     0x555d892610ec - std::panicking::try::he7d15285746cbbc2
[INFO] [stderr]                                  at /rustc/84c898d65adf2f39a5a98507f1fe0ce10a2b8dbc/library/std/src/panicking.rs:451:19
[INFO] [stderr]     33:     0x555d892610ec - std::panic::catch_unwind::h89fb4f50c0301fe0
[INFO] [stderr]                                  at /rustc/84c898d65adf2f39a5a98507f1fe0ce10a2b8dbc/library/std/src/panic.rs:140:14
[INFO] [stderr]     34:     0x555d892610ec - std::rt::lang_start_internal::h078acd489417d3c1
[INFO] [stderr]                                  at /rustc/84c898d65adf2f39a5a98507f1fe0ce10a2b8dbc/library/std/src/rt.rs:148:20
[INFO] [stderr]     35:     0x555d891d4327 - std::rt::lang_start::h84f21175b7c90412
[INFO] [stderr]     36:     0x555d891d3995 - main
[INFO] [stderr]     37:     0x7fb3dbe78d90 - <unknown>
[INFO] [stderr]     38:     0x7fb3dbe78e40 - __libc_start_main
[INFO] [stderr]     39:     0x555d891cad45 - _start
[INFO] [stderr]     40:                0x0 - <unknown>
[INFO] [stderr] warning: build failed, waiting for other jobs to finish...
[INFO] running `Command { std: "docker" "inspect" "7263261cf70aa4f6c382399d0e6ea5b80c717bbded5fe12f0dca4bba2ff55823", kill_on_drop: false }`
[INFO] running `Command { std: "docker" "rm" "-f" "7263261cf70aa4f6c382399d0e6ea5b80c717bbded5fe12f0dca4bba2ff55823", kill_on_drop: false }`
[INFO] [stdout] 7263261cf70aa4f6c382399d0e6ea5b80c717bbded5fe12f0dca4bba2ff55823
